[INFO] fetching crate sea-orm-migration 2.0.4...
[INFO] testing sea-orm-migration-2.0.4 against 1.99.0-beta.8+cargoflags=--release for beta-release-1.100-2
[INFO] extracting crate sea-orm-migration 2.0.4 into /workspace/builds/worker-6-tc1/source
[INFO] started tweaking crates.io crate sea-orm-migration 2.0.4
[INFO] removed 0 missing tests
[INFO] finished tweaking crates.io crate sea-orm-migration 2.0.4
[INFO] tweaked toml for crates.io crate sea-orm-migration 2.0.4 written to /workspace/builds/worker-6-tc1/source/Cargo.toml
[INFO] validating manifest of crates.io crate sea-orm-migration 2.0.4 on toolchain 1.99.0-beta.8
[INFO] running `Command { std: CARGO_HOME="/workspace/cargo-home" RUSTUP_HOME="/workspace/rustup-home" "/workspace/cargo-home/bin/cargo" "+1.99.0-beta.8" "metadata" "--manifest-path" "Cargo.toml" "--no-deps", kill_on_drop: false }`
[INFO] crate crates.io crate sea-orm-migration 2.0.4 already has a lockfile, it will not be regenerated
[INFO] running `Command { std: CARGO_HOME="/workspace/cargo-home" RUSTUP_HOME="/workspace/rustup-home" "/workspace/cargo-home/bin/cargo" "+1.99.0-beta.8" "fetch" "--manifest-path" "Cargo.toml", kill_on_drop: false }`
[INFO] [stderr]     Updating crates.io index
[INFO] [stderr]  Downloading crates ...
[INFO] [stderr]   Downloaded value-bag v1.12.0
[INFO] [stderr]   Downloaded rkyv_derive v0.7.46
[INFO] [stderr]   Downloaded borsh-derive v1.6.1
[INFO] [stderr]   Downloaded toml_edit v0.25.12+spec-1.1.0
[INFO] [stderr]   Downloaded ipnetwork v0.21.1
[INFO] [stderr]   Downloaded memchr v2.8.1
[INFO] [stderr]   Downloaded sqlx v0.9.0
[INFO] [stderr]   Downloaded sqlx-sqlite v0.9.0
[INFO] [stderr]   Downloaded uuid v1.23.2
[INFO] [stderr]   Downloaded sqlx-core v0.9.0
[INFO] [stderr]   Downloaded cc v1.2.63
[INFO] [stderr]   Downloaded rkyv v0.7.46
[INFO] [stderr]   Downloaded zerocopy-derive v0.8.50
[INFO] [stderr]   Downloaded borsh v1.6.1
[INFO] [stderr]   Downloaded openssl-sys v0.9.116
[INFO] [stderr]   Downloaded async-global-executor v2.4.1
[INFO] [stderr]   Downloaded rust_decimal v1.42.0
[INFO] [stderr]   Downloaded zerocopy v0.8.50
[INFO] [stderr]   Downloaded openssl v0.10.80
[INFO] [stderr]   Downloaded bigdecimal v0.4.10
[INFO] [stderr]   Downloaded async-std v1.13.2
[INFO] [stderr]   Downloaded kv-log-macro v1.0.7
[INFO] [stderr]   Downloaded blocking v1.6.2
[INFO] [stderr]   Downloaded async-channel v1.9.0
[INFO] [stderr]   Downloaded event-listener v2.5.3
[INFO] [stderr]   Downloaded async-attributes v1.1.2
[INFO] [stderr]   Downloaded whoami v2.1.2
[INFO] [stderr]   Downloaded flume v0.12.0
[INFO] [stderr]   Downloaded sqlx-postgres v0.9.0
[INFO] [stderr]   Downloaded chacha20 v0.10.0
[INFO] [stderr]   Downloaded etcetera v0.11.0
[INFO] [stderr]   Downloaded rand v0.10.1
[INFO] [stderr]   Downloaded hkdf v0.13.0
[INFO] [stderr]   Downloaded sqlx-macros v0.9.0
[INFO] [stderr]   Downloaded sea-schema-derive v0.3.0
[INFO] [stderr]   Downloaded sea-query-sqlx v0.9.0
[INFO] [stderr]   Downloaded sea-query-derive v1.0.0
[INFO] [stderr]   Downloaded darling_macro v0.20.11
[INFO] [stderr]   Downloaded sea-orm-cli v2.0.4
[INFO] [stderr]   Downloaded sqlx-mysql v0.9.0
[INFO] [stderr]   Downloaded sqlx-macros-core v0.9.0
[INFO] [stderr]   Downloaded darling v0.20.11
[INFO] [stderr]   Downloaded darling_core v0.20.11
[INFO] [stderr]   Downloaded sea-bae v0.2.1
[INFO] [stderr]   Downloaded pluralizer v0.5.0
[INFO] [stderr]   Downloaded sea-orm-arrow v2.0.0-rc.3
[INFO] [stderr]   Downloaded sea-orm-macros v2.0.4
[INFO] [stderr]   Downloaded ouroboros v0.18.5
[INFO] [stderr]   Downloaded mac_address v1.1.8
[INFO] [stderr]   Downloaded sea-query v1.0.0
[INFO] [stderr]   Downloaded ouroboros_macro v0.18.5
[INFO] [stderr]   Downloaded inventory v0.3.24
[INFO] [stderr]   Downloaded arrow-string v57.3.1
[INFO] [stderr]   Downloaded pgvector v0.4.2
[INFO] [stderr]   Downloaded aliasable v0.1.3
[INFO] [stderr]   Downloaded arrow-data v57.3.1
[INFO] [stderr]   Downloaded derive-where v1.6.1
[INFO] [stderr]   Downloaded arrow-schema v57.3.1
[INFO] [stderr]   Downloaded arrow-row v57.3.1
[INFO] [stderr]   Downloaded arrow-arith v57.3.1
[INFO] [stderr]   Downloaded arrow v57.3.1
[INFO] [stderr]   Downloaded arrow-buffer v57.3.1
[INFO] [stderr]   Downloaded arrow-ord v57.3.1
[INFO] [stderr]   Downloaded arrow-select v57.3.1
[INFO] [stderr]   Downloaded arrow-cast v57.3.1
[INFO] [stderr]   Downloaded arrow-array v57.3.1
[INFO] [stderr]   Downloaded sea-schema v0.18.1
[INFO] [stderr]   Downloaded libsqlite3-sys v0.37.0
[INFO] [stderr]   Downloaded sea-orm v2.0.4
[INFO] running `Command { std: "docker" "create" "-v" "/var/lib/crater-agent-workspace/builds/worker-6-tc1/source:/opt/rustwide/workdir:ro,Z" "-v" "/var/lib/crater-agent-workspace/builds/worker-6-tc1/target:/opt/rustwide/target:rw,Z" "-v" "/var/lib/crater-agent-workspace/cargo-home:/opt/rustwide/cargo-home:ro,Z" "-v" "/var/lib/crater-agent-workspace/rustup-home:/opt/rustwide/rustup-home:ro,Z" "-m" "1610612736" "--network" "none" "ghcr.io/rust-lang/crates-build-env/linux@sha256:77db811e55d90add9212f6832c23229e3de5f1c1f9905e8cb07319ea15df73ac" "sleep" "infinity", kill_on_drop: false }`
[INFO] [stdout] 0f705e1fcf2ca8105d083a73a279024b2f1c64db1ffc89e385252b96d676fc4a
[INFO] running `Command { std: "docker" "start" "0f705e1fcf2ca8105d083a73a279024b2f1c64db1ffc89e385252b96d676fc4a", kill_on_drop: false }`
[INFO] running `Command { std: "docker" "inspect" "0f705e1fcf2ca8105d083a73a279024b2f1c64db1ffc89e385252b96d676fc4a", kill_on_drop: false }`
[INFO] running `Command { std: "docker" "exec" "-e" "SOURCE_DIR=/opt/rustwide/workdir" "-e" "CARGO_HOME=/opt/rustwide/cargo-home" "-e" "RUSTUP_HOME=/opt/rustwide/rustup-home" "-e" "CARGO_TARGET_DIR=/opt/rustwide/target" "-w" "/opt/rustwide/workdir" "--user" "0:0" "0f705e1fcf2ca8105d083a73a279024b2f1c64db1ffc89e385252b96d676fc4a" "/opt/rustwide/cargo-home/bin/cargo" "+1.99.0-beta.8" "metadata" "--no-deps" "--format-version=1", kill_on_drop: false }`
[INFO] running `Command { std: "docker" "inspect" "0f705e1fcf2ca8105d083a73a279024b2f1c64db1ffc89e385252b96d676fc4a", kill_on_drop: false }`
[INFO] running `Command { std: "docker" "exec" "-e" "SOURCE_DIR=/opt/rustwide/workdir" "-e" "CARGO_HOME=/opt/rustwide/cargo-home" "-e" "RUSTUP_HOME=/opt/rustwide/rustup-home" "-e" "CARGO_TARGET_DIR=/opt/rustwide/target" "-e" "CARGO_INCREMENTAL=0" "-e" "RUST_BACKTRACE=full" "-e" "RUSTFLAGS=--cap-lints=warn" "-e" "RUSTDOCFLAGS=--cap-lints=warn" "-w" "/opt/rustwide/workdir" "--user" "0:0" "0f705e1fcf2ca8105d083a73a279024b2f1c64db1ffc89e385252b96d676fc4a" "/opt/rustwide/cargo-home/bin/cargo" "+1.99.0-beta.8" "build" "--frozen" "--message-format=json" "--release", kill_on_drop: false }`
[INFO] [stderr]    Compiling syn v2.0.117
[INFO] [stderr]    Compiling serde_core v1.0.228
[INFO] [stderr]    Compiling memchr v2.8.1
[INFO] [stderr]    Compiling litemap v0.8.2
[INFO] [stderr]    Compiling writeable v0.6.3
[INFO] [stderr]    Compiling serde v1.0.228
[INFO] [stderr]    Compiling thiserror v2.0.18
[INFO] [stderr]    Compiling fnv v1.0.7
[INFO] [stderr]    Compiling ident_case v1.0.1
[INFO] [stderr]    Compiling smallvec v1.15.1
[INFO] [stderr]    Compiling num-traits v0.2.19
[INFO] [stderr]    Compiling proc-macro2-diagnostics v0.10.1
[INFO] [stderr]    Compiling regex-syntax v0.8.10
[INFO] [stderr]    Compiling rust_decimal v1.42.0
[INFO] [stderr]    Compiling serde_json v1.0.150
[INFO] [stderr]    Compiling num-conv v0.2.2
[INFO] [stderr]    Compiling utf8parse v0.2.2
[INFO] [stderr]    Compiling time-core v0.1.8
[INFO] [stderr]    Compiling anstyle-parse v1.0.0
[INFO] [stderr]    Compiling proc-macro-error-attr2 v2.0.0
[INFO] [stderr]    Compiling percent-encoding v2.3.2
[INFO] [stderr]    Compiling yansi v1.0.1
[INFO] [stderr]    Compiling colorchoice v1.0.5
[INFO] [stderr]    Compiling anstyle v1.0.14
[INFO] [stderr]    Compiling arrayvec v0.7.6
[INFO] [stderr]    Compiling time-macros v0.2.27
[INFO] [stderr]    Compiling log v0.4.30
[INFO] [stderr]    Compiling is_terminal_polyfill v1.70.2
[INFO] [stderr]    Compiling anstyle-query v1.1.5
[INFO] [stderr]    Compiling anstream v1.0.0
[INFO] [stderr]    Compiling form_urlencoded v1.2.2
[INFO] [stderr]    Compiling unicode-xid v0.2.6
[INFO] [stderr]    Compiling strsim v0.11.1
[INFO] [stderr]    Compiling clap_lex v1.1.0
[INFO] [stderr]    Compiling lazy_static v1.5.0
[INFO] [stderr]    Compiling either v1.16.0
[INFO] [stderr]    Compiling sharded-slab v0.1.7
[INFO] [stderr]    Compiling thread_local v1.1.9
[INFO] [stderr]    Compiling slab v0.4.12
[INFO] [stderr]    Compiling aliasable v0.1.3
[INFO] [stderr]    Compiling clap_builder v4.6.0
[INFO] [stderr]    Compiling aho-corasick v1.1.4
[INFO] [stderr]    Compiling itertools v0.14.0
[INFO] [stderr]    Compiling static_assertions v1.1.0
[INFO] [stderr]    Compiling futures-util v0.3.32
[INFO] [stderr]    Compiling dotenvy v0.15.7
[INFO] [stderr]    Compiling strum v0.28.0
[INFO] [stderr]    Compiling glob v0.3.3
[INFO] [stderr]    Compiling indoc v2.0.7
[INFO] [stderr]    Compiling ordered-float v4.6.0
[INFO] [stderr]    Compiling regex-automata v0.4.14
[INFO] [stderr]    Compiling deranged v0.5.8
[INFO] [stderr]    Compiling uuid v1.23.2
[INFO] [stderr]    Compiling chrono v0.4.44
[INFO] [stderr]    Compiling synstructure v0.13.2
[INFO] [stderr]    Compiling darling_core v0.20.11
[INFO] [stderr]    Compiling proc-macro-error2 v2.0.1
[INFO] [stderr]    Compiling zerofrom-derive v0.1.7
[INFO] [stderr]    Compiling yoke-derive v0.8.2
[INFO] [stderr]    Compiling zerovec-derive v0.11.3
[INFO] [stderr]    Compiling displaydoc v0.2.6
[INFO] [stderr]    Compiling thiserror-impl v2.0.18
[INFO] [stderr]    Compiling tracing-attributes v0.1.31
[INFO] [stderr]    Compiling regex v1.12.3
[INFO] [stderr]    Compiling time v0.3.47
[INFO] [stderr]    Compiling async-stream-impl v0.3.6
[INFO] [stderr]    Compiling pluralizer v0.5.0
[INFO] [stderr]    Compiling derive_more-impl v2.1.1
[INFO] [stderr]    Compiling async-trait v0.1.89
[INFO] [stderr]    Compiling sea-bae v0.2.1
[INFO] [stderr]    Compiling sea-schema-derive v0.3.0
[INFO] [stderr]    Compiling ouroboros_macro v0.18.5
[INFO] [stderr]    Compiling clap_derive v4.6.1
[INFO] [stderr]    Compiling async-stream v0.3.6
[INFO] [stderr]    Compiling derive-where v1.6.1
[INFO] [stderr]    Compiling sea-orm-macros v2.0.4
[INFO] [stderr]    Compiling zerofrom v0.1.8
[INFO] [stderr]    Compiling yoke v0.8.2
[INFO] [stderr]    Compiling tracing v0.1.44
[INFO] [stderr]    Compiling zerovec v0.11.6
[INFO] [stderr]    Compiling zerotrie v0.2.4
[INFO] [stderr]    Compiling ouroboros v0.18.5
[INFO] [stderr]    Compiling tinystr v0.8.3
[INFO] [stderr]    Compiling potential_utf v0.1.5
[INFO] [stderr]    Compiling derive_more v2.1.1
[INFO] [stderr]    Compiling darling_macro v0.20.11
[INFO] [stderr]    Compiling icu_collections v2.1.1
[INFO] [stderr]    Compiling icu_locale_core v2.1.1
[INFO] [stderr]    Compiling darling v0.20.11
[INFO] [stderr]    Compiling sea-query-derive v1.0.0
[INFO] [stderr]    Compiling clap v4.6.1
[INFO] [stderr]    Compiling matchers v0.2.0
[INFO] [stderr]    Compiling tracing-subscriber v0.3.23
[INFO] [stderr]    Compiling sea-query v1.0.0
[INFO] [stderr]    Compiling icu_provider v2.1.1
[INFO] [stderr]    Compiling icu_normalizer v2.1.1
[INFO] [stderr]    Compiling icu_properties v2.1.2
[INFO] [stderr]    Compiling idna_adapter v1.2.1
[INFO] [stderr]    Compiling idna v1.1.0
[INFO] [stderr]    Compiling url v2.5.8
[INFO] [stderr]    Compiling sea-schema v0.18.1
[INFO] [stderr]    Compiling sea-orm-cli v2.0.4
[INFO] [stderr]    Compiling sea-orm v2.0.4
[INFO] [stderr]    Compiling sea-orm-migration v2.0.4 (/opt/rustwide/workdir)
[INFO] [stderr]     Finished `release` profile [optimized] target(s) in 1m 39s
[INFO] [stderr] warning: the following packages contain code that will be rejected by a future version of Rust: proc-macro-error2 v2.0.1
[INFO] [stderr] note: to see what the problems were, use the option `--future-incompat-report`, or run `cargo report future-incompatibilities --id 3`
[INFO] running `Command { std: "docker" "inspect" "0f705e1fcf2ca8105d083a73a279024b2f1c64db1ffc89e385252b96d676fc4a", kill_on_drop: false }`
[INFO] running `Command { std: "docker" "exec" "-e" "SOURCE_DIR=/opt/rustwide/workdir" "-e" "CARGO_HOME=/opt/rustwide/cargo-home" "-e" "RUSTUP_HOME=/opt/rustwide/rustup-home" "-e" "CARGO_TARGET_DIR=/opt/rustwide/target" "-e" "CARGO_INCREMENTAL=0" "-e" "RUST_BACKTRACE=full" "-e" "RUSTFLAGS=--cap-lints=warn" "-e" "RUSTDOCFLAGS=--cap-lints=warn" "-w" "/opt/rustwide/workdir" "--user" "0:0" "0f705e1fcf2ca8105d083a73a279024b2f1c64db1ffc89e385252b96d676fc4a" "/opt/rustwide/cargo-home/bin/cargo" "+1.99.0-beta.8" "test" "--frozen" "--no-run" "--message-format=json" "--release", kill_on_drop: false }`
[INFO] [stderr]    Compiling tokio-macros v2.7.0
[INFO] [stderr]    Compiling tokio v1.52.3
[INFO] [stderr]    Compiling sea-orm-migration v2.0.4 (/opt/rustwide/workdir)
[INFO] [stdout] warning: struct `Migration` is never constructed
[INFO] [stdout]  --> tests/common/migration/m20220118_000001_create_cake_table.rs:4:12
[INFO] [stdout]   |
[INFO] [stdout] 4 | pub struct Migration;
[INFO] [stdout]   |            ^^^^^^^^^
[INFO] [stdout]   |
[INFO] [stdout]   = note: `#[warn(dead_code)]` (part of `#[warn(unused)]`) on by default
[INFO] [stdout] 
[INFO] [stdout] 
[INFO] [stdout] warning: struct `Migration` is never constructed
[INFO] [stdout]  --> tests/common/migration/m20220118_000002_create_fruit_table.rs:5:12
[INFO] [stdout]   |
[INFO] [stdout] 5 | pub struct Migration;
[INFO] [stdout]   |            ^^^^^^^^^
[INFO] [stdout] 
[INFO] [stdout] 
[INFO] [stdout] warning: struct `Migration` is never constructed
[INFO] [stdout]  --> tests/common/migration/m20220118_000003_seed_cake_table.rs:5:12
[INFO] [stdout]   |
[INFO] [stdout] 5 | pub struct Migration;
[INFO] [stdout]   |            ^^^^^^^^^
[INFO] [stdout] 
[INFO] [stdout] 
[INFO] [stdout] warning: struct `Model` is never constructed
[INFO] [stdout]   --> tests/common/migration/m20220118_000003_seed_cake_table.rs:39:16
[INFO] [stdout]    |
[INFO] [stdout] 39 |     pub struct Model {
[INFO] [stdout]    |                ^^^^^
[INFO] [stdout] 
[INFO] [stdout] 
[INFO] [stdout] warning: enum `Relation` is never used
[INFO] [stdout]   --> tests/common/migration/m20220118_000003_seed_cake_table.rs:46:14
[INFO] [stdout]    |
[INFO] [stdout] 46 |     pub enum Relation {}
[INFO] [stdout]    |              ^^^^^^^^
[INFO] [stdout] 
[INFO] [stdout] 
[INFO] [stdout] warning: struct `Migration` is never constructed
[INFO] [stdout]  --> tests/common/migration/m20220118_000004_create_tea_enum.rs:5:12
[INFO] [stdout]   |
[INFO] [stdout] 5 | pub struct Migration;
[INFO] [stdout]   |            ^^^^^^^^^
[INFO] [stdout] 
[INFO] [stdout] 
[INFO] [stdout] warning: enum `Tea` is never used
[INFO] [stdout]   --> tests/common/migration/m20220118_000004_create_tea_enum.rs:40:10
[INFO] [stdout]    |
[INFO] [stdout] 40 | pub enum Tea {
[INFO] [stdout]    |          ^^^
[INFO] [stdout] 
[INFO] [stdout] 
[INFO] [stdout] warning: struct `Migration` is never constructed
[INFO] [stdout]  --> tests/common/migration/m20220923_000001_seed_cake_table.rs:4:12
[INFO] [stdout]   |
[INFO] [stdout] 4 | pub struct Migration;
[INFO] [stdout]   |            ^^^^^^^^^
[INFO] [stdout] 
[INFO] [stdout] 
[INFO] [stdout] warning: struct `Migration` is never constructed
[INFO] [stdout]  --> tests/common/migration/m20230109_000001_seed_cake_table.rs:5:12
[INFO] [stdout]   |
[INFO] [stdout] 5 | pub struct Migration;
[INFO] [stdout]   |            ^^^^^^^^^
[INFO] [stdout] 
[INFO] [stdout] 
[INFO] [stdout] warning: struct `Model` is never constructed
[INFO] [stdout]   --> tests/common/migration/m20230109_000001_seed_cake_table.rs:53:16
[INFO] [stdout]    |
[INFO] [stdout] 53 |     pub struct Model {
[INFO] [stdout]    |                ^^^^^
[INFO] [stdout] 
[INFO] [stdout] 
[INFO] [stdout] warning: enum `Relation` is never used
[INFO] [stdout]   --> tests/common/migration/m20230109_000001_seed_cake_table.rs:60:14
[INFO] [stdout]    |
[INFO] [stdout] 60 |     pub enum Relation {}
[INFO] [stdout]    |              ^^^^^^^^
[INFO] [stdout] 
[INFO] [stdout] 
[INFO] [stdout] warning: struct `Migration` is never constructed
[INFO] [stdout]  --> tests/common/migration/m20250101_000001_create_test_table.rs:5:12
[INFO] [stdout]   |
[INFO] [stdout] 5 | pub struct Migration {
[INFO] [stdout]   |            ^^^^^^^^^
[INFO] [stdout] 
[INFO] [stdout] 
[INFO] [stdout] warning: struct `Migration` is never constructed
[INFO] [stdout]  --> tests/common/migration/m20250101_000002_manual_transaction.rs:4:12
[INFO] [stdout]   |
[INFO] [stdout] 4 | pub struct Migration;
[INFO] [stdout]   |            ^^^^^^^^^
[INFO] [stdout] 
[INFO] [stdout] 
[INFO] [stdout] warning: struct `Migrator` is never constructed
[INFO] [stdout]  --> tests/common/migrator/default.rs:4:12
[INFO] [stdout]   |
[INFO] [stdout] 4 | pub struct Migrator;
[INFO] [stdout]   |            ^^^^^^^^
[INFO] [stdout] 
[INFO] [stdout] 
[INFO] [stdout] warning: struct `Migrator` is never constructed
[INFO] [stdout]  --> tests/common/migrator/override_migration_table_name.rs:4:12
[INFO] [stdout]   |
[INFO] [stdout] 4 | pub struct Migrator;
[INFO] [stdout]   |            ^^^^^^^^
[INFO] [stdout] 
[INFO] [stdout] 
[INFO] [stdout] warning: struct `Migrator` is never constructed
[INFO] [stdout]  --> tests/common/migrator/transaction_test.rs:4:12
[INFO] [stdout]   |
[INFO] [stdout] 4 | pub struct Migrator {
[INFO] [stdout]   |            ^^^^^^^^
[INFO] [stdout] 
[INFO] [stdout] 
[INFO] [stdout] warning: struct `ManualTxnMigrator` is never constructed
[INFO] [stdout]   --> tests/common/migrator/transaction_test.rs:19:12
[INFO] [stdout]    |
[INFO] [stdout] 19 | pub struct ManualTxnMigrator;
[INFO] [stdout]    |            ^^^^^^^^^^^^^^^^^
[INFO] [stdout] 
[INFO] [stdout] 
[INFO] [stdout] warning: struct `Migrator` is never constructed
[INFO] [stdout]  --> tests/common/migrator/with_self.rs:4:12
[INFO] [stdout]   |
[INFO] [stdout] 4 | pub struct Migrator {
[INFO] [stdout]   |            ^^^^^^^^
[INFO] [stdout] 
[INFO] [stdout] 
[INFO] [stdout] warning: field `i` is never read
[INFO] [stdout]  --> tests/common/migrator/with_self.rs:5:9
[INFO] [stdout]   |
[INFO] [stdout] 4 | pub struct Migrator {
[INFO] [stdout]   |            -------- field in this struct
[INFO] [stdout] 5 |     pub i: i32,
[INFO] [stdout]   |         ^
[INFO] [stdout]   |
[INFO] [stdout]   = note: `#[warn(dead_code)]` (part of `#[warn(unused)]`) on by default
[INFO] [stdout] 
[INFO] [stdout] 
[INFO] [stderr]     Finished `release` profile [optimized] target(s) in 21.61s
[INFO] [stderr] warning: the following packages contain code that will be rejected by a future version of Rust: proc-macro-error2 v2.0.1
[INFO] [stderr] note: to see what the problems were, use the option `--future-incompat-report`, or run `cargo report future-incompatibilities --id 3`
[INFO] running `Command { std: "docker" "inspect" "0f705e1fcf2ca8105d083a73a279024b2f1c64db1ffc89e385252b96d676fc4a", kill_on_drop: false }`
[INFO] running `Command { std: "docker" "exec" "-e" "SOURCE_DIR=/opt/rustwide/workdir" "-e" "CARGO_HOME=/opt/rustwide/cargo-home" "-e" "RUSTUP_HOME=/opt/rustwide/rustup-home" "-e" "CARGO_TARGET_DIR=/opt/rustwide/target" "-e" "CARGO_INCREMENTAL=0" "-e" "RUST_BACKTRACE=full" "-e" "RUSTFLAGS=--cap-lints=warn" "-e" "RUSTDOCFLAGS=--cap-lints=warn" "-w" "/opt/rustwide/workdir" "--user" "0:0" "0f705e1fcf2ca8105d083a73a279024b2f1c64db1ffc89e385252b96d676fc4a" "/opt/rustwide/cargo-home/bin/cargo" "+1.99.0-beta.8" "test" "--frozen" "--release", kill_on_drop: false }`
[INFO] [stderr] warning: field `i` is never read
[INFO] [stderr]  --> tests/common/migrator/with_self.rs:5:9
[INFO] [stderr]   |
[INFO] [stderr] 4 | pub struct Migrator {
[INFO] [stderr]   |            -------- field in this struct
[INFO] [stderr] 5 |     pub i: i32,
[INFO] [stderr]   |         ^
[INFO] [stderr]   |
[INFO] [stderr]   = note: `#[warn(dead_code)]` (part of `#[warn(unused)]`) on by default
[INFO] [stderr] 
[INFO] [stderr] warning: struct `Migration` is never constructed
[INFO] [stderr]  --> tests/common/migration/m20220118_000001_create_cake_table.rs:4:12
[INFO] [stderr]   |
[INFO] [stderr] 4 | pub struct Migration;
[INFO] [stderr]   |            ^^^^^^^^^
[INFO] [stderr]   |
[INFO] [stderr]   = note: `#[warn(dead_code)]` (part of `#[warn(unused)]`) on by default
[INFO] [stderr] 
[INFO] [stderr] warning: struct `Migration` is never constructed
[INFO] [stderr]  --> tests/common/migration/m20220118_000002_create_fruit_table.rs:5:12
[INFO] [stderr]   |
[INFO] [stderr] 5 | pub struct Migration;
[INFO] [stderr]   |            ^^^^^^^^^
[INFO] [stderr] 
[INFO] [stderr] warning: struct `Migration` is never constructed
[INFO] [stderr]  --> tests/common/migration/m20220118_000003_seed_cake_table.rs:5:12
[INFO] [stderr]   |
[INFO] [stderr] 5 | pub struct Migration;
[INFO] [stderr]   |            ^^^^^^^^^
[INFO] [stderr] 
[INFO] [stderr] warning: struct `Model` is never constructed
[INFO] [stderr]   --> tests/common/migration/m20220118_000003_seed_cake_table.rs:39:16
[INFO] [stderr]    |
[INFO] [stderr] 39 |     pub struct Model {
[INFO] [stderr]    |                ^^^^^
[INFO] [stderr] 
[INFO] [stderr] warning: enum `Relation` is never used
[INFO] [stderr]   --> tests/common/migration/m20220118_000003_seed_cake_table.rs:46:14
[INFO] [stderr]    |
[INFO] [stderr] 46 |     pub enum Relation {}
[INFO] [stderr]    |              ^^^^^^^^
[INFO] [stderr] 
[INFO] [stderr] warning: struct `Migration` is never constructed
[INFO] [stderr]  --> tests/common/migration/m20220118_000004_create_tea_enum.rs:5:12
[INFO] [stderr]   |
[INFO] [stderr] 5 | pub struct Migration;
[INFO] [stderr]   |            ^^^^^^^^^
[INFO] [stderr] 
[INFO] [stderr] warning: enum `Tea` is never used
[INFO] [stderr]   --> tests/common/migration/m20220118_000004_create_tea_enum.rs:40:10
[INFO] [stderr]    |
[INFO] [stderr] 40 | pub enum Tea {
[INFO] [stderr]    |          ^^^
[INFO] [stderr] 
[INFO] [stderr] warning: struct `Migration` is never constructed
[INFO] [stderr]  --> tests/common/migration/m20220923_000001_seed_cake_table.rs:4:12
[INFO] [stderr]   |
[INFO] [stderr] 4 | pub struct Migration;
[INFO] [stderr]   |            ^^^^^^^^^
[INFO] [stderr] 
[INFO] [stderr] warning: struct `Migration` is never constructed
[INFO] [stderr]  --> tests/common/migration/m20230109_000001_seed_cake_table.rs:5:12
[INFO] [stderr]   |
[INFO] [stderr] 5 | pub struct Migration;
[INFO] [stderr]   |            ^^^^^^^^^
[INFO] [stderr] 
[INFO] [stderr] warning: struct `Model` is never constructed
[INFO] [stderr]   --> tests/common/migration/m20230109_000001_seed_cake_table.rs:53:16
[INFO] [stderr]    |
[INFO] [stderr] 53 |     pub struct Model {
[INFO] [stderr]    |                ^^^^^
[INFO] [stderr] 
[INFO] [stderr] warning: enum `Relation` is never used
[INFO] [stderr]   --> tests/common/migration/m20230109_000001_seed_cake_table.rs:60:14
[INFO] [stderr]    |
[INFO] [stderr] 60 |     pub enum Relation {}
[INFO] [stderr]    |              ^^^^^^^^
[INFO] [stderr] 
[INFO] [stderr] warning: struct `Migration` is never constructed
[INFO] [stderr]  --> tests/common/migration/m20250101_000001_create_test_table.rs:5:12
[INFO] [stderr]   |
[INFO] [stderr] 5 | pub struct Migration {
[INFO] [stderr]   |            ^^^^^^^^^
[INFO] [stderr] 
[INFO] [stderr] warning: struct `Migration` is never constructed
[INFO] [stderr]  --> tests/common/migration/m20250101_000002_manual_transaction.rs:4:12
[INFO] [stderr]   |
[INFO] [stderr] 4 | pub struct Migration;
[INFO] [stderr]   |            ^^^^^^^^^
[INFO] [stderr] 
[INFO] [stderr] warning: struct `Migrator` is never constructed
[INFO] [stderr]  --> tests/common/migrator/default.rs:4:12
[INFO] [stderr]   |
[INFO] [stderr] 4 | pub struct Migrator;
[INFO] [stderr]   |            ^^^^^^^^
[INFO] [stderr] 
[INFO] [stderr] warning: struct `Migrator` is never constructed
[INFO] [stderr]  --> tests/common/migrator/override_migration_table_name.rs:4:12
[INFO] [stderr]   |
[INFO] [stderr] 4 | pub struct Migrator;
[INFO] [stderr]   |            ^^^^^^^^
[INFO] [stderr] 
[INFO] [stderr] warning: struct `Migrator` is never constructed
[INFO] [stderr]  --> tests/common/migrator/transaction_test.rs:4:12
[INFO] [stderr]   |
[INFO] [stderr] 4 | pub struct Migrator {
[INFO] [stderr]   |            ^^^^^^^^
[INFO] [stderr] 
[INFO] [stderr] warning: struct `ManualTxnMigrator` is never constructed
[INFO] [stderr]   --> tests/common/migrator/transaction_test.rs:19:12
[INFO] [stderr]    |
[INFO] [stderr] 19 | pub struct ManualTxnMigrator;
[INFO] [stderr]    |            ^^^^^^^^^^^^^^^^^
[INFO] [stderr] 
[INFO] [stderr] warning: struct `Migrator` is never constructed
[INFO] [stderr]  --> tests/common/migrator/with_self.rs:4:12
[INFO] [stderr]   |
[INFO] [stderr] 4 | pub struct Migrator {
[INFO] [stderr]   |            ^^^^^^^^
[INFO] [stderr] 
[INFO] [stderr] warning: `sea-orm-migration` (test "main") generated 1 warning
[INFO] [stderr] warning: `sea-orm-migration` (test "postgres") generated 18 warnings
[INFO] [stderr]     Finished `release` profile [optimized] target(s) in 0.28s
[INFO] [stderr] warning: the following packages contain code that will be rejected by a future version of Rust: proc-macro-error2 v2.0.1
[INFO] [stderr] note: to see what the problems were, use the option `--future-incompat-report`, or run `cargo report future-incompatibilities --id 3`
[INFO] [stderr]      Running unittests src/lib.rs (/opt/rustwide/target/release/deps/sea_orm_migration-bc57a56776a261ea)
[INFO] [stdout] 
[INFO] [stdout] running 1 test
[INFO] [stdout] test util::tests::test_get_file_stem ... ok
[INFO] [stdout] 
[INFO] [stdout] test result: ok. 1 passed; 0 failed; 0 ignored; 0 measured; 0 filtered out; finished in 0.00s
[INFO] [stdout] 
[INFO] [stderr]      Running tests/main.rs (/opt/rustwide/target/release/deps/main-b0e911c4b3d39066)
[INFO] [stdout] 
[INFO] [stdout] running 1 test
[INFO] [stdout] test main ... FAILED
[INFO] [stdout] 
[INFO] [stdout] failures:
[INFO] [stdout] 
[INFO] [stdout] ---- main stdout ----
[INFO] [stdout] 
[INFO] [stdout] thread 'main' (2371) panicked at tests/main.rs:14:46:
[INFO] [stdout] Environment variable 'DATABASE_URL' not set: NotPresent
[INFO] [stdout] stack backtrace:
[INFO] [stdout]    0:     0x636feeb274e1 - <<std[70759c8f55707aa4]::sys::backtrace::BacktraceLock>::print::DisplayBacktrace as core[df12db4294e9bfd3]::fmt::Display>::fmt
[INFO] [stdout]    1:     0x636feeb3cbfa - core[df12db4294e9bfd3]::fmt::write
[INFO] [stdout]    2:     0x636feeb2b97c - <alloc[2182bb758b4b3781]::vec::Vec<u8> as core[df12db4294e9bfd3]::io::write::Write>::write_fmt
[INFO] [stdout]    3:     0x636feeb03526 - std[70759c8f55707aa4]::panicking::default_hook::{closure#0}
[INFO] [stdout]    4:     0x636feeb1fa49 - std[70759c8f55707aa4]::panicking::default_hook
[INFO] [stdout]    5:     0x636fee9b6120 - test[9d35eded1c95d3be]::test_main_inner::<test[9d35eded1c95d3be]::test_main_static::{closure#0}>::{closure#0}
[INFO] [stdout]    6:     0x636feeb1fc02 - std[70759c8f55707aa4]::panicking::panic_with_hook
[INFO] [stdout]    7:     0x636feeb035d2 - std[70759c8f55707aa4]::panicking::panic_handler::{closure#0}
[INFO] [stdout]    8:     0x636feeafc359 - std[70759c8f55707aa4]::sys::backtrace::__rust_end_short_backtrace::<std[70759c8f55707aa4]::panicking::panic_handler::{closure#0}, !>
[INFO] [stdout]    9:     0x636feeb041cd - __rustc[8fa7c3cbc660c2b3]::rust_begin_unwind
[INFO] [stdout]   10:     0x636feeb3d35c - core[df12db4294e9bfd3]::panicking::panic_fmt
[INFO] [stdout]   11:     0x636feeb3d132 - core[df12db4294e9bfd3]::result::unwrap_failed
[INFO] [stdout]   12:     0x636fee92f890 - main[91875e1458b17e93]::main::{closure#0}
[INFO] [stdout]   13:     0x636fee96ed5d - <tokio[51f83b073690eeae]::runtime::scheduler::current_thread::Context>::enter::<core[df12db4294e9bfd3]::task::poll::Poll<core[df12db4294e9bfd3]::result::Result<(), sea_orm[2ea94f1b0d6372c7]::error::DbErr>>, <tokio[51f83b073690eeae]::runtime::scheduler::current_thread::CoreGuard>::block_on<core[df12db4294e9bfd3]::pin::Pin<&mut core[df12db4294e9bfd3]::pin::Pin<&mut dyn core[df12db4294e9bfd3]::future::future::Future<Output = core[df12db4294e9bfd3]::result::Result<(), sea_orm[2ea94f1b0d6372c7]::error::DbErr>>>>>::{closure#0}::{closure#0}>
[INFO] [stdout]   14:     0x636fee97ab51 - <tokio[51f83b073690eeae]::runtime::context::scoped::Scoped<tokio[51f83b073690eeae]::runtime::scheduler::Context>>::set::<<tokio[51f83b073690eeae]::runtime::scheduler::current_thread::CoreGuard>::enter<<tokio[51f83b073690eeae]::runtime::scheduler::current_thread::CoreGuard>::block_on<core[df12db4294e9bfd3]::pin::Pin<&mut core[df12db4294e9bfd3]::pin::Pin<&mut dyn core[df12db4294e9bfd3]::future::future::Future<Output = core[df12db4294e9bfd3]::result::Result<(), sea_orm[2ea94f1b0d6372c7]::error::DbErr>>>>>::{closure#0}, core[df12db4294e9bfd3]::option::Option<core[df12db4294e9bfd3]::result::Result<(), sea_orm[2ea94f1b0d6372c7]::error::DbErr>>>::{closure#0}, (alloc[2182bb758b4b3781]::boxed::Box<tokio[51f83b073690eeae]::runtime::scheduler::current_thread::Core>, core[df12db4294e9bfd3]::option::Option<core[df12db4294e9bfd3]::result::Result<(), sea_orm[2ea94f1b0d6372c7]::error::DbErr>>)>
[INFO] [stdout]   15:     0x636fee96f10b - <tokio[51f83b073690eeae]::runtime::scheduler::current_thread::CoreGuard>::block_on::<core[df12db4294e9bfd3]::pin::Pin<&mut core[df12db4294e9bfd3]::pin::Pin<&mut dyn core[df12db4294e9bfd3]::future::future::Future<Output = core[df12db4294e9bfd3]::result::Result<(), sea_orm[2ea94f1b0d6372c7]::error::DbErr>>>>>
[INFO] [stdout]   16:     0x636fee980ab5 - tokio[51f83b073690eeae]::runtime::context::runtime::enter_runtime::<<tokio[51f83b073690eeae]::runtime::scheduler::current_thread::CurrentThread>::block_on<core[df12db4294e9bfd3]::pin::Pin<&mut dyn core[df12db4294e9bfd3]::future::future::Future<Output = core[df12db4294e9bfd3]::result::Result<(), sea_orm[2ea94f1b0d6372c7]::error::DbErr>>>>::{closure#0}, core[df12db4294e9bfd3]::result::Result<(), sea_orm[2ea94f1b0d6372c7]::error::DbErr>>
[INFO] [stdout]   17:     0x636fee979c9e - <tokio[51f83b073690eeae]::runtime::runtime::Runtime>::block_on::<core[df12db4294e9bfd3]::pin::Pin<&mut dyn core[df12db4294e9bfd3]::future::future::Future<Output = core[df12db4294e9bfd3]::result::Result<(), sea_orm[2ea94f1b0d6372c7]::error::DbErr>>>>
[INFO] [stdout]   18:     0x636fee930d08 - <main[91875e1458b17e93]::main::{closure#0} as core[df12db4294e9bfd3]::ops::function::FnOnce<()>>::call_once
[INFO] [stdout]   19:     0x636fee9a940b - test[9d35eded1c95d3be]::__rust_begin_short_backtrace::<core[df12db4294e9bfd3]::result::Result<(), alloc[2182bb758b4b3781]::string::String>, fn() -> core[df12db4294e9bfd3]::result::Result<(), alloc[2182bb758b4b3781]::string::String>>
[INFO] [stdout]   20:     0x636fee9b6a75 - test[9d35eded1c95d3be]::run_test::{closure#0}
[INFO] [stdout]   21:     0x636fee9b0334 - std[70759c8f55707aa4]::sys::backtrace::__rust_begin_short_backtrace::<test[9d35eded1c95d3be]::run_test::{closure#1}, ()>
[INFO] [stdout]   22:     0x636fee9b9bd2 - <std[70759c8f55707aa4]::thread::lifecycle::spawn_unchecked<test[9d35eded1c95d3be]::run_test::{closure#1}, ()>::{closure#1} as core[df12db4294e9bfd3]::ops::function::FnOnce<()>>::call_once::{shim:vtable#0}
[INFO] [stdout]   23:     0x636feeb26d89 - <std[70759c8f55707aa4]::sys::thread::unix::Thread>::new::thread_start
[INFO] [stdout]   24:     0x7d1be5d07dfa - <unknown>
[INFO] [stdout]   25:     0x7d1be5d9b3d4 - clone
[INFO] [stdout]   26:                0x0 - <unknown>
[INFO] [stdout] 
[INFO] [stdout] 
[INFO] [stdout] failures:
[INFO] [stdout]     main
[INFO] [stdout] 
[INFO] [stdout] test result: FAILED. 0 passed; 1 failed; 0 ignored; 0 measured; 0 filtered out; finished in 0.00s
[INFO] [stdout] 
[INFO] [stderr] error: test failed, to rerun pass `--test main`
[INFO] running `Command { std: "docker" "inspect" "0f705e1fcf2ca8105d083a73a279024b2f1c64db1ffc89e385252b96d676fc4a", kill_on_drop: false }`
[INFO] running `Command { std: "docker" "rm" "-f" "0f705e1fcf2ca8105d083a73a279024b2f1c64db1ffc89e385252b96d676fc4a", kill_on_drop: false }`
[INFO] [stdout] 0f705e1fcf2ca8105d083a73a279024b2f1c64db1ffc89e385252b96d676fc4a
