[INFO] fetching crate sea-orm-adapter 0.4.0...
[INFO] testing sea-orm-adapter-0.4.0 against 1.99.0-beta.8+cargoflags=--release for beta-release-1.100-2
[INFO] extracting crate sea-orm-adapter 0.4.0 into /workspace/builds/worker-3-tc1/source
[INFO] started tweaking crates.io crate sea-orm-adapter 0.4.0
[INFO] finished tweaking crates.io crate sea-orm-adapter 0.4.0
[INFO] tweaked toml for crates.io crate sea-orm-adapter 0.4.0 written to /workspace/builds/worker-3-tc1/source/Cargo.toml
[INFO] validating manifest of crates.io crate sea-orm-adapter 0.4.0 on toolchain 1.99.0-beta.8
[INFO] running `Command { std: CARGO_HOME="/workspace/cargo-home" RUSTUP_HOME="/workspace/rustup-home" "/workspace/cargo-home/bin/cargo" "+1.99.0-beta.8" "metadata" "--manifest-path" "Cargo.toml" "--no-deps", kill_on_drop: false }`
[INFO] running `Command { std: CARGO_HOME="/workspace/cargo-home" RUSTUP_HOME="/workspace/rustup-home" "/workspace/cargo-home/bin/cargo" "+1.99.0-beta.8" "generate-lockfile" "--manifest-path" "Cargo.toml", kill_on_drop: false }`
[INFO] [stderr]     Updating crates.io index
[INFO] [stderr]      Locking 312 packages to highest compatible versions
[INFO] [stderr]       Adding generic-array v0.14.7 (available: v0.14.9)
[INFO] [stderr]       Adding minicov v0.3.8 (available: v0.3.9)
[INFO] [stderr]       Adding sea-orm v1.1.20 (available: v2.0.4)
[INFO] running `Command { std: CARGO_HOME="/workspace/cargo-home" RUSTUP_HOME="/workspace/rustup-home" "/workspace/cargo-home/bin/cargo" "+1.99.0-beta.8" "fetch" "--manifest-path" "Cargo.toml", kill_on_drop: false }`
[INFO] [stderr]  Downloading crates ...
[INFO] [stderr]   Downloaded redox_syscall v0.9.5
[INFO] [stderr]   Downloaded sea-query-binder v0.7.0
[INFO] [stderr]   Downloaded sea-orm-macros v1.1.20
[INFO] [stderr]   Downloaded sea-orm v1.1.20
[INFO] [stderr]   Downloaded sea-query v0.32.7
[INFO] [stderr]   Downloaded inherent v1.0.14
[INFO] [stderr]   Downloaded sea-bae v0.2.2
[INFO] [stderr]   Downloaded wasm-bindgen-test-shared v0.2.129
[INFO] [stderr]   Downloaded casbin v2.20.0
[INFO] [stderr]   Downloaded wasm-bindgen-test v0.3.79
[INFO] [stderr]   Downloaded wasm-bindgen-test-macro v0.3.79
[INFO] [stderr]   Downloaded rhai v1.26.1
[INFO] running `Command { std: "docker" "create" "-v" "/var/lib/crater-agent-workspace/builds/worker-3-tc1/source:/opt/rustwide/workdir:ro,Z" "-v" "/var/lib/crater-agent-workspace/builds/worker-3-tc1/target:/opt/rustwide/target:rw,Z" "-v" "/var/lib/crater-agent-workspace/cargo-home:/opt/rustwide/cargo-home:ro,Z" "-v" "/var/lib/crater-agent-workspace/rustup-home:/opt/rustwide/rustup-home:ro,Z" "-m" "1610612736" "--network" "none" "ghcr.io/rust-lang/crates-build-env/linux@sha256:77db811e55d90add9212f6832c23229e3de5f1c1f9905e8cb07319ea15df73ac" "sleep" "infinity", kill_on_drop: false }`
[INFO] [stdout] 6842eb4950db4f9b6a4a261b65ccd2503844350b77a1679426994f320fb0da36
[INFO] running `Command { std: "docker" "start" "6842eb4950db4f9b6a4a261b65ccd2503844350b77a1679426994f320fb0da36", kill_on_drop: false }`
[INFO] running `Command { std: "docker" "inspect" "6842eb4950db4f9b6a4a261b65ccd2503844350b77a1679426994f320fb0da36", kill_on_drop: false }`
[INFO] running `Command { std: "docker" "exec" "-e" "SOURCE_DIR=/opt/rustwide/workdir" "-e" "CARGO_HOME=/opt/rustwide/cargo-home" "-e" "RUSTUP_HOME=/opt/rustwide/rustup-home" "-e" "CARGO_TARGET_DIR=/opt/rustwide/target" "-w" "/opt/rustwide/workdir" "--user" "0:0" "6842eb4950db4f9b6a4a261b65ccd2503844350b77a1679426994f320fb0da36" "/opt/rustwide/cargo-home/bin/cargo" "+1.99.0-beta.8" "metadata" "--no-deps" "--format-version=1", kill_on_drop: false }`
[INFO] running `Command { std: "docker" "inspect" "6842eb4950db4f9b6a4a261b65ccd2503844350b77a1679426994f320fb0da36", kill_on_drop: false }`
[INFO] running `Command { std: "docker" "exec" "-e" "SOURCE_DIR=/opt/rustwide/workdir" "-e" "CARGO_HOME=/opt/rustwide/cargo-home" "-e" "RUSTUP_HOME=/opt/rustwide/rustup-home" "-e" "CARGO_TARGET_DIR=/opt/rustwide/target" "-e" "CARGO_INCREMENTAL=0" "-e" "RUST_BACKTRACE=full" "-e" "RUSTFLAGS=--cap-lints=warn" "-e" "RUSTDOCFLAGS=--cap-lints=warn" "-w" "/opt/rustwide/workdir" "--user" "0:0" "6842eb4950db4f9b6a4a261b65ccd2503844350b77a1679426994f320fb0da36" "/opt/rustwide/cargo-home/bin/cargo" "+1.99.0-beta.8" "build" "--frozen" "--message-format=json" "--release", kill_on_drop: false }`
[INFO] [stderr]    Compiling serde_core v1.0.229
[INFO] [stderr]    Compiling num-traits v0.2.19
[INFO] [stderr]    Compiling portable-atomic v1.15.0
[INFO] [stderr]    Compiling digest v0.10.7
[INFO] [stderr]    Compiling pem-rfc7468 v0.7.0
[INFO] [stderr]    Compiling rustls-pki-types v1.15.1
[INFO] [stderr]    Compiling tiny-keccak v2.0.2
[INFO] [stderr]    Compiling crossbeam-utils v0.8.23
[INFO] [stderr]    Compiling der v0.7.10
[INFO] [stderr]    Compiling tokio v1.53.3
[INFO] [stderr]    Compiling getrandom v0.2.17
[INFO] [stderr]    Compiling once_cell v1.21.4
[INFO] [stderr]    Compiling num-bigint-dig v0.8.6
[INFO] [stderr]    Compiling futures-sink v0.3.34
[INFO] [stderr]    Compiling rustls v0.23.46
[INFO] [stderr]    Compiling spin v0.9.9
[INFO] [stderr]    Compiling lazy_static v1.5.1
[INFO] [stderr]    Compiling hashbrown v0.15.5
[INFO] [stderr]    Compiling const-random-macro v0.1.16
[INFO] [stderr]    Compiling rand v0.8.8
[INFO] [stderr]    Compiling tracing-core v0.1.36
[INFO] [stderr]    Compiling num-integer v0.1.47
[INFO] [stderr]    Compiling spki v0.7.3
[INFO] [stderr]    Compiling num-iter v0.1.46
[INFO] [stderr]    Compiling rustls-webpki v0.103.15
[INFO] [stderr]    Compiling pkcs8 v0.10.2
[INFO] [stderr]    Compiling webpki-roots v1.0.9
[INFO] [stderr]    Compiling tracing-attributes v0.1.31
[INFO] [stderr]    Compiling ahash v0.8.12
[INFO] [stderr]    Compiling thiserror-impl v2.0.21
[INFO] [stderr]    Compiling crc-catalog v2.5.0
[INFO] [stderr]    Compiling crc v3.4.0
[INFO] [stderr]    Compiling futures-util v0.3.34
[INFO] [stderr]    Compiling serde v1.0.229
[INFO] [stderr]    Compiling bitflags v2.13.2
[INFO] [stderr]    Compiling thiserror v2.0.21
[INFO] [stderr]    Compiling tracing v0.1.44
[INFO] [stderr]    Compiling pkcs1 v0.7.5
[INFO] [stderr]    Compiling webpki-roots v0.26.11
[INFO] [stderr]    Compiling smallvec v1.16.3
[INFO] [stderr]    Compiling either v1.19.0
[INFO] [stderr]    Compiling hashlink v0.10.0
[INFO] [stderr]    Compiling crossbeam-queue v0.3.14
[INFO] [stderr]    Compiling icu_normalizer v2.3.0
[INFO] [stderr]    Compiling parking_lot_core v0.9.12
[INFO] [stderr]    Compiling parking_lot v0.12.5
[INFO] [stderr]    Compiling idna_adapter v1.2.2
[INFO] [stderr]    Compiling idna v1.1.0
[INFO] [stderr]    Compiling url v2.5.8
[INFO] [stderr]    Compiling futures-intrusive v0.5.0
[INFO] [stderr]    Compiling const-random v0.1.18
[INFO] [stderr]    Compiling tokio-stream v0.1.19
[INFO] [stderr]    Compiling sha2 v0.10.9
[INFO] [stderr]    Compiling hmac v0.12.1
[INFO] [stderr]    Compiling signature v2.2.0
[INFO] [stderr]    Compiling proc-macro2-diagnostics v0.10.1
[INFO] [stderr]    Compiling unicode-properties v0.1.4
[INFO] [stderr]    Compiling base64 v0.22.1
[INFO] [stderr]    Compiling stringprep v0.1.5
[INFO] [stderr]    Compiling rsa v0.9.10
[INFO] [stderr]    Compiling hkdf v0.12.4
[INFO] [stderr]    Compiling atoi v2.0.0
[INFO] [stderr]    Compiling sha1 v0.10.7
[INFO] [stderr]    Compiling futures-channel v0.3.34
[INFO] [stderr]    Compiling sqlx-core v0.8.6
[INFO] [stderr]    Compiling md-5 v0.10.6
[INFO] [stderr]    Compiling smartstring v1.0.1
[INFO] [stderr]    Compiling byteorder v1.5.0
[INFO] [stderr]    Compiling whoami v1.6.1
[INFO] [stderr]    Compiling dotenvy v0.15.7
[INFO] [stderr]    Compiling ordered-float v4.6.0
[INFO] [stderr]    Compiling inherent v1.0.14
[INFO] [stderr]    Compiling derive_more-impl v2.1.1
[INFO] [stderr]    Compiling sea-query v0.32.7
[INFO] [stderr]    Compiling ouroboros_macro v0.18.5
[INFO] [stderr]    Compiling hashbrown v0.14.5
[INFO] [stderr]    Compiling sea-bae v0.2.2
[INFO] [stderr]    Compiling async-stream-impl v0.3.6
[INFO] [stderr]    Compiling rhai_codegen v3.2.0
[INFO] [stderr]    Compiling thin-vec v0.2.21
[INFO] [stderr]    Compiling aliasable v0.1.3
[INFO] [stderr]    Compiling fixedbitset v0.4.2
[INFO] [stderr]    Compiling ouroboros v0.18.5
[INFO] [stderr]    Compiling derive_more v2.1.1
[INFO] [stderr]    Compiling sqlx-mysql v0.8.6
[INFO] [stderr]    Compiling sea-orm-macros v1.1.20
[INFO] [stderr]    Compiling petgraph v0.6.5
[INFO] [stderr]    Compiling rhai v1.26.1
[INFO] [stderr]    Compiling async-stream v0.3.6
[INFO] [stderr]    Compiling hashlink v0.9.1
[INFO] [stderr]    Compiling serde_json v1.0.154
[INFO] [stderr]    Compiling sqlx v0.8.6
[INFO] [stderr]    Compiling sea-query-binder v0.7.0
[INFO] [stderr]    Compiling strum v0.26.3
[INFO] [stderr]    Compiling sea-orm v1.1.20
[INFO] [stderr]    Compiling casbin v2.20.0
[INFO] [stderr]    Compiling sea-orm-adapter v0.4.0 (/opt/rustwide/workdir)
[INFO] [stderr]     Finished `release` profile [optimized] target(s) in 3m 28s
[INFO] running `Command { std: "docker" "inspect" "6842eb4950db4f9b6a4a261b65ccd2503844350b77a1679426994f320fb0da36", kill_on_drop: false }`
[INFO] running `Command { std: "docker" "exec" "-e" "SOURCE_DIR=/opt/rustwide/workdir" "-e" "CARGO_HOME=/opt/rustwide/cargo-home" "-e" "RUSTUP_HOME=/opt/rustwide/rustup-home" "-e" "CARGO_TARGET_DIR=/opt/rustwide/target" "-e" "CARGO_INCREMENTAL=0" "-e" "RUST_BACKTRACE=full" "-e" "RUSTFLAGS=--cap-lints=warn" "-e" "RUSTDOCFLAGS=--cap-lints=warn" "-w" "/opt/rustwide/workdir" "--user" "0:0" "6842eb4950db4f9b6a4a261b65ccd2503844350b77a1679426994f320fb0da36" "/opt/rustwide/cargo-home/bin/cargo" "+1.99.0-beta.8" "test" "--frozen" "--no-run" "--message-format=json" "--release", kill_on_drop: false }`
[INFO] [stderr]    Compiling tokio v1.53.3
[INFO] [stderr]    Compiling tokio-stream v0.1.19
[INFO] [stderr]    Compiling casbin v2.20.0
[INFO] [stderr]    Compiling sqlx-core v0.8.6
[INFO] [stderr]    Compiling sqlx-mysql v0.8.6
[INFO] [stderr]    Compiling sqlx v0.8.6
[INFO] [stderr]    Compiling sea-query-binder v0.7.0
[INFO] [stderr]    Compiling sea-orm v1.1.20
[INFO] [stderr]    Compiling sea-orm-adapter v0.4.0 (/opt/rustwide/workdir)
[INFO] [stderr]     Finished `release` profile [optimized] target(s) in 1m 30s
[INFO] running `Command { std: "docker" "inspect" "6842eb4950db4f9b6a4a261b65ccd2503844350b77a1679426994f320fb0da36", kill_on_drop: false }`
[INFO] running `Command { std: "docker" "exec" "-e" "SOURCE_DIR=/opt/rustwide/workdir" "-e" "CARGO_HOME=/opt/rustwide/cargo-home" "-e" "RUSTUP_HOME=/opt/rustwide/rustup-home" "-e" "CARGO_TARGET_DIR=/opt/rustwide/target" "-e" "CARGO_INCREMENTAL=0" "-e" "RUST_BACKTRACE=full" "-e" "RUSTFLAGS=--cap-lints=warn" "-e" "RUSTDOCFLAGS=--cap-lints=warn" "-w" "/opt/rustwide/workdir" "--user" "0:0" "6842eb4950db4f9b6a4a261b65ccd2503844350b77a1679426994f320fb0da36" "/opt/rustwide/cargo-home/bin/cargo" "+1.99.0-beta.8" "test" "--frozen" "--release", kill_on_drop: false }`
[INFO] [stderr]     Finished `release` profile [optimized] target(s) in 0.24s
[INFO] [stderr]      Running unittests src/lib.rs (/opt/rustwide/target/release/deps/sea_orm_adapter-0c42fada1da6305a)
[INFO] [stdout] 
[INFO] [stdout] running 1 test
[INFO] [stdout] test adapter::tests::test_adapter ... FAILED
[INFO] [stderr] error: test failed, to rerun pass `--lib`
[INFO] [stdout] 
[INFO] [stdout] failures:
[INFO] [stdout] 
[INFO] [stdout] ---- adapter::tests::test_adapter stdout ----
[INFO] [stdout] 
[INFO] [stdout] thread 'adapter::tests::test_adapter' (1992) panicked at src/adapter.rs:245:14:
[INFO] [stdout] called `Result::unwrap()` on an `Err` value: IoError(Os { code: 2, kind: NotFound, message: "No such file or directory" })
[INFO] [stdout] stack backtrace:
[INFO] [stdout]    0:     0x617d6bb75191 - <<std[70759c8f55707aa4]::sys::backtrace::BacktraceLock>::print::DisplayBacktrace as core[df12db4294e9bfd3]::fmt::Display>::fmt
[INFO] [stdout]    1:     0x617d6bb8d95a - core[df12db4294e9bfd3]::fmt::write
[INFO] [stdout]    2:     0x617d6bb79c3c - <alloc[2182bb758b4b3781]::vec::Vec<u8> as core[df12db4294e9bfd3]::io::write::Write>::write_fmt
[INFO] [stdout]    3:     0x617d6bb50386 - std[70759c8f55707aa4]::panicking::default_hook::{closure#0}
[INFO] [stdout]    4:     0x617d6bb6cd99 - std[70759c8f55707aa4]::panicking::default_hook
[INFO] [stdout]    5:     0x617d6b699810 - test[9d35eded1c95d3be]::test_main_inner::<test[9d35eded1c95d3be]::test_main_static::{closure#0}>::{closure#0}
[INFO] [stdout]    6:     0x617d6bb6d0c2 - std[70759c8f55707aa4]::panicking::panic_with_hook
[INFO] [stdout]    7:     0x617d6bb50432 - std[70759c8f55707aa4]::panicking::panic_handler::{closure#0}
[INFO] [stdout]    8:     0x617d6bb48f49 - std[70759c8f55707aa4]::sys::backtrace::__rust_end_short_backtrace::<std[70759c8f55707aa4]::panicking::panic_handler::{closure#0}, !>
[INFO] [stdout]    9:     0x617d6bb5121d - __rustc[8fa7c3cbc660c2b3]::rust_begin_unwind
[INFO] [stdout]   10:     0x617d6bb8e13c - core[df12db4294e9bfd3]::panicking::panic_fmt
[INFO] [stdout]   11:     0x617d6bb8df12 - core[df12db4294e9bfd3]::result::unwrap_failed
[INFO] [stdout]   12:     0x617d6b616815 - sea_orm_adapter[f8aec6b1a5e69d71]::adapter::tests::test_adapter::{closure#0}
[INFO] [stdout]   13:     0x617d6b676341 - tokio[b574603791351949]::runtime::context::runtime::enter_runtime::<<tokio[b574603791351949]::runtime::scheduler::multi_thread::MultiThread>::block_on<core[df12db4294e9bfd3]::pin::Pin<&mut dyn core[df12db4294e9bfd3]::future::future::Future<Output = ()>>>::{closure#0}, ()>
[INFO] [stdout]   14:     0x617d6b668e9a - <tokio[b574603791351949]::runtime::runtime::Runtime>::block_on::<core[df12db4294e9bfd3]::pin::Pin<&mut dyn core[df12db4294e9bfd3]::future::future::Future<Output = ()>>>
[INFO] [stdout]   15:     0x617d6b6196ca - sea_orm_adapter[f8aec6b1a5e69d71]::adapter::tests::test_adapter
[INFO] [stdout]   16:     0x617d6b65fb59 - <sea_orm_adapter[f8aec6b1a5e69d71]::adapter::tests::test_adapter::{closure#0} as core[df12db4294e9bfd3]::ops::function::FnOnce<()>>::call_once
[INFO] [stdout]   17:     0x617d6b68cafb - test[9d35eded1c95d3be]::__rust_begin_short_backtrace::<core[df12db4294e9bfd3]::result::Result<(), alloc[2182bb758b4b3781]::string::String>, fn() -> core[df12db4294e9bfd3]::result::Result<(), alloc[2182bb758b4b3781]::string::String>>
[INFO] [stdout]   18:     0x617d6b69a165 - test[9d35eded1c95d3be]::run_test::{closure#0}
[INFO] [stdout]   19:     0x617d6b693a24 - std[70759c8f55707aa4]::sys::backtrace::__rust_begin_short_backtrace::<test[9d35eded1c95d3be]::run_test::{closure#1}, ()>
[INFO] [stdout]   20:     0x617d6b69d2c2 - <std[70759c8f55707aa4]::thread::lifecycle::spawn_unchecked<test[9d35eded1c95d3be]::run_test::{closure#1}, ()>::{closure#1} as core[df12db4294e9bfd3]::ops::function::FnOnce<()>>::call_once::{shim:vtable#0}
[INFO] [stdout]   21:     0x617d6bb74399 - <std[70759c8f55707aa4]::sys::thread::unix::Thread>::new::thread_start
[INFO] [stdout]   22:     0x794e3a730dfa - <unknown>
[INFO] [stdout]   23:     0x794e3a7c43d4 - clone
[INFO] [stdout]   24:                0x0 - <unknown>
[INFO] [stdout] 
[INFO] [stdout] 
[INFO] [stdout] failures:
[INFO] [stdout]     adapter::tests::test_adapter
[INFO] [stdout] 
[INFO] [stdout] test result: FAILED. 0 passed; 1 failed; 0 ignored; 0 measured; 0 filtered out; finished in 0.01s
[INFO] [stdout] 
[INFO] running `Command { std: "docker" "inspect" "6842eb4950db4f9b6a4a261b65ccd2503844350b77a1679426994f320fb0da36", kill_on_drop: false }`
[INFO] running `Command { std: "docker" "rm" "-f" "6842eb4950db4f9b6a4a261b65ccd2503844350b77a1679426994f320fb0da36", kill_on_drop: false }`
[INFO] [stdout] 6842eb4950db4f9b6a4a261b65ccd2503844350b77a1679426994f320fb0da36
