[INFO] fetching crate sdtn 0.1.4...
[INFO] testing sdtn-0.1.4 against 1.100.0-beta.1+cargoflags=--release for beta-release-1.100-2
[INFO] extracting crate sdtn 0.1.4 into /workspace/builds/worker-4-tc2/source
[INFO] started tweaking crates.io crate sdtn 0.1.4
[INFO] removed 0 missing examples
[INFO] removed 0 missing tests
[INFO] finished tweaking crates.io crate sdtn 0.1.4
[INFO] tweaked toml for crates.io crate sdtn 0.1.4 written to /workspace/builds/worker-4-tc2/source/Cargo.toml
[INFO] validating manifest of crates.io crate sdtn 0.1.4 on toolchain 1.100.0-beta.1
[INFO] running `Command { std: CARGO_HOME="/workspace/cargo-home" RUSTUP_HOME="/workspace/rustup-home" "/workspace/cargo-home/bin/cargo" "+1.100.0-beta.1" "metadata" "--manifest-path" "Cargo.toml" "--no-deps", kill_on_drop: false }`
[INFO] crate crates.io crate sdtn 0.1.4 already has a lockfile, it will not be regenerated
[INFO] running `Command { std: CARGO_HOME="/workspace/cargo-home" RUSTUP_HOME="/workspace/rustup-home" "/workspace/cargo-home/bin/cargo" "+1.100.0-beta.1" "fetch" "--manifest-path" "Cargo.toml", kill_on_drop: false }`
[INFO] running `Command { std: "docker" "create" "-v" "/var/lib/crater-agent-workspace/builds/worker-4-tc2/source:/opt/rustwide/workdir:ro,Z" "-v" "/var/lib/crater-agent-workspace/builds/worker-4-tc2/target:/opt/rustwide/target:rw,Z" "-v" "/var/lib/crater-agent-workspace/cargo-home:/opt/rustwide/cargo-home:ro,Z" "-v" "/var/lib/crater-agent-workspace/rustup-home:/opt/rustwide/rustup-home:ro,Z" "-m" "1610612736" "--network" "none" "ghcr.io/rust-lang/crates-build-env/linux@sha256:77db811e55d90add9212f6832c23229e3de5f1c1f9905e8cb07319ea15df73ac" "sleep" "infinity", kill_on_drop: false }`
[INFO] [stdout] 707fcdf3c67ed62f9643741b7d88d600dadc3383bbb209137c3920f07a1563ab
[INFO] running `Command { std: "docker" "start" "707fcdf3c67ed62f9643741b7d88d600dadc3383bbb209137c3920f07a1563ab", kill_on_drop: false }`
[INFO] running `Command { std: "docker" "inspect" "707fcdf3c67ed62f9643741b7d88d600dadc3383bbb209137c3920f07a1563ab", kill_on_drop: false }`
[INFO] running `Command { std: "docker" "exec" "-e" "SOURCE_DIR=/opt/rustwide/workdir" "-e" "CARGO_HOME=/opt/rustwide/cargo-home" "-e" "RUSTUP_HOME=/opt/rustwide/rustup-home" "-e" "CARGO_TARGET_DIR=/opt/rustwide/target" "-w" "/opt/rustwide/workdir" "--user" "0:0" "707fcdf3c67ed62f9643741b7d88d600dadc3383bbb209137c3920f07a1563ab" "/opt/rustwide/cargo-home/bin/cargo" "+1.100.0-beta.1" "metadata" "--no-deps" "--format-version=1", kill_on_drop: false }`
[INFO] running `Command { std: "docker" "inspect" "707fcdf3c67ed62f9643741b7d88d600dadc3383bbb209137c3920f07a1563ab", kill_on_drop: false }`
[INFO] running `Command { std: "docker" "exec" "-e" "SOURCE_DIR=/opt/rustwide/workdir" "-e" "CARGO_HOME=/opt/rustwide/cargo-home" "-e" "RUSTUP_HOME=/opt/rustwide/rustup-home" "-e" "CARGO_TARGET_DIR=/opt/rustwide/target" "-e" "CARGO_INCREMENTAL=0" "-e" "RUST_BACKTRACE=full" "-e" "RUSTFLAGS=--cap-lints=warn" "-e" "RUSTDOCFLAGS=--cap-lints=warn" "-w" "/opt/rustwide/workdir" "--user" "0:0" "707fcdf3c67ed62f9643741b7d88d600dadc3383bbb209137c3920f07a1563ab" "/opt/rustwide/cargo-home/bin/cargo" "+1.100.0-beta.1" "build" "--frozen" "--message-format=json" "--release", kill_on_drop: false }`
[INFO] [stderr]    Compiling syn v2.0.103
[INFO] [stderr]    Compiling memchr v2.7.5
[INFO] [stderr]    Compiling libc v0.2.174
[INFO] [stderr]    Compiling crunchy v0.2.3
[INFO] [stderr]    Compiling thiserror v2.0.12
[INFO] [stderr]    Compiling cfg-if v1.0.1
[INFO] [stderr]    Compiling libdbus-sys v0.2.5
[INFO] [stderr]    Compiling parking_lot_core v0.9.11
[INFO] [stderr]    Compiling hashbrown v0.15.4
[INFO] [stderr]    Compiling once_cell v1.21.3
[INFO] [stderr]    Compiling serde v1.0.219
[INFO] [stderr]    Compiling rustversion v1.0.21
[INFO] [stderr]    Compiling getrandom v0.3.3
[INFO] [stderr]    Compiling serde_json v1.0.140
[INFO] [stderr]    Compiling anstyle-query v1.1.3
[INFO] [stderr]    Compiling ryu v1.0.20
[INFO] [stderr]    Compiling anstyle v1.0.11
[INFO] [stderr]    Compiling colorchoice v1.0.4
[INFO] [stderr]    Compiling itoa v1.0.15
[INFO] [stderr]    Compiling regex-automata v0.4.9
[INFO] [stderr]    Compiling uuid v1.17.0
[INFO] [stderr]    Compiling anstream v0.6.19
[INFO] [stderr]    Compiling tiny-keccak v2.0.2
[INFO] [stderr]    Compiling nix v0.29.0
[INFO] [stderr]    Compiling winnow v0.7.11
[INFO] [stderr]    Compiling xml-rs v0.8.26
[INFO] [stderr]    Compiling parking_lot v0.12.4
[INFO] [stderr]    Compiling itertools v0.13.0
[INFO] [stderr]    Compiling encoding_rs v0.8.35
[INFO] [stderr]    Compiling trim-in-place v0.1.7
[INFO] [stderr]    Compiling clap_lex v0.7.5
[INFO] [stderr]    Compiling unicode-segmentation v1.12.0
[INFO] [stderr]    Compiling arraydeque v0.5.1
[INFO] [stderr]    Compiling clap_builder v4.5.40
[INFO] [stderr]    Compiling dashmap v6.1.0
[INFO] [stderr]    Compiling jiff v0.2.15
[INFO] [stderr]    Compiling pathdiff v0.2.3
[INFO] [stderr]    Compiling macaddr v1.0.1
[INFO] [stderr]    Compiling half v1.8.3
[INFO] [stderr]    Compiling sha2 v0.10.9
[INFO] [stderr]    Compiling getrandom v0.2.16
[INFO] [stderr]    Compiling convert_case v0.6.0
[INFO] [stderr]    Compiling const-random-macro v0.1.16
[INFO] [stderr]    Compiling indexmap v2.9.0
[INFO] [stderr]    Compiling hashlink v0.10.0
[INFO] [stderr]    Compiling const-random v0.1.18
[INFO] [stderr]    Compiling dlv-list v0.5.2
[INFO] [stderr]    Compiling ordered-multimap v0.7.3
[INFO] [stderr]    Compiling yaml-rust2 v0.10.3
[INFO] [stderr]    Compiling rust-ini v0.21.1
[INFO] [stderr]    Compiling regex v1.11.1
[INFO] [stderr]    Compiling env_filter v0.1.3
[INFO] [stderr]    Compiling darling_core v0.20.11
[INFO] [stderr]    Compiling synstructure v0.13.2
[INFO] [stderr]    Compiling serde_derive v1.0.219
[INFO] [stderr]    Compiling thiserror-impl v2.0.12
[INFO] [stderr]    Compiling futures-macro v0.3.31
[INFO] [stderr]    Compiling tokio-macros v2.5.0
[INFO] [stderr]    Compiling thiserror-impl v1.0.69
[INFO] [stderr]    Compiling pin-project-internal v1.1.10
[INFO] [stderr]    Compiling tokio v1.45.1
[INFO] [stderr]    Compiling async-trait v0.1.88
[INFO] [stderr]    Compiling strum_macros v0.26.4
[INFO] [stderr]    Compiling futures-util v0.3.31
[INFO] [stderr]    Compiling num-derive v0.4.2
[INFO] [stderr]    Compiling displaydoc v0.2.5
[INFO] [stderr]    Compiling clap_derive v4.5.40
[INFO] [stderr]    Compiling env_logger v0.11.8
[INFO] [stderr]    Compiling darling_macro v0.20.11
[INFO] [stderr]    Compiling darling v0.20.11
[INFO] [stderr]    Compiling custom_debug_derive v0.6.2
[INFO] [stderr]    Compiling pest v2.8.1
[INFO] [stderr]    Compiling thiserror v1.0.69
[INFO] [stderr]    Compiling pin-project v1.1.10
[INFO] [stderr]    Compiling custom_debug v0.6.2
[INFO] [stderr]    Compiling strum v0.26.3
[INFO] [stderr]    Compiling clap v4.5.40
[INFO] [stderr]    Compiling pest_meta v2.8.1
[INFO] [stderr]    Compiling pest_generator v2.8.1
[INFO] [stderr]    Compiling pest_derive v2.8.1
[INFO] [stderr]    Compiling dbus v0.9.7
[INFO] [stderr]    Compiling futures-executor v0.3.31
[INFO] [stderr]    Compiling futures v0.3.31
[INFO] [stderr]    Compiling bitflags v2.9.1
[INFO] [stderr]    Compiling serde_spanned v0.6.9
[INFO] [stderr]    Compiling toml_datetime v0.6.11
[INFO] [stderr]    Compiling serde-xml-rs v0.6.0
[INFO] [stderr]    Compiling json5 v0.4.1
[INFO] [stderr]    Compiling serde_cbor v0.11.2
[INFO] [stderr]    Compiling ron v0.8.1
[INFO] [stderr]    Compiling toml_edit v0.22.27
[INFO] [stderr]    Compiling tokio-util v0.7.15
[INFO] [stderr]    Compiling tokio-stream v0.1.17
[INFO] [stderr]    Compiling bluer v0.17.4
[INFO] [stderr]    Compiling dbus-tokio v0.7.6
[INFO] [stderr]    Compiling bluez-generated v0.4.0
[INFO] [stderr]    Compiling dbus-crossroads v0.5.2
[INFO] [stderr]    Compiling bluez-async v0.8.0
[INFO] [stderr]    Compiling toml v0.8.23
[INFO] [stderr]    Compiling config v0.15.11
[INFO] [stderr]    Compiling btleplug v0.11.8
[INFO] [stderr]    Compiling sdtn v0.1.4 (/opt/rustwide/workdir)
[INFO] [stderr]     Finished `release` profile [optimized] target(s) in 2m 08s
[INFO] [stderr] warning: the following packages contain code that will be rejected by a future version of Rust: nix v0.29.0
[INFO] [stderr] note: to see what the problems were, use the option `--future-incompat-report`, or run `cargo report future-incompatibilities --id 12`
[INFO] running `Command { std: "docker" "inspect" "707fcdf3c67ed62f9643741b7d88d600dadc3383bbb209137c3920f07a1563ab", kill_on_drop: false }`
[INFO] running `Command { std: "docker" "exec" "-e" "SOURCE_DIR=/opt/rustwide/workdir" "-e" "CARGO_HOME=/opt/rustwide/cargo-home" "-e" "RUSTUP_HOME=/opt/rustwide/rustup-home" "-e" "CARGO_TARGET_DIR=/opt/rustwide/target" "-e" "CARGO_INCREMENTAL=0" "-e" "RUST_BACKTRACE=full" "-e" "RUSTFLAGS=--cap-lints=warn" "-e" "RUSTDOCFLAGS=--cap-lints=warn" "-w" "/opt/rustwide/workdir" "--user" "0:0" "707fcdf3c67ed62f9643741b7d88d600dadc3383bbb209137c3920f07a1563ab" "/opt/rustwide/cargo-home/bin/cargo" "+1.100.0-beta.1" "test" "--frozen" "--no-run" "--message-format=json" "--release", kill_on_drop: false }`
[INFO] [stderr]    Compiling bitflags v2.9.1
[INFO] [stderr]    Compiling rustix v1.0.7
[INFO] [stderr]    Compiling linux-raw-sys v0.9.4
[INFO] [stderr]    Compiling bluez-async v0.8.0
[INFO] [stderr]    Compiling ron v0.8.1
[INFO] [stderr]    Compiling nix v0.29.0
[INFO] [stderr]    Compiling bluer v0.17.4
[INFO] [stderr]    Compiling config v0.15.11
[INFO] [stderr]    Compiling btleplug v0.11.8
[INFO] [stderr]    Compiling tempfile v3.20.0
[INFO] [stderr]    Compiling sdtn v0.1.4 (/opt/rustwide/workdir)
[INFO] [stderr]     Finished `release` profile [optimized] target(s) in 41.45s
[INFO] [stderr] warning: the following packages contain code that will be rejected by a future version of Rust: nix v0.29.0
[INFO] [stderr] note: to see what the problems were, use the option `--future-incompat-report`, or run `cargo report future-incompatibilities --id 12`
[INFO] running `Command { std: "docker" "inspect" "707fcdf3c67ed62f9643741b7d88d600dadc3383bbb209137c3920f07a1563ab", kill_on_drop: false }`
[INFO] running `Command { std: "docker" "exec" "-e" "SOURCE_DIR=/opt/rustwide/workdir" "-e" "CARGO_HOME=/opt/rustwide/cargo-home" "-e" "RUSTUP_HOME=/opt/rustwide/rustup-home" "-e" "CARGO_TARGET_DIR=/opt/rustwide/target" "-e" "CARGO_INCREMENTAL=0" "-e" "RUST_BACKTRACE=full" "-e" "RUSTFLAGS=--cap-lints=warn" "-e" "RUSTDOCFLAGS=--cap-lints=warn" "-w" "/opt/rustwide/workdir" "--user" "0:0" "707fcdf3c67ed62f9643741b7d88d600dadc3383bbb209137c3920f07a1563ab" "/opt/rustwide/cargo-home/bin/cargo" "+1.100.0-beta.1" "test" "--frozen" "--release", kill_on_drop: false }`
[INFO] [stderr]     Finished `release` profile [optimized] target(s) in 0.20s
[INFO] [stderr] warning: the following packages contain code that will be rejected by a future version of Rust: nix v0.29.0
[INFO] [stderr] note: to see what the problems were, use the option `--future-incompat-report`, or run `cargo report future-incompatibilities --id 12`
[INFO] [stderr]      Running unittests src/lib.rs (/opt/rustwide/target/release/build/sdtn/4b21f75149b4015d/out/sdtn-4b21f75149b4015d)
[INFO] [stdout] 
[INFO] [stdout] running 203 tests
[INFO] [stdout] test api::tests::test_convenience_functions_error_handling ... ok
[INFO] [stdout] test api::tests::test_add_multiple_routes ... ok
[INFO] [stdout] test api::tests::test_add_route ... ok
[INFO] [stdout] test api::tests::test_convenience_functions_unicode ... ok
[INFO] [stdout] test api::tests::test_dtn_node_new ... ok
[INFO] [stdout] test api::tests::test_complex_routing_scenario ... ok
[INFO] [stdout] test api::tests::test_error_handling_empty_bundle_list ... ok
[INFO] [stdout] test api::tests::test_dtn_node_with_routing_algorithm ... ok
[INFO] [stdout] test api::tests::test_dtn_node_with_config ... ok
[INFO] [stdout] test api::tests::test_convenience_functions_empty_input ... ok
[INFO] [stdout] test api::tests::api_test_select_peers_for_forwarding ... ok
[INFO] [stdout] test api::tests::test_find_best_route ... ok
[INFO] [stdout] test api::tests::test_find_best_route_multiple_costs ... ok
[INFO] [stdout] test api::tests::test_cleanup_expired_no_expired_bundles ... ok
[INFO] [stdout] test api::tests::test_cleanup_expired ... ok
[INFO] [stdout] test api::tests::test_bundle_status_with_partial_failures ... ok
[INFO] [stdout] test api::tests::test_find_best_route_no_routes ... ok
[INFO] [stdout] test api::tests::test_get_routing_table ... ok
[INFO] [stdout] test api::tests::test_get_bundle_status_single ... ok
[INFO] [stdout] test api::tests::api_test_select_peers_for_forwarding_async ... ok
[INFO] [stdout] test api::tests::test_insert_bundle_quick_function ... ok
[INFO] [stdout] test api::tests::test_insert_bundle ... ok
[INFO] [stdout] test api::tests::test_get_bundle_status_summary ... ok
[INFO] [stdout] test api::tests::test_insert_multiple_bundles ... ok
[INFO] [stdout] test api::tests::test_list_bundles_quick_function ... ok
[INFO] [stdout] test api::tests::test_dtn_node_default ... FAILED
[INFO] [stdout] test api::tests::test_dtn_node_with_config_default_path ... FAILED
[INFO] [stdout] test api::tests::test_convenience_functions_workflow ... ok
[INFO] [stdout] test bpv7::tests::test_bundle_serialization ... ok
[INFO] [stdout] test bpv7::tests::test_bundle_new ... ok
[INFO] [stdout] test bpv7::tests::test_empty_payload ... ok
[INFO] [stdout] test api::tests::test_show_bundle_quick_function ... ok
[INFO] [stdout] test bpv7::tests::test_dtn_scheme_detection ... ok
[INFO] [stdout] test api::tests::test_select_routes_for_forwarding_empty_table ... ok
[INFO] [stdout] test bpv7::tests::test_bundle_debug ... ok
[INFO] [stdout] test bpv7::tests::test_display ... ok
[INFO] [stdout] test bpv7::tests::test_bundle_not_expired ... ok
[INFO] [stdout] test api::tests::test_show_bundle_nonexistent ... ok
[INFO] [stdout] test bpv7::tests::test_endpoint_id_creation ... ok
[INFO] [stdout] test bpv7::tests::test_bundle_clone ... ok
[INFO] [stdout] test api::tests::test_routing_with_prophet_algorithm ... ok
[INFO] [stdout] test api::tests::test_show_bundle ... ok
[INFO] [stdout] test bpv7::tests::test_bundle_expired ... ok
[INFO] [stdout] test api::tests::test_routing_config_varieties ... ok
[INFO] [stdout] test api::tests::test_select_routes_for_forwarding_with_routes ... ok
[INFO] [stdout] test bpv7::tests::test_endpoint_id_from_str ... ok
[INFO] [stdout] test bpv7::tests::test_large_payload ... ok
[INFO] [stdout] test cla::tests::test_create_bundle_large_payload ... ok
[INFO] [stdout] test cla::tests::test_create_bundle_simple ... ok
[INFO] [stdout] test cla::tests::test_create_bundle_timing ... ok
[INFO] [stdout] test cla::tests::test_create_bundle_unicode_addresses ... ok
[INFO] [stdout] test bpv7::tests::test_unicode_endpoints ... ok
[INFO] [stdout] test bpv7::tests::test_null_endpoint ... ok
[INFO] [stdout] test bpv7::tests::test_serialization ... ok
[INFO] [stdout] test cla::tests::test_cla_manager_new ... ok
[INFO] [stdout] test bpv7::tests::test_primary_block_creation ... ok
[INFO] [stdout] test cla::tests::test_create_bundle_consistency ... ok
[INFO] [stdout] test cla::tests::test_create_bundle_with_various_payloads ... ok
[INFO] [stdout] test cla::tests::test_create_bundle_different_addresses ... ok
[INFO] [stdout] test cla::tests::test_bundle_serialization_roundtrip ... ok
[INFO] [stdout] test cla::tests::test_create_bundle_empty_payload ... ok
[INFO] [stdout] test cla::tests::test_create_test_bundle_fields ... ok
[INFO] [stdout] test cla::tests::test_create_test_bundle_timing ... ok
[INFO] [stdout] test cla::tests::test_mock_cla_activation_failure ... ok
[INFO] [stdout] test cla::tests::test_handle_connection_large_bundle ... ok
[INFO] [stdout] test cla::tests::test_handle_connection_partial_data ... ok
[INFO] [stdout] test cla::tests::test_handle_connection_multiple_bundles ... ok
[INFO] [stdout] test cla::tests::test_handle_connection_single_bundle ... ok
[INFO] [stdout] test cla::tests::test_handle_connection_invalid_data ... ok
[INFO] [stdout] test cla::tests::test_create_test_bundle_various_payloads ... ok
[INFO] [stdout] test cla::tests::test_mock_cla_address ... ok
[INFO] [stdout] test cla::tests::test_module_path ... ok
[INFO] [stdout] test cla::tests::test_current_module ... ok
[INFO] [stdout] test cla::tests::test_handle_connection_eof ... ok
[INFO] [stdout] test cla::tests::test_list_active_empty ... ok
[INFO] [stdout] test cla::tests::test_send_bundle_serialization ... ok
[INFO] [stdout] test cla::tests::test_tcp_cla_client_new ... ok
[INFO] [stdout] test cla::tests::test_tcp_cla_dialer_address ... ok
[INFO] [stdout] test cla::tests::test_tcp_cla_dialer_new ... ok
[INFO] [stdout] test cla::tests::test_mock_cla_activation_success ... ok
[INFO] [stdout] test cla::tests::test_tcp_cla_listener_address ... ok
[INFO] [stdout] test cla::tests::test_tcp_cla_listener_new ... ok
[INFO] [stdout] test cla::tests::test_tcp_peer_for_test ... ok
[INFO] [stdout] test cla::tests::test_tcp_peer_from_endpoint_id ... ok
[INFO] [stdout] test cla::tests::test_tcp_peer_get_cla_type ... ok
[INFO] [stdout] test cla::tests::test_tcp_peer_get_connection_address ... ok
[INFO] [stdout] test cla::tests::test_tcp_peer_get_peer_endpoint_id ... ok
[INFO] [stdout] test cla::tests::test_tcp_cla_dialer_activate_no_server ... ok
[INFO] [stdout] test cla::tests::test_tcp_peer_is_reachable_timeout ... ok
[INFO] [stdout] test cla::tests::test_tcp_cla_client_activate_connection_refused ... ok
[INFO] [stdout] test cla::tests::test_tcp_peer_new ... ok
[INFO] [stdout] test cla::tests::test_tcp_cla_client_activate_invalid_address ... ok
[INFO] [stdout] test cla::tests::test_tcp_cla_listener_activate_bind_error ... ok
[INFO] [stdout] test config::tests::test_bundle_config_debug ... ok
[INFO] [stdout] test config::tests::test_config_debug ... ok
[INFO] [stdout] test config::tests::test_config_deserialization_fields ... ok
[INFO] [stdout] test cla::tests::test_tcp_peer_is_reachable_unreachable ... ok
[INFO] [stdout] test config::tests::test_config_structure ... ok
[INFO] [stdout] test config::tests::test_endpoints_config_debug ... ok
[INFO] [stdout] test config::tests::test_generate_creation_timestamp ... ok
[INFO] [stdout] test config::tests::test_get_routing_algorithm_type_epidemic ... ok
[INFO] [stdout] test config::tests::test_config_load ... ok
[INFO] [stdout] test config::tests::test_get_routing_algorithm_type_case_insensitive ... ok
[INFO] [stdout] test config::tests::test_storage_config_debug ... ok
[INFO] [stdout] test config::tests::test_test_config ... ok
[INFO] [stdout] test config::tests::test_get_routing_algorithm_type_prophet ... ok
[INFO] [stdout] test config::tests::test_routing_config_debug ... ok
[INFO] [stdout] test consts::tests::test_ack_bytes ... ok
[INFO] [stdout] test consts::tests::test_ble_constants ... ok
[INFO] [stdout] test consts::tests::test_ble_uuid_format ... ok
[INFO] [stdout] test consts::tests::test_default_constants ... ok
[INFO] [stdout] test consts::tests::test_directory_paths ... ok
[INFO] [stdout] test consts::tests::test_lifetime_is_positive ... ok
[INFO] [stdout] test consts::tests::test_tcp_constants ... ok
[INFO] [stdout] test consts::tests::test_tcp_string_constants_not_empty ... ok
[INFO] [stdout] test routing::tests::routing_test_select_peers_for_forwarding ... ok
[INFO] [stdout] test routing::tests::routing_test_select_peers_for_forwarding_async ... ok
[INFO] [stdout] test routing::tests::test_epidemic_routing_default ... ok
[INFO] [stdout] test routing::tests::test_epidemic_routing_direct ... ok
[INFO] [stdout] test routing::tests::test_notify_new_bundle ... ok
[INFO] [stdout] test routing::tests::test_route_entry_clone ... ok
[INFO] [stdout] test routing::tests::test_route_entry_creation ... ok
[INFO] [stdout] test routing::tests::test_routing_algorithm_type_debug ... ok
[INFO] [stdout] test routing::tests::test_routing_config_create_algorithm_epidemic ... ok
[INFO] [stdout] test routing::tests::test_routing_config_create_algorithm_prophet ... ok
[INFO] [stdout] test routing::tests::test_routing_config_new ... ok
[INFO] [stdout] test config::tests::test_get_routing_algorithm_type_unknown_fallback ... ok
[INFO] [stdout] test routing::tests::test_routing_table_default ... ok
[INFO] [stdout] test routing::tests::test_routing_table_find_best_route ... ok
[INFO] [stdout] test routing::tests::test_routing_table_add_route ... ok
[INFO] [stdout] test routing::tests::test_routing_table_get_all_routes ... ok
[INFO] [stdout] test routing::tests::test_routing_table_find_best_route_no_routes ... ok
[INFO] [stdout] test routing::tests::test_routing_table_new ... ok
[INFO] [stdout] test routing::tests::test_routing_table_multiple_routes_same_destination ... ok
[INFO] [stdout] test routing::tests::test_routing_table_inactive_routes ... ok
[INFO] [stdout] test routing::tests::test_select_peers_for_forwarding_with_already_sent ... ok
[INFO] [stdout] test routing::tests::test_select_routes_for_forwarding_duplicate_next_hops ... ok
[INFO] [stdout] test routing::tests::test_select_peers_for_forwarding_duplicate_endpoints ... ok
[INFO] [stdout] test routing::tests::test_select_peers_for_forwarding_empty_senders ... ok
[INFO] [stdout] test routing::tests::test_select_routes_for_forwarding_with_already_sent ... ok
[INFO] [stdout] test routing::tests::test_select_routes_for_forwarding_inactive_routes ... ok
[INFO] [stdout] test routing::tests::test_select_routes_for_forwarding_empty_table ... ok
[INFO] [stdout] test routing::tests::test_select_routes_for_forwarding_with_routes ... ok
[INFO] [stdout] test routing::tests::test_tcp_peer_new ... ok
[INFO] [stdout] test routing::tests::test_tcp_peer_get_peer_endpoint_id ... ok
[INFO] [stdout] test config::tests::test_timestamp_progression ... ok
[INFO] [stdout] test store::bundle_descriptor::tests::test_bundle_descriptor_clone ... ok
[INFO] [stdout] test store::bundle_descriptor::tests::test_bundle_descriptor_debug ... ok
[INFO] [stdout] test store::bundle_descriptor::tests::test_complex_forwarding_scenario ... ok
[INFO] [stdout] test store::bundle_descriptor::tests::test_bundle_descriptor_new ... ok
[INFO] [stdout] test store::bundle_descriptor::tests::test_get_already_sent ... ok
[INFO] [stdout] test store::bundle_descriptor::tests::test_get_bundle_id_different_bundles ... ok
[INFO] [stdout] test store::bundle_descriptor::tests::test_get_forwarding_attempts ... ok
[INFO] [stdout] test store::bundle_descriptor::tests::test_increment_forwarding_attempts ... ok
[INFO] [stdout] test store::bundle_descriptor::tests::test_has_been_sent_to ... ok
[INFO] [stdout] test store::bundle_descriptor::tests::test_is_ready_for_forwarding_max_attempts_reached ... ok
[INFO] [stdout] test store::bundle_descriptor::tests::test_get_bundle_id ... ok
[INFO] [stdout] test store::bundle_descriptor::tests::test_mark_sent ... ok
[INFO] [stdout] test store::bundle_descriptor::tests::test_is_ready_for_forwarding_valid ... ok
[INFO] [stdout] test store::bundle_descriptor::tests::test_mark_sent_duplicate ... ok
[INFO] [stdout] test store::bundle_descriptor::tests::test_mark_sent_multiple ... ok
[INFO] [stdout] test cla::tests::test_notify_receive ... ok
[INFO] [stdout] test store::tests::existing_tests::test_type_names ... ok
[INFO] [stdout] test store::tests::existing_tests::test_bundle_store_reexport ... ok
[INFO] [stdout] test cla::tests::test_register_failing_cla ... ok
[INFO] [stdout] test store::bundle_descriptor::tests::test_created_at_timestamp ... ok
[INFO] [stdout] test store::tests::test_cleanup_expired_empty_store ... ok
[INFO] [stdout] test store::tests::test_cleanup_expired_keeps_valid_bundles ... ok
[INFO] [stdout] test store::tests::test_cleanup_expired_removes_expired_bundles ... ok
[INFO] [stdout] test store::tests::test_cleanup_expired_with_io_error_handling ... ok
[INFO] [stdout] test store::tests::test_dispatch_one_creates_directory ... ok
[INFO] [stdout] test store::tests::test_filename_for_consistency ... ok
[INFO] [stdout] test store::tests::test_dispatch_one ... ok
[INFO] [stdout] test store::tests::test_dispatch_one_invalid_filename ... ok
[INFO] [stdout] test store::tests::test_find_by_partial_id_exact_match ... ok
[INFO] [stdout] test store::tests::test_insert_and_load ... ok
[INFO] [stdout] test store::tests::test_find_by_partial_id_no_match ... ok
[INFO] [stdout] test store::tests::test_list_empty_store ... ok
[INFO] [stdout] test store::tests::test_filename_for_different_bundles ... ok
[INFO] [stdout] test cla::tests::test_register_single_cla ... ok
[INFO] [stdout] test cla::tests::test_register_duplicate_cla ... ok
[INFO] [stdout] test store::tests::test_insert_with_different_payloads ... ok
[INFO] [stdout] test store::tests::test_list_with_bundles ... ok
[INFO] [stdout] test store::tests::test_list_ignores_non_cbor_files ... ok
[INFO] [stdout] test store::tests::test_list_with_read_permission_error ... ok
[INFO] [stdout] test store::tests::test_load_by_partial_id ... ok
[INFO] [stdout] test store::tests::test_load_corrupted_cbor_file ... ok
[INFO] [stdout] test store::tests::test_load_nonexistent_bundle ... ok
[INFO] [stdout] test store::tests::test_load_by_partial_id_not_found ... ok
[INFO] [stdout] test store::tests::test_multiple_partial_matches ... ok
[INFO] [stdout] test store::tests::test_new_creates_directory ... ok
[INFO] [stdout] test store::tests::test_new_with_existing_directory ... ok
[INFO] [stdout] test cla::tests::test_tcp_peer_is_reachable_with_mock_server ... ok
[INFO] [stdout] test cla::tests::test_manager_clone ... ok
[INFO] [stdout] test store::tests::existing_tests::test_module_accessibility ... ok
[INFO] [stdout] test cla::tests::test_register_multiple_clas ... ok
[INFO] [stdout] test cla::tests::test_notify_receive_multiple_bundles ... ok
[INFO] [stdout] test cla::tests::test_send_bundle_large_payload ... ok
[INFO] [stdout] test cla::tests::test_send_bundle_success ... ok
[INFO] [stdout] test store::tests::test_cleanup_expired_edge_cases ... ok
[INFO] [stdout] test cla::tests::test_tcp_cla_dialer_activate_with_empty_store ... ok
[INFO] [stdout] test cla::tests::test_send_bundle_with_different_acks ... ok
[INFO] [stdout] test store::bundle_descriptor::tests::test_is_ready_for_forwarding_expired_bundle ... ok
[INFO] [stdout] 
[INFO] [stdout] failures:
[INFO] [stdout] 
[INFO] [stdout] ---- api::tests::test_dtn_node_default stdout ----
[INFO] [stdout] 
[INFO] [stdout] thread 'api::tests::test_dtn_node_default' (2757) panicked at src/api/node.rs:316:21:
[INFO] [stdout] Failed to create default DtnNode: Read-only file system (os error 30)
[INFO] [stdout] 
[INFO] [stdout] Stack backtrace:
[INFO] [stdout]    0: <anyhow::Error as core::convert::From<core::io::error::Error>>::from
[INFO] [stdout]    1: <sdtn::store::file::BundleStore>::new::<&str>
[INFO] [stdout]    2: <sdtn::api::node::DtnNode>::with_store_path
[INFO] [stdout]    3: <sdtn::api::node::DtnNode>::new
[INFO] [stdout]    4: sdtn::api::tests::test_dtn_node_default::{closure#0}
[INFO] [stdout]    5: <tokio::runtime::scheduler::current_thread::Context>::enter::<core::task::poll::Poll<()>, <tokio::runtime::scheduler::current_thread::CoreGuard>::block_on<core::pin::Pin<&mut core::pin::Pin<&mut dyn core::future::future::Future<Output = ()>>>>::{closure#0}::{closure#0}>
[INFO] [stdout]    6: <tokio::runtime::context::scoped::Scoped<tokio::runtime::scheduler::Context>>::set::<<tokio::runtime::scheduler::current_thread::CoreGuard>::enter<<tokio::runtime::scheduler::current_thread::CoreGuard>::block_on<core::pin::Pin<&mut core::pin::Pin<&mut dyn core::future::future::Future<Output = ()>>>>::{closure#0}, core::option::Option<()>>::{closure#0}, (alloc::boxed::Box<tokio::runtime::scheduler::current_thread::Core>, core::option::Option<()>)>
[INFO] [stdout]    7: <tokio::runtime::scheduler::current_thread::CoreGuard>::block_on::<core::pin::Pin<&mut core::pin::Pin<&mut dyn core::future::future::Future<Output = ()>>>>
[INFO] [stdout]    8: tokio::runtime::context::runtime::enter_runtime::<<tokio::runtime::scheduler::current_thread::CurrentThread>::block_on<core::pin::Pin<&mut dyn core::future::future::Future<Output = ()>>>::{closure#0}, ()>
[INFO] [stdout]    9: <tokio::runtime::runtime::Runtime>::block_on::<core::pin::Pin<&mut dyn core::future::future::Future<Output = ()>>>
[INFO] [stdout]   10: <sdtn::api::tests::test_dtn_node_default::{closure#0} as core::ops::function::FnOnce<()>>::call_once
[INFO] [stdout]   11: test::__rust_begin_short_backtrace::<core::result::Result<(), alloc::string::String>, fn() -> core::result::Result<(), alloc::string::String>>
[INFO] [stdout]   12: test::run_test::{closure#0}
[INFO] [stdout]   13: std::sys::backtrace::__rust_begin_short_backtrace::<test::run_test::{closure#1}, ()>
[INFO] [stdout]   14: <std::thread::lifecycle::spawn_unchecked<test::run_test::{closure#1}, ()>::{closure#1} as core::ops::function::FnOnce<()>>::call_once::{shim:vtable#0}
[INFO] [stdout]   15: <std::sys::thread::unix::Thread>::new::thread_start
[INFO] [stdout]   16: <unknown>
[INFO] [stdout]   17: clone
[INFO] [stdout] stack backtrace:
[INFO] [stdout]    0:     0x5cfe6513cfc1 - <<std[617be2ca0a6fd877]::sys::backtrace::BacktraceLock>::print::DisplayBacktrace as core[a373ad73a504971]::fmt::Display>::fmt
[INFO] [stdout]    1:     0x5cfe6515596a - core[a373ad73a504971]::fmt::write
[INFO] [stdout]    2:     0x5cfe651420ec - <alloc[2e1b2a31b91974c5]::vec::Vec<u8> as core[a373ad73a504971]::io::write::Write>::write_fmt
[INFO] [stdout]    3:     0x5cfe65115796 - std[617be2ca0a6fd877]::panicking::default_hook::{closure#0}
[INFO] [stdout]    4:     0x5cfe65133a99 - std[617be2ca0a6fd877]::panicking::default_hook
[INFO] [stdout]    5:     0x5cfe6509b390 - test[aada8e7e76ba119b]::test_main_inner::{closure#0}
[INFO] [stdout]    6:     0x5cfe65133dc2 - std[617be2ca0a6fd877]::panicking::panic_with_hook
[INFO] [stdout]    7:     0x5cfe65115842 - std[617be2ca0a6fd877]::panicking::panic_handler::{closure#0}
[INFO] [stdout]    8:     0x5cfe6510d9d9 - std[617be2ca0a6fd877]::sys::backtrace::__rust_end_short_backtrace::<std[617be2ca0a6fd877]::panicking::panic_handler::{closure#0}, !>
[INFO] [stdout]    9:     0x5cfe65116a5d - __rustc[ea4f61d10b84890b]::rust_begin_unwind
[INFO] [stdout]   10:     0x5cfe651560cc - core[a373ad73a504971]::panicking::panic_fmt
[INFO] [stdout]   11:     0x5cfe65155ea2 - core[a373ad73a504971]::result::unwrap_failed
[INFO] [stdout]   12:     0x5cfe64f887e8 - sdtn[8ce34afaa9671d8a]::api::tests::test_dtn_node_default::{closure#0}
[INFO] [stdout]   13:     0x5cfe64f9eb03 - <tokio[70f81a04d22a495a]::runtime::scheduler::current_thread::Context>::enter::<core[a373ad73a504971]::task::poll::Poll<()>, <tokio[70f81a04d22a495a]::runtime::scheduler::current_thread::CoreGuard>::block_on<core[a373ad73a504971]::pin::Pin<&mut core[a373ad73a504971]::pin::Pin<&mut dyn core[a373ad73a504971]::future::future::Future<Output = ()>>>>::{closure#0}::{closure#0}>
[INFO] [stdout]   14:     0x5cfe64fd906c - <tokio[70f81a04d22a495a]::runtime::context::scoped::Scoped<tokio[70f81a04d22a495a]::runtime::scheduler::Context>>::set::<<tokio[70f81a04d22a495a]::runtime::scheduler::current_thread::CoreGuard>::enter<<tokio[70f81a04d22a495a]::runtime::scheduler::current_thread::CoreGuard>::block_on<core[a373ad73a504971]::pin::Pin<&mut core[a373ad73a504971]::pin::Pin<&mut dyn core[a373ad73a504971]::future::future::Future<Output = ()>>>>::{closure#0}, core[a373ad73a504971]::option::Option<()>>::{closure#0}, (alloc[2e1b2a31b91974c5]::boxed::Box<tokio[70f81a04d22a495a]::runtime::scheduler::current_thread::Core>, core[a373ad73a504971]::option::Option<()>)>
[INFO] [stdout]   15:     0x5cfe64f9fd87 - <tokio[70f81a04d22a495a]::runtime::scheduler::current_thread::CoreGuard>::block_on::<core[a373ad73a504971]::pin::Pin<&mut core[a373ad73a504971]::pin::Pin<&mut dyn core[a373ad73a504971]::future::future::Future<Output = ()>>>>
[INFO] [stdout]   16:     0x5cfe64f9a96d - tokio[70f81a04d22a495a]::runtime::context::runtime::enter_runtime::<<tokio[70f81a04d22a495a]::runtime::scheduler::current_thread::CurrentThread>::block_on<core[a373ad73a504971]::pin::Pin<&mut dyn core[a373ad73a504971]::future::future::Future<Output = ()>>>::{closure#0}, ()>
[INFO] [stdout]   17:     0x5cfe64f9e805 - <tokio[70f81a04d22a495a]::runtime::runtime::Runtime>::block_on::<core[a373ad73a504971]::pin::Pin<&mut dyn core[a373ad73a504971]::future::future::Future<Output = ()>>>
[INFO] [stdout]   18:     0x5cfe64f91c4e - <sdtn[8ce34afaa9671d8a]::api::tests::test_dtn_node_default::{closure#0} as core[a373ad73a504971]::ops::function::FnOnce<()>>::call_once
[INFO] [stdout]   19:     0x5cfe6508e7db - test[aada8e7e76ba119b]::__rust_begin_short_backtrace::<core[a373ad73a504971]::result::Result<(), alloc[2e1b2a31b91974c5]::string::String>, fn() -> core[a373ad73a504971]::result::Result<(), alloc[2e1b2a31b91974c5]::string::String>>
[INFO] [stdout]   20:     0x5cfe6509b9b5 - test[aada8e7e76ba119b]::run_test::{closure#0}
[INFO] [stdout]   21:     0x5cfe650952a4 - std[617be2ca0a6fd877]::sys::backtrace::__rust_begin_short_backtrace::<test[aada8e7e76ba119b]::run_test::{closure#1}, ()>
[INFO] [stdout]   22:     0x5cfe6509ea42 - <std[617be2ca0a6fd877]::thread::lifecycle::spawn_unchecked<test[aada8e7e76ba119b]::run_test::{closure#1}, ()>::{closure#1} as core[a373ad73a504971]::ops::function::FnOnce<()>>::call_once::{shim:vtable#0}
[INFO] [stdout]   23:     0x5cfe6513bc4f - <std[617be2ca0a6fd877]::sys::thread::unix::Thread>::new::thread_start
[INFO] [stdout]   24:     0x7b36c9a22dfa - <unknown>
[INFO] [stdout]   25:     0x7b36c9ab63d4 - clone
[INFO] [stdout]   26:                0x0 - <unknown>
[INFO] [stdout] 
[INFO] [stdout] ---- api::tests::test_dtn_node_with_config_default_path stdout ----
[INFO] [stdout] Error: Read-only file system (os error 30)
[INFO] [stdout] 
[INFO] [stdout] Stack backtrace:
[INFO] [stdout]    0: <anyhow::Error as core::convert::From<core::io::error::Error>>::from
[INFO] [stdout]    1: <sdtn::store::file::BundleStore>::new::<&str>
[INFO] [stdout]    2: <sdtn::api::node::DtnNode>::with_store_path
[INFO] [stdout]    3: sdtn::api::tests::test_dtn_node_with_config_default_path::{closure#0}
[INFO] [stdout]    4: <tokio::runtime::scheduler::current_thread::Context>::enter::<core::task::poll::Poll<core::result::Result<(), anyhow::Error>>, <tokio::runtime::scheduler::current_thread::CoreGuard>::block_on<core::pin::Pin<&mut core::pin::Pin<&mut dyn core::future::future::Future<Output = core::result::Result<(), anyhow::Error>>>>>::{closure#0}::{closure#0}>
[INFO] [stdout]    5: <tokio::runtime::context::scoped::Scoped<tokio::runtime::scheduler::Context>>::set::<<tokio::runtime::scheduler::current_thread::CoreGuard>::enter<<tokio::runtime::scheduler::current_thread::CoreGuard>::block_on<core::pin::Pin<&mut core::pin::Pin<&mut dyn core::future::future::Future<Output = core::result::Result<(), anyhow::Error>>>>>::{closure#0}, core::option::Option<core::result::Result<(), anyhow::Error>>>::{closure#0}, (alloc::boxed::Box<tokio::runtime::scheduler::current_thread::Core>, core::option::Option<core::result::Result<(), anyhow::Error>>)>
[INFO] [stdout]    6: <tokio::runtime::scheduler::current_thread::CoreGuard>::block_on::<core::pin::Pin<&mut core::pin::Pin<&mut dyn core::future::future::Future<Output = core::result::Result<(), anyhow::Error>>>>>
[INFO] [stdout]    7: tokio::runtime::context::runtime::enter_runtime::<<tokio::runtime::scheduler::current_thread::CurrentThread>::block_on<core::pin::Pin<&mut dyn core::future::future::Future<Output = core::result::Result<(), anyhow::Error>>>>::{closure#0}, core::result::Result<(), anyhow::Error>>
[INFO] [stdout]    8: <tokio::runtime::runtime::Runtime>::block_on::<core::pin::Pin<&mut dyn core::future::future::Future<Output = core::result::Result<(), anyhow::Error>>>>
[INFO] [stdout]    9: <sdtn::api::tests::test_dtn_node_with_config_default_path::{closure#0} as core::ops::function::FnOnce<()>>::call_once
[INFO] [stdout]   10: test::__rust_begin_short_backtrace::<core::result::Result<(), alloc::string::String>, fn() -> core::result::Result<(), alloc::string::String>>
[INFO] [stdout]   11: test::run_test::{closure#0}
[INFO] [stdout]   12: std::sys::backtrace::__rust_begin_short_backtrace::<test::run_test::{closure#1}, ()>
[INFO] [stdout]   13: <std::thread::lifecycle::spawn_unchecked<test::run_test::{closure#1}, ()>::{closure#1} as core::ops::function::FnOnce<()>>::call_once::{shim:vtable#0}
[INFO] [stdout]   14: <std::sys::thread::unix::Thread>::new::thread_start
[INFO] [stdout]   15: <unknown>
[INFO] [stdout]   16: clone
[INFO] [stdout] 
[INFO] [stdout] 
[INFO] [stdout] failures:
[INFO] [stdout]     api::tests::test_dtn_node_default
[INFO] [stdout]     api::tests::test_dtn_node_with_config_default_path
[INFO] [stdout] 
[INFO] [stdout] test result: FAILED. 201 passed; 2 failed; 0 ignored; 0 measured; 0 filtered out; finished in 2.10s
[INFO] [stdout] 
[INFO] [stderr] error: test failed, to rerun pass `--lib`
[INFO] running `Command { std: "docker" "inspect" "707fcdf3c67ed62f9643741b7d88d600dadc3383bbb209137c3920f07a1563ab", kill_on_drop: false }`
[INFO] running `Command { std: "docker" "rm" "-f" "707fcdf3c67ed62f9643741b7d88d600dadc3383bbb209137c3920f07a1563ab", kill_on_drop: false }`
[INFO] [stdout] 707fcdf3c67ed62f9643741b7d88d600dadc3383bbb209137c3920f07a1563ab
