[INFO] fetching crate sdr-iq-file-reader 1.0.4...
[INFO] testing sdr-iq-file-reader-1.0.4 against 1.100.0-beta.1+cargoflags=--release for beta-release-1.100-2
[INFO] extracting crate sdr-iq-file-reader 1.0.4 into /workspace/builds/worker-2-tc2/source
[INFO] started tweaking crates.io crate sdr-iq-file-reader 1.0.4
[INFO] finished tweaking crates.io crate sdr-iq-file-reader 1.0.4
[INFO] tweaked toml for crates.io crate sdr-iq-file-reader 1.0.4 written to /workspace/builds/worker-2-tc2/source/Cargo.toml
[INFO] validating manifest of crates.io crate sdr-iq-file-reader 1.0.4 on toolchain 1.100.0-beta.1
[INFO] running `Command { std: CARGO_HOME="/workspace/cargo-home" RUSTUP_HOME="/workspace/rustup-home" "/workspace/cargo-home/bin/cargo" "+1.100.0-beta.1" "metadata" "--manifest-path" "Cargo.toml" "--no-deps", kill_on_drop: false }`
[INFO] crate crates.io crate sdr-iq-file-reader 1.0.4 already has a lockfile, it will not be regenerated
[INFO] running `Command { std: CARGO_HOME="/workspace/cargo-home" RUSTUP_HOME="/workspace/rustup-home" "/workspace/cargo-home/bin/cargo" "+1.100.0-beta.1" "fetch" "--manifest-path" "Cargo.toml", kill_on_drop: false }`
[INFO] [stderr]     Blocking waiting for file lock on package cache
[INFO] [stderr]     Blocking waiting for file lock on package cache
[INFO] running `Command { std: "docker" "create" "-v" "/var/lib/crater-agent-workspace/builds/worker-2-tc2/source:/opt/rustwide/workdir:ro,Z" "-v" "/var/lib/crater-agent-workspace/builds/worker-2-tc2/target:/opt/rustwide/target:rw,Z" "-v" "/var/lib/crater-agent-workspace/cargo-home:/opt/rustwide/cargo-home:ro,Z" "-v" "/var/lib/crater-agent-workspace/rustup-home:/opt/rustwide/rustup-home:ro,Z" "-m" "1610612736" "--network" "none" "ghcr.io/rust-lang/crates-build-env/linux@sha256:77db811e55d90add9212f6832c23229e3de5f1c1f9905e8cb07319ea15df73ac" "sleep" "infinity", kill_on_drop: false }`
[INFO] [stdout] 4273cf2bfd54b239e57aa165b4d9a41ed48faaec2c01d9751306deb18437107f
[INFO] running `Command { std: "docker" "start" "4273cf2bfd54b239e57aa165b4d9a41ed48faaec2c01d9751306deb18437107f", kill_on_drop: false }`
[INFO] running `Command { std: "docker" "inspect" "4273cf2bfd54b239e57aa165b4d9a41ed48faaec2c01d9751306deb18437107f", kill_on_drop: false }`
[INFO] running `Command { std: "docker" "exec" "-e" "SOURCE_DIR=/opt/rustwide/workdir" "-e" "CARGO_HOME=/opt/rustwide/cargo-home" "-e" "RUSTUP_HOME=/opt/rustwide/rustup-home" "-e" "CARGO_TARGET_DIR=/opt/rustwide/target" "-w" "/opt/rustwide/workdir" "--user" "0:0" "4273cf2bfd54b239e57aa165b4d9a41ed48faaec2c01d9751306deb18437107f" "/opt/rustwide/cargo-home/bin/cargo" "+1.100.0-beta.1" "metadata" "--no-deps" "--format-version=1", kill_on_drop: false }`
[INFO] running `Command { std: "docker" "inspect" "4273cf2bfd54b239e57aa165b4d9a41ed48faaec2c01d9751306deb18437107f", kill_on_drop: false }`
[INFO] running `Command { std: "docker" "exec" "-e" "SOURCE_DIR=/opt/rustwide/workdir" "-e" "CARGO_HOME=/opt/rustwide/cargo-home" "-e" "RUSTUP_HOME=/opt/rustwide/rustup-home" "-e" "CARGO_TARGET_DIR=/opt/rustwide/target" "-e" "CARGO_INCREMENTAL=0" "-e" "RUST_BACKTRACE=full" "-e" "RUSTFLAGS=--cap-lints=warn" "-e" "RUSTDOCFLAGS=--cap-lints=warn" "-w" "/opt/rustwide/workdir" "--user" "0:0" "4273cf2bfd54b239e57aa165b4d9a41ed48faaec2c01d9751306deb18437107f" "/opt/rustwide/cargo-home/bin/cargo" "+1.100.0-beta.1" "build" "--frozen" "--message-format=json" "--release", kill_on_drop: false }`
[INFO] [stderr]    Compiling syn v2.0.119
[INFO] [stderr]    Compiling darling_core v0.23.0
[INFO] [stderr]    Compiling prettyplease v0.2.37
[INFO] [stderr]    Compiling darling_macro v0.23.0
[INFO] [stderr]    Compiling darling v0.23.0
[INFO] [stderr]    Compiling bon-macros v3.9.3
[INFO] [stderr]    Compiling bon v3.9.3
[INFO] [stderr]    Compiling sdr-iq-file-reader v1.0.4 (/opt/rustwide/workdir)
[INFO] [stderr]     Finished `release` profile [optimized] target(s) in 12.14s
[INFO] running `Command { std: "docker" "inspect" "4273cf2bfd54b239e57aa165b4d9a41ed48faaec2c01d9751306deb18437107f", kill_on_drop: false }`
[INFO] running `Command { std: "docker" "exec" "-e" "SOURCE_DIR=/opt/rustwide/workdir" "-e" "CARGO_HOME=/opt/rustwide/cargo-home" "-e" "RUSTUP_HOME=/opt/rustwide/rustup-home" "-e" "CARGO_TARGET_DIR=/opt/rustwide/target" "-e" "CARGO_INCREMENTAL=0" "-e" "RUST_BACKTRACE=full" "-e" "RUSTFLAGS=--cap-lints=warn" "-e" "RUSTDOCFLAGS=--cap-lints=warn" "-w" "/opt/rustwide/workdir" "--user" "0:0" "4273cf2bfd54b239e57aa165b4d9a41ed48faaec2c01d9751306deb18437107f" "/opt/rustwide/cargo-home/bin/cargo" "+1.100.0-beta.1" "test" "--frozen" "--no-run" "--message-format=json" "--release", kill_on_drop: false }`
[INFO] [stderr]    Compiling sdr-iq-file-reader v1.0.4 (/opt/rustwide/workdir)
[INFO] [stderr]     Finished `release` profile [optimized] target(s) in 0.72s
[INFO] running `Command { std: "docker" "inspect" "4273cf2bfd54b239e57aa165b4d9a41ed48faaec2c01d9751306deb18437107f", kill_on_drop: false }`
[INFO] running `Command { std: "docker" "exec" "-e" "SOURCE_DIR=/opt/rustwide/workdir" "-e" "CARGO_HOME=/opt/rustwide/cargo-home" "-e" "RUSTUP_HOME=/opt/rustwide/rustup-home" "-e" "CARGO_TARGET_DIR=/opt/rustwide/target" "-e" "CARGO_INCREMENTAL=0" "-e" "RUST_BACKTRACE=full" "-e" "RUSTFLAGS=--cap-lints=warn" "-e" "RUSTDOCFLAGS=--cap-lints=warn" "-w" "/opt/rustwide/workdir" "--user" "0:0" "4273cf2bfd54b239e57aa165b4d9a41ed48faaec2c01d9751306deb18437107f" "/opt/rustwide/cargo-home/bin/cargo" "+1.100.0-beta.1" "test" "--frozen" "--release", kill_on_drop: false }`
[INFO] [stderr]     Finished `release` profile [optimized] target(s) in 0.06s
[INFO] [stderr]      Running unittests src/lib.rs (/opt/rustwide/target/release/build/sdr-iq-file-reader/24128c28b8aeab61/out/sdr_iq_file_reader-24128c28b8aeab61)
[INFO] [stdout] 
[INFO] [stdout] running 3 tests
[INFO] [stdout] test tests::test_sdr_file_reader_f64 ... FAILED
[INFO] [stdout] test tests::test_compare_f32_f64_readings ... FAILED
[INFO] [stdout] test tests::test_sdr_file_reader_f32 ... FAILED
[INFO] [stdout] 
[INFO] [stdout] failures:
[INFO] [stdout] 
[INFO] [stdout] ---- tests::test_sdr_file_reader_f64 stdout ----
[INFO] [stdout] 
[INFO] [stdout] thread 'tests::test_sdr_file_reader_f64' (284) panicked at src/lib.rs:280:14:
[INFO] [stdout] Failed to create SdrFileReader: Os { code: 2, kind: NotFound, message: "No such file or directory" }
[INFO] [stdout] stack backtrace:
[INFO] [stdout]    0:     0x6316ab9169e1 - <<std[617be2ca0a6fd877]::sys::backtrace::BacktraceLock>::print::DisplayBacktrace as core[a373ad73a504971]::fmt::Display>::fmt
[INFO] [stdout]    1:     0x6316ab92a90a - core[a373ad73a504971]::fmt::write
[INFO] [stdout]    2:     0x6316ab91abfc - <alloc[2e1b2a31b91974c5]::vec::Vec<u8> as core[a373ad73a504971]::io::write::Write>::write_fmt
[INFO] [stdout]    3:     0x6316ab8f2e46 - std[617be2ca0a6fd877]::panicking::default_hook::{closure#0}
[INFO] [stdout]    4:     0x6316ab90f079 - std[617be2ca0a6fd877]::panicking::default_hook
[INFO] [stdout]    5:     0x6316ab8ab720 - test[aada8e7e76ba119b]::test_main_inner::{closure#0}
[INFO] [stdout]    6:     0x6316ab90f232 - std[617be2ca0a6fd877]::panicking::panic_with_hook
[INFO] [stdout]    7:     0x6316ab8f2ef2 - std[617be2ca0a6fd877]::panicking::panic_handler::{closure#0}
[INFO] [stdout]    8:     0x6316ab8ebc09 - std[617be2ca0a6fd877]::sys::backtrace::__rust_end_short_backtrace::<std[617be2ca0a6fd877]::panicking::panic_handler::{closure#0}, !>
[INFO] [stdout]    9:     0x6316ab8f3afd - __rustc[ea4f61d10b84890b]::rust_begin_unwind
[INFO] [stdout]   10:     0x6316ab92b03c - core[a373ad73a504971]::panicking::panic_fmt
[INFO] [stdout]   11:     0x6316ab92ae12 - core[a373ad73a504971]::result::unwrap_failed
[INFO] [stdout]   12:     0x6316ab89e527 - <sdr_iq_file_reader[eb1eee49e93f3849]::tests::test_sdr_file_reader_f64::{closure#0} as core[a373ad73a504971]::ops::function::FnOnce<()>>::call_once
[INFO] [stdout]   13:     0x6316ab89eb6b - test[aada8e7e76ba119b]::__rust_begin_short_backtrace::<core[a373ad73a504971]::result::Result<(), alloc[2e1b2a31b91974c5]::string::String>, fn() -> core[a373ad73a504971]::result::Result<(), alloc[2e1b2a31b91974c5]::string::String>>
[INFO] [stdout]   14:     0x6316ab8abd45 - test[aada8e7e76ba119b]::run_test::{closure#0}
[INFO] [stdout]   15:     0x6316ab8a5634 - std[617be2ca0a6fd877]::sys::backtrace::__rust_begin_short_backtrace::<test[aada8e7e76ba119b]::run_test::{closure#1}, ()>
[INFO] [stdout]   16:     0x6316ab8aedd2 - <std[617be2ca0a6fd877]::thread::lifecycle::spawn_unchecked<test[aada8e7e76ba119b]::run_test::{closure#1}, ()>::{closure#1} as core[a373ad73a504971]::ops::function::FnOnce<()>>::call_once::{shim:vtable#0}
[INFO] [stdout]   17:     0x6316ab91623f - <std[617be2ca0a6fd877]::sys::thread::unix::Thread>::new::thread_start
[INFO] [stdout]   18:     0x79cd3293edfa - <unknown>
[INFO] [stdout]   19:     0x79cd329d23d4 - clone
[INFO] [stdout]   20:                0x0 - <unknown>
[INFO] [stdout] 
[INFO] [stdout] ---- tests::test_compare_f32_f64_readings stdout ----
[INFO] [stdout] 
[INFO] [stdout] thread 'tests::test_compare_f32_f64_readings' (282) panicked at src/lib.rs:295:14:
[INFO] [stdout] Failed to create SdrFileReader for f32: Os { code: 2, kind: NotFound, message: "No such file or directory" }
[INFO] [stdout] stack backtrace:
[INFO] [stdout]    0:     0x6316ab9169e1 - <<std[617be2ca0a6fd877]::sys::backtrace::BacktraceLock>::print::DisplayBacktrace as core[a373ad73a504971]::fmt::Display>::fmt
[INFO] [stdout]    1:     0x6316ab92a90a - core[a373ad73a504971]::fmt::write
[INFO] [stdout]    2:     0x6316ab91abfc - <alloc[2e1b2a31b91974c5]::vec::Vec<u8> as core[a373ad73a504971]::io::write::Write>::write_fmt
[INFO] [stdout]    3:     0x6316ab8f2e46 - std[617be2ca0a6fd877]::panicking::default_hook::{closure#0}
[INFO] [stdout]    4:     0x6316ab90f079 - std[617be2ca0a6fd877]::panicking::default_hook
[INFO] [stdout]    5:     0x6316ab8ab720 - test[aada8e7e76ba119b]::test_main_inner::{closure#0}
[INFO] [stdout]    6:     0x6316ab90f232 - std[617be2ca0a6fd877]::panicking::panic_with_hook
[INFO] [stdout]    7:     0x6316ab8f2ef2 - std[617be2ca0a6fd877]::panicking::panic_handler::{closure#0}
[INFO] [stdout]    8:     0x6316ab8ebc09 - std[617be2ca0a6fd877]::sys::backtrace::__rust_end_short_backtrace::<std[617be2ca0a6fd877]::panicking::panic_handler::{closure#0}, !>
[INFO] [stdout]    9:     0x6316ab8f3afd - __rustc[ea4f61d10b84890b]::rust_begin_unwind
[INFO] [stdout]   10:     0x6316ab92b03c - core[a373ad73a504971]::panicking::panic_fmt
[INFO] [stdout]   11:     0x6316ab92ae12 - core[a373ad73a504971]::result::unwrap_failed
[INFO] [stdout]   12:     0x6316ab89e9a3 - <sdr_iq_file_reader[eb1eee49e93f3849]::tests::test_compare_f32_f64_readings::{closure#0} as core[a373ad73a504971]::ops::function::FnOnce<()>>::call_once
[INFO] [stdout]   13:     0x6316ab89eb6b - test[aada8e7e76ba119b]::__rust_begin_short_backtrace::<core[a373ad73a504971]::result::Result<(), alloc[2e1b2a31b91974c5]::string::String>, fn() -> core[a373ad73a504971]::result::Result<(), alloc[2e1b2a31b91974c5]::string::String>>
[INFO] [stdout]   14:     0x6316ab8abd45 - test[aada8e7e76ba119b]::run_test::{closure#0}
[INFO] [stdout]   15:     0x6316ab8a5634 - std[617be2ca0a6fd877]::sys::backtrace::__rust_begin_short_backtrace::<test[aada8e7e76ba119b]::run_test::{closure#1}, ()>
[INFO] [stdout]   16:     0x6316ab8aedd2 - <std[617be2ca0a6fd877]::thread::lifecycle::spawn_unchecked<test[aada8e7e76ba119b]::run_test::{closure#1}, ()>::{closure#1} as core[a373ad73a504971]::ops::function::FnOnce<()>>::call_once::{shim:vtable#0}
[INFO] [stdout]   17:     0x6316ab91623f - <std[617be2ca0a6fd877]::sys::thread::unix::Thread>::new::thread_start
[INFO] [stdout]   18:     0x79cd3293edfa - <unknown>
[INFO] [stdout]   19:     0x79cd329d23d4 - clone
[INFO] [stdout]   20:                0x0 - <unknown>
[INFO] [stdout] 
[INFO] [stdout] ---- tests::test_sdr_file_reader_f32 stdout ----
[INFO] [stdout] 
[INFO] [stdout] thread 'tests::test_sdr_file_reader_f32' (283) panicked at src/lib.rs:265:14:
[INFO] [stdout] Failed to create SdrFileReader: Os { code: 2, kind: NotFound, message: "No such file or directory" }
[INFO] [stdout] stack backtrace:
[INFO] [stdout]    0:     0x6316ab9169e1 - <<std[617be2ca0a6fd877]::sys::backtrace::BacktraceLock>::print::DisplayBacktrace as core[a373ad73a504971]::fmt::Display>::fmt
[INFO] [stdout]    1:     0x6316ab92a90a - core[a373ad73a504971]::fmt::write
[INFO] [stdout]    2:     0x6316ab91abfc - <alloc[2e1b2a31b91974c5]::vec::Vec<u8> as core[a373ad73a504971]::io::write::Write>::write_fmt
[INFO] [stdout]    3:     0x6316ab8f2e46 - std[617be2ca0a6fd877]::panicking::default_hook::{closure#0}
[INFO] [stdout]    4:     0x6316ab90f079 - std[617be2ca0a6fd877]::panicking::default_hook
[INFO] [stdout]    5:     0x6316ab8ab720 - test[aada8e7e76ba119b]::test_main_inner::{closure#0}
[INFO] [stdout]    6:     0x6316ab90f232 - std[617be2ca0a6fd877]::panicking::panic_with_hook
[INFO] [stdout]    7:     0x6316ab8f2ef2 - std[617be2ca0a6fd877]::panicking::panic_handler::{closure#0}
[INFO] [stdout]    8:     0x6316ab8ebc09 - std[617be2ca0a6fd877]::sys::backtrace::__rust_end_short_backtrace::<std[617be2ca0a6fd877]::panicking::panic_handler::{closure#0}, !>
[INFO] [stdout]    9:     0x6316ab8f3afd - __rustc[ea4f61d10b84890b]::rust_begin_unwind
[INFO] [stdout]   10:     0x6316ab92b03c - core[a373ad73a504971]::panicking::panic_fmt
[INFO] [stdout]   11:     0x6316ab92ae12 - core[a373ad73a504971]::result::unwrap_failed
[INFO] [stdout]   12:     0x6316ab89e2d7 - <sdr_iq_file_reader[eb1eee49e93f3849]::tests::test_sdr_file_reader_f32::{closure#0} as core[a373ad73a504971]::ops::function::FnOnce<()>>::call_once
[INFO] [stdout]   13:     0x6316ab89eb6b - test[aada8e7e76ba119b]::__rust_begin_short_backtrace::<core[a373ad73a504971]::result::Result<(), alloc[2e1b2a31b91974c5]::string::String>, fn() -> core[a373ad73a504971]::result::Result<(), alloc[2e1b2a31b91974c5]::string::String>>
[INFO] [stdout]   14:     0x6316ab8abd45 - test[aada8e7e76ba119b]::run_test::{closure#0}
[INFO] [stdout]   15:     0x6316ab8a5634 - std[617be2ca0a6fd877]::sys::backtrace::__rust_begin_short_backtrace::<test[aada8e7e76ba119b]::run_test::{closure#1}, ()>
[INFO] [stdout]   16:     0x6316ab8aedd2 - <std[617be2ca0a6fd877]::thread::lifecycle::spawn_unchecked<test[aada8e7e76ba119b]::run_test::{closure#1}, ()>::{closure#1} as core[a373ad73a504971]::ops::function::FnOnce<()>>::call_once::{shim:vtable#0}
[INFO] [stdout]   17:     0x6316ab91623f - <std[617be2ca0a6fd877]::sys::thread::unix::Thread>::new::thread_start
[INFO] [stdout]   18:     0x79cd3293edfa - <unknown>
[INFO] [stdout]   19:     0x79cd329d23d4 - clone
[INFO] [stdout]   20:                0x0 - <unknown>
[INFO] [stdout] 
[INFO] [stdout] 
[INFO] [stdout] failures:
[INFO] [stdout]     tests::test_compare_f32_f64_readings
[INFO] [stdout]     tests::test_sdr_file_reader_f32
[INFO] [stdout]     tests::test_sdr_file_reader_f64
[INFO] [stdout] 
[INFO] [stdout] test result: FAILED. 0 passed; 3 failed; 0 ignored; 0 measured; 0 filtered out; finished in 0.24s
[INFO] [stdout] 
[INFO] [stderr] error: test failed, to rerun pass `--lib`
[INFO] running `Command { std: "docker" "inspect" "4273cf2bfd54b239e57aa165b4d9a41ed48faaec2c01d9751306deb18437107f", kill_on_drop: false }`
[INFO] running `Command { std: "docker" "rm" "-f" "4273cf2bfd54b239e57aa165b4d9a41ed48faaec2c01d9751306deb18437107f", kill_on_drop: false }`
[INFO] [stdout] 4273cf2bfd54b239e57aa165b4d9a41ed48faaec2c01d9751306deb18437107f
