[INFO] fetching crate sdr-heatmap 0.1.5...
[INFO] testing sdr-heatmap-0.1.5 against 1.99.0-beta.8+cargoflags=--release for beta-release-1.100-2
[INFO] extracting crate sdr-heatmap 0.1.5 into /workspace/builds/worker-4-tc1/source
[INFO] started tweaking crates.io crate sdr-heatmap 0.1.5
[INFO] finished tweaking crates.io crate sdr-heatmap 0.1.5
[INFO] tweaked toml for crates.io crate sdr-heatmap 0.1.5 written to /workspace/builds/worker-4-tc1/source/Cargo.toml
[INFO] validating manifest of crates.io crate sdr-heatmap 0.1.5 on toolchain 1.99.0-beta.8
[INFO] running `Command { std: CARGO_HOME="/workspace/cargo-home" RUSTUP_HOME="/workspace/rustup-home" "/workspace/cargo-home/bin/cargo" "+1.99.0-beta.8" "metadata" "--manifest-path" "Cargo.toml" "--no-deps", kill_on_drop: false }`
[INFO] crate crates.io crate sdr-heatmap 0.1.5 already has a lockfile, it will not be regenerated
[INFO] running `Command { std: CARGO_HOME="/workspace/cargo-home" RUSTUP_HOME="/workspace/rustup-home" "/workspace/cargo-home/bin/cargo" "+1.99.0-beta.8" "fetch" "--manifest-path" "Cargo.toml", kill_on_drop: false }`
[INFO] [stderr]     Updating crates.io index
[INFO] [stderr]  Downloading crates ...
[INFO] [stderr]   Downloaded walkdir v2.3.1
[INFO] [stderr]   Downloaded thread_local v0.3.4
[INFO] [stderr]   Downloaded unreachable v1.0.0
[INFO] [stderr]   Downloaded stderrlog v0.4.3
[INFO] [stderr]   Downloaded chrono v0.4.13
[INFO] [stderr]   Downloaded atty v0.2.11
[INFO] [stderr]   Downloaded hermit-abi v0.1.15
[INFO] [stderr]   Downloaded memoffset v0.5.5
[INFO] [stderr]   Downloaded rand_xorshift v0.2.0
[INFO] [stderr]   Downloaded bit-set v0.5.2
[INFO] [stderr]   Downloaded output_vt100 v0.1.2
[INFO] [stderr]   Downloaded ctor v0.1.15
[INFO] [stderr]   Downloaded redox_termios v0.1.1
[INFO] [stderr]   Downloaded crossbeam-deque v0.7.3
[INFO] [stderr]   Downloaded ppv-lite86 v0.2.8
[INFO] [stderr]   Downloaded cast v0.2.3
[INFO] [stderr]   Downloaded num-iter v0.1.41
[INFO] [stderr]   Downloaded termion v1.5.5
[INFO] [stderr]   Downloaded bit-vec v0.6.2
[INFO] [stderr]   Downloaded color_quant v1.0.1
[INFO] [stderr]   Downloaded wasm-bindgen-macro v0.2.67
[INFO] [stderr]   Downloaded scoped_threadpool v0.1.9
[INFO] [stderr]   Downloaded wasm-bindgen-shared v0.2.67
[INFO] [stderr]   Downloaded rusty-fork v0.3.0
[INFO] [stderr]   Downloaded oorandom v11.1.2
[INFO] [stderr]   Downloaded time v0.1.43
[INFO] [stderr]   Downloaded num-rational v0.3.0
[INFO] [stderr]   Downloaded gif v0.10.3
[INFO] [stderr]   Downloaded bytemuck v1.3.1
[INFO] [stderr]   Downloaded adler v0.2.3
[INFO] [stderr]   Downloaded memchr v2.3.3
[INFO] [stderr]   Downloaded tinytemplate v1.1.0
[INFO] [stderr]   Downloaded wasm-bindgen-macro-support v0.2.67
[INFO] [stderr]   Downloaded wasm-bindgen-backend v0.2.67
[INFO] [stderr]   Downloaded tiff v0.5.0
[INFO] [stderr]   Downloaded lzw v0.10.0
[INFO] [stderr]   Downloaded proc-macro2 v1.0.19
[INFO] [stderr]   Downloaded rayon-core v1.7.1
[INFO] [stderr]   Downloaded pretty_assertions v0.6.1
[INFO] [stderr]   Downloaded miniz_oxide v0.3.7
[INFO] [stderr]   Downloaded crc32fast v1.2.0
[INFO] [stderr]   Downloaded half v1.6.0
[INFO] [stderr]   Downloaded png v0.16.7
[INFO] [stderr]   Downloaded miniz_oxide v0.4.0
[INFO] [stderr]   Downloaded serde v1.0.114
[INFO] [stderr]   Downloaded serde_derive v1.0.114
[INFO] [stderr]   Downloaded deflate v0.8.6
[INFO] [stderr]   Downloaded flate2 v1.0.16
[INFO] [stderr]   Downloaded js-sys v0.3.44
[INFO] [stderr]   Downloaded difference v2.0.0
[INFO] [stderr]   Downloaded serde_json v1.0.57
[INFO] [stderr]   Downloaded criterion v0.3.3
[INFO] [stderr]   Downloaded rayon v1.3.1
[INFO] [stderr]   Downloaded bumpalo v3.4.0
[INFO] [stderr]   Downloaded wasm-bindgen v0.2.67
[INFO] [stderr]   Downloaded proptest v0.10.0
[INFO] [stderr]   Downloaded syn v1.0.38
[INFO] [stderr]   Downloaded image v0.23.8
[INFO] [stderr]   Downloaded jpeg-decoder v0.1.20
[INFO] [stderr]   Downloaded clap v2.33.2
[INFO] [stderr]   Downloaded regex v1.3.9
[INFO] [stderr]   Downloaded regex-syntax v0.6.18
[INFO] [stderr]   Downloaded bstr v0.2.13
[INFO] [stderr]   Downloaded libc v0.2.74
[INFO] [stderr]   Downloaded web-sys v0.3.44
[INFO] [stderr]   Downloaded csv v1.1.3
[INFO] [stderr]   Downloaded plotters v0.2.15
[INFO] running `Command { std: "docker" "create" "-v" "/var/lib/crater-agent-workspace/builds/worker-4-tc1/source:/opt/rustwide/workdir:ro,Z" "-v" "/var/lib/crater-agent-workspace/builds/worker-4-tc1/target:/opt/rustwide/target:rw,Z" "-v" "/var/lib/crater-agent-workspace/cargo-home:/opt/rustwide/cargo-home:ro,Z" "-v" "/var/lib/crater-agent-workspace/rustup-home:/opt/rustwide/rustup-home:ro,Z" "-m" "1610612736" "--network" "none" "ghcr.io/rust-lang/crates-build-env/linux@sha256:77db811e55d90add9212f6832c23229e3de5f1c1f9905e8cb07319ea15df73ac" "sleep" "infinity", kill_on_drop: false }`
[INFO] [stdout] df8b1b88fbe750c0fb8532174550d95878145677ab60bf89b9a6a330d735c513
[INFO] running `Command { std: "docker" "start" "df8b1b88fbe750c0fb8532174550d95878145677ab60bf89b9a6a330d735c513", kill_on_drop: false }`
[INFO] running `Command { std: "docker" "inspect" "df8b1b88fbe750c0fb8532174550d95878145677ab60bf89b9a6a330d735c513", kill_on_drop: false }`
[INFO] running `Command { std: "docker" "exec" "-e" "SOURCE_DIR=/opt/rustwide/workdir" "-e" "CARGO_HOME=/opt/rustwide/cargo-home" "-e" "RUSTUP_HOME=/opt/rustwide/rustup-home" "-e" "CARGO_TARGET_DIR=/opt/rustwide/target" "-w" "/opt/rustwide/workdir" "--user" "0:0" "df8b1b88fbe750c0fb8532174550d95878145677ab60bf89b9a6a330d735c513" "/opt/rustwide/cargo-home/bin/cargo" "+1.99.0-beta.8" "metadata" "--no-deps" "--format-version=1", kill_on_drop: false }`
[INFO] running `Command { std: "docker" "inspect" "df8b1b88fbe750c0fb8532174550d95878145677ab60bf89b9a6a330d735c513", kill_on_drop: false }`
[INFO] running `Command { std: "docker" "exec" "-e" "SOURCE_DIR=/opt/rustwide/workdir" "-e" "CARGO_HOME=/opt/rustwide/cargo-home" "-e" "RUSTUP_HOME=/opt/rustwide/rustup-home" "-e" "CARGO_TARGET_DIR=/opt/rustwide/target" "-e" "CARGO_INCREMENTAL=0" "-e" "RUST_BACKTRACE=full" "-e" "RUSTFLAGS=--cap-lints=warn" "-e" "RUSTDOCFLAGS=--cap-lints=warn" "-w" "/opt/rustwide/workdir" "--user" "0:0" "df8b1b88fbe750c0fb8532174550d95878145677ab60bf89b9a6a330d735c513" "/opt/rustwide/cargo-home/bin/cargo" "+1.99.0-beta.8" "build" "--frozen" "--message-format=json" "--release", kill_on_drop: false }`
[INFO] [stderr]    Compiling autocfg v1.0.0
[INFO] [stderr]    Compiling libc v0.2.74
[INFO] [stderr]    Compiling cfg-if v0.1.10
[INFO] [stderr]    Compiling lazy_static v1.4.0
[INFO] [stderr]    Compiling byteorder v1.3.4
[INFO] [stderr]    Compiling maybe-uninit v2.0.0
[INFO] [stderr]    Compiling rayon-core v1.7.1
[INFO] [stderr]    Compiling adler32 v1.2.0
[INFO] [stderr]    Compiling crc32fast v1.2.0
[INFO] [stderr]    Compiling memchr v2.3.3
[INFO] [stderr]    Compiling bitflags v1.2.1
[INFO] [stderr]    Compiling serde v1.0.114
[INFO] [stderr]    Compiling lzw v0.10.0
[INFO] [stderr]    Compiling void v1.0.2
[INFO] [stderr]    Compiling log v0.4.11
[INFO] [stderr]    Compiling either v1.5.3
[INFO] [stderr]    Compiling ryu v1.0.5
[INFO] [stderr]    Compiling unreachable v1.0.0
[INFO] [stderr]    Compiling lazy_static v0.2.11
[INFO] [stderr]    Compiling adler v0.2.3
[INFO] [stderr]    Compiling unicode-width v0.1.8
[INFO] [stderr]    Compiling color_quant v1.0.1
[INFO] [stderr]    Compiling textwrap v0.11.0
[INFO] [stderr]    Compiling crossbeam-utils v0.7.2
[INFO] [stderr]    Compiling memoffset v0.5.5
[INFO] [stderr]    Compiling num-traits v0.2.12
[INFO] [stderr]    Compiling num-integer v0.1.43
[INFO] [stderr]    Compiling crossbeam-epoch v0.8.2
[INFO] [stderr]    Compiling rayon v1.3.1
[INFO] [stderr]    Compiling miniz_oxide v0.3.7
[INFO] [stderr]    Compiling num-iter v0.1.41
[INFO] [stderr]    Compiling num-rational v0.3.0
[INFO] [stderr]    Compiling gif v0.10.3
[INFO] [stderr]    Compiling miniz_oxide v0.4.0
[INFO] [stderr]    Compiling thread_local v0.3.4
[INFO] [stderr]    Compiling vec_map v0.8.2
[INFO] [stderr]    Compiling bytemuck v1.3.1
[INFO] [stderr]    Compiling csv-core v0.1.10
[INFO] [stderr]    Compiling regex-automata v0.1.9
[INFO] [stderr]    Compiling deflate v0.8.6
[INFO] [stderr]    Compiling tiff v0.5.0
[INFO] [stderr]    Compiling crossbeam-queue v0.2.3
[INFO] [stderr]    Compiling num_cpus v1.13.0
[INFO] [stderr]    Compiling time v0.1.43
[INFO] [stderr]    Compiling atty v0.2.11
[INFO] [stderr]    Compiling scoped_threadpool v0.1.9
[INFO] [stderr]    Compiling ansi_term v0.11.0
[INFO] [stderr]    Compiling strsim v0.8.0
[INFO] [stderr]    Compiling itoa v0.4.6
[INFO] [stderr]    Compiling termcolor v1.1.0
[INFO] [stderr]    Compiling crossbeam-deque v0.7.3
[INFO] [stderr]    Compiling walkdir v2.3.1
[INFO] [stderr]    Compiling clap v2.33.2
[INFO] [stderr]    Compiling png v0.16.7
[INFO] [stderr]    Compiling flate2 v1.0.16
[INFO] [stderr]    Compiling chrono v0.4.13
[INFO] [stderr]    Compiling stderrlog v0.4.3
[INFO] [stderr]    Compiling bstr v0.2.13
[INFO] [stderr]    Compiling jpeg-decoder v0.1.20
[INFO] [stderr]    Compiling csv v1.1.3
[INFO] [stderr]    Compiling image v0.23.8
[INFO] [stderr]    Compiling sdr-heatmap v0.1.5 (/opt/rustwide/workdir)
[INFO] [stdout] warning: use of deprecated constant `std::f32::INFINITY`: replaced by the `INFINITY` associated constant on `f32`
[INFO] [stdout]    --> src/lib.rs:136:24
[INFO] [stdout]     |
[INFO] [stdout] 136 |     let mut min = f32::INFINITY;
[INFO] [stdout]     |                        ^^^^^^^^
[INFO] [stdout]     |
[INFO] [stdout]     = note: `#[warn(deprecated)]` on by default
[INFO] [stdout] 
[INFO] [stdout] 
[INFO] [stdout] warning: use of deprecated constant `std::f32::NEG_INFINITY`: replaced by the `NEG_INFINITY` associated constant on `f32`
[INFO] [stdout]    --> src/lib.rs:137:24
[INFO] [stdout]     |
[INFO] [stdout] 137 |     let mut max = f32::NEG_INFINITY;
[INFO] [stdout]     |                        ^^^^^^^^^^^^
[INFO] [stdout] 
[INFO] [stdout] 
[INFO] [stdout] warning: use of deprecated constant `std::f32::NAN`: replaced by the `NAN` associated constant on `f32`
[INFO] [stdout]    --> src/lib.rs:149:26
[INFO] [stdout]     |
[INFO] [stdout] 149 |                     f32::NAN
[INFO] [stdout]     |                          ^^^
[INFO] [stdout] 
[INFO] [stdout] 
[INFO] [stdout] warning: use of deprecated constant `std::f32::INFINITY`: replaced by the `INFINITY` associated constant on `f32`
[INFO] [stdout]    --> src/lib.rs:157:30
[INFO] [stdout]     |
[INFO] [stdout] 157 |             if value != f32::INFINITY && value != f32::NEG_INFINITY {
[INFO] [stdout]     |                              ^^^^^^^^
[INFO] [stdout] 
[INFO] [stdout] 
[INFO] [stdout] warning: use of deprecated constant `std::f32::NEG_INFINITY`: replaced by the `NEG_INFINITY` associated constant on `f32`
[INFO] [stdout]    --> src/lib.rs:157:56
[INFO] [stdout]     |
[INFO] [stdout] 157 |             if value != f32::INFINITY && value != f32::NEG_INFINITY {
[INFO] [stdout]     |                                                        ^^^^^^^^^^^^
[INFO] [stdout] 
[INFO] [stdout] 
[INFO] [stdout] warning: use of deprecated constant `std::f32::NAN`: replaced by the `NAN` associated constant on `f32`
[INFO] [stdout]    --> src/lib.rs:179:30
[INFO] [stdout]     |
[INFO] [stdout] 179 |                         f32::NAN
[INFO] [stdout]     |                              ^^^
[INFO] [stdout] 
[INFO] [stdout] 
[INFO] [stdout] warning: use of deprecated constant `std::f32::NAN`: replaced by the `NAN` associated constant on `f32`
[INFO] [stdout]    --> src/lib.rs:206:22
[INFO] [stdout]     |
[INFO] [stdout] 206 |                 f32::NAN
[INFO] [stdout]     |                      ^^^
[INFO] [stdout] 
[INFO] [stdout] 
[INFO] [stdout] warning: use of deprecated constant `std::f32::INFINITY`: replaced by the `INFINITY` associated constant on `f32`
[INFO] [stdout]   --> src/lib.rs:62:23
[INFO] [stdout]    |
[INFO] [stdout] 62 |             min: f32::INFINITY,
[INFO] [stdout]    |                       ^^^^^^^^
[INFO] [stdout] 
[INFO] [stdout] 
[INFO] [stdout] warning: use of deprecated constant `std::f32::NEG_INFINITY`: replaced by the `NEG_INFINITY` associated constant on `f32`
[INFO] [stdout]   --> src/lib.rs:63:23
[INFO] [stdout]    |
[INFO] [stdout] 63 |             max: f32::NEG_INFINITY,
[INFO] [stdout]    |                       ^^^^^^^^^^^^
[INFO] [stdout] 
[INFO] [stdout] 
[INFO] [stdout] warning: fields `freq_high` and `samples` are never read
[INFO] [stdout]   --> src/lib.rs:19:5
[INFO] [stdout]    |
[INFO] [stdout] 15 | struct Measurement {
[INFO] [stdout]    |        ----------- fields in this struct
[INFO] [stdout] ...
[INFO] [stdout] 19 |     freq_high: u32,
[INFO] [stdout]    |     ^^^^^^^^^
[INFO] [stdout] 20 |     freq_step: f64,
[INFO] [stdout] 21 |     samples: u32,
[INFO] [stdout]    |     ^^^^^^^
[INFO] [stdout]    |
[INFO] [stdout]    = note: `Measurement` has a derived impl for the trait `Debug`, but this is intentionally ignored during dead code analysis
[INFO] [stdout]    = note: `#[warn(dead_code)]` (part of `#[warn(unused)]`) on by default
[INFO] [stdout] 
[INFO] [stdout] 
[INFO] [stderr]     Finished `release` profile [optimized] target(s) in 37.72s
[INFO] running `Command { std: "docker" "inspect" "df8b1b88fbe750c0fb8532174550d95878145677ab60bf89b9a6a330d735c513", kill_on_drop: false }`
[INFO] running `Command { std: "docker" "exec" "-e" "SOURCE_DIR=/opt/rustwide/workdir" "-e" "CARGO_HOME=/opt/rustwide/cargo-home" "-e" "RUSTUP_HOME=/opt/rustwide/rustup-home" "-e" "CARGO_TARGET_DIR=/opt/rustwide/target" "-e" "CARGO_INCREMENTAL=0" "-e" "RUST_BACKTRACE=full" "-e" "RUSTFLAGS=--cap-lints=warn" "-e" "RUSTDOCFLAGS=--cap-lints=warn" "-w" "/opt/rustwide/workdir" "--user" "0:0" "df8b1b88fbe750c0fb8532174550d95878145677ab60bf89b9a6a330d735c513" "/opt/rustwide/cargo-home/bin/cargo" "+1.99.0-beta.8" "test" "--frozen" "--no-run" "--message-format=json" "--release", kill_on_drop: false }`
[INFO] [stderr]    Compiling getrandom v0.1.14
[INFO] [stderr]    Compiling semver-parser v0.7.0
[INFO] [stderr]    Compiling proc-macro2 v1.0.19
[INFO] [stderr]    Compiling ppv-lite86 v0.2.8
[INFO] [stderr]    Compiling unicode-xid v0.2.1
[INFO] [stderr]    Compiling serde_json v1.0.57
[INFO] [stderr]    Compiling syn v1.0.38
[INFO] [stderr]    Compiling serde_derive v1.0.114
[INFO] [stderr]    Compiling regex-syntax v0.6.18
[INFO] [stderr]    Compiling remove_dir_all v0.5.3
[INFO] [stderr]    Compiling itertools v0.9.0
[INFO] [stderr]    Compiling wait-timeout v0.2.0
[INFO] [stderr]    Compiling half v1.6.0
[INFO] [stderr]    Compiling quick-error v1.2.3
[INFO] [stderr]    Compiling bit-vec v0.6.2
[INFO] [stderr]    Compiling plotters v0.2.15
[INFO] [stderr]    Compiling semver v0.9.0
[INFO] [stderr]    Compiling difference v2.0.0
[INFO] [stderr]    Compiling oorandom v11.1.2
[INFO] [stderr]    Compiling bit-set v0.5.2
[INFO] [stderr]    Compiling pretty_assertions v0.6.1
[INFO] [stdout] warning: use of deprecated constant `std::f32::INFINITY`: replaced by the `INFINITY` associated constant on `f32`
[INFO] [stdout]    --> src/lib.rs:136:24
[INFO] [stdout]     |
[INFO] [stdout] 136 |     let mut min = f32::INFINITY;
[INFO] [stdout]     |                        ^^^^^^^^
[INFO] [stdout]     |
[INFO] [stdout]     = note: `#[warn(deprecated)]` on by default
[INFO] [stdout] 
[INFO] [stdout] 
[INFO] [stdout] warning: use of deprecated constant `std::f32::NEG_INFINITY`: replaced by the `NEG_INFINITY` associated constant on `f32`
[INFO] [stdout]    --> src/lib.rs:137:24
[INFO] [stdout]     |
[INFO] [stdout] 137 |     let mut max = f32::NEG_INFINITY;
[INFO] [stdout]     |                        ^^^^^^^^^^^^
[INFO] [stdout] 
[INFO] [stdout] 
[INFO] [stdout] warning: use of deprecated constant `std::f32::NAN`: replaced by the `NAN` associated constant on `f32`
[INFO] [stdout]    --> src/lib.rs:149:26
[INFO] [stdout]     |
[INFO] [stdout] 149 |                     f32::NAN
[INFO] [stdout]     |                          ^^^
[INFO] [stdout] 
[INFO] [stdout] 
[INFO] [stdout] warning: use of deprecated constant `std::f32::INFINITY`: replaced by the `INFINITY` associated constant on `f32`
[INFO] [stdout]    --> src/lib.rs:157:30
[INFO] [stdout]     |
[INFO] [stdout] 157 |             if value != f32::INFINITY && value != f32::NEG_INFINITY {
[INFO] [stdout]     |                              ^^^^^^^^
[INFO] [stdout] 
[INFO] [stdout] 
[INFO] [stdout] warning: use of deprecated constant `std::f32::NEG_INFINITY`: replaced by the `NEG_INFINITY` associated constant on `f32`
[INFO] [stdout]    --> src/lib.rs:157:56
[INFO] [stdout]     |
[INFO] [stdout] 157 |             if value != f32::INFINITY && value != f32::NEG_INFINITY {
[INFO] [stdout]     |                                                        ^^^^^^^^^^^^
[INFO] [stdout] 
[INFO] [stdout] 
[INFO] [stdout] warning: use of deprecated constant `std::f32::NAN`: replaced by the `NAN` associated constant on `f32`
[INFO] [stdout]    --> src/lib.rs:179:30
[INFO] [stdout]     |
[INFO] [stdout] 179 |                         f32::NAN
[INFO] [stdout]     |                              ^^^
[INFO] [stdout] 
[INFO] [stdout] 
[INFO] [stdout] warning: use of deprecated constant `std::f32::NAN`: replaced by the `NAN` associated constant on `f32`
[INFO] [stdout]    --> src/lib.rs:206:22
[INFO] [stdout]     |
[INFO] [stdout] 206 |                 f32::NAN
[INFO] [stdout]     |                      ^^^
[INFO] [stdout] 
[INFO] [stdout] 
[INFO] [stdout] warning: use of deprecated constant `std::f32::INFINITY`: replaced by the `INFINITY` associated constant on `f32`
[INFO] [stdout]   --> src/lib.rs:62:23
[INFO] [stdout]    |
[INFO] [stdout] 62 |             min: f32::INFINITY,
[INFO] [stdout]    |                       ^^^^^^^^
[INFO] [stdout] 
[INFO] [stdout] 
[INFO] [stdout] warning: use of deprecated constant `std::f32::NEG_INFINITY`: replaced by the `NEG_INFINITY` associated constant on `f32`
[INFO] [stdout]   --> src/lib.rs:63:23
[INFO] [stdout]    |
[INFO] [stdout] 63 |             max: f32::NEG_INFINITY,
[INFO] [stdout]    |                       ^^^^^^^^^^^^
[INFO] [stdout] 
[INFO] [stdout] 
[INFO] [stdout] warning: fields `freq_high` and `samples` are never read
[INFO] [stdout]   --> src/lib.rs:19:5
[INFO] [stdout]    |
[INFO] [stdout] 15 | struct Measurement {
[INFO] [stdout]    |        ----------- fields in this struct
[INFO] [stdout] ...
[INFO] [stdout] 19 |     freq_high: u32,
[INFO] [stdout]    |     ^^^^^^^^^
[INFO] [stdout] 20 |     freq_step: f64,
[INFO] [stdout] 21 |     samples: u32,
[INFO] [stdout]    |     ^^^^^^^
[INFO] [stdout]    |
[INFO] [stdout]    = note: `Measurement` has a derived impl for the trait `Debug`, but this is intentionally ignored during dead code analysis
[INFO] [stdout]    = note: `#[warn(dead_code)]` (part of `#[warn(unused)]`) on by default
[INFO] [stdout] 
[INFO] [stdout] 
[INFO] [stderr]    Compiling serde_cbor v0.11.1
[INFO] [stderr]    Compiling rustc_version v0.2.3
[INFO] [stderr]    Compiling cast v0.2.3
[INFO] [stderr]    Compiling rand_core v0.5.1
[INFO] [stderr]    Compiling rand_chacha v0.2.2
[INFO] [stderr]    Compiling rand_xorshift v0.2.0
[INFO] [stderr]    Compiling criterion-plot v0.4.3
[INFO] [stderr]    Compiling quote v1.0.7
[INFO] [stderr]    Compiling rand v0.7.3
[INFO] [stderr]    Compiling tinytemplate v1.1.0
[INFO] [stderr]    Compiling regex v1.3.9
[INFO] [stderr]    Compiling tempfile v3.1.0
[INFO] [stderr]    Compiling rusty-fork v0.3.0
[INFO] [stderr]    Compiling proptest v0.10.0
[INFO] [stderr]    Compiling criterion v0.3.3
[INFO] [stderr]    Compiling sdr-heatmap v0.1.5 (/opt/rustwide/workdir)
[INFO] [stdout] warning: unused import: `assert_ne`
[INFO] [stdout]   --> src/colors.rs:77:40
[INFO] [stdout]    |
[INFO] [stdout] 77 |     use pretty_assertions::{assert_eq, assert_ne};
[INFO] [stdout]    |                                        ^^^^^^^^^
[INFO] [stdout]    |
[INFO] [stdout]    = note: `#[warn(unused_imports)]` (part of `#[warn(unused)]`) on by default
[INFO] [stdout] 
[INFO] [stdout] 
[INFO] [stdout] warning: unused import: `assert_ne`
[INFO] [stdout]    --> src/lib.rs:301:40
[INFO] [stdout]     |
[INFO] [stdout] 301 |     use pretty_assertions::{assert_eq, assert_ne};
[INFO] [stdout]     |                                        ^^^^^^^^^
[INFO] [stdout] 
[INFO] [stdout] 
[INFO] [stdout] warning: use of deprecated constant `std::f32::INFINITY`: replaced by the `INFINITY` associated constant on `f32`
[INFO] [stdout]    --> src/lib.rs:136:24
[INFO] [stdout]     |
[INFO] [stdout] 136 |     let mut min = f32::INFINITY;
[INFO] [stdout]     |                        ^^^^^^^^
[INFO] [stdout]     |
[INFO] [stdout]     = note: `#[warn(deprecated)]` on by default
[INFO] [stdout] 
[INFO] [stdout] 
[INFO] [stdout] warning: use of deprecated constant `std::f32::NEG_INFINITY`: replaced by the `NEG_INFINITY` associated constant on `f32`
[INFO] [stdout]    --> src/lib.rs:137:24
[INFO] [stdout]     |
[INFO] [stdout] 137 |     let mut max = f32::NEG_INFINITY;
[INFO] [stdout]     |                        ^^^^^^^^^^^^
[INFO] [stdout] 
[INFO] [stdout] 
[INFO] [stdout] warning: use of deprecated constant `std::f32::NAN`: replaced by the `NAN` associated constant on `f32`
[INFO] [stdout]    --> src/lib.rs:149:26
[INFO] [stdout]     |
[INFO] [stdout] 149 |                     f32::NAN
[INFO] [stdout]     |                          ^^^
[INFO] [stdout] 
[INFO] [stdout] 
[INFO] [stdout] warning: use of deprecated constant `std::f32::INFINITY`: replaced by the `INFINITY` associated constant on `f32`
[INFO] [stdout]    --> src/lib.rs:157:30
[INFO] [stdout]     |
[INFO] [stdout] 157 |             if value != f32::INFINITY && value != f32::NEG_INFINITY {
[INFO] [stdout]     |                              ^^^^^^^^
[INFO] [stdout] 
[INFO] [stdout] 
[INFO] [stdout] warning: use of deprecated constant `std::f32::NEG_INFINITY`: replaced by the `NEG_INFINITY` associated constant on `f32`
[INFO] [stdout]    --> src/lib.rs:157:56
[INFO] [stdout]     |
[INFO] [stdout] 157 |             if value != f32::INFINITY && value != f32::NEG_INFINITY {
[INFO] [stdout]     |                                                        ^^^^^^^^^^^^
[INFO] [stdout] 
[INFO] [stdout] 
[INFO] [stdout] warning: use of deprecated constant `std::f32::NAN`: replaced by the `NAN` associated constant on `f32`
[INFO] [stdout]    --> src/lib.rs:179:30
[INFO] [stdout]     |
[INFO] [stdout] 179 |                         f32::NAN
[INFO] [stdout]     |                              ^^^
[INFO] [stdout] 
[INFO] [stdout] 
[INFO] [stdout] warning: use of deprecated constant `std::f32::NAN`: replaced by the `NAN` associated constant on `f32`
[INFO] [stdout]    --> src/lib.rs:206:22
[INFO] [stdout]     |
[INFO] [stdout] 206 |                 f32::NAN
[INFO] [stdout]     |                      ^^^
[INFO] [stdout] 
[INFO] [stdout] 
[INFO] [stdout] warning: use of deprecated constant `std::f32::INFINITY`: replaced by the `INFINITY` associated constant on `f32`
[INFO] [stdout]   --> src/lib.rs:62:23
[INFO] [stdout]    |
[INFO] [stdout] 62 |             min: f32::INFINITY,
[INFO] [stdout]    |                       ^^^^^^^^
[INFO] [stdout] 
[INFO] [stdout] 
[INFO] [stdout] warning: use of deprecated constant `std::f32::NEG_INFINITY`: replaced by the `NEG_INFINITY` associated constant on `f32`
[INFO] [stdout]   --> src/lib.rs:63:23
[INFO] [stdout]    |
[INFO] [stdout] 63 |             max: f32::NEG_INFINITY,
[INFO] [stdout]    |                       ^^^^^^^^^^^^
[INFO] [stdout] 
[INFO] [stdout] 
[INFO] [stdout] warning: use of deprecated constant `std::f32::INFINITY`: replaced by the `INFINITY` associated constant on `f32`
[INFO] [stdout]    --> src/colors.rs:103:51
[INFO] [stdout]     |
[INFO] [stdout] 103 |             scale_tocolor(Palettes::Default, f32::INFINITY, 0.0, 1.0),
[INFO] [stdout]     |                                                   ^^^^^^^^
[INFO] [stdout] 
[INFO] [stdout] 
[INFO] [stdout] warning: use of deprecated constant `std::f32::NEG_INFINITY`: replaced by the `NEG_INFINITY` associated constant on `f32`
[INFO] [stdout]    --> src/colors.rs:107:51
[INFO] [stdout]     |
[INFO] [stdout] 107 |             scale_tocolor(Palettes::Default, f32::NEG_INFINITY, 0.0, 1.0),
[INFO] [stdout]     |                                                   ^^^^^^^^^^^^
[INFO] [stdout] 
[INFO] [stdout] 
[INFO] [stdout] warning: use of deprecated constant `std::f32::INFINITY`: replaced by the `INFINITY` associated constant on `f32`
[INFO] [stdout]    --> src/colors.rs:111:52
[INFO] [stdout]     |
[INFO] [stdout] 111 |             scale_tocolor(Palettes::Extended, f32::INFINITY, 0.0, 1.0),
[INFO] [stdout]     |                                                    ^^^^^^^^
[INFO] [stdout] 
[INFO] [stdout] 
[INFO] [stdout] warning: use of deprecated constant `std::f32::NEG_INFINITY`: replaced by the `NEG_INFINITY` associated constant on `f32`
[INFO] [stdout]    --> src/colors.rs:115:52
[INFO] [stdout]     |
[INFO] [stdout] 115 |             scale_tocolor(Palettes::Extended, f32::NEG_INFINITY, 0.0, 1.0),
[INFO] [stdout]     |                                                    ^^^^^^^^^^^^
[INFO] [stdout] 
[INFO] [stdout] 
[INFO] [stdout] warning: fields `freq_high` and `samples` are never read
[INFO] [stdout]   --> src/lib.rs:19:5
[INFO] [stdout]    |
[INFO] [stdout] 15 | struct Measurement {
[INFO] [stdout]    |        ----------- fields in this struct
[INFO] [stdout] ...
[INFO] [stdout] 19 |     freq_high: u32,
[INFO] [stdout]    |     ^^^^^^^^^
[INFO] [stdout] 20 |     freq_step: f64,
[INFO] [stdout] 21 |     samples: u32,
[INFO] [stdout]    |     ^^^^^^^
[INFO] [stdout]    |
[INFO] [stdout]    = note: `Measurement` has a derived impl for the trait `Debug`, but this is intentionally ignored during dead code analysis
[INFO] [stdout]    = note: `#[warn(dead_code)]` (part of `#[warn(unused)]`) on by default
[INFO] [stdout] 
[INFO] [stdout] 
[INFO] [stderr]     Finished `release` profile [optimized] target(s) in 35.70s
[INFO] [stderr] warning: the following packages contain code that will be rejected by a future version of Rust: criterion v0.3.3
[INFO] [stderr] note: to see what the problems were, use the option `--future-incompat-report`, or run `cargo report future-incompatibilities --id 3`
[INFO] running `Command { std: "docker" "inspect" "df8b1b88fbe750c0fb8532174550d95878145677ab60bf89b9a6a330d735c513", kill_on_drop: false }`
[INFO] running `Command { std: "docker" "exec" "-e" "SOURCE_DIR=/opt/rustwide/workdir" "-e" "CARGO_HOME=/opt/rustwide/cargo-home" "-e" "RUSTUP_HOME=/opt/rustwide/rustup-home" "-e" "CARGO_TARGET_DIR=/opt/rustwide/target" "-e" "CARGO_INCREMENTAL=0" "-e" "RUST_BACKTRACE=full" "-e" "RUSTFLAGS=--cap-lints=warn" "-e" "RUSTDOCFLAGS=--cap-lints=warn" "-w" "/opt/rustwide/workdir" "--user" "0:0" "df8b1b88fbe750c0fb8532174550d95878145677ab60bf89b9a6a330d735c513" "/opt/rustwide/cargo-home/bin/cargo" "+1.99.0-beta.8" "test" "--frozen" "--release", kill_on_drop: false }`
[INFO] [stderr] warning: use of deprecated constant `std::f32::INFINITY`: replaced by the `INFINITY` associated constant on `f32`
[INFO] [stderr]    --> src/lib.rs:136:24
[INFO] [stderr]     |
[INFO] [stderr] 136 |     let mut min = f32::INFINITY;
[INFO] [stderr]     |                        ^^^^^^^^
[INFO] [stderr]     |
[INFO] [stderr]     = note: `#[warn(deprecated)]` on by default
[INFO] [stderr] 
[INFO] [stderr] warning: use of deprecated constant `std::f32::NEG_INFINITY`: replaced by the `NEG_INFINITY` associated constant on `f32`
[INFO] [stderr]    --> src/lib.rs:137:24
[INFO] [stderr]     |
[INFO] [stderr] 137 |     let mut max = f32::NEG_INFINITY;
[INFO] [stderr]     |                        ^^^^^^^^^^^^
[INFO] [stderr] 
[INFO] [stderr] warning: use of deprecated constant `std::f32::NAN`: replaced by the `NAN` associated constant on `f32`
[INFO] [stderr]    --> src/lib.rs:149:26
[INFO] [stderr]     |
[INFO] [stderr] 149 |                     f32::NAN
[INFO] [stderr]     |                          ^^^
[INFO] [stderr] 
[INFO] [stderr] warning: use of deprecated constant `std::f32::INFINITY`: replaced by the `INFINITY` associated constant on `f32`
[INFO] [stderr]    --> src/lib.rs:157:30
[INFO] [stderr]     |
[INFO] [stderr] 157 |             if value != f32::INFINITY && value != f32::NEG_INFINITY {
[INFO] [stderr]     |                              ^^^^^^^^
[INFO] [stderr] 
[INFO] [stderr] warning: use of deprecated constant `std::f32::NEG_INFINITY`: replaced by the `NEG_INFINITY` associated constant on `f32`
[INFO] [stderr]    --> src/lib.rs:157:56
[INFO] [stderr]     |
[INFO] [stderr] 157 |             if value != f32::INFINITY && value != f32::NEG_INFINITY {
[INFO] [stderr]     |                                                        ^^^^^^^^^^^^
[INFO] [stderr] 
[INFO] [stderr] warning: use of deprecated constant `std::f32::NAN`: replaced by the `NAN` associated constant on `f32`
[INFO] [stderr]    --> src/lib.rs:179:30
[INFO] [stderr]     |
[INFO] [stderr] 179 |                         f32::NAN
[INFO] [stderr]     |                              ^^^
[INFO] [stderr] 
[INFO] [stderr] warning: use of deprecated constant `std::f32::NAN`: replaced by the `NAN` associated constant on `f32`
[INFO] [stderr]    --> src/lib.rs:206:22
[INFO] [stderr]     |
[INFO] [stderr] 206 |                 f32::NAN
[INFO] [stderr]     |                      ^^^
[INFO] [stderr] 
[INFO] [stderr] warning: use of deprecated constant `std::f32::INFINITY`: replaced by the `INFINITY` associated constant on `f32`
[INFO] [stderr]   --> src/lib.rs:62:23
[INFO] [stderr]    |
[INFO] [stderr] 62 |             min: f32::INFINITY,
[INFO] [stderr]    |                       ^^^^^^^^
[INFO] [stderr] 
[INFO] [stderr] warning: use of deprecated constant `std::f32::NEG_INFINITY`: replaced by the `NEG_INFINITY` associated constant on `f32`
[INFO] [stderr]   --> src/lib.rs:63:23
[INFO] [stderr]    |
[INFO] [stderr] 63 |             max: f32::NEG_INFINITY,
[INFO] [stderr]    |                       ^^^^^^^^^^^^
[INFO] [stderr] 
[INFO] [stderr] warning: fields `freq_high` and `samples` are never read
[INFO] [stderr]   --> src/lib.rs:19:5
[INFO] [stderr]    |
[INFO] [stderr] 15 | struct Measurement {
[INFO] [stderr]    |        ----------- fields in this struct
[INFO] [stderr] ...
[INFO] [stderr] 19 |     freq_high: u32,
[INFO] [stderr]    |     ^^^^^^^^^
[INFO] [stderr] 20 |     freq_step: f64,
[INFO] [stderr] 21 |     samples: u32,
[INFO] [stderr]    |     ^^^^^^^
[INFO] [stderr]    |
[INFO] [stderr]    = note: `Measurement` has a derived impl for the trait `Debug`, but this is intentionally ignored during dead code analysis
[INFO] [stderr]    = note: `#[warn(dead_code)]` (part of `#[warn(unused)]`) on by default
[INFO] [stderr] 
[INFO] [stderr] warning: `sdr-heatmap` (lib) generated 10 warnings
[INFO] [stderr] warning: unused import: `assert_ne`
[INFO] [stderr]   --> src/colors.rs:77:40
[INFO] [stderr]    |
[INFO] [stderr] 77 |     use pretty_assertions::{assert_eq, assert_ne};
[INFO] [stderr]    |                                        ^^^^^^^^^
[INFO] [stderr]    |
[INFO] [stderr]    = note: `#[warn(unused_imports)]` (part of `#[warn(unused)]`) on by default
[INFO] [stderr] 
[INFO] [stderr] warning: unused import: `assert_ne`
[INFO] [stderr]    --> src/lib.rs:301:40
[INFO] [stderr]     |
[INFO] [stderr] 301 |     use pretty_assertions::{assert_eq, assert_ne};
[INFO] [stderr]     |                                        ^^^^^^^^^
[INFO] [stderr] 
[INFO] [stderr] warning: use of deprecated constant `std::f32::INFINITY`: replaced by the `INFINITY` associated constant on `f32`
[INFO] [stderr]    --> src/colors.rs:103:51
[INFO] [stderr]     |
[INFO] [stderr] 103 |             scale_tocolor(Palettes::Default, f32::INFINITY, 0.0, 1.0),
[INFO] [stderr]     |                                                   ^^^^^^^^
[INFO] [stderr] 
[INFO] [stderr] warning: use of deprecated constant `std::f32::NEG_INFINITY`: replaced by the `NEG_INFINITY` associated constant on `f32`
[INFO] [stderr]    --> src/colors.rs:107:51
[INFO] [stderr]     |
[INFO] [stderr] 107 |             scale_tocolor(Palettes::Default, f32::NEG_INFINITY, 0.0, 1.0),
[INFO] [stderr]     |                                                   ^^^^^^^^^^^^
[INFO] [stderr] 
[INFO] [stderr] warning: use of deprecated constant `std::f32::INFINITY`: replaced by the `INFINITY` associated constant on `f32`
[INFO] [stderr]    --> src/colors.rs:111:52
[INFO] [stderr]     |
[INFO] [stderr] 111 |             scale_tocolor(Palettes::Extended, f32::INFINITY, 0.0, 1.0),
[INFO] [stderr]     |                                                    ^^^^^^^^
[INFO] [stderr] 
[INFO] [stderr] warning: use of deprecated constant `std::f32::NEG_INFINITY`: replaced by the `NEG_INFINITY` associated constant on `f32`
[INFO] [stderr]    --> src/colors.rs:115:52
[INFO] [stderr]     |
[INFO] [stderr] 115 |             scale_tocolor(Palettes::Extended, f32::NEG_INFINITY, 0.0, 1.0),
[INFO] [stderr]     |                                                    ^^^^^^^^^^^^
[INFO] [stderr] 
[INFO] [stderr] warning: `sdr-heatmap` (lib test) generated 16 warnings (10 duplicates) (run `cargo fix --lib -p sdr-heatmap --tests` to apply 2 suggestions)
[INFO] [stderr]     Finished `release` profile [optimized] target(s) in 0.17s
[INFO] [stderr] warning: the following packages contain code that will be rejected by a future version of Rust: criterion v0.3.3
[INFO] [stderr] note: to see what the problems were, use the option `--future-incompat-report`, or run `cargo report future-incompatibilities --id 3`
[INFO] [stderr]      Running unittests src/lib.rs (/opt/rustwide/target/release/deps/sdr_heatmap-77a3a744ad314c7b)
[INFO] [stdout] 
[INFO] [stdout] running 8 tests
[INFO] [stdout] test colors::tests::normalize_goes_up ... ok
[INFO] [stdout] test colors::tests::scale_tocolor_within_bounds ... ok
[INFO] [stdout] test tests::preprocess_par_iter_result ... FAILED
[INFO] [stdout] test tests::complete ... FAILED
[INFO] [stdout] test colors::tests::scale_over_under ... ok
[INFO] [stdout] test colors::tests::scale_default ... ok
[INFO] [stdout] test tests::preprocess_result ... FAILED
[INFO] [stdout] test tests::preprocess_iter_result ... FAILED
[INFO] [stdout] 
[INFO] [stdout] failures:
[INFO] [stdout] 
[INFO] [stdout] ---- tests::preprocess_par_iter_result stdout ----
[INFO] [stdout] 
[INFO] [stdout] thread 'tests::preprocess_par_iter_result' (2259) panicked at src/lib.rs:104:33:
[INFO] [stdout] called `Result::unwrap()` on an `Err` value: Os { code: 2, kind: NotFound, message: "No such file or directory" }
[INFO] [stdout] stack backtrace:
[INFO] [stdout]    0:     0x5e795c21f491 - <<std[70759c8f55707aa4]::sys::backtrace::BacktraceLock>::print::DisplayBacktrace as core[df12db4294e9bfd3]::fmt::Display>::fmt
[INFO] [stdout]    1:     0x5e795c23601a - core[df12db4294e9bfd3]::fmt::write
[INFO] [stdout]    2:     0x5e795c223dfc - <alloc[2182bb758b4b3781]::vec::Vec<u8> as core[df12db4294e9bfd3]::io::write::Write>::write_fmt
[INFO] [stdout]    3:     0x5e795c1fa046 - std[70759c8f55707aa4]::panicking::default_hook::{closure#0}
[INFO] [stdout]    4:     0x5e795c2178e9 - std[70759c8f55707aa4]::panicking::default_hook
[INFO] [stdout]    5:     0x5e795c17c8f0 - test[9d35eded1c95d3be]::test_main_inner::<test[9d35eded1c95d3be]::test_main_static::{closure#0}>::{closure#0}
[INFO] [stdout]    6:     0x5e795c217c12 - std[70759c8f55707aa4]::panicking::panic_with_hook
[INFO] [stdout]    7:     0x5e795c1fa0f2 - std[70759c8f55707aa4]::panicking::panic_handler::{closure#0}
[INFO] [stdout]    8:     0x5e795c1f2d29 - std[70759c8f55707aa4]::sys::backtrace::__rust_end_short_backtrace::<std[70759c8f55707aa4]::panicking::panic_handler::{closure#0}, !>
[INFO] [stdout]    9:     0x5e795c1faced - __rustc[8fa7c3cbc660c2b3]::rust_begin_unwind
[INFO] [stdout]   10:     0x5e795c23677c - core[df12db4294e9bfd3]::panicking::panic_fmt
[INFO] [stdout]   11:     0x5e795c236552 - core[df12db4294e9bfd3]::result::unwrap_failed
[INFO] [stdout]   12:     0x5e795c16c38d - sdr_heatmap[ee6bd03cb82523c5]::open_file
[INFO] [stdout]   13:     0x5e795c15aec6 - sdr_heatmap[ee6bd03cb82523c5]::tests::preprocess_par_iter_result
[INFO] [stdout]   14:     0x5e795c16c789 - <sdr_heatmap[ee6bd03cb82523c5]::tests::preprocess_par_iter_result::{closure#0} as core[df12db4294e9bfd3]::ops::function::FnOnce<()>>::call_once
[INFO] [stdout]   15:     0x5e795c16fbdb - test[9d35eded1c95d3be]::__rust_begin_short_backtrace::<core[df12db4294e9bfd3]::result::Result<(), alloc[2182bb758b4b3781]::string::String>, fn() -> core[df12db4294e9bfd3]::result::Result<(), alloc[2182bb758b4b3781]::string::String>>
[INFO] [stdout]   16:     0x5e795c17d245 - test[9d35eded1c95d3be]::run_test::{closure#0}
[INFO] [stdout]   17:     0x5e795c176b04 - std[70759c8f55707aa4]::sys::backtrace::__rust_begin_short_backtrace::<test[9d35eded1c95d3be]::run_test::{closure#1}, ()>
[INFO] [stdout]   18:     0x5e795c1803a2 - <std[70759c8f55707aa4]::thread::lifecycle::spawn_unchecked<test[9d35eded1c95d3be]::run_test::{closure#1}, ()>::{closure#1} as core[df12db4294e9bfd3]::ops::function::FnOnce<()>>::call_once::{shim:vtable#0}
[INFO] [stdout]   19:     0x5e795c21ed59 - <std[70759c8f55707aa4]::sys::thread::unix::Thread>::new::thread_start
[INFO] [stdout]   20:     0x7cf486802dfa - <unknown>
[INFO] [stdout]   21:     0x7cf4868963d4 - clone
[INFO] [stdout]   22:                0x0 - <unknown>
[INFO] [stdout] 
[INFO] [stdout] ---- tests::complete stdout ----
[INFO] [stdout] 
[INFO] [stdout] thread 'tests::complete' (2257) panicked at src/lib.rs:104:33:
[INFO] [stdout] called `Result::unwrap()` on an `Err` value: Os { code: 2, kind: NotFound, message: "No such file or directory" }
[INFO] [stdout] stack backtrace:
[INFO] [stdout]    0:     0x5e795c21f491 - <<std[70759c8f55707aa4]::sys::backtrace::BacktraceLock>::print::DisplayBacktrace as core[df12db4294e9bfd3]::fmt::Display>::fmt
[INFO] [stdout]    1:     0x5e795c23601a - core[df12db4294e9bfd3]::fmt::write
[INFO] [stdout]    2:     0x5e795c223dfc - <alloc[2182bb758b4b3781]::vec::Vec<u8> as core[df12db4294e9bfd3]::io::write::Write>::write_fmt
[INFO] [stdout]    3:     0x5e795c1fa046 - std[70759c8f55707aa4]::panicking::default_hook::{closure#0}
[INFO] [stdout]    4:     0x5e795c2178e9 - std[70759c8f55707aa4]::panicking::default_hook
[INFO] [stdout]    5:     0x5e795c17c8f0 - test[9d35eded1c95d3be]::test_main_inner::<test[9d35eded1c95d3be]::test_main_static::{closure#0}>::{closure#0}
[INFO] [stdout]    6:     0x5e795c217c12 - std[70759c8f55707aa4]::panicking::panic_with_hook
[INFO] [stdout]    7:     0x5e795c1fa0f2 - std[70759c8f55707aa4]::panicking::panic_handler::{closure#0}
[INFO] [stdout]    8:     0x5e795c1f2d29 - std[70759c8f55707aa4]::sys::backtrace::__rust_end_short_backtrace::<std[70759c8f55707aa4]::panicking::panic_handler::{closure#0}, !>
[INFO] [stdout]    9:     0x5e795c1faced - __rustc[8fa7c3cbc660c2b3]::rust_begin_unwind
[INFO] [stdout]   10:     0x5e795c23677c - core[df12db4294e9bfd3]::panicking::panic_fmt
[INFO] [stdout]   11:     0x5e795c236552 - core[df12db4294e9bfd3]::result::unwrap_failed
[INFO] [stdout]   12:     0x5e795c16c38d - sdr_heatmap[ee6bd03cb82523c5]::open_file
[INFO] [stdout]   13:     0x5e795c16a6c2 - sdr_heatmap[ee6bd03cb82523c5]::main
[INFO] [stdout]   14:     0x5e795c16c7b5 - <sdr_heatmap[ee6bd03cb82523c5]::tests::complete::{closure#0} as core[df12db4294e9bfd3]::ops::function::FnOnce<()>>::call_once
[INFO] [stdout]   15:     0x5e795c16fbdb - test[9d35eded1c95d3be]::__rust_begin_short_backtrace::<core[df12db4294e9bfd3]::result::Result<(), alloc[2182bb758b4b3781]::string::String>, fn() -> core[df12db4294e9bfd3]::result::Result<(), alloc[2182bb758b4b3781]::string::String>>
[INFO] [stdout]   16:     0x5e795c17d245 - test[9d35eded1c95d3be]::run_test::{closure#0}
[INFO] [stdout]   17:     0x5e795c176b04 - std[70759c8f55707aa4]::sys::backtrace::__rust_begin_short_backtrace::<test[9d35eded1c95d3be]::run_test::{closure#1}, ()>
[INFO] [stdout]   18:     0x5e795c1803a2 - <std[70759c8f55707aa4]::thread::lifecycle::spawn_unchecked<test[9d35eded1c95d3be]::run_test::{closure#1}, ()>::{closure#1} as core[df12db4294e9bfd3]::ops::function::FnOnce<()>>::call_once::{shim:vtable#0}
[INFO] [stdout]   19:     0x5e795c21ed59 - <std[70759c8f55707aa4]::sys::thread::unix::Thread>::new::thread_start
[INFO] [stdout]   20:     0x7cf486802dfa - <unknown>
[INFO] [stdout]   21:     0x7cf4868963d4 - clone
[INFO] [stdout]   22:                0x0 - <unknown>
[INFO] [stdout] 
[INFO] [stdout] ---- tests::preprocess_result stdout ----
[INFO] [stdout] 
[INFO] [stdout] thread 'tests::preprocess_result' (2260) panicked at src/lib.rs:104:33:
[INFO] [stdout] called `Result::unwrap()` on an `Err` value: Os { code: 2, kind: NotFound, message: "No such file or directory" }
[INFO] [stdout] stack backtrace:
[INFO] [stdout]    0:     0x5e795c21f491 - <<std[70759c8f55707aa4]::sys::backtrace::BacktraceLock>::print::DisplayBacktrace as core[df12db4294e9bfd3]::fmt::Display>::fmt
[INFO] [stdout]    1:     0x5e795c23601a - core[df12db4294e9bfd3]::fmt::write
[INFO] [stdout]    2:     0x5e795c223dfc - <alloc[2182bb758b4b3781]::vec::Vec<u8> as core[df12db4294e9bfd3]::io::write::Write>::write_fmt
[INFO] [stdout]    3:     0x5e795c1fa046 - std[70759c8f55707aa4]::panicking::default_hook::{closure#0}
[INFO] [stdout]    4:     0x5e795c2178e9 - std[70759c8f55707aa4]::panicking::default_hook
[INFO] [stdout]    5:     0x5e795c17c8f0 - test[9d35eded1c95d3be]::test_main_inner::<test[9d35eded1c95d3be]::test_main_static::{closure#0}>::{closure#0}
[INFO] [stdout]    6:     0x5e795c217c12 - std[70759c8f55707aa4]::panicking::panic_with_hook
[INFO] [stdout]    7:     0x5e795c1fa0f2 - std[70759c8f55707aa4]::panicking::panic_handler::{closure#0}
[INFO] [stdout]    8:     0x5e795c1f2d29 - std[70759c8f55707aa4]::sys::backtrace::__rust_end_short_backtrace::<std[70759c8f55707aa4]::panicking::panic_handler::{closure#0}, !>
[INFO] [stdout]    9:     0x5e795c1faced - __rustc[8fa7c3cbc660c2b3]::rust_begin_unwind
[INFO] [stdout]   10:     0x5e795c23677c - core[df12db4294e9bfd3]::panicking::panic_fmt
[INFO] [stdout]   11:     0x5e795c236552 - core[df12db4294e9bfd3]::result::unwrap_failed
[INFO] [stdout]   12:     0x5e795c16c38d - sdr_heatmap[ee6bd03cb82523c5]::open_file
[INFO] [stdout]   13:     0x5e795c15ad66 - sdr_heatmap[ee6bd03cb82523c5]::tests::preprocess_result
[INFO] [stdout]   14:     0x5e795c16c749 - <sdr_heatmap[ee6bd03cb82523c5]::tests::preprocess_result::{closure#0} as core[df12db4294e9bfd3]::ops::function::FnOnce<()>>::call_once
[INFO] [stdout]   15:     0x5e795c16fbdb - test[9d35eded1c95d3be]::__rust_begin_short_backtrace::<core[df12db4294e9bfd3]::result::Result<(), alloc[2182bb758b4b3781]::string::String>, fn() -> core[df12db4294e9bfd3]::result::Result<(), alloc[2182bb758b4b3781]::string::String>>
[INFO] [stdout]   16:     0x5e795c17d245 - test[9d35eded1c95d3be]::run_test::{closure#0}
[INFO] [stdout]   17:     0x5e795c176b04 - std[70759c8f55707aa4]::sys::backtrace::__rust_begin_short_backtrace::<test[9d35eded1c95d3be]::run_test::{closure#1}, ()>
[INFO] [stdout]   18:     0x5e795c1803a2 - <std[70759c8f55707aa4]::thread::lifecycle::spawn_unchecked<test[9d35eded1c95d3be]::run_test::{closure#1}, ()>::{closure#1} as core[df12db4294e9bfd3]::ops::function::FnOnce<()>>::call_once::{shim:vtable#0}
[INFO] [stdout]   19:     0x5e795c21ed59 - <std[70759c8f55707aa4]::sys::thread::unix::Thread>::new::thread_start
[INFO] [stdout]   20:     0x7cf486802dfa - <unknown>
[INFO] [stdout]   21:     0x7cf4868963d4 - clone
[INFO] [stdout]   22:                0x0 - <unknown>
[INFO] [stdout] 
[INFO] [stdout] ---- tests::preprocess_iter_result stdout ----
[INFO] [stdout] 
[INFO] [stdout] thread 'tests::preprocess_iter_result' (2258) panicked at src/lib.rs:104:33:
[INFO] [stdout] called `Result::unwrap()` on an `Err` value: Os { code: 2, kind: NotFound, message: "No such file or directory" }
[INFO] [stdout] stack backtrace:
[INFO] [stdout]    0:     0x5e795c21f491 - <<std[70759c8f55707aa4]::sys::backtrace::BacktraceLock>::print::DisplayBacktrace as core[df12db4294e9bfd3]::fmt::Display>::fmt
[INFO] [stdout]    1:     0x5e795c23601a - core[df12db4294e9bfd3]::fmt::write
[INFO] [stdout]    2:     0x5e795c223dfc - <alloc[2182bb758b4b3781]::vec::Vec<u8> as core[df12db4294e9bfd3]::io::write::Write>::write_fmt
[INFO] [stdout]    3:     0x5e795c1fa046 - std[70759c8f55707aa4]::panicking::default_hook::{closure#0}
[INFO] [stdout]    4:     0x5e795c2178e9 - std[70759c8f55707aa4]::panicking::default_hook
[INFO] [stdout]    5:     0x5e795c17c8f0 - test[9d35eded1c95d3be]::test_main_inner::<test[9d35eded1c95d3be]::test_main_static::{closure#0}>::{closure#0}
[INFO] [stdout]    6:     0x5e795c217c12 - std[70759c8f55707aa4]::panicking::panic_with_hook
[INFO] [stdout]    7:     0x5e795c1fa0f2 - std[70759c8f55707aa4]::panicking::panic_handler::{closure#0}
[INFO] [stdout]    8:     0x5e795c1f2d29 - std[70759c8f55707aa4]::sys::backtrace::__rust_end_short_backtrace::<std[70759c8f55707aa4]::panicking::panic_handler::{closure#0}, !>
[INFO] [stdout]    9:     0x5e795c1faced - __rustc[8fa7c3cbc660c2b3]::rust_begin_unwind
[INFO] [stdout]   10:     0x5e795c23677c - core[df12db4294e9bfd3]::panicking::panic_fmt
[INFO] [stdout]   11:     0x5e795c236552 - core[df12db4294e9bfd3]::result::unwrap_failed
[INFO] [stdout]   12:     0x5e795c16c38d - sdr_heatmap[ee6bd03cb82523c5]::open_file
[INFO] [stdout]   13:     0x5e795c15ae16 - sdr_heatmap[ee6bd03cb82523c5]::tests::preprocess_iter_result
[INFO] [stdout]   14:     0x5e795c16c769 - <sdr_heatmap[ee6bd03cb82523c5]::tests::preprocess_iter_result::{closure#0} as core[df12db4294e9bfd3]::ops::function::FnOnce<()>>::call_once
[INFO] [stdout]   15:     0x5e795c16fbdb - test[9d35eded1c95d3be]::__rust_begin_short_backtrace::<core[df12db4294e9bfd3]::result::Result<(), alloc[2182bb758b4b3781]::string::String>, fn() -> core[df12db4294e9bfd3]::result::Result<(), alloc[2182bb758b4b3781]::string::String>>
[INFO] [stdout]   16:     0x5e795c17d245 - test[9d35eded1c95d3be]::run_test::{closure#0}
[INFO] [stdout]   17:     0x5e795c176b04 - std[70759c8f55707aa4]::sys::backtrace::__rust_begin_short_backtrace::<test[9d35eded1c95d3be]::run_test::{closure#1}, ()>
[INFO] [stdout]   18:     0x5e795c1803a2 - <std[70759c8f55707aa4]::thread::lifecycle::spawn_unchecked<test[9d35eded1c95d3be]::run_test::{closure#1}, ()>::{closure#1} as core[df12db4294e9bfd3]::ops::function::FnOnce<()>>::call_once::{shim:vtable#0}
[INFO] [stdout]   19:     0x5e795c21ed59 - <std[70759c8f55707aa4]::sys::thread::unix::Thread>::new::thread_start
[INFO] [stdout]   20:     0x7cf486802dfa - <unknown>
[INFO] [stdout]   21:     0x7cf4868963d4 - clone
[INFO] [stdout]   22:                0x0 - <unknown>
[INFO] [stdout] 
[INFO] [stdout] 
[INFO] [stdout] failures:
[INFO] [stdout]     tests::complete
[INFO] [stdout]     tests::preprocess_iter_result
[INFO] [stdout]     tests::preprocess_par_iter_result
[INFO] [stdout]     tests::preprocess_result
[INFO] [stdout] 
[INFO] [stdout] test result: FAILED. 4 passed; 4 failed; 0 ignored; 0 measured; 0 filtered out; finished in 0.01s
[INFO] [stdout] 
[INFO] [stderr] error: test failed, to rerun pass `--lib`
[INFO] running `Command { std: "docker" "inspect" "df8b1b88fbe750c0fb8532174550d95878145677ab60bf89b9a6a330d735c513", kill_on_drop: false }`
[INFO] running `Command { std: "docker" "rm" "-f" "df8b1b88fbe750c0fb8532174550d95878145677ab60bf89b9a6a330d735c513", kill_on_drop: false }`
[INFO] [stdout] df8b1b88fbe750c0fb8532174550d95878145677ab60bf89b9a6a330d735c513
