[INFO] fetching crate sdk-gen-parser 0.0.2...
[INFO] testing sdk-gen-parser-0.0.2 against 1.100.0-beta.1+cargoflags=--release for beta-release-1.100-2
[INFO] extracting crate sdk-gen-parser 0.0.2 into /workspace/builds/worker-2-tc2/source
[INFO] started tweaking crates.io crate sdk-gen-parser 0.0.2
[INFO] removed 0 missing tests
[INFO] finished tweaking crates.io crate sdk-gen-parser 0.0.2
[INFO] tweaked toml for crates.io crate sdk-gen-parser 0.0.2 written to /workspace/builds/worker-2-tc2/source/Cargo.toml
[INFO] validating manifest of crates.io crate sdk-gen-parser 0.0.2 on toolchain 1.100.0-beta.1
[INFO] running `Command { std: CARGO_HOME="/workspace/cargo-home" RUSTUP_HOME="/workspace/rustup-home" "/workspace/cargo-home/bin/cargo" "+1.100.0-beta.1" "metadata" "--manifest-path" "Cargo.toml" "--no-deps", kill_on_drop: false }`
[INFO] crate crates.io crate sdk-gen-parser 0.0.2 already has a lockfile, it will not be regenerated
[INFO] running `Command { std: CARGO_HOME="/workspace/cargo-home" RUSTUP_HOME="/workspace/rustup-home" "/workspace/cargo-home/bin/cargo" "+1.100.0-beta.1" "fetch" "--manifest-path" "Cargo.toml", kill_on_drop: false }`
[INFO] [stderr] warning: `package.homepage` is redundant with `package.repository`
[INFO] [stderr]   --> Cargo.toml:39:12
[INFO] [stderr]    |
[INFO] [stderr] 39 | homepage = "https://github.com/matt-storey/openapi-multi-sdk-gen"
[INFO] [stderr]    |            ^^^^^^^^^^^^^^^^^^^^^^^^^^^^^^^^^^^^^^^^^^^^^^^^^^^^^^
[INFO] [stderr] ...
[INFO] [stderr] 44 | repository = "https://github.com/matt-storey/openapi-multi-sdk-gen"
[INFO] [stderr]    |              ------------------------------------------------------
[INFO] [stderr]    |
[INFO] [stderr]    = note: `cargo::redundant_homepage` is set to `warn` by default
[INFO] [stderr] help: consider removing `package.homepage`
[INFO] [stderr] warning: `sdk-gen-parser` (manifest) generated 1 warning
[INFO] running `Command { std: "docker" "create" "-v" "/var/lib/crater-agent-workspace/builds/worker-2-tc2/source:/opt/rustwide/workdir:ro,Z" "-v" "/var/lib/crater-agent-workspace/builds/worker-2-tc2/target:/opt/rustwide/target:rw,Z" "-v" "/var/lib/crater-agent-workspace/cargo-home:/opt/rustwide/cargo-home:ro,Z" "-v" "/var/lib/crater-agent-workspace/rustup-home:/opt/rustwide/rustup-home:ro,Z" "-m" "1610612736" "--network" "none" "ghcr.io/rust-lang/crates-build-env/linux@sha256:77db811e55d90add9212f6832c23229e3de5f1c1f9905e8cb07319ea15df73ac" "sleep" "infinity", kill_on_drop: false }`
[INFO] [stdout] c38ef92320e31331f5d0e0a3f2e4920c664f27b292946f73879679a08af003f8
[INFO] running `Command { std: "docker" "start" "c38ef92320e31331f5d0e0a3f2e4920c664f27b292946f73879679a08af003f8", kill_on_drop: false }`
[INFO] running `Command { std: "docker" "inspect" "c38ef92320e31331f5d0e0a3f2e4920c664f27b292946f73879679a08af003f8", kill_on_drop: false }`
[INFO] running `Command { std: "docker" "exec" "-e" "SOURCE_DIR=/opt/rustwide/workdir" "-e" "CARGO_HOME=/opt/rustwide/cargo-home" "-e" "RUSTUP_HOME=/opt/rustwide/rustup-home" "-e" "CARGO_TARGET_DIR=/opt/rustwide/target" "-w" "/opt/rustwide/workdir" "--user" "0:0" "c38ef92320e31331f5d0e0a3f2e4920c664f27b292946f73879679a08af003f8" "/opt/rustwide/cargo-home/bin/cargo" "+1.100.0-beta.1" "metadata" "--no-deps" "--format-version=1", kill_on_drop: false }`
[INFO] running `Command { std: "docker" "inspect" "c38ef92320e31331f5d0e0a3f2e4920c664f27b292946f73879679a08af003f8", kill_on_drop: false }`
[INFO] running `Command { std: "docker" "exec" "-e" "SOURCE_DIR=/opt/rustwide/workdir" "-e" "CARGO_HOME=/opt/rustwide/cargo-home" "-e" "RUSTUP_HOME=/opt/rustwide/rustup-home" "-e" "CARGO_TARGET_DIR=/opt/rustwide/target" "-e" "CARGO_INCREMENTAL=0" "-e" "RUST_BACKTRACE=full" "-e" "RUSTFLAGS=--cap-lints=warn" "-e" "RUSTDOCFLAGS=--cap-lints=warn" "-w" "/opt/rustwide/workdir" "--user" "0:0" "c38ef92320e31331f5d0e0a3f2e4920c664f27b292946f73879679a08af003f8" "/opt/rustwide/cargo-home/bin/cargo" "+1.100.0-beta.1" "build" "--frozen" "--message-format=json" "--release", kill_on_drop: false }`
[INFO] [stderr] warning: `package.homepage` is redundant with `package.repository`
[INFO] [stderr]   --> Cargo.toml:39:12
[INFO] [stderr]    |
[INFO] [stderr] 39 | homepage = "https://github.com/matt-storey/openapi-multi-sdk-gen"
[INFO] [stderr]    |            ^^^^^^^^^^^^^^^^^^^^^^^^^^^^^^^^^^^^^^^^^^^^^^^^^^^^^^
[INFO] [stderr] ...
[INFO] [stderr] 44 | repository = "https://github.com/matt-storey/openapi-multi-sdk-gen"
[INFO] [stderr]    |              ------------------------------------------------------
[INFO] [stderr]    |
[INFO] [stderr]    = note: `cargo::redundant_homepage` is set to `warn` by default
[INFO] [stderr] help: consider removing `package.homepage`
[INFO] [stderr] warning: `sdk-gen-parser` (manifest) generated 1 warning
[INFO] [stderr]    Compiling thiserror v2.0.19
[INFO] [stderr]    Compiling serde_json v1.0.151
[INFO] [stderr]    Compiling sdk-gen-ir v0.0.2
[INFO] [stderr]    Compiling syn v3.0.3
[INFO] [stderr]    Compiling indexmap v2.14.0
[INFO] [stderr]    Compiling serde_derive v1.0.229
[INFO] [stderr]    Compiling thiserror-impl v2.0.19
[INFO] [stderr]    Compiling serde v1.0.229
[INFO] [stderr]    Compiling serde_yaml_ng v0.10.0
[INFO] [stderr]    Compiling sdk-gen-parser v0.0.2 (/opt/rustwide/workdir)
[INFO] [stderr]     Finished `release` profile [optimized] target(s) in 18.90s
[INFO] running `Command { std: "docker" "inspect" "c38ef92320e31331f5d0e0a3f2e4920c664f27b292946f73879679a08af003f8", kill_on_drop: false }`
[INFO] running `Command { std: "docker" "exec" "-e" "SOURCE_DIR=/opt/rustwide/workdir" "-e" "CARGO_HOME=/opt/rustwide/cargo-home" "-e" "RUSTUP_HOME=/opt/rustwide/rustup-home" "-e" "CARGO_TARGET_DIR=/opt/rustwide/target" "-e" "CARGO_INCREMENTAL=0" "-e" "RUST_BACKTRACE=full" "-e" "RUSTFLAGS=--cap-lints=warn" "-e" "RUSTDOCFLAGS=--cap-lints=warn" "-w" "/opt/rustwide/workdir" "--user" "0:0" "c38ef92320e31331f5d0e0a3f2e4920c664f27b292946f73879679a08af003f8" "/opt/rustwide/cargo-home/bin/cargo" "+1.100.0-beta.1" "test" "--frozen" "--no-run" "--message-format=json" "--release", kill_on_drop: false }`
[INFO] [stderr] warning: `package.homepage` is redundant with `package.repository`
[INFO] [stderr]   --> Cargo.toml:39:12
[INFO] [stderr]    |
[INFO] [stderr] 39 | homepage = "https://github.com/matt-storey/openapi-multi-sdk-gen"
[INFO] [stderr]    |            ^^^^^^^^^^^^^^^^^^^^^^^^^^^^^^^^^^^^^^^^^^^^^^^^^^^^^^
[INFO] [stderr] ...
[INFO] [stderr] 44 | repository = "https://github.com/matt-storey/openapi-multi-sdk-gen"
[INFO] [stderr]    |              ------------------------------------------------------
[INFO] [stderr]    |
[INFO] [stderr]    = note: `cargo::redundant_homepage` is set to `warn` by default
[INFO] [stderr] help: consider removing `package.homepage`
[INFO] [stderr] warning: `sdk-gen-parser` (manifest) generated 1 warning
[INFO] [stderr]    Compiling similar v2.7.0
[INFO] [stderr]    Compiling rustix v1.1.4
[INFO] [stderr]    Compiling console v0.16.4
[INFO] [stderr]    Compiling tempfile v3.27.0
[INFO] [stderr]    Compiling insta v1.48.0
[INFO] [stderr]    Compiling sdk-gen-parser v0.0.2 (/opt/rustwide/workdir)
[INFO] [stderr]     Finished `release` profile [optimized] target(s) in 14.03s
[INFO] running `Command { std: "docker" "inspect" "c38ef92320e31331f5d0e0a3f2e4920c664f27b292946f73879679a08af003f8", kill_on_drop: false }`
[INFO] running `Command { std: "docker" "exec" "-e" "SOURCE_DIR=/opt/rustwide/workdir" "-e" "CARGO_HOME=/opt/rustwide/cargo-home" "-e" "RUSTUP_HOME=/opt/rustwide/rustup-home" "-e" "CARGO_TARGET_DIR=/opt/rustwide/target" "-e" "CARGO_INCREMENTAL=0" "-e" "RUST_BACKTRACE=full" "-e" "RUSTFLAGS=--cap-lints=warn" "-e" "RUSTDOCFLAGS=--cap-lints=warn" "-w" "/opt/rustwide/workdir" "--user" "0:0" "c38ef92320e31331f5d0e0a3f2e4920c664f27b292946f73879679a08af003f8" "/opt/rustwide/cargo-home/bin/cargo" "+1.100.0-beta.1" "test" "--frozen" "--release", kill_on_drop: false }`
[INFO] [stderr] warning: `package.homepage` is redundant with `package.repository`
[INFO] [stderr]   --> Cargo.toml:39:12
[INFO] [stderr]    |
[INFO] [stderr] 39 | homepage = "https://github.com/matt-storey/openapi-multi-sdk-gen"
[INFO] [stderr]    |            ^^^^^^^^^^^^^^^^^^^^^^^^^^^^^^^^^^^^^^^^^^^^^^^^^^^^^^
[INFO] [stderr] ...
[INFO] [stderr] 44 | repository = "https://github.com/matt-storey/openapi-multi-sdk-gen"
[INFO] [stderr]    |              ------------------------------------------------------
[INFO] [stderr]    |
[INFO] [stderr]    = note: `cargo::redundant_homepage` is set to `warn` by default
[INFO] [stderr] help: consider removing `package.homepage`
[INFO] [stderr] warning: `sdk-gen-parser` (manifest) generated 1 warning
[INFO] [stderr]     Finished `release` profile [optimized] target(s) in 0.07s
[INFO] [stderr]      Running unittests src/lib.rs (/opt/rustwide/target/release/build/sdk-gen-parser/30d33d66d2e22ac1/out/sdk_gen_parser-30d33d66d2e22ac1)
[INFO] [stdout] 
[INFO] [stdout] running 6 tests
[INFO] [stdout] test resolver::tests::rejects_external_and_deep_refs ... ok
[INFO] [stdout] test resolver::tests::no_external_refs_in_self_contained_doc ... ok
[INFO] [stdout] test util::tests::pascal_case_handles_common_shapes ... ok
[INFO] [stdout] test resolver::tests::collects_distinct_external_refs_only ... ok
[INFO] [stdout] test resolver::tests::classifies_v3_and_v2_local_refs ... ok
[INFO] [stdout] test resolver::tests::classifies_param_refs ... ok
[INFO] [stdout] 
[INFO] [stdout] test result: ok. 6 passed; 0 failed; 0 ignored; 0 measured; 0 filtered out; finished in 0.01s
[INFO] [stdout] 
[INFO] [stderr]      Running tests/parser.rs (/opt/rustwide/target/release/build/sdk-gen-parser/c79e8956a5ff5554/out/parser-c79e8956a5ff5554)
[INFO] [stdout] 
[INFO] [stdout] running 27 tests
[INFO] [stdout] test parse_nullable_field_sets_nullable_flag ... ok
[INFO] [stdout] test parse_captures_parameter_constraints ... ok
[INFO] [stdout] test lifts_array_of_inline_objects_as_item_schema ... FAILED
[INFO] [stdout] test lifting_skips_empty_and_map_only_objects ... ok
[INFO] [stdout] test lifts_inline_response_and_request_objects_into_named_schemas ... FAILED
[INFO] [stdout] test parse_captures_field_and_parameter_defaults ... FAILED
[INFO] [stdout] test parse_deprecated_marks_operations_and_fields ... FAILED
[INFO] [stdout] test no_warning_for_self_contained_spec ... ok
[INFO] [stdout] test parse_captures_read_only_and_write_only ... FAILED
[INFO] [stdout] test parse_petstore_v2_loads_without_error ... FAILED
[INFO] [stdout] test parse_resolves_query_style_and_explode_defaults ... FAILED
[INFO] [stdout] test parse_captures_servers_and_variables ... FAILED
[INFO] [stdout] test lifted_names_avoid_collisions_with_declared_schemas ... ok
[INFO] [stdout] test drops_vacuous_optional_request_bodies ... ok
[INFO] [stdout] test parse_petstore_v3_list_pets_has_correct_params ... FAILED
[INFO] [stdout] test parse_petstore_v3_pet_schema_has_correct_fields ... FAILED
[INFO] [stdout] test parse_simple_types_covers_every_ir_type_variant ... FAILED
[INFO] [stdout] test parse_petstore_v3_loads_without_error ... FAILED
[INFO] [stdout] test parse_v2_and_v3_petstore_produce_equivalent_ir ... FAILED
[INFO] [stdout] test parse_v2_synthesizes_one_server_per_scheme ... ok
[INFO] [stdout] test parse_recursive_schema_does_not_stack_overflow ... FAILED
[INFO] [stdout] test parse_enum_produces_correct_variants ... FAILED
[INFO] [stdout] test parse_resolves_ref_parameters_from_components ... FAILED
[INFO] [stdout] test parse_v2_captures_read_only ... ok
[INFO] [stdout] test parse_v2_collection_format_maps_to_style ... ok
[INFO] [stdout] test parse_captures_validation_constraints ... FAILED
[INFO] [stdout] test warns_on_external_file_refs ... ok
[INFO] [stdout] 
[INFO] [stdout] failures:
[INFO] [stdout] 
[INFO] [stdout] ---- lifts_array_of_inline_objects_as_item_schema stdout ----
[INFO] [stdout] 
[INFO] [stdout] thread 'lifts_array_of_inline_objects_as_item_schema' (587) panicked at tests/parser.rs:23:29:
[INFO] [stdout] failed to parse fixture inline_schemas.yaml: failed to read spec file '/opt/rustwide/workdir/../../tests/fixtures/inline_schemas.yaml': No such file or directory (os error 2)
[INFO] [stdout] stack backtrace:
[INFO] [stdout]    0:     0x5615255c3e91 - <<std[617be2ca0a6fd877]::sys::backtrace::BacktraceLock>::print::DisplayBacktrace as core[a373ad73a504971]::fmt::Display>::fmt
[INFO] [stdout]    1:     0x5615255d9ada - core[a373ad73a504971]::fmt::write
[INFO] [stdout]    2:     0x5615255c80cc - <alloc[2e1b2a31b91974c5]::vec::Vec<u8> as core[a373ad73a504971]::io::write::Write>::write_fmt
[INFO] [stdout]    3:     0x56152559fd56 - std[617be2ca0a6fd877]::panicking::default_hook::{closure#0}
[INFO] [stdout]    4:     0x5615255bc1c9 - std[617be2ca0a6fd877]::panicking::default_hook
[INFO] [stdout]    5:     0x5615254a23d0 - test[aada8e7e76ba119b]::test_main_inner::{closure#0}
[INFO] [stdout]    6:     0x5615255bc382 - std[617be2ca0a6fd877]::panicking::panic_with_hook
[INFO] [stdout]    7:     0x56152559fe02 - std[617be2ca0a6fd877]::panicking::panic_handler::{closure#0}
[INFO] [stdout]    8:     0x561525598989 - std[617be2ca0a6fd877]::sys::backtrace::__rust_end_short_backtrace::<std[617be2ca0a6fd877]::panicking::panic_handler::{closure#0}, !>
[INFO] [stdout]    9:     0x5615255a0a0d - __rustc[ea4f61d10b84890b]::rust_begin_unwind
[INFO] [stdout]   10:     0x5615255da20c - core[a373ad73a504971]::panicking::panic_fmt
[INFO] [stdout]   11:     0x561525482fe5 - parser[edc75781dd102edd]::parse_fixture::{closure#0}
[INFO] [stdout]   12:     0x5615254832d9 - parser[edc75781dd102edd]::parse_fixture
[INFO] [stdout]   13:     0x5615254886a4 - <parser[edc75781dd102edd]::lifts_array_of_inline_objects_as_item_schema::{closure#0} as core[a373ad73a504971]::ops::function::FnOnce<()>>::call_once
[INFO] [stdout]   14:     0x56152549581b - test[aada8e7e76ba119b]::__rust_begin_short_backtrace::<core[a373ad73a504971]::result::Result<(), alloc[2e1b2a31b91974c5]::string::String>, fn() -> core[a373ad73a504971]::result::Result<(), alloc[2e1b2a31b91974c5]::string::String>>
[INFO] [stdout]   15:     0x5615254a29f5 - test[aada8e7e76ba119b]::run_test::{closure#0}
[INFO] [stdout]   16:     0x56152549c2e4 - std[617be2ca0a6fd877]::sys::backtrace::__rust_begin_short_backtrace::<test[aada8e7e76ba119b]::run_test::{closure#1}, ()>
[INFO] [stdout]   17:     0x5615254a5a82 - <std[617be2ca0a6fd877]::thread::lifecycle::spawn_unchecked<test[aada8e7e76ba119b]::run_test::{closure#1}, ()>::{closure#1} as core[a373ad73a504971]::ops::function::FnOnce<()>>::call_once::{shim:vtable#0}
[INFO] [stdout]   18:     0x5615255c338f - <std[617be2ca0a6fd877]::sys::thread::unix::Thread>::new::thread_start
[INFO] [stdout]   19:     0x73827aa18dfa - <unknown>
[INFO] [stdout]   20:     0x73827aaac3d4 - clone
[INFO] [stdout]   21:                0x0 - <unknown>
[INFO] [stdout] 
[INFO] [stdout] ---- lifts_inline_response_and_request_objects_into_named_schemas stdout ----
[INFO] [stdout] 
[INFO] [stdout] thread 'lifts_inline_response_and_request_objects_into_named_schemas' (588) panicked at tests/parser.rs:23:29:
[INFO] [stdout] failed to parse fixture inline_schemas.yaml: failed to read spec file '/opt/rustwide/workdir/../../tests/fixtures/inline_schemas.yaml': No such file or directory (os error 2)
[INFO] [stdout] stack backtrace:
[INFO] [stdout]    0:     0x5615255c3e91 - <<std[617be2ca0a6fd877]::sys::backtrace::BacktraceLock>::print::DisplayBacktrace as core[a373ad73a504971]::fmt::Display>::fmt
[INFO] [stdout]    1:     0x5615255d9ada - core[a373ad73a504971]::fmt::write
[INFO] [stdout]    2:     0x5615255c80cc - <alloc[2e1b2a31b91974c5]::vec::Vec<u8> as core[a373ad73a504971]::io::write::Write>::write_fmt
[INFO] [stdout]    3:     0x56152559fd56 - std[617be2ca0a6fd877]::panicking::default_hook::{closure#0}
[INFO] [stdout]    4:     0x5615255bc1c9 - std[617be2ca0a6fd877]::panicking::default_hook
[INFO] [stdout]    5:     0x5615254a23d0 - test[aada8e7e76ba119b]::test_main_inner::{closure#0}
[INFO] [stdout]    6:     0x5615255bc382 - std[617be2ca0a6fd877]::panicking::panic_with_hook
[INFO] [stdout]    7:     0x56152559fe02 - std[617be2ca0a6fd877]::panicking::panic_handler::{closure#0}
[INFO] [stdout]    8:     0x561525598989 - std[617be2ca0a6fd877]::sys::backtrace::__rust_end_short_backtrace::<std[617be2ca0a6fd877]::panicking::panic_handler::{closure#0}, !>
[INFO] [stdout]    9:     0x5615255a0a0d - __rustc[ea4f61d10b84890b]::rust_begin_unwind
[INFO] [stdout]   10:     0x5615255da20c - core[a373ad73a504971]::panicking::panic_fmt
[INFO] [stdout]   11:     0x561525482fe5 - parser[edc75781dd102edd]::parse_fixture::{closure#0}
[INFO] [stdout]   12:     0x5615254832d9 - parser[edc75781dd102edd]::parse_fixture
[INFO] [stdout]   13:     0x56152548b8df - <parser[edc75781dd102edd]::lifts_inline_response_and_request_objects_into_named_schemas::{closure#0} as core[a373ad73a504971]::ops::function::FnOnce<()>>::call_once
[INFO] [stdout]   14:     0x56152549581b - test[aada8e7e76ba119b]::__rust_begin_short_backtrace::<core[a373ad73a504971]::result::Result<(), alloc[2e1b2a31b91974c5]::string::String>, fn() -> core[a373ad73a504971]::result::Result<(), alloc[2e1b2a31b91974c5]::string::String>>
[INFO] [stdout]   15:     0x5615254a29f5 - test[aada8e7e76ba119b]::run_test::{closure#0}
[INFO] [stdout]   16:     0x56152549c2e4 - std[617be2ca0a6fd877]::sys::backtrace::__rust_begin_short_backtrace::<test[aada8e7e76ba119b]::run_test::{closure#1}, ()>
[INFO] [stdout]   17:     0x5615254a5a82 - <std[617be2ca0a6fd877]::thread::lifecycle::spawn_unchecked<test[aada8e7e76ba119b]::run_test::{closure#1}, ()>::{closure#1} as core[a373ad73a504971]::ops::function::FnOnce<()>>::call_once::{shim:vtable#0}
[INFO] [stdout]   18:     0x5615255c338f - <std[617be2ca0a6fd877]::sys::thread::unix::Thread>::new::thread_start
[INFO] [stdout]   19:     0x73827aa18dfa - <unknown>
[INFO] [stdout]   20:     0x73827aaac3d4 - clone
[INFO] [stdout]   21:                0x0 - <unknown>
[INFO] [stdout] 
[INFO] [stdout] ---- parse_captures_field_and_parameter_defaults stdout ----
[INFO] [stdout] 
[INFO] [stdout] thread 'parse_captures_field_and_parameter_defaults' (590) panicked at tests/parser.rs:23:29:
[INFO] [stdout] failed to parse fixture defaults.yaml: failed to read spec file '/opt/rustwide/workdir/../../tests/fixtures/defaults.yaml': No such file or directory (os error 2)
[INFO] [stdout] stack backtrace:
[INFO] [stdout]    0:     0x5615255c3e91 - <<std[617be2ca0a6fd877]::sys::backtrace::BacktraceLock>::print::DisplayBacktrace as core[a373ad73a504971]::fmt::Display>::fmt
[INFO] [stdout]    1:     0x5615255d9ada - core[a373ad73a504971]::fmt::write
[INFO] [stdout]    2:     0x5615255c80cc - <alloc[2e1b2a31b91974c5]::vec::Vec<u8> as core[a373ad73a504971]::io::write::Write>::write_fmt
[INFO] [stdout]    3:     0x56152559fd56 - std[617be2ca0a6fd877]::panicking::default_hook::{closure#0}
[INFO] [stdout]    4:     0x5615255bc1c9 - std[617be2ca0a6fd877]::panicking::default_hook
[INFO] [stdout]    5:     0x5615254a23d0 - test[aada8e7e76ba119b]::test_main_inner::{closure#0}
[INFO] [stdout]    6:     0x5615255bc382 - std[617be2ca0a6fd877]::panicking::panic_with_hook
[INFO] [stdout]    7:     0x56152559fe02 - std[617be2ca0a6fd877]::panicking::panic_handler::{closure#0}
[INFO] [stdout]    8:     0x561525598989 - std[617be2ca0a6fd877]::sys::backtrace::__rust_end_short_backtrace::<std[617be2ca0a6fd877]::panicking::panic_handler::{closure#0}, !>
[INFO] [stdout]    9:     0x5615255a0a0d - __rustc[ea4f61d10b84890b]::rust_begin_unwind
[INFO] [stdout]   10:     0x5615255da20c - core[a373ad73a504971]::panicking::panic_fmt
[INFO] [stdout]   11:     0x561525482fe5 - parser[edc75781dd102edd]::parse_fixture::{closure#0}
[INFO] [stdout]   12:     0x5615254832d9 - parser[edc75781dd102edd]::parse_fixture
[INFO] [stdout]   13:     0x561525487e77 - <parser[edc75781dd102edd]::parse_captures_field_and_parameter_defaults::{closure#0} as core[a373ad73a504971]::ops::function::FnOnce<()>>::call_once
[INFO] [stdout]   14:     0x56152549581b - test[aada8e7e76ba119b]::__rust_begin_short_backtrace::<core[a373ad73a504971]::result::Result<(), alloc[2e1b2a31b91974c5]::string::String>, fn() -> core[a373ad73a504971]::result::Result<(), alloc[2e1b2a31b91974c5]::string::String>>
[INFO] [stdout]   15:     0x5615254a29f5 - test[aada8e7e76ba119b]::run_test::{closure#0}
[INFO] [stdout]   16:     0x56152549c2e4 - std[617be2ca0a6fd877]::sys::backtrace::__rust_begin_short_backtrace::<test[aada8e7e76ba119b]::run_test::{closure#1}, ()>
[INFO] [stdout]   17:     0x5615254a5a82 - <std[617be2ca0a6fd877]::thread::lifecycle::spawn_unchecked<test[aada8e7e76ba119b]::run_test::{closure#1}, ()>::{closure#1} as core[a373ad73a504971]::ops::function::FnOnce<()>>::call_once::{shim:vtable#0}
[INFO] [stdout]   18:     0x5615255c338f - <std[617be2ca0a6fd877]::sys::thread::unix::Thread>::new::thread_start
[INFO] [stdout]   19:     0x73827aa18dfa - <unknown>
[INFO] [stdout]   20:     0x73827aaac3d4 - clone
[INFO] [stdout]   21:                0x0 - <unknown>
[INFO] [stdout] 
[INFO] [stdout] ---- parse_deprecated_marks_operations_and_fields stdout ----
[INFO] [stdout] 
[INFO] [stdout] thread 'parse_deprecated_marks_operations_and_fields' (595) panicked at tests/parser.rs:23:29:
[INFO] [stdout] failed to parse fixture deprecated.yaml: failed to read spec file '/opt/rustwide/workdir/../../tests/fixtures/deprecated.yaml': No such file or directory (os error 2)
[INFO] [stdout] stack backtrace:
[INFO] [stdout]    0:     0x5615255c3e91 - <<std[617be2ca0a6fd877]::sys::backtrace::BacktraceLock>::print::DisplayBacktrace as core[a373ad73a504971]::fmt::Display>::fmt
[INFO] [stdout]    1:     0x5615255d9ada - core[a373ad73a504971]::fmt::write
[INFO] [stdout]    2:     0x5615255c80cc - <alloc[2e1b2a31b91974c5]::vec::Vec<u8> as core[a373ad73a504971]::io::write::Write>::write_fmt
[INFO] [stdout]    3:     0x56152559fd56 - std[617be2ca0a6fd877]::panicking::default_hook::{closure#0}
[INFO] [stdout]    4:     0x5615255bc1c9 - std[617be2ca0a6fd877]::panicking::default_hook
[INFO] [stdout]    5:     0x5615254a23d0 - test[aada8e7e76ba119b]::test_main_inner::{closure#0}
[INFO] [stdout]    6:     0x5615255bc382 - std[617be2ca0a6fd877]::panicking::panic_with_hook
[INFO] [stdout]    7:     0x56152559fe02 - std[617be2ca0a6fd877]::panicking::panic_handler::{closure#0}
[INFO] [stdout]    8:     0x561525598989 - std[617be2ca0a6fd877]::sys::backtrace::__rust_end_short_backtrace::<std[617be2ca0a6fd877]::panicking::panic_handler::{closure#0}, !>
[INFO] [stdout]    9:     0x5615255a0a0d - __rustc[ea4f61d10b84890b]::rust_begin_unwind
[INFO] [stdout]   10:     0x5615255da20c - core[a373ad73a504971]::panicking::panic_fmt
[INFO] [stdout]   11:     0x561525482fe5 - parser[edc75781dd102edd]::parse_fixture::{closure#0}
[INFO] [stdout]   12:     0x5615254832d9 - parser[edc75781dd102edd]::parse_fixture
[INFO] [stdout]   13:     0x561525488a8e - <parser[edc75781dd102edd]::parse_deprecated_marks_operations_and_fields::{closure#0} as core[a373ad73a504971]::ops::function::FnOnce<()>>::call_once
[INFO] [stdout]   14:     0x56152549581b - test[aada8e7e76ba119b]::__rust_begin_short_backtrace::<core[a373ad73a504971]::result::Result<(), alloc[2e1b2a31b91974c5]::string::String>, fn() -> core[a373ad73a504971]::result::Result<(), alloc[2e1b2a31b91974c5]::string::String>>
[INFO] [stdout]   15:     0x5615254a29f5 - test[aada8e7e76ba119b]::run_test::{closure#0}
[INFO] [stdout]   16:     0x56152549c2e4 - std[617be2ca0a6fd877]::sys::backtrace::__rust_begin_short_backtrace::<test[aada8e7e76ba119b]::run_test::{closure#1}, ()>
[INFO] [stdout]   17:     0x5615254a5a82 - <std[617be2ca0a6fd877]::thread::lifecycle::spawn_unchecked<test[aada8e7e76ba119b]::run_test::{closure#1}, ()>::{closure#1} as core[a373ad73a504971]::ops::function::FnOnce<()>>::call_once::{shim:vtable#0}
[INFO] [stdout]   18:     0x5615255c338f - <std[617be2ca0a6fd877]::sys::thread::unix::Thread>::new::thread_start
[INFO] [stdout]   19:     0x73827aa18dfa - <unknown>
[INFO] [stdout]   20:     0x73827aaac3d4 - clone
[INFO] [stdout]   21:                0x0 - <unknown>
[INFO] [stdout] 
[INFO] [stdout] ---- parse_captures_read_only_and_write_only stdout ----
[INFO] [stdout] 
[INFO] [stdout] thread 'parse_captures_read_only_and_write_only' (592) panicked at tests/parser.rs:451:69:
[INFO] [stdout] called `Result::unwrap()` on an `Err` value: Io { path: "/opt/rustwide/workdir/../../tests/fixtures/readwrite.yaml", source: Os { code: 2, kind: NotFound, message: "No such file or directory" } }
[INFO] [stdout] stack backtrace:
[INFO] [stdout]    0:     0x5615255c3e91 - <<std[617be2ca0a6fd877]::sys::backtrace::BacktraceLock>::print::DisplayBacktrace as core[a373ad73a504971]::fmt::Display>::fmt
[INFO] [stdout]    1:     0x5615255d9ada - core[a373ad73a504971]::fmt::write
[INFO] [stdout]    2:     0x5615255c80cc - <alloc[2e1b2a31b91974c5]::vec::Vec<u8> as core[a373ad73a504971]::io::write::Write>::write_fmt
[INFO] [stdout]    3:     0x56152559fd56 - std[617be2ca0a6fd877]::panicking::default_hook::{closure#0}
[INFO] [stdout]    4:     0x5615255bc1c9 - std[617be2ca0a6fd877]::panicking::default_hook
[INFO] [stdout]    5:     0x5615254a23d0 - test[aada8e7e76ba119b]::test_main_inner::{closure#0}
[INFO] [stdout]    6:     0x5615255bc382 - std[617be2ca0a6fd877]::panicking::panic_with_hook
[INFO] [stdout]    7:     0x56152559fe02 - std[617be2ca0a6fd877]::panicking::panic_handler::{closure#0}
[INFO] [stdout]    8:     0x561525598989 - std[617be2ca0a6fd877]::sys::backtrace::__rust_end_short_backtrace::<std[617be2ca0a6fd877]::panicking::panic_handler::{closure#0}, !>
[INFO] [stdout]    9:     0x5615255a0a0d - __rustc[ea4f61d10b84890b]::rust_begin_unwind
[INFO] [stdout]   10:     0x5615255da20c - core[a373ad73a504971]::panicking::panic_fmt
[INFO] [stdout]   11:     0x5615255d9fe2 - core[a373ad73a504971]::result::unwrap_failed
[INFO] [stdout]   12:     0x561525486f7d - <parser[edc75781dd102edd]::parse_captures_read_only_and_write_only::{closure#0} as core[a373ad73a504971]::ops::function::FnOnce<()>>::call_once
[INFO] [stdout]   13:     0x56152549581b - test[aada8e7e76ba119b]::__rust_begin_short_backtrace::<core[a373ad73a504971]::result::Result<(), alloc[2e1b2a31b91974c5]::string::String>, fn() -> core[a373ad73a504971]::result::Result<(), alloc[2e1b2a31b91974c5]::string::String>>
[INFO] [stdout]   14:     0x5615254a29f5 - test[aada8e7e76ba119b]::run_test::{closure#0}
[INFO] [stdout]   15:     0x56152549c2e4 - std[617be2ca0a6fd877]::sys::backtrace::__rust_begin_short_backtrace::<test[aada8e7e76ba119b]::run_test::{closure#1}, ()>
[INFO] [stdout]   16:     0x5615254a5a82 - <std[617be2ca0a6fd877]::thread::lifecycle::spawn_unchecked<test[aada8e7e76ba119b]::run_test::{closure#1}, ()>::{closure#1} as core[a373ad73a504971]::ops::function::FnOnce<()>>::call_once::{shim:vtable#0}
[INFO] [stdout]   17:     0x5615255c338f - <std[617be2ca0a6fd877]::sys::thread::unix::Thread>::new::thread_start
[INFO] [stdout]   18:     0x73827aa18dfa - <unknown>
[INFO] [stdout]   19:     0x73827aaac3d4 - clone
[INFO] [stdout]   20:                0x0 - <unknown>
[INFO] [stdout] 
[INFO] [stdout] ---- parse_petstore_v2_loads_without_error stdout ----
[INFO] [stdout] 
[INFO] [stdout] thread 'parse_petstore_v2_loads_without_error' (598) panicked at tests/parser.rs:23:29:
[INFO] [stdout] failed to parse fixture petstore_v2.yaml: failed to read spec file '/opt/rustwide/workdir/../../tests/fixtures/petstore_v2.yaml': No such file or directory (os error 2)
[INFO] [stdout] stack backtrace:
[INFO] [stdout]    0:     0x5615255c3e91 - <<std[617be2ca0a6fd877]::sys::backtrace::BacktraceLock>::print::DisplayBacktrace as core[a373ad73a504971]::fmt::Display>::fmt
[INFO] [stdout]    1:     0x5615255d9ada - core[a373ad73a504971]::fmt::write
[INFO] [stdout]    2:     0x5615255c80cc - <alloc[2e1b2a31b91974c5]::vec::Vec<u8> as core[a373ad73a504971]::io::write::Write>::write_fmt
[INFO] [stdout]    3:     0x56152559fd56 - std[617be2ca0a6fd877]::panicking::default_hook::{closure#0}
[INFO] [stdout]    4:     0x5615255bc1c9 - std[617be2ca0a6fd877]::panicking::default_hook
[INFO] [stdout]    5:     0x5615254a23d0 - test[aada8e7e76ba119b]::test_main_inner::{closure#0}
[INFO] [stdout]    6:     0x5615255bc382 - std[617be2ca0a6fd877]::panicking::panic_with_hook
[INFO] [stdout]    7:     0x56152559fe02 - std[617be2ca0a6fd877]::panicking::panic_handler::{closure#0}
[INFO] [stdout]    8:     0x561525598989 - std[617be2ca0a6fd877]::sys::backtrace::__rust_end_short_backtrace::<std[617be2ca0a6fd877]::panicking::panic_handler::{closure#0}, !>
[INFO] [stdout]    9:     0x5615255a0a0d - __rustc[ea4f61d10b84890b]::rust_begin_unwind
[INFO] [stdout]   10:     0x5615255da20c - core[a373ad73a504971]::panicking::panic_fmt
[INFO] [stdout]   11:     0x561525482fe5 - parser[edc75781dd102edd]::parse_fixture::{closure#0}
[INFO] [stdout]   12:     0x5615254832d9 - parser[edc75781dd102edd]::parse_fixture
[INFO] [stdout]   13:     0x5615254868de - <parser[edc75781dd102edd]::parse_petstore_v2_loads_without_error::{closure#0} as core[a373ad73a504971]::ops::function::FnOnce<()>>::call_once
[INFO] [stdout]   14:     0x56152549581b - test[aada8e7e76ba119b]::__rust_begin_short_backtrace::<core[a373ad73a504971]::result::Result<(), alloc[2e1b2a31b91974c5]::string::String>, fn() -> core[a373ad73a504971]::result::Result<(), alloc[2e1b2a31b91974c5]::string::String>>
[INFO] [stdout]   15:     0x5615254a29f5 - test[aada8e7e76ba119b]::run_test::{closure#0}
[INFO] [stdout]   16:     0x56152549c2e4 - std[617be2ca0a6fd877]::sys::backtrace::__rust_begin_short_backtrace::<test[aada8e7e76ba119b]::run_test::{closure#1}, ()>
[INFO] [stdout]   17:     0x5615254a5a82 - <std[617be2ca0a6fd877]::thread::lifecycle::spawn_unchecked<test[aada8e7e76ba119b]::run_test::{closure#1}, ()>::{closure#1} as core[a373ad73a504971]::ops::function::FnOnce<()>>::call_once::{shim:vtable#0}
[INFO] [stdout]   18:     0x5615255c338f - <std[617be2ca0a6fd877]::sys::thread::unix::Thread>::new::thread_start
[INFO] [stdout]   19:     0x73827aa18dfa - <unknown>
[INFO] [stdout]   20:     0x73827aaac3d4 - clone
[INFO] [stdout]   21:                0x0 - <unknown>
[INFO] [stdout] 
[INFO] [stdout] ---- parse_resolves_query_style_and_explode_defaults stdout ----
[INFO] [stdout] 
[INFO] [stdout] thread 'parse_resolves_query_style_and_explode_defaults' (603) panicked at tests/parser.rs:23:29:
[INFO] [stdout] failed to parse fixture query_serialization.yaml: failed to read spec file '/opt/rustwide/workdir/../../tests/fixtures/query_serialization.yaml': No such file or directory (os error 2)
[INFO] [stdout] stack backtrace:
[INFO] [stdout]    0:     0x5615255c3e91 - <<std[617be2ca0a6fd877]::sys::backtrace::BacktraceLock>::print::DisplayBacktrace as core[a373ad73a504971]::fmt::Display>::fmt
[INFO] [stdout]    1:     0x5615255d9ada - core[a373ad73a504971]::fmt::write
[INFO] [stdout]    2:     0x5615255c80cc - <alloc[2e1b2a31b91974c5]::vec::Vec<u8> as core[a373ad73a504971]::io::write::Write>::write_fmt
[INFO] [stdout]    3:     0x56152559fd56 - std[617be2ca0a6fd877]::panicking::default_hook::{closure#0}
[INFO] [stdout]    4:     0x5615255bc1c9 - std[617be2ca0a6fd877]::panicking::default_hook
[INFO] [stdout]    5:     0x5615254a23d0 - test[aada8e7e76ba119b]::test_main_inner::{closure#0}
[INFO] [stdout]    6:     0x5615255bc382 - std[617be2ca0a6fd877]::panicking::panic_with_hook
[INFO] [stdout]    7:     0x56152559fe02 - std[617be2ca0a6fd877]::panicking::panic_handler::{closure#0}
[INFO] [stdout]    8:     0x561525598989 - std[617be2ca0a6fd877]::sys::backtrace::__rust_end_short_backtrace::<std[617be2ca0a6fd877]::panicking::panic_handler::{closure#0}, !>
[INFO] [stdout]    9:     0x5615255a0a0d - __rustc[ea4f61d10b84890b]::rust_begin_unwind
[INFO] [stdout]   10:     0x5615255da20c - core[a373ad73a504971]::panicking::panic_fmt
[INFO] [stdout]   11:     0x561525482fe5 - parser[edc75781dd102edd]::parse_fixture::{closure#0}
[INFO] [stdout]   12:     0x5615254832d9 - parser[edc75781dd102edd]::parse_fixture
[INFO] [stdout]   13:     0x561525489c13 - <parser[edc75781dd102edd]::parse_resolves_query_style_and_explode_defaults::{closure#0} as core[a373ad73a504971]::ops::function::FnOnce<()>>::call_once
[INFO] [stdout]   14:     0x56152549581b - test[aada8e7e76ba119b]::__rust_begin_short_backtrace::<core[a373ad73a504971]::result::Result<(), alloc[2e1b2a31b91974c5]::string::String>, fn() -> core[a373ad73a504971]::result::Result<(), alloc[2e1b2a31b91974c5]::string::String>>
[INFO] [stdout]   15:     0x5615254a29f5 - test[aada8e7e76ba119b]::run_test::{closure#0}
[INFO] [stdout]   16:     0x56152549c2e4 - std[617be2ca0a6fd877]::sys::backtrace::__rust_begin_short_backtrace::<test[aada8e7e76ba119b]::run_test::{closure#1}, ()>
[INFO] [stdout]   17:     0x5615254a5a82 - <std[617be2ca0a6fd877]::thread::lifecycle::spawn_unchecked<test[aada8e7e76ba119b]::run_test::{closure#1}, ()>::{closure#1} as core[a373ad73a504971]::ops::function::FnOnce<()>>::call_once::{shim:vtable#0}
[INFO] [stdout]   18:     0x5615255c338f - <std[617be2ca0a6fd877]::sys::thread::unix::Thread>::new::thread_start
[INFO] [stdout]   19:     0x73827aa18dfa - <unknown>
[INFO] [stdout]   20:     0x73827aaac3d4 - clone
[INFO] [stdout]   21:                0x0 - <unknown>
[INFO] [stdout] 
[INFO] [stdout] ---- parse_captures_servers_and_variables stdout ----
[INFO] [stdout] 
[INFO] [stdout] thread 'parse_captures_servers_and_variables' (593) panicked at tests/parser.rs:508:68:
[INFO] [stdout] called `Result::unwrap()` on an `Err` value: Io { path: "/opt/rustwide/workdir/../../tests/fixtures/servers.yaml", source: Os { code: 2, kind: NotFound, message: "No such file or directory" } }
[INFO] [stdout] stack backtrace:
[INFO] [stdout]    0:     0x5615255c3e91 - <<std[617be2ca0a6fd877]::sys::backtrace::BacktraceLock>::print::DisplayBacktrace as core[a373ad73a504971]::fmt::Display>::fmt
[INFO] [stdout]    1:     0x5615255d9ada - core[a373ad73a504971]::fmt::write
[INFO] [stdout]    2:     0x5615255c80cc - <alloc[2e1b2a31b91974c5]::vec::Vec<u8> as core[a373ad73a504971]::io::write::Write>::write_fmt
[INFO] [stdout]    3:     0x56152559fd56 - std[617be2ca0a6fd877]::panicking::default_hook::{closure#0}
[INFO] [stdout]    4:     0x5615255bc1c9 - std[617be2ca0a6fd877]::panicking::default_hook
[INFO] [stdout]    5:     0x5615254a23d0 - test[aada8e7e76ba119b]::test_main_inner::{closure#0}
[INFO] [stdout]    6:     0x5615255bc382 - std[617be2ca0a6fd877]::panicking::panic_with_hook
[INFO] [stdout]    7:     0x56152559fe02 - std[617be2ca0a6fd877]::panicking::panic_handler::{closure#0}
[INFO] [stdout]    8:     0x561525598989 - std[617be2ca0a6fd877]::sys::backtrace::__rust_end_short_backtrace::<std[617be2ca0a6fd877]::panicking::panic_handler::{closure#0}, !>
[INFO] [stdout]    9:     0x5615255a0a0d - __rustc[ea4f61d10b84890b]::rust_begin_unwind
[INFO] [stdout]   10:     0x5615255da20c - core[a373ad73a504971]::panicking::panic_fmt
[INFO] [stdout]   11:     0x5615255d9fe2 - core[a373ad73a504971]::result::unwrap_failed
[INFO] [stdout]   12:     0x5615254859e2 - <parser[edc75781dd102edd]::parse_captures_servers_and_variables::{closure#0} as core[a373ad73a504971]::ops::function::FnOnce<()>>::call_once
[INFO] [stdout]   13:     0x56152549581b - test[aada8e7e76ba119b]::__rust_begin_short_backtrace::<core[a373ad73a504971]::result::Result<(), alloc[2e1b2a31b91974c5]::string::String>, fn() -> core[a373ad73a504971]::result::Result<(), alloc[2e1b2a31b91974c5]::string::String>>
[INFO] [stdout]   14:     0x5615254a29f5 - test[aada8e7e76ba119b]::run_test::{closure#0}
[INFO] [stdout]   15:     0x56152549c2e4 - std[617be2ca0a6fd877]::sys::backtrace::__rust_begin_short_backtrace::<test[aada8e7e76ba119b]::run_test::{closure#1}, ()>
[INFO] [stdout]   16:     0x5615254a5a82 - <std[617be2ca0a6fd877]::thread::lifecycle::spawn_unchecked<test[aada8e7e76ba119b]::run_test::{closure#1}, ()>::{closure#1} as core[a373ad73a504971]::ops::function::FnOnce<()>>::call_once::{shim:vtable#0}
[INFO] [stdout]   17:     0x5615255c338f - <std[617be2ca0a6fd877]::sys::thread::unix::Thread>::new::thread_start
[INFO] [stdout]   18:     0x73827aa18dfa - <unknown>
[INFO] [stdout]   19:     0x73827aaac3d4 - clone
[INFO] [stdout]   20:                0x0 - <unknown>
[INFO] [stdout] 
[INFO] [stdout] ---- parse_petstore_v3_list_pets_has_correct_params stdout ----
[INFO] [stdout] 
[INFO] [stdout] thread 'parse_petstore_v3_list_pets_has_correct_params' (599) panicked at tests/parser.rs:23:29:
[INFO] [stdout] failed to parse fixture petstore_v3.yaml: failed to read spec file '/opt/rustwide/workdir/../../tests/fixtures/petstore_v3.yaml': No such file or directory (os error 2)
[INFO] [stdout] stack backtrace:
[INFO] [stdout]    0:     0x5615255c3e91 - <<std[617be2ca0a6fd877]::sys::backtrace::BacktraceLock>::print::DisplayBacktrace as core[a373ad73a504971]::fmt::Display>::fmt
[INFO] [stdout]    1:     0x5615255d9ada - core[a373ad73a504971]::fmt::write
[INFO] [stdout]    2:     0x5615255c80cc - <alloc[2e1b2a31b91974c5]::vec::Vec<u8> as core[a373ad73a504971]::io::write::Write>::write_fmt
[INFO] [stdout]    3:     0x56152559fd56 - std[617be2ca0a6fd877]::panicking::default_hook::{closure#0}
[INFO] [stdout]    4:     0x5615255bc1c9 - std[617be2ca0a6fd877]::panicking::default_hook
[INFO] [stdout]    5:     0x5615254a23d0 - test[aada8e7e76ba119b]::test_main_inner::{closure#0}
[INFO] [stdout]    6:     0x5615255bc382 - std[617be2ca0a6fd877]::panicking::panic_with_hook
[INFO] [stdout]    7:     0x56152559fe02 - std[617be2ca0a6fd877]::panicking::panic_handler::{closure#0}
[INFO] [stdout]    8:     0x561525598989 - std[617be2ca0a6fd877]::sys::backtrace::__rust_end_short_backtrace::<std[617be2ca0a6fd877]::panicking::panic_handler::{closure#0}, !>
[INFO] [stdout]    9:     0x5615255a0a0d - __rustc[ea4f61d10b84890b]::rust_begin_unwind
[INFO] [stdout]   10:     0x5615255da20c - core[a373ad73a504971]::panicking::panic_fmt
[INFO] [stdout]   11:     0x561525482fe5 - parser[edc75781dd102edd]::parse_fixture::{closure#0}
[INFO] [stdout]   12:     0x5615254832d9 - parser[edc75781dd102edd]::parse_fixture
[INFO] [stdout]   13:     0x561525489012 - <parser[edc75781dd102edd]::parse_petstore_v3_list_pets_has_correct_params::{closure#0} as core[a373ad73a504971]::ops::function::FnOnce<()>>::call_once
[INFO] [stdout]   14:     0x56152549581b - test[aada8e7e76ba119b]::__rust_begin_short_backtrace::<core[a373ad73a504971]::result::Result<(), alloc[2e1b2a31b91974c5]::string::String>, fn() -> core[a373ad73a504971]::result::Result<(), alloc[2e1b2a31b91974c5]::string::String>>
[INFO] [stdout]   15:     0x5615254a29f5 - test[aada8e7e76ba119b]::run_test::{closure#0}
[INFO] [stdout]   16:     0x56152549c2e4 - std[617be2ca0a6fd877]::sys::backtrace::__rust_begin_short_backtrace::<test[aada8e7e76ba119b]::run_test::{closure#1}, ()>
[INFO] [stdout]   17:     0x5615254a5a82 - <std[617be2ca0a6fd877]::thread::lifecycle::spawn_unchecked<test[aada8e7e76ba119b]::run_test::{closure#1}, ()>::{closure#1} as core[a373ad73a504971]::ops::function::FnOnce<()>>::call_once::{shim:vtable#0}
[INFO] [stdout]   18:     0x5615255c338f - <std[617be2ca0a6fd877]::sys::thread::unix::Thread>::new::thread_start
[INFO] [stdout]   19:     0x73827aa18dfa - <unknown>
[INFO] [stdout]   20:     0x73827aaac3d4 - clone
[INFO] [stdout]   21:                0x0 - <unknown>
[INFO] [stdout] 
[INFO] [stdout] ---- parse_petstore_v3_pet_schema_has_correct_fields stdout ----
[INFO] [stdout] 
[INFO] [stdout] thread 'parse_petstore_v3_pet_schema_has_correct_fields' (601) panicked at tests/parser.rs:23:29:
[INFO] [stdout] failed to parse fixture petstore_v3.yaml: failed to read spec file '/opt/rustwide/workdir/../../tests/fixtures/petstore_v3.yaml': No such file or directory (os error 2)
[INFO] [stdout] stack backtrace:
[INFO] [stdout]    0:     0x5615255c3e91 - <<std[617be2ca0a6fd877]::sys::backtrace::BacktraceLock>::print::DisplayBacktrace as core[a373ad73a504971]::fmt::Display>::fmt
[INFO] [stdout]    1:     0x5615255d9ada - core[a373ad73a504971]::fmt::write
[INFO] [stdout]    2:     0x5615255c80cc - <alloc[2e1b2a31b91974c5]::vec::Vec<u8> as core[a373ad73a504971]::io::write::Write>::write_fmt
[INFO] [stdout]    3:     0x56152559fd56 - std[617be2ca0a6fd877]::panicking::default_hook::{closure#0}
[INFO] [stdout]    4:     0x5615255bc1c9 - std[617be2ca0a6fd877]::panicking::default_hook
[INFO] [stdout]    5:     0x5615254a23d0 - test[aada8e7e76ba119b]::test_main_inner::{closure#0}
[INFO] [stdout]    6:     0x5615255bc382 - std[617be2ca0a6fd877]::panicking::panic_with_hook
[INFO] [stdout]    7:     0x56152559fe02 - std[617be2ca0a6fd877]::panicking::panic_handler::{closure#0}
[INFO] [stdout]    8:     0x561525598989 - std[617be2ca0a6fd877]::sys::backtrace::__rust_end_short_backtrace::<std[617be2ca0a6fd877]::panicking::panic_handler::{closure#0}, !>
[INFO] [stdout]    9:     0x5615255a0a0d - __rustc[ea4f61d10b84890b]::rust_begin_unwind
[INFO] [stdout]   10:     0x5615255da20c - core[a373ad73a504971]::panicking::panic_fmt
[INFO] [stdout]   11:     0x561525482fe5 - parser[edc75781dd102edd]::parse_fixture::{closure#0}
[INFO] [stdout]   12:     0x5615254832d9 - parser[edc75781dd102edd]::parse_fixture
[INFO] [stdout]   13:     0x561525489867 - <parser[edc75781dd102edd]::parse_petstore_v3_pet_schema_has_correct_fields::{closure#0} as core[a373ad73a504971]::ops::function::FnOnce<()>>::call_once
[INFO] [stdout]   14:     0x56152549581b - test[aada8e7e76ba119b]::__rust_begin_short_backtrace::<core[a373ad73a504971]::result::Result<(), alloc[2e1b2a31b91974c5]::string::String>, fn() -> core[a373ad73a504971]::result::Result<(), alloc[2e1b2a31b91974c5]::string::String>>
[INFO] [stdout]   15:     0x5615254a29f5 - test[aada8e7e76ba119b]::run_test::{closure#0}
[INFO] [stdout]   16:     0x56152549c2e4 - std[617be2ca0a6fd877]::sys::backtrace::__rust_begin_short_backtrace::<test[aada8e7e76ba119b]::run_test::{closure#1}, ()>
[INFO] [stdout]   17:     0x5615254a5a82 - <std[617be2ca0a6fd877]::thread::lifecycle::spawn_unchecked<test[aada8e7e76ba119b]::run_test::{closure#1}, ()>::{closure#1} as core[a373ad73a504971]::ops::function::FnOnce<()>>::call_once::{shim:vtable#0}
[INFO] [stdout]   18:     0x5615255c338f - <std[617be2ca0a6fd877]::sys::thread::unix::Thread>::new::thread_start
[INFO] [stdout]   19:     0x73827aa18dfa - <unknown>
[INFO] [stdout]   20:     0x73827aaac3d4 - clone
[INFO] [stdout]   21:                0x0 - <unknown>
[INFO] [stdout] 
[INFO] [stdout] ---- parse_simple_types_covers_every_ir_type_variant stdout ----
[INFO] [stdout] 
[INFO] [stdout] thread 'parse_simple_types_covers_every_ir_type_variant' (605) panicked at tests/parser.rs:23:29:
[INFO] [stdout] failed to parse fixture simple_types.yaml: failed to read spec file '/opt/rustwide/workdir/../../tests/fixtures/simple_types.yaml': No such file or directory (os error 2)
[INFO] [stdout] stack backtrace:
[INFO] [stdout]    0:     0x5615255c3e91 - <<std[617be2ca0a6fd877]::sys::backtrace::BacktraceLock>::print::DisplayBacktrace as core[a373ad73a504971]::fmt::Display>::fmt
[INFO] [stdout]    1:     0x5615255d9ada - core[a373ad73a504971]::fmt::write
[INFO] [stdout]    2:     0x5615255c80cc - <alloc[2e1b2a31b91974c5]::vec::Vec<u8> as core[a373ad73a504971]::io::write::Write>::write_fmt
[INFO] [stdout]    3:     0x56152559fd56 - std[617be2ca0a6fd877]::panicking::default_hook::{closure#0}
[INFO] [stdout]    4:     0x5615255bc1c9 - std[617be2ca0a6fd877]::panicking::default_hook
[INFO] [stdout]    5:     0x5615254a23d0 - test[aada8e7e76ba119b]::test_main_inner::{closure#0}
[INFO] [stdout]    6:     0x5615255bc382 - std[617be2ca0a6fd877]::panicking::panic_with_hook
[INFO] [stdout]    7:     0x56152559fe02 - std[617be2ca0a6fd877]::panicking::panic_handler::{closure#0}
[INFO] [stdout]    8:     0x561525598989 - std[617be2ca0a6fd877]::sys::backtrace::__rust_end_short_backtrace::<std[617be2ca0a6fd877]::panicking::panic_handler::{closure#0}, !>
[INFO] [stdout]    9:     0x5615255a0a0d - __rustc[ea4f61d10b84890b]::rust_begin_unwind
[INFO] [stdout]   10:     0x5615255da20c - core[a373ad73a504971]::panicking::panic_fmt
[INFO] [stdout]   11:     0x561525482fe5 - parser[edc75781dd102edd]::parse_fixture::{closure#0}
[INFO] [stdout]   12:     0x5615254832d9 - parser[edc75781dd102edd]::parse_fixture
[INFO] [stdout]   13:     0x56152548a2c7 - <parser[edc75781dd102edd]::parse_simple_types_covers_every_ir_type_variant::{closure#0} as core[a373ad73a504971]::ops::function::FnOnce<()>>::call_once
[INFO] [stdout]   14:     0x56152549581b - test[aada8e7e76ba119b]::__rust_begin_short_backtrace::<core[a373ad73a504971]::result::Result<(), alloc[2e1b2a31b91974c5]::string::String>, fn() -> core[a373ad73a504971]::result::Result<(), alloc[2e1b2a31b91974c5]::string::String>>
[INFO] [stdout]   15:     0x5615254a29f5 - test[aada8e7e76ba119b]::run_test::{closure#0}
[INFO] [stdout]   16:     0x56152549c2e4 - std[617be2ca0a6fd877]::sys::backtrace::__rust_begin_short_backtrace::<test[aada8e7e76ba119b]::run_test::{closure#1}, ()>
[INFO] [stdout]   17:     0x5615254a5a82 - <std[617be2ca0a6fd877]::thread::lifecycle::spawn_unchecked<test[aada8e7e76ba119b]::run_test::{closure#1}, ()>::{closure#1} as core[a373ad73a504971]::ops::function::FnOnce<()>>::call_once::{shim:vtable#0}
[INFO] [stdout]   18:     0x5615255c338f - <std[617be2ca0a6fd877]::sys::thread::unix::Thread>::new::thread_start
[INFO] [stdout]   19:     0x73827aa18dfa - <unknown>
[INFO] [stdout]   20:     0x73827aaac3d4 - clone
[INFO] [stdout]   21:                0x0 - <unknown>
[INFO] [stdout] 
[INFO] [stdout] ---- parse_petstore_v3_loads_without_error stdout ----
[INFO] [stdout] 
[INFO] [stdout] thread 'parse_petstore_v3_loads_without_error' (600) panicked at tests/parser.rs:23:29:
[INFO] [stdout] failed to parse fixture petstore_v3.yaml: failed to read spec file '/opt/rustwide/workdir/../../tests/fixtures/petstore_v3.yaml': No such file or directory (os error 2)
[INFO] [stdout] stack backtrace:
[INFO] [stdout]    0:     0x5615255c3e91 - <<std[617be2ca0a6fd877]::sys::backtrace::BacktraceLock>::print::DisplayBacktrace as core[a373ad73a504971]::fmt::Display>::fmt
[INFO] [stdout]    1:     0x5615255d9ada - core[a373ad73a504971]::fmt::write
[INFO] [stdout]    2:     0x5615255c80cc - <alloc[2e1b2a31b91974c5]::vec::Vec<u8> as core[a373ad73a504971]::io::write::Write>::write_fmt
[INFO] [stdout]    3:     0x56152559fd56 - std[617be2ca0a6fd877]::panicking::default_hook::{closure#0}
[INFO] [stdout]    4:     0x5615255bc1c9 - std[617be2ca0a6fd877]::panicking::default_hook
[INFO] [stdout]    5:     0x5615254a23d0 - test[aada8e7e76ba119b]::test_main_inner::{closure#0}
[INFO] [stdout]    6:     0x5615255bc382 - std[617be2ca0a6fd877]::panicking::panic_with_hook
[INFO] [stdout]    7:     0x56152559fe02 - std[617be2ca0a6fd877]::panicking::panic_handler::{closure#0}
[INFO] [stdout]    8:     0x561525598989 - std[617be2ca0a6fd877]::sys::backtrace::__rust_end_short_backtrace::<std[617be2ca0a6fd877]::panicking::panic_handler::{closure#0}, !>
[INFO] [stdout]    9:     0x5615255a0a0d - __rustc[ea4f61d10b84890b]::rust_begin_unwind
[INFO] [stdout]   10:     0x5615255da20c - core[a373ad73a504971]::panicking::panic_fmt
[INFO] [stdout]   11:     0x561525482fe5 - parser[edc75781dd102edd]::parse_fixture::{closure#0}
[INFO] [stdout]   12:     0x5615254832d9 - parser[edc75781dd102edd]::parse_fixture
[INFO] [stdout]   13:     0x561525486a03 - <parser[edc75781dd102edd]::parse_petstore_v3_loads_without_error::{closure#0} as core[a373ad73a504971]::ops::function::FnOnce<()>>::call_once
[INFO] [stdout]   14:     0x56152549581b - test[aada8e7e76ba119b]::__rust_begin_short_backtrace::<core[a373ad73a504971]::result::Result<(), alloc[2e1b2a31b91974c5]::string::String>, fn() -> core[a373ad73a504971]::result::Result<(), alloc[2e1b2a31b91974c5]::string::String>>
[INFO] [stdout]   15:     0x5615254a29f5 - test[aada8e7e76ba119b]::run_test::{closure#0}
[INFO] [stdout]   16:     0x56152549c2e4 - std[617be2ca0a6fd877]::sys::backtrace::__rust_begin_short_backtrace::<test[aada8e7e76ba119b]::run_test::{closure#1}, ()>
[INFO] [stdout]   17:     0x5615254a5a82 - <std[617be2ca0a6fd877]::thread::lifecycle::spawn_unchecked<test[aada8e7e76ba119b]::run_test::{closure#1}, ()>::{closure#1} as core[a373ad73a504971]::ops::function::FnOnce<()>>::call_once::{shim:vtable#0}
[INFO] [stdout]   18:     0x5615255c338f - <std[617be2ca0a6fd877]::sys::thread::unix::Thread>::new::thread_start
[INFO] [stdout]   19:     0x73827aa18dfa - <unknown>
[INFO] [stdout]   20:     0x73827aaac3d4 - clone
[INFO] [stdout]   21:                0x0 - <unknown>
[INFO] [stdout] 
[INFO] [stdout] ---- parse_v2_and_v3_petstore_produce_equivalent_ir stdout ----
[INFO] [stdout] 
[INFO] [stdout] thread 'parse_v2_and_v3_petstore_produce_equivalent_ir' (606) panicked at tests/parser.rs:23:29:
[INFO] [stdout] failed to parse fixture petstore_v3.yaml: failed to read spec file '/opt/rustwide/workdir/../../tests/fixtures/petstore_v3.yaml': No such file or directory (os error 2)
[INFO] [stdout] stack backtrace:
[INFO] [stdout]    0:     0x5615255c3e91 - <<std[617be2ca0a6fd877]::sys::backtrace::BacktraceLock>::print::DisplayBacktrace as core[a373ad73a504971]::fmt::Display>::fmt
[INFO] [stdout]    1:     0x5615255d9ada - core[a373ad73a504971]::fmt::write
[INFO] [stdout]    2:     0x5615255c80cc - <alloc[2e1b2a31b91974c5]::vec::Vec<u8> as core[a373ad73a504971]::io::write::Write>::write_fmt
[INFO] [stdout]    3:     0x56152559fd56 - std[617be2ca0a6fd877]::panicking::default_hook::{closure#0}
[INFO] [stdout]    4:     0x5615255bc1c9 - std[617be2ca0a6fd877]::panicking::default_hook
[INFO] [stdout]    5:     0x5615254a23d0 - test[aada8e7e76ba119b]::test_main_inner::{closure#0}
[INFO] [stdout]    6:     0x5615255bc382 - std[617be2ca0a6fd877]::panicking::panic_with_hook
[INFO] [stdout]    7:     0x56152559fe02 - std[617be2ca0a6fd877]::panicking::panic_handler::{closure#0}
[INFO] [stdout]    8:     0x561525598989 - std[617be2ca0a6fd877]::sys::backtrace::__rust_end_short_backtrace::<std[617be2ca0a6fd877]::panicking::panic_handler::{closure#0}, !>
[INFO] [stdout]    9:     0x5615255a0a0d - __rustc[ea4f61d10b84890b]::rust_begin_unwind
[INFO] [stdout]   10:     0x5615255da20c - core[a373ad73a504971]::panicking::panic_fmt
[INFO] [stdout]   11:     0x561525482fe5 - parser[edc75781dd102edd]::parse_fixture::{closure#0}
[INFO] [stdout]   12:     0x5615254832d9 - parser[edc75781dd102edd]::parse_fixture
[INFO] [stdout]   13:     0x561525489713 - <parser[edc75781dd102edd]::parse_v2_and_v3_petstore_produce_equivalent_ir::{closure#0} as core[a373ad73a504971]::ops::function::FnOnce<()>>::call_once
[INFO] [stdout]   14:     0x56152549581b - test[aada8e7e76ba119b]::__rust_begin_short_backtrace::<core[a373ad73a504971]::result::Result<(), alloc[2e1b2a31b91974c5]::string::String>, fn() -> core[a373ad73a504971]::result::Result<(), alloc[2e1b2a31b91974c5]::string::String>>
[INFO] [stdout]   15:     0x5615254a29f5 - test[aada8e7e76ba119b]::run_test::{closure#0}
[INFO] [stdout]   16:     0x56152549c2e4 - std[617be2ca0a6fd877]::sys::backtrace::__rust_begin_short_backtrace::<test[aada8e7e76ba119b]::run_test::{closure#1}, ()>
[INFO] [stdout]   17:     0x5615254a5a82 - <std[617be2ca0a6fd877]::thread::lifecycle::spawn_unchecked<test[aada8e7e76ba119b]::run_test::{closure#1}, ()>::{closure#1} as core[a373ad73a504971]::ops::function::FnOnce<()>>::call_once::{shim:vtable#0}
[INFO] [stdout]   18:     0x5615255c338f - <std[617be2ca0a6fd877]::sys::thread::unix::Thread>::new::thread_start
[INFO] [stdout]   19:     0x73827aa18dfa - <unknown>
[INFO] [stdout]   20:     0x73827aaac3d4 - clone
[INFO] [stdout]   21:                0x0 - <unknown>
[INFO] [stdout] 
[INFO] [stdout] ---- parse_recursive_schema_does_not_stack_overflow stdout ----
[INFO] [stdout] 
[INFO] [stdout] thread 'parse_recursive_schema_does_not_stack_overflow' (602) panicked at tests/parser.rs:23:29:
[INFO] [stdout] failed to parse fixture recursive.yaml: failed to read spec file '/opt/rustwide/workdir/../../tests/fixtures/recursive.yaml': No such file or directory (os error 2)
[INFO] [stdout] stack backtrace:
[INFO] [stdout]    0:     0x5615255c3e91 - <<std[617be2ca0a6fd877]::sys::backtrace::BacktraceLock>::print::DisplayBacktrace as core[a373ad73a504971]::fmt::Display>::fmt
[INFO] [stdout]    1:     0x5615255d9ada - core[a373ad73a504971]::fmt::write
[INFO] [stdout]    2:     0x5615255c80cc - <alloc[2e1b2a31b91974c5]::vec::Vec<u8> as core[a373ad73a504971]::io::write::Write>::write_fmt
[INFO] [stdout]    3:     0x56152559fd56 - std[617be2ca0a6fd877]::panicking::default_hook::{closure#0}
[INFO] [stdout]    4:     0x5615255bc1c9 - std[617be2ca0a6fd877]::panicking::default_hook
[INFO] [stdout]    5:     0x5615254a23d0 - test[aada8e7e76ba119b]::test_main_inner::{closure#0}
[INFO] [stdout]    6:     0x5615255bc382 - std[617be2ca0a6fd877]::panicking::panic_with_hook
[INFO] [stdout]    7:     0x56152559fe02 - std[617be2ca0a6fd877]::panicking::panic_handler::{closure#0}
[INFO] [stdout]    8:     0x561525598989 - std[617be2ca0a6fd877]::sys::backtrace::__rust_end_short_backtrace::<std[617be2ca0a6fd877]::panicking::panic_handler::{closure#0}, !>
[INFO] [stdout]    9:     0x5615255a0a0d - __rustc[ea4f61d10b84890b]::rust_begin_unwind
[INFO] [stdout]   10:     0x5615255da20c - core[a373ad73a504971]::panicking::panic_fmt
[INFO] [stdout]   11:     0x561525482fe5 - parser[edc75781dd102edd]::parse_fixture::{closure#0}
[INFO] [stdout]   12:     0x5615254832d9 - parser[edc75781dd102edd]::parse_fixture
[INFO] [stdout]   13:     0x5615254893f6 - <parser[edc75781dd102edd]::parse_recursive_schema_does_not_stack_overflow::{closure#0} as core[a373ad73a504971]::ops::function::FnOnce<()>>::call_once
[INFO] [stdout]   14:     0x56152549581b - test[aada8e7e76ba119b]::__rust_begin_short_backtrace::<core[a373ad73a504971]::result::Result<(), alloc[2e1b2a31b91974c5]::string::String>, fn() -> core[a373ad73a504971]::result::Result<(), alloc[2e1b2a31b91974c5]::string::String>>
[INFO] [stdout]   15:     0x5615254a29f5 - test[aada8e7e76ba119b]::run_test::{closure#0}
[INFO] [stdout]   16:     0x56152549c2e4 - std[617be2ca0a6fd877]::sys::backtrace::__rust_begin_short_backtrace::<test[aada8e7e76ba119b]::run_test::{closure#1}, ()>
[INFO] [stdout]   17:     0x5615254a5a82 - <std[617be2ca0a6fd877]::thread::lifecycle::spawn_unchecked<test[aada8e7e76ba119b]::run_test::{closure#1}, ()>::{closure#1} as core[a373ad73a504971]::ops::function::FnOnce<()>>::call_once::{shim:vtable#0}
[INFO] [stdout]   18:     0x5615255c338f - <std[617be2ca0a6fd877]::sys::thread::unix::Thread>::new::thread_start
[INFO] [stdout]   19:     0x73827aa18dfa - <unknown>
[INFO] [stdout]   20:     0x73827aaac3d4 - clone
[INFO] [stdout]   21:                0x0 - <unknown>
[INFO] [stdout] 
[INFO] [stdout] ---- parse_enum_produces_correct_variants stdout ----
[INFO] [stdout] 
[INFO] [stdout] thread 'parse_enum_produces_correct_variants' (596) panicked at tests/parser.rs:23:29:
[INFO] [stdout] failed to parse fixture simple_types.yaml: failed to read spec file '/opt/rustwide/workdir/../../tests/fixtures/simple_types.yaml': No such file or directory (os error 2)
[INFO] [stdout] stack backtrace:
[INFO] [stdout]    0:     0x5615255c3e91 - <<std[617be2ca0a6fd877]::sys::backtrace::BacktraceLock>::print::DisplayBacktrace as core[a373ad73a504971]::fmt::Display>::fmt
[INFO] [stdout]    1:     0x5615255d9ada - core[a373ad73a504971]::fmt::write
[INFO] [stdout]    2:     0x5615255c80cc - <alloc[2e1b2a31b91974c5]::vec::Vec<u8> as core[a373ad73a504971]::io::write::Write>::write_fmt
[INFO] [stdout]    3:     0x56152559fd56 - std[617be2ca0a6fd877]::panicking::default_hook::{closure#0}
[INFO] [stdout]    4:     0x5615255bc1c9 - std[617be2ca0a6fd877]::panicking::default_hook
[INFO] [stdout]    5:     0x5615254a23d0 - test[aada8e7e76ba119b]::test_main_inner::{closure#0}
[INFO] [stdout]    6:     0x5615255bc382 - std[617be2ca0a6fd877]::panicking::panic_with_hook
[INFO] [stdout]    7:     0x56152559fe02 - std[617be2ca0a6fd877]::panicking::panic_handler::{closure#0}
[INFO] [stdout]    8:     0x561525598989 - std[617be2ca0a6fd877]::sys::backtrace::__rust_end_short_backtrace::<std[617be2ca0a6fd877]::panicking::panic_handler::{closure#0}, !>
[INFO] [stdout]    9:     0x5615255a0a0d - __rustc[ea4f61d10b84890b]::rust_begin_unwind
[INFO] [stdout]   10:     0x5615255da20c - core[a373ad73a504971]::panicking::panic_fmt
[INFO] [stdout]   11:     0x561525482fe5 - parser[edc75781dd102edd]::parse_fixture::{closure#0}
[INFO] [stdout]   12:     0x5615254832d9 - parser[edc75781dd102edd]::parse_fixture
[INFO] [stdout]   13:     0x561525485b36 - <parser[edc75781dd102edd]::parse_enum_produces_correct_variants::{closure#0} as core[a373ad73a504971]::ops::function::FnOnce<()>>::call_once
[INFO] [stdout]   14:     0x56152549581b - test[aada8e7e76ba119b]::__rust_begin_short_backtrace::<core[a373ad73a504971]::result::Result<(), alloc[2e1b2a31b91974c5]::string::String>, fn() -> core[a373ad73a504971]::result::Result<(), alloc[2e1b2a31b91974c5]::string::String>>
[INFO] [stdout]   15:     0x5615254a29f5 - test[aada8e7e76ba119b]::run_test::{closure#0}
[INFO] [stdout]   16:     0x56152549c2e4 - std[617be2ca0a6fd877]::sys::backtrace::__rust_begin_short_backtrace::<test[aada8e7e76ba119b]::run_test::{closure#1}, ()>
[INFO] [stdout]   17:     0x5615254a5a82 - <std[617be2ca0a6fd877]::thread::lifecycle::spawn_unchecked<test[aada8e7e76ba119b]::run_test::{closure#1}, ()>::{closure#1} as core[a373ad73a504971]::ops::function::FnOnce<()>>::call_once::{shim:vtable#0}
[INFO] [stdout]   18:     0x5615255c338f - <std[617be2ca0a6fd877]::sys::thread::unix::Thread>::new::thread_start
[INFO] [stdout]   19:     0x73827aa18dfa - <unknown>
[INFO] [stdout]   20:     0x73827aaac3d4 - clone
[INFO] [stdout]   21:                0x0 - <unknown>
[INFO] [stdout] 
[INFO] [stdout] ---- parse_resolves_ref_parameters_from_components stdout ----
[INFO] [stdout] 
[INFO] [stdout] thread 'parse_resolves_ref_parameters_from_components' (604) panicked at tests/parser.rs:23:29:
[INFO] [stdout] failed to parse fixture params.yaml: failed to read spec file '/opt/rustwide/workdir/../../tests/fixtures/params.yaml': No such file or directory (os error 2)
[INFO] [stdout] stack backtrace:
[INFO] [stdout]    0:     0x5615255c3e91 - <<std[617be2ca0a6fd877]::sys::backtrace::BacktraceLock>::print::DisplayBacktrace as core[a373ad73a504971]::fmt::Display>::fmt
[INFO] [stdout]    1:     0x5615255d9ada - core[a373ad73a504971]::fmt::write
[INFO] [stdout]    2:     0x5615255c80cc - <alloc[2e1b2a31b91974c5]::vec::Vec<u8> as core[a373ad73a504971]::io::write::Write>::write_fmt
[INFO] [stdout]    3:     0x56152559fd56 - std[617be2ca0a6fd877]::panicking::default_hook::{closure#0}
[INFO] [stdout]    4:     0x5615255bc1c9 - std[617be2ca0a6fd877]::panicking::default_hook
[INFO] [stdout]    5:     0x5615254a23d0 - test[aada8e7e76ba119b]::test_main_inner::{closure#0}
[INFO] [stdout]    6:     0x5615255bc382 - std[617be2ca0a6fd877]::panicking::panic_with_hook
[INFO] [stdout]    7:     0x56152559fe02 - std[617be2ca0a6fd877]::panicking::panic_handler::{closure#0}
[INFO] [stdout]    8:     0x561525598989 - std[617be2ca0a6fd877]::sys::backtrace::__rust_end_short_backtrace::<std[617be2ca0a6fd877]::panicking::panic_handler::{closure#0}, !>
[INFO] [stdout]    9:     0x5615255a0a0d - __rustc[ea4f61d10b84890b]::rust_begin_unwind
[INFO] [stdout]   10:     0x5615255da20c - core[a373ad73a504971]::panicking::panic_fmt
[INFO] [stdout]   11:     0x561525482fe5 - parser[edc75781dd102edd]::parse_fixture::{closure#0}
[INFO] [stdout]   12:     0x5615254832d9 - parser[edc75781dd102edd]::parse_fixture
[INFO] [stdout]   13:     0x561525488d72 - <parser[edc75781dd102edd]::parse_resolves_ref_parameters_from_components::{closure#0} as core[a373ad73a504971]::ops::function::FnOnce<()>>::call_once
[INFO] [stdout]   14:     0x56152549581b - test[aada8e7e76ba119b]::__rust_begin_short_backtrace::<core[a373ad73a504971]::result::Result<(), alloc[2e1b2a31b91974c5]::string::String>, fn() -> core[a373ad73a504971]::result::Result<(), alloc[2e1b2a31b91974c5]::string::String>>
[INFO] [stdout]   15:     0x5615254a29f5 - test[aada8e7e76ba119b]::run_test::{closure#0}
[INFO] [stdout]   16:     0x56152549c2e4 - std[617be2ca0a6fd877]::sys::backtrace::__rust_begin_short_backtrace::<test[aada8e7e76ba119b]::run_test::{closure#1}, ()>
[INFO] [stdout]   17:     0x5615254a5a82 - <std[617be2ca0a6fd877]::thread::lifecycle::spawn_unchecked<test[aada8e7e76ba119b]::run_test::{closure#1}, ()>::{closure#1} as core[a373ad73a504971]::ops::function::FnOnce<()>>::call_once::{shim:vtable#0}
[INFO] [stdout]   18:     0x5615255c338f - <std[617be2ca0a6fd877]::sys::thread::unix::Thread>::new::thread_start
[INFO] [stdout]   19:     0x73827aa18dfa - <unknown>
[INFO] [stdout]   20:     0x73827aaac3d4 - clone
[INFO] [stdout]   21:                0x0 - <unknown>
[INFO] [stdout] 
[INFO] [stdout] ---- parse_captures_validation_constraints stdout ----
[INFO] [stdout] 
[INFO] [stdout] thread 'parse_captures_validation_constraints' (594) panicked at tests/parser.rs:23:29:
[INFO] [stdout] failed to parse fixture constraints.yaml: failed to read spec file '/opt/rustwide/workdir/../../tests/fixtures/constraints.yaml': No such file or directory (os error 2)
[INFO] [stdout] stack backtrace:
[INFO] [stdout]    0:     0x5615255c3e91 - <<std[617be2ca0a6fd877]::sys::backtrace::BacktraceLock>::print::DisplayBacktrace as core[a373ad73a504971]::fmt::Display>::fmt
[INFO] [stdout]    1:     0x5615255d9ada - core[a373ad73a504971]::fmt::write
[INFO] [stdout]    2:     0x5615255c80cc - <alloc[2e1b2a31b91974c5]::vec::Vec<u8> as core[a373ad73a504971]::io::write::Write>::write_fmt
[INFO] [stdout]    3:     0x56152559fd56 - std[617be2ca0a6fd877]::panicking::default_hook::{closure#0}
[INFO] [stdout]    4:     0x5615255bc1c9 - std[617be2ca0a6fd877]::panicking::default_hook
[INFO] [stdout]    5:     0x5615254a23d0 - test[aada8e7e76ba119b]::test_main_inner::{closure#0}
[INFO] [stdout]    6:     0x5615255bc382 - std[617be2ca0a6fd877]::panicking::panic_with_hook
[INFO] [stdout]    7:     0x56152559fe02 - std[617be2ca0a6fd877]::panicking::panic_handler::{closure#0}
[INFO] [stdout]    8:     0x561525598989 - std[617be2ca0a6fd877]::sys::backtrace::__rust_end_short_backtrace::<std[617be2ca0a6fd877]::panicking::panic_handler::{closure#0}, !>
[INFO] [stdout]    9:     0x5615255a0a0d - __rustc[ea4f61d10b84890b]::rust_begin_unwind
[INFO] [stdout]   10:     0x5615255da20c - core[a373ad73a504971]::panicking::panic_fmt
[INFO] [stdout]   11:     0x561525482fe5 - parser[edc75781dd102edd]::parse_fixture::{closure#0}
[INFO] [stdout]   12:     0x5615254832d9 - parser[edc75781dd102edd]::parse_fixture
[INFO] [stdout]   13:     0x5615254863fe - <parser[edc75781dd102edd]::parse_captures_validation_constraints::{closure#0} as core[a373ad73a504971]::ops::function::FnOnce<()>>::call_once
[INFO] [stdout]   14:     0x56152549581b - test[aada8e7e76ba119b]::__rust_begin_short_backtrace::<core[a373ad73a504971]::result::Result<(), alloc[2e1b2a31b91974c5]::string::String>, fn() -> core[a373ad73a504971]::result::Result<(), alloc[2e1b2a31b91974c5]::string::String>>
[INFO] [stdout]   15:     0x5615254a29f5 - test[aada8e7e76ba119b]::run_test::{closure#0}
[INFO] [stdout]   16:     0x56152549c2e4 - std[617be2ca0a6fd877]::sys::backtrace::__rust_begin_short_backtrace::<test[aada8e7e76ba119b]::run_test::{closure#1}, ()>
[INFO] [stdout]   17:     0x5615254a5a82 - <std[617be2ca0a6fd877]::thread::lifecycle::spawn_unchecked<test[aada8e7e76ba119b]::run_test::{closure#1}, ()>::{closure#1} as core[a373ad73a504971]::ops::function::FnOnce<()>>::call_once::{shim:vtable#0}
[INFO] [stdout]   18:     0x5615255c338f - <std[617be2ca0a6fd877]::sys::thread::unix::Thread>::new::thread_start
[INFO] [stdout]   19:     0x73827aa18dfa - <unknown>
[INFO] [stdout]   20:     0x73827aaac3d4 - clone
[INFO] [stdout]   21:                0x0 - <unknown>
[INFO] [stdout] 
[INFO] [stdout] 
[INFO] [stdout] failures:
[INFO] [stdout]     lifts_array_of_inline_objects_as_item_schema
[INFO] [stdout]     lifts_inline_response_and_request_objects_into_named_schemas
[INFO] [stdout]     parse_captures_field_and_parameter_defaults
[INFO] [stdout]     parse_captures_read_only_and_write_only
[INFO] [stdout]     parse_captures_servers_and_variables
[INFO] [stdout]     parse_captures_validation_constraints
[INFO] [stdout]     parse_deprecated_marks_operations_and_fields
[INFO] [stdout]     parse_enum_produces_correct_variants
[INFO] [stdout]     parse_petstore_v2_loads_without_error
[INFO] [stdout]     parse_petstore_v3_list_pets_has_correct_params
[INFO] [stdout]     parse_petstore_v3_loads_without_error
[INFO] [stdout]     parse_petstore_v3_pet_schema_has_correct_fields
[INFO] [stdout]     parse_recursive_schema_does_not_stack_overflow
[INFO] [stdout]     parse_resolves_query_style_and_explode_defaults
[INFO] [stdout]     parse_resolves_ref_parameters_from_components
[INFO] [stdout]     parse_simple_types_covers_every_ir_type_variant
[INFO] [stdout]     parse_v2_and_v3_petstore_produce_equivalent_ir
[INFO] [stdout] 
[INFO] [stdout] test result: FAILED. 10 passed; 17 failed; 0 ignored; 0 measured; 0 filtered out; finished in 0.03s
[INFO] [stdout] 
[INFO] [stderr] error: test failed, to rerun pass `--test parser`
[INFO] running `Command { std: "docker" "inspect" "c38ef92320e31331f5d0e0a3f2e4920c664f27b292946f73879679a08af003f8", kill_on_drop: false }`
[INFO] running `Command { std: "docker" "rm" "-f" "c38ef92320e31331f5d0e0a3f2e4920c664f27b292946f73879679a08af003f8", kill_on_drop: false }`
[INFO] [stdout] c38ef92320e31331f5d0e0a3f2e4920c664f27b292946f73879679a08af003f8
