[INFO] fetching crate sdk-gen-merger 0.0.2...
[INFO] testing sdk-gen-merger-0.0.2 against 1.100.0-beta.1+cargoflags=--release for beta-release-1.100-2
[INFO] extracting crate sdk-gen-merger 0.0.2 into /workspace/builds/worker-5-tc2/source
[INFO] started tweaking crates.io crate sdk-gen-merger 0.0.2
[INFO] removed 0 missing tests
[INFO] finished tweaking crates.io crate sdk-gen-merger 0.0.2
[INFO] tweaked toml for crates.io crate sdk-gen-merger 0.0.2 written to /workspace/builds/worker-5-tc2/source/Cargo.toml
[INFO] validating manifest of crates.io crate sdk-gen-merger 0.0.2 on toolchain 1.100.0-beta.1
[INFO] running `Command { std: CARGO_HOME="/workspace/cargo-home" RUSTUP_HOME="/workspace/rustup-home" "/workspace/cargo-home/bin/cargo" "+1.100.0-beta.1" "metadata" "--manifest-path" "Cargo.toml" "--no-deps", kill_on_drop: false }`
[INFO] crate crates.io crate sdk-gen-merger 0.0.2 already has a lockfile, it will not be regenerated
[INFO] running `Command { std: CARGO_HOME="/workspace/cargo-home" RUSTUP_HOME="/workspace/rustup-home" "/workspace/cargo-home/bin/cargo" "+1.100.0-beta.1" "fetch" "--manifest-path" "Cargo.toml", kill_on_drop: false }`
[INFO] [stderr] warning: `package.homepage` is redundant with `package.repository`
[INFO] [stderr]   --> Cargo.toml:24:12
[INFO] [stderr]    |
[INFO] [stderr] 24 | homepage = "https://github.com/matt-storey/openapi-multi-sdk-gen"
[INFO] [stderr]    |            ^^^^^^^^^^^^^^^^^^^^^^^^^^^^^^^^^^^^^^^^^^^^^^^^^^^^^^
[INFO] [stderr] ...
[INFO] [stderr] 29 | repository = "https://github.com/matt-storey/openapi-multi-sdk-gen"
[INFO] [stderr]    |              ------------------------------------------------------
[INFO] [stderr]    |
[INFO] [stderr]    = note: `cargo::redundant_homepage` is set to `warn` by default
[INFO] [stderr] help: consider removing `package.homepage`
[INFO] [stderr] warning: `sdk-gen-merger` (manifest) generated 1 warning
[INFO] running `Command { std: "docker" "create" "-v" "/var/lib/crater-agent-workspace/builds/worker-5-tc2/source:/opt/rustwide/workdir:ro,Z" "-v" "/var/lib/crater-agent-workspace/builds/worker-5-tc2/target:/opt/rustwide/target:rw,Z" "-v" "/var/lib/crater-agent-workspace/cargo-home:/opt/rustwide/cargo-home:ro,Z" "-v" "/var/lib/crater-agent-workspace/rustup-home:/opt/rustwide/rustup-home:ro,Z" "-m" "1610612736" "--network" "none" "ghcr.io/rust-lang/crates-build-env/linux@sha256:77db811e55d90add9212f6832c23229e3de5f1c1f9905e8cb07319ea15df73ac" "sleep" "infinity", kill_on_drop: false }`
[INFO] [stdout] d03fa2df53f26d6167867b581cd22fc0402c3a19175799341709ae4461aca277
[INFO] running `Command { std: "docker" "start" "d03fa2df53f26d6167867b581cd22fc0402c3a19175799341709ae4461aca277", kill_on_drop: false }`
[INFO] running `Command { std: "docker" "inspect" "d03fa2df53f26d6167867b581cd22fc0402c3a19175799341709ae4461aca277", kill_on_drop: false }`
[INFO] running `Command { std: "docker" "exec" "-e" "SOURCE_DIR=/opt/rustwide/workdir" "-e" "CARGO_HOME=/opt/rustwide/cargo-home" "-e" "RUSTUP_HOME=/opt/rustwide/rustup-home" "-e" "CARGO_TARGET_DIR=/opt/rustwide/target" "-w" "/opt/rustwide/workdir" "--user" "0:0" "d03fa2df53f26d6167867b581cd22fc0402c3a19175799341709ae4461aca277" "/opt/rustwide/cargo-home/bin/cargo" "+1.100.0-beta.1" "metadata" "--no-deps" "--format-version=1", kill_on_drop: false }`
[INFO] running `Command { std: "docker" "inspect" "d03fa2df53f26d6167867b581cd22fc0402c3a19175799341709ae4461aca277", kill_on_drop: false }`
[INFO] running `Command { std: "docker" "exec" "-e" "SOURCE_DIR=/opt/rustwide/workdir" "-e" "CARGO_HOME=/opt/rustwide/cargo-home" "-e" "RUSTUP_HOME=/opt/rustwide/rustup-home" "-e" "CARGO_TARGET_DIR=/opt/rustwide/target" "-e" "CARGO_INCREMENTAL=0" "-e" "RUST_BACKTRACE=full" "-e" "RUSTFLAGS=--cap-lints=warn" "-e" "RUSTDOCFLAGS=--cap-lints=warn" "-w" "/opt/rustwide/workdir" "--user" "0:0" "d03fa2df53f26d6167867b581cd22fc0402c3a19175799341709ae4461aca277" "/opt/rustwide/cargo-home/bin/cargo" "+1.100.0-beta.1" "build" "--frozen" "--message-format=json" "--release", kill_on_drop: false }`
[INFO] [stderr] warning: `package.homepage` is redundant with `package.repository`
[INFO] [stderr]   --> Cargo.toml:24:12
[INFO] [stderr]    |
[INFO] [stderr] 24 | homepage = "https://github.com/matt-storey/openapi-multi-sdk-gen"
[INFO] [stderr]    |            ^^^^^^^^^^^^^^^^^^^^^^^^^^^^^^^^^^^^^^^^^^^^^^^^^^^^^^
[INFO] [stderr] ...
[INFO] [stderr] 29 | repository = "https://github.com/matt-storey/openapi-multi-sdk-gen"
[INFO] [stderr]    |              ------------------------------------------------------
[INFO] [stderr]    |
[INFO] [stderr]    = note: `cargo::redundant_homepage` is set to `warn` by default
[INFO] [stderr] help: consider removing `package.homepage`
[INFO] [stderr] warning: `sdk-gen-merger` (manifest) generated 1 warning
[INFO] [stderr]    Compiling sdk-gen-ir v0.0.2
[INFO] [stderr]    Compiling sdk-gen-merger v0.0.2 (/opt/rustwide/workdir)
[INFO] [stderr]     Finished `release` profile [optimized] target(s) in 1.99s
[INFO] running `Command { std: "docker" "inspect" "d03fa2df53f26d6167867b581cd22fc0402c3a19175799341709ae4461aca277", kill_on_drop: false }`
[INFO] running `Command { std: "docker" "exec" "-e" "SOURCE_DIR=/opt/rustwide/workdir" "-e" "CARGO_HOME=/opt/rustwide/cargo-home" "-e" "RUSTUP_HOME=/opt/rustwide/rustup-home" "-e" "CARGO_TARGET_DIR=/opt/rustwide/target" "-e" "CARGO_INCREMENTAL=0" "-e" "RUST_BACKTRACE=full" "-e" "RUSTFLAGS=--cap-lints=warn" "-e" "RUSTDOCFLAGS=--cap-lints=warn" "-w" "/opt/rustwide/workdir" "--user" "0:0" "d03fa2df53f26d6167867b581cd22fc0402c3a19175799341709ae4461aca277" "/opt/rustwide/cargo-home/bin/cargo" "+1.100.0-beta.1" "test" "--frozen" "--no-run" "--message-format=json" "--release", kill_on_drop: false }`
[INFO] [stderr] warning: `package.homepage` is redundant with `package.repository`
[INFO] [stderr]   --> Cargo.toml:24:12
[INFO] [stderr]    |
[INFO] [stderr] 24 | homepage = "https://github.com/matt-storey/openapi-multi-sdk-gen"
[INFO] [stderr]    |            ^^^^^^^^^^^^^^^^^^^^^^^^^^^^^^^^^^^^^^^^^^^^^^^^^^^^^^
[INFO] [stderr] ...
[INFO] [stderr] 29 | repository = "https://github.com/matt-storey/openapi-multi-sdk-gen"
[INFO] [stderr]    |              ------------------------------------------------------
[INFO] [stderr]    |
[INFO] [stderr]    = note: `cargo::redundant_homepage` is set to `warn` by default
[INFO] [stderr] help: consider removing `package.homepage`
[INFO] [stderr] warning: `sdk-gen-merger` (manifest) generated 1 warning
[INFO] [stderr]    Compiling indexmap v2.14.0
[INFO] [stderr]    Compiling serde_json v1.0.151
[INFO] [stderr]    Compiling unsafe-libyaml v0.2.11
[INFO] [stderr]    Compiling serde_yaml_ng v0.10.0
[INFO] [stderr]    Compiling sdk-gen-parser v0.0.2
[INFO] [stderr]    Compiling sdk-gen-merger v0.0.2 (/opt/rustwide/workdir)
[INFO] [stderr]     Finished `release` profile [optimized] target(s) in 17.25s
[INFO] running `Command { std: "docker" "inspect" "d03fa2df53f26d6167867b581cd22fc0402c3a19175799341709ae4461aca277", kill_on_drop: false }`
[INFO] running `Command { std: "docker" "exec" "-e" "SOURCE_DIR=/opt/rustwide/workdir" "-e" "CARGO_HOME=/opt/rustwide/cargo-home" "-e" "RUSTUP_HOME=/opt/rustwide/rustup-home" "-e" "CARGO_TARGET_DIR=/opt/rustwide/target" "-e" "CARGO_INCREMENTAL=0" "-e" "RUST_BACKTRACE=full" "-e" "RUSTFLAGS=--cap-lints=warn" "-e" "RUSTDOCFLAGS=--cap-lints=warn" "-w" "/opt/rustwide/workdir" "--user" "0:0" "d03fa2df53f26d6167867b581cd22fc0402c3a19175799341709ae4461aca277" "/opt/rustwide/cargo-home/bin/cargo" "+1.100.0-beta.1" "test" "--frozen" "--release", kill_on_drop: false }`
[INFO] [stderr] warning: `package.homepage` is redundant with `package.repository`
[INFO] [stderr]   --> Cargo.toml:24:12
[INFO] [stderr]    |
[INFO] [stderr] 24 | homepage = "https://github.com/matt-storey/openapi-multi-sdk-gen"
[INFO] [stderr]    |            ^^^^^^^^^^^^^^^^^^^^^^^^^^^^^^^^^^^^^^^^^^^^^^^^^^^^^^
[INFO] [stderr] ...
[INFO] [stderr] 29 | repository = "https://github.com/matt-storey/openapi-multi-sdk-gen"
[INFO] [stderr]    |              ------------------------------------------------------
[INFO] [stderr]    |
[INFO] [stderr]    = note: `cargo::redundant_homepage` is set to `warn` by default
[INFO] [stderr] help: consider removing `package.homepage`
[INFO] [stderr] warning: `sdk-gen-merger` (manifest) generated 1 warning
[INFO] [stderr]     Finished `release` profile [optimized] target(s) in 0.04s
[INFO] [stderr]      Running unittests src/lib.rs (/opt/rustwide/target/release/build/sdk-gen-merger/060c044229df5534/out/sdk_gen_merger-060c044229df5534)
[INFO] [stdout] 
[INFO] [stdout] running 2 tests
[INFO] [stdout] test sanitize::tests::disambiguates_names_that_sanitize_to_the_same_identifier ... ok
[INFO] [stderr]      Running tests/merger.rs (/opt/rustwide/target/release/build/sdk-gen-merger/3664da153477c166/out/merger-3664da153477c166)
[INFO] [stdout] test sanitize::tests::renames_invalid_names_and_repoints_references ... ok
[INFO] [stdout] 
[INFO] [stdout] test result: ok. 2 passed; 0 failed; 0 ignored; 0 measured; 0 filtered out; finished in 0.00s
[INFO] [stdout] 
[INFO] [stdout] 
[INFO] [stdout] running 7 tests
[INFO] [stdout] test merge_deduplicates_schema_that_references_another_shared_schema ... FAILED
[INFO] [stdout] test merge_errors_on_duplicate_service_names ... FAILED
[INFO] [stdout] test merge_users_and_billing_produces_two_services ... FAILED
[INFO] [stdout] test merge_detects_name_collision_and_qualifies_names ... FAILED
[INFO] [stdout] test merge_does_not_dedup_schema_referencing_a_conflict ... FAILED
[INFO] [stdout] test merge_deduplicates_shared_error_schema ... FAILED
[INFO] [stdout] test merge_leaves_single_service_schemas_untouched ... FAILED
[INFO] [stdout] 
[INFO] [stdout] failures:
[INFO] [stdout] 
[INFO] [stdout] ---- merge_deduplicates_schema_that_references_another_shared_schema stdout ----
[INFO] [stdout] 
[INFO] [stdout] thread 'merge_deduplicates_schema_that_references_another_shared_schema' (356) panicked at tests/merger.rs:13:53:
[INFO] [stdout] parse multi/users.yaml: failed to read spec file '/opt/rustwide/workdir/../../tests/fixtures/multi/users.yaml': No such file or directory (os error 2)
[INFO] [stdout] stack backtrace:
[INFO] [stdout]    0:     0x5c9901225de1 - <<std[617be2ca0a6fd877]::sys::backtrace::BacktraceLock>::print::DisplayBacktrace as core[a373ad73a504971]::fmt::Display>::fmt
[INFO] [stdout]    1:     0x5c990123b66a - core[a373ad73a504971]::fmt::write
[INFO] [stdout]    2:     0x5c990122a01c - <alloc[2e1b2a31b91974c5]::vec::Vec<u8> as core[a373ad73a504971]::io::write::Write>::write_fmt
[INFO] [stdout]    3:     0x5c9901201ca6 - std[617be2ca0a6fd877]::panicking::default_hook::{closure#0}
[INFO] [stdout]    4:     0x5c990121e119 - std[617be2ca0a6fd877]::panicking::default_hook
[INFO] [stdout]    5:     0x5c99010edda0 - test[aada8e7e76ba119b]::test_main_inner::{closure#0}
[INFO] [stdout]    6:     0x5c990121e2d2 - std[617be2ca0a6fd877]::panicking::panic_with_hook
[INFO] [stdout]    7:     0x5c9901201d52 - std[617be2ca0a6fd877]::panicking::panic_handler::{closure#0}
[INFO] [stdout]    8:     0x5c99011fa8d9 - std[617be2ca0a6fd877]::sys::backtrace::__rust_end_short_backtrace::<std[617be2ca0a6fd877]::panicking::panic_handler::{closure#0}, !>
[INFO] [stdout]    9:     0x5c990120295d - __rustc[ea4f61d10b84890b]::rust_begin_unwind
[INFO] [stdout]   10:     0x5c990123bd9c - core[a373ad73a504971]::panicking::panic_fmt
[INFO] [stdout]   11:     0x5c99010db0c5 - merger[709f870f1d127405]::fixture::{closure#0}
[INFO] [stdout]   12:     0x5c99010db666 - merger[709f870f1d127405]::fixture
[INFO] [stdout]   13:     0x5c99010db2d7 - merger[709f870f1d127405]::users_and_billing
[INFO] [stdout]   14:     0x5c99010ddbfe - <merger[709f870f1d127405]::merge_deduplicates_schema_that_references_another_shared_schema::{closure#0} as core[a373ad73a504971]::ops::function::FnOnce<()>>::call_once
[INFO] [stdout]   15:     0x5c99010e11eb - test[aada8e7e76ba119b]::__rust_begin_short_backtrace::<core[a373ad73a504971]::result::Result<(), alloc[2e1b2a31b91974c5]::string::String>, fn() -> core[a373ad73a504971]::result::Result<(), alloc[2e1b2a31b91974c5]::string::String>>
[INFO] [stdout]   16:     0x5c99010ee3c5 - test[aada8e7e76ba119b]::run_test::{closure#0}
[INFO] [stdout]   17:     0x5c99010e7cb4 - std[617be2ca0a6fd877]::sys::backtrace::__rust_begin_short_backtrace::<test[aada8e7e76ba119b]::run_test::{closure#1}, ()>
[INFO] [stdout]   18:     0x5c99010f1452 - <std[617be2ca0a6fd877]::thread::lifecycle::spawn_unchecked<test[aada8e7e76ba119b]::run_test::{closure#1}, ()>::{closure#1} as core[a373ad73a504971]::ops::function::FnOnce<()>>::call_once::{shim:vtable#0}
[INFO] [stdout]   19:     0x5c99012252df - <std[617be2ca0a6fd877]::sys::thread::unix::Thread>::new::thread_start
[INFO] [stdout]   20:     0x7db46e38edfa - <unknown>
[INFO] [stdout]   21:     0x7db46e4223d4 - clone
[INFO] [stdout]   22:                0x0 - <unknown>
[INFO] [stdout] 
[INFO] [stdout] ---- merge_errors_on_duplicate_service_names stdout ----
[INFO] [stdout] 
[INFO] [stdout] thread 'merge_errors_on_duplicate_service_names' (360) panicked at tests/merger.rs:13:53:
[INFO] [stdout] parse multi/users.yaml: failed to read spec file '/opt/rustwide/workdir/../../tests/fixtures/multi/users.yaml': No such file or directory (os error 2)
[INFO] [stdout] stack backtrace:
[INFO] [stdout]    0:     0x5c9901225de1 - <<std[617be2ca0a6fd877]::sys::backtrace::BacktraceLock>::print::DisplayBacktrace as core[a373ad73a504971]::fmt::Display>::fmt
[INFO] [stdout]    1:     0x5c990123b66a - core[a373ad73a504971]::fmt::write
[INFO] [stdout]    2:     0x5c990122a01c - <alloc[2e1b2a31b91974c5]::vec::Vec<u8> as core[a373ad73a504971]::io::write::Write>::write_fmt
[INFO] [stdout]    3:     0x5c9901201ca6 - std[617be2ca0a6fd877]::panicking::default_hook::{closure#0}
[INFO] [stdout]    4:     0x5c990121e119 - std[617be2ca0a6fd877]::panicking::default_hook
[INFO] [stdout]    5:     0x5c99010edda0 - test[aada8e7e76ba119b]::test_main_inner::{closure#0}
[INFO] [stdout]    6:     0x5c990121e2d2 - std[617be2ca0a6fd877]::panicking::panic_with_hook
[INFO] [stdout]    7:     0x5c9901201d52 - std[617be2ca0a6fd877]::panicking::panic_handler::{closure#0}
[INFO] [stdout]    8:     0x5c99011fa8d9 - std[617be2ca0a6fd877]::sys::backtrace::__rust_end_short_backtrace::<std[617be2ca0a6fd877]::panicking::panic_handler::{closure#0}, !>
[INFO] [stdout]    9:     0x5c990120295d - __rustc[ea4f61d10b84890b]::rust_begin_unwind
[INFO] [stdout]   10:     0x5c990123bd9c - core[a373ad73a504971]::panicking::panic_fmt
[INFO] [stdout]   11:     0x5c99010db0c5 - merger[709f870f1d127405]::fixture::{closure#0}
[INFO] [stdout]   12:     0x5c99010db666 - merger[709f870f1d127405]::fixture
[INFO] [stdout]   13:     0x5c99010dc027 - <merger[709f870f1d127405]::merge_errors_on_duplicate_service_names::{closure#0} as core[a373ad73a504971]::ops::function::FnOnce<()>>::call_once
[INFO] [stdout]   14:     0x5c99010e11eb - test[aada8e7e76ba119b]::__rust_begin_short_backtrace::<core[a373ad73a504971]::result::Result<(), alloc[2e1b2a31b91974c5]::string::String>, fn() -> core[a373ad73a504971]::result::Result<(), alloc[2e1b2a31b91974c5]::string::String>>
[INFO] [stdout]   15:     0x5c99010ee3c5 - test[aada8e7e76ba119b]::run_test::{closure#0}
[INFO] [stdout]   16:     0x5c99010e7cb4 - std[617be2ca0a6fd877]::sys::backtrace::__rust_begin_short_backtrace::<test[aada8e7e76ba119b]::run_test::{closure#1}, ()>
[INFO] [stdout]   17:     0x5c99010f1452 - <std[617be2ca0a6fd877]::thread::lifecycle::spawn_unchecked<test[aada8e7e76ba119b]::run_test::{closure#1}, ()>::{closure#1} as core[a373ad73a504971]::ops::function::FnOnce<()>>::call_once::{shim:vtable#0}
[INFO] [stdout]   18:     0x5c99012252df - <std[617be2ca0a6fd877]::sys::thread::unix::Thread>::new::thread_start
[INFO] [stdout]   19:     0x7db46e38edfa - <unknown>
[INFO] [stdout]   20:     0x7db46e4223d4 - clone
[INFO] [stdout]   21:                0x0 - <unknown>
[INFO] [stdout] 
[INFO] [stdout] ---- merge_users_and_billing_produces_two_services stdout ----
[INFO] [stdout] 
[INFO] [stdout] thread 'merge_users_and_billing_produces_two_services' (362) panicked at tests/merger.rs:13:53:
[INFO] [stdout] parse multi/users.yaml: failed to read spec file '/opt/rustwide/workdir/../../tests/fixtures/multi/users.yaml': No such file or directory (os error 2)
[INFO] [stdout] stack backtrace:
[INFO] [stdout]    0:     0x5c9901225de1 - <<std[617be2ca0a6fd877]::sys::backtrace::BacktraceLock>::print::DisplayBacktrace as core[a373ad73a504971]::fmt::Display>::fmt
[INFO] [stdout]    1:     0x5c990123b66a - core[a373ad73a504971]::fmt::write
[INFO] [stdout]    2:     0x5c990122a01c - <alloc[2e1b2a31b91974c5]::vec::Vec<u8> as core[a373ad73a504971]::io::write::Write>::write_fmt
[INFO] [stdout]    3:     0x5c9901201ca6 - std[617be2ca0a6fd877]::panicking::default_hook::{closure#0}
[INFO] [stdout]    4:     0x5c990121e119 - std[617be2ca0a6fd877]::panicking::default_hook
[INFO] [stdout]    5:     0x5c99010edda0 - test[aada8e7e76ba119b]::test_main_inner::{closure#0}
[INFO] [stdout]    6:     0x5c990121e2d2 - std[617be2ca0a6fd877]::panicking::panic_with_hook
[INFO] [stdout]    7:     0x5c9901201d52 - std[617be2ca0a6fd877]::panicking::panic_handler::{closure#0}
[INFO] [stdout]    8:     0x5c99011fa8d9 - std[617be2ca0a6fd877]::sys::backtrace::__rust_end_short_backtrace::<std[617be2ca0a6fd877]::panicking::panic_handler::{closure#0}, !>
[INFO] [stdout]    9:     0x5c990120295d - __rustc[ea4f61d10b84890b]::rust_begin_unwind
[INFO] [stdout]   10:     0x5c990123bd9c - core[a373ad73a504971]::panicking::panic_fmt
[INFO] [stdout]   11:     0x5c99010db0c5 - merger[709f870f1d127405]::fixture::{closure#0}
[INFO] [stdout]   12:     0x5c99010db666 - merger[709f870f1d127405]::fixture
[INFO] [stdout]   13:     0x5c99010db2d7 - merger[709f870f1d127405]::users_and_billing
[INFO] [stdout]   14:     0x5c99010dc427 - <merger[709f870f1d127405]::merge_users_and_billing_produces_two_services::{closure#0} as core[a373ad73a504971]::ops::function::FnOnce<()>>::call_once
[INFO] [stdout]   15:     0x5c99010e11eb - test[aada8e7e76ba119b]::__rust_begin_short_backtrace::<core[a373ad73a504971]::result::Result<(), alloc[2e1b2a31b91974c5]::string::String>, fn() -> core[a373ad73a504971]::result::Result<(), alloc[2e1b2a31b91974c5]::string::String>>
[INFO] [stdout]   16:     0x5c99010ee3c5 - test[aada8e7e76ba119b]::run_test::{closure#0}
[INFO] [stdout]   17:     0x5c99010e7cb4 - std[617be2ca0a6fd877]::sys::backtrace::__rust_begin_short_backtrace::<test[aada8e7e76ba119b]::run_test::{closure#1}, ()>
[INFO] [stdout]   18:     0x5c99010f1452 - <std[617be2ca0a6fd877]::thread::lifecycle::spawn_unchecked<test[aada8e7e76ba119b]::run_test::{closure#1}, ()>::{closure#1} as core[a373ad73a504971]::ops::function::FnOnce<()>>::call_once::{shim:vtable#0}
[INFO] [stdout]   19:     0x5c99012252df - <std[617be2ca0a6fd877]::sys::thread::unix::Thread>::new::thread_start
[INFO] [stdout]   20:     0x7db46e38edfa - <unknown>
[INFO] [stdout]   21:     0x7db46e4223d4 - clone
[INFO] [stdout]   22:                0x0 - <unknown>
[INFO] [stdout] 
[INFO] [stdout] ---- merge_detects_name_collision_and_qualifies_names stdout ----
[INFO] [stdout] 
[INFO] [stdout] thread 'merge_detects_name_collision_and_qualifies_names' (358) panicked at tests/merger.rs:13:53:
[INFO] [stdout] parse multi/users.yaml: failed to read spec file '/opt/rustwide/workdir/../../tests/fixtures/multi/users.yaml': No such file or directory (os error 2)
[INFO] [stdout] stack backtrace:
[INFO] [stdout]    0:     0x5c9901225de1 - <<std[617be2ca0a6fd877]::sys::backtrace::BacktraceLock>::print::DisplayBacktrace as core[a373ad73a504971]::fmt::Display>::fmt
[INFO] [stdout]    1:     0x5c990123b66a - core[a373ad73a504971]::fmt::write
[INFO] [stdout]    2:     0x5c990122a01c - <alloc[2e1b2a31b91974c5]::vec::Vec<u8> as core[a373ad73a504971]::io::write::Write>::write_fmt
[INFO] [stdout]    3:     0x5c9901201ca6 - std[617be2ca0a6fd877]::panicking::default_hook::{closure#0}
[INFO] [stdout]    4:     0x5c990121e119 - std[617be2ca0a6fd877]::panicking::default_hook
[INFO] [stdout]    5:     0x5c99010edda0 - test[aada8e7e76ba119b]::test_main_inner::{closure#0}
[INFO] [stdout]    6:     0x5c990121e2d2 - std[617be2ca0a6fd877]::panicking::panic_with_hook
[INFO] [stdout]    7:     0x5c9901201d52 - std[617be2ca0a6fd877]::panicking::panic_handler::{closure#0}
[INFO] [stdout]    8:     0x5c99011fa8d9 - std[617be2ca0a6fd877]::sys::backtrace::__rust_end_short_backtrace::<std[617be2ca0a6fd877]::panicking::panic_handler::{closure#0}, !>
[INFO] [stdout]    9:     0x5c990120295d - __rustc[ea4f61d10b84890b]::rust_begin_unwind
[INFO] [stdout]   10:     0x5c990123bd9c - core[a373ad73a504971]::panicking::panic_fmt
[INFO] [stdout]   11:     0x5c99010db0c5 - merger[709f870f1d127405]::fixture::{closure#0}
[INFO] [stdout]   12:     0x5c99010db666 - merger[709f870f1d127405]::fixture
[INFO] [stdout]   13:     0x5c99010dc557 - <merger[709f870f1d127405]::merge_detects_name_collision_and_qualifies_names::{closure#0} as core[a373ad73a504971]::ops::function::FnOnce<()>>::call_once
[INFO] [stdout]   14:     0x5c99010e11eb - test[aada8e7e76ba119b]::__rust_begin_short_backtrace::<core[a373ad73a504971]::result::Result<(), alloc[2e1b2a31b91974c5]::string::String>, fn() -> core[a373ad73a504971]::result::Result<(), alloc[2e1b2a31b91974c5]::string::String>>
[INFO] [stdout]   15:     0x5c99010ee3c5 - test[aada8e7e76ba119b]::run_test::{closure#0}
[INFO] [stderr] error: test failed, to rerun pass `--test merger`
[INFO] [stdout]   16:     0x5c99010e7cb4 - std[617be2ca0a6fd877]::sys::backtrace::__rust_begin_short_backtrace::<test[aada8e7e76ba119b]::run_test::{closure#1}, ()>
[INFO] [stdout]   17:     0x5c99010f1452 - <std[617be2ca0a6fd877]::thread::lifecycle::spawn_unchecked<test[aada8e7e76ba119b]::run_test::{closure#1}, ()>::{closure#1} as core[a373ad73a504971]::ops::function::FnOnce<()>>::call_once::{shim:vtable#0}
[INFO] [stdout]   18:     0x5c99012252df - <std[617be2ca0a6fd877]::sys::thread::unix::Thread>::new::thread_start
[INFO] [stdout]   19:     0x7db46e38edfa - <unknown>
[INFO] [stdout]   20:     0x7db46e4223d4 - clone
[INFO] [stdout]   21:                0x0 - <unknown>
[INFO] [stdout] 
[INFO] [stdout] ---- merge_does_not_dedup_schema_referencing_a_conflict stdout ----
[INFO] [stdout] 
[INFO] [stdout] thread 'merge_does_not_dedup_schema_referencing_a_conflict' (359) panicked at tests/merger.rs:13:53:
[INFO] [stdout] parse multi/users.yaml: failed to read spec file '/opt/rustwide/workdir/../../tests/fixtures/multi/users.yaml': No such file or directory (os error 2)
[INFO] [stdout] stack backtrace:
[INFO] [stdout]    0:     0x5c9901225de1 - <<std[617be2ca0a6fd877]::sys::backtrace::BacktraceLock>::print::DisplayBacktrace as core[a373ad73a504971]::fmt::Display>::fmt
[INFO] [stdout]    1:     0x5c990123b66a - core[a373ad73a504971]::fmt::write
[INFO] [stdout]    2:     0x5c990122a01c - <alloc[2e1b2a31b91974c5]::vec::Vec<u8> as core[a373ad73a504971]::io::write::Write>::write_fmt
[INFO] [stdout]    3:     0x5c9901201ca6 - std[617be2ca0a6fd877]::panicking::default_hook::{closure#0}
[INFO] [stdout]    4:     0x5c990121e119 - std[617be2ca0a6fd877]::panicking::default_hook
[INFO] [stdout]    5:     0x5c99010edda0 - test[aada8e7e76ba119b]::test_main_inner::{closure#0}
[INFO] [stdout]    6:     0x5c990121e2d2 - std[617be2ca0a6fd877]::panicking::panic_with_hook
[INFO] [stdout]    7:     0x5c9901201d52 - std[617be2ca0a6fd877]::panicking::panic_handler::{closure#0}
[INFO] [stdout]    8:     0x5c99011fa8d9 - std[617be2ca0a6fd877]::sys::backtrace::__rust_end_short_backtrace::<std[617be2ca0a6fd877]::panicking::panic_handler::{closure#0}, !>
[INFO] [stdout]    9:     0x5c990120295d - __rustc[ea4f61d10b84890b]::rust_begin_unwind
[INFO] [stdout]   10:     0x5c990123bd9c - core[a373ad73a504971]::panicking::panic_fmt
[INFO] [stdout]   11:     0x5c99010db0c5 - merger[709f870f1d127405]::fixture::{closure#0}
[INFO] [stdout]   12:     0x5c99010db666 - merger[709f870f1d127405]::fixture
[INFO] [stdout]   13:     0x5c99010db2d7 - merger[709f870f1d127405]::users_and_billing
[INFO] [stdout]   14:     0x5c99010dd5ae - <merger[709f870f1d127405]::merge_does_not_dedup_schema_referencing_a_conflict::{closure#0} as core[a373ad73a504971]::ops::function::FnOnce<()>>::call_once
[INFO] [stdout]   15:     0x5c99010e11eb - test[aada8e7e76ba119b]::__rust_begin_short_backtrace::<core[a373ad73a504971]::result::Result<(), alloc[2e1b2a31b91974c5]::string::String>, fn() -> core[a373ad73a504971]::result::Result<(), alloc[2e1b2a31b91974c5]::string::String>>
[INFO] [stdout]   16:     0x5c99010ee3c5 - test[aada8e7e76ba119b]::run_test::{closure#0}
[INFO] [stdout]   17:     0x5c99010e7cb4 - std[617be2ca0a6fd877]::sys::backtrace::__rust_begin_short_backtrace::<test[aada8e7e76ba119b]::run_test::{closure#1}, ()>
[INFO] [stdout]   18:     0x5c99010f1452 - <std[617be2ca0a6fd877]::thread::lifecycle::spawn_unchecked<test[aada8e7e76ba119b]::run_test::{closure#1}, ()>::{closure#1} as core[a373ad73a504971]::ops::function::FnOnce<()>>::call_once::{shim:vtable#0}
[INFO] [stdout]   19:     0x5c99012252df - <std[617be2ca0a6fd877]::sys::thread::unix::Thread>::new::thread_start
[INFO] [stdout]   20:     0x7db46e38edfa - <unknown>
[INFO] [stdout]   21:     0x7db46e4223d4 - clone
[INFO] [stdout]   22:                0x0 - <unknown>
[INFO] [stdout] 
[INFO] [stdout] ---- merge_deduplicates_shared_error_schema stdout ----
[INFO] [stdout] 
[INFO] [stdout] thread 'merge_deduplicates_shared_error_schema' (357) panicked at tests/merger.rs:13:53:
[INFO] [stdout] parse multi/users.yaml: failed to read spec file '/opt/rustwide/workdir/../../tests/fixtures/multi/users.yaml': No such file or directory (os error 2)
[INFO] [stdout] stack backtrace:
[INFO] [stdout]    0:     0x5c9901225de1 - <<std[617be2ca0a6fd877]::sys::backtrace::BacktraceLock>::print::DisplayBacktrace as core[a373ad73a504971]::fmt::Display>::fmt
[INFO] [stdout]    1:     0x5c990123b66a - core[a373ad73a504971]::fmt::write
[INFO] [stdout]    2:     0x5c990122a01c - <alloc[2e1b2a31b91974c5]::vec::Vec<u8> as core[a373ad73a504971]::io::write::Write>::write_fmt
[INFO] [stdout]    3:     0x5c9901201ca6 - std[617be2ca0a6fd877]::panicking::default_hook::{closure#0}
[INFO] [stdout]    4:     0x5c990121e119 - std[617be2ca0a6fd877]::panicking::default_hook
[INFO] [stdout]    5:     0x5c99010edda0 - test[aada8e7e76ba119b]::test_main_inner::{closure#0}
[INFO] [stdout]    6:     0x5c990121e2d2 - std[617be2ca0a6fd877]::panicking::panic_with_hook
[INFO] [stdout]    7:     0x5c9901201d52 - std[617be2ca0a6fd877]::panicking::panic_handler::{closure#0}
[INFO] [stdout]    8:     0x5c99011fa8d9 - std[617be2ca0a6fd877]::sys::backtrace::__rust_end_short_backtrace::<std[617be2ca0a6fd877]::panicking::panic_handler::{closure#0}, !>
[INFO] [stdout]    9:     0x5c990120295d - __rustc[ea4f61d10b84890b]::rust_begin_unwind
[INFO] [stdout]   10:     0x5c990123bd9c - core[a373ad73a504971]::panicking::panic_fmt
[INFO] [stdout]   11:     0x5c99010db0c5 - merger[709f870f1d127405]::fixture::{closure#0}
[INFO] [stdout]   12:     0x5c99010db666 - merger[709f870f1d127405]::fixture
[INFO] [stdout]   13:     0x5c99010db2d7 - merger[709f870f1d127405]::users_and_billing
[INFO] [stdout]   14:     0x5c99010db9fe - <merger[709f870f1d127405]::merge_deduplicates_shared_error_schema::{closure#0} as core[a373ad73a504971]::ops::function::FnOnce<()>>::call_once
[INFO] [stdout]   15:     0x5c99010e11eb - test[aada8e7e76ba119b]::__rust_begin_short_backtrace::<core[a373ad73a504971]::result::Result<(), alloc[2e1b2a31b91974c5]::string::String>, fn() -> core[a373ad73a504971]::result::Result<(), alloc[2e1b2a31b91974c5]::string::String>>
[INFO] [stdout]   16:     0x5c99010ee3c5 - test[aada8e7e76ba119b]::run_test::{closure#0}
[INFO] [stdout]   17:     0x5c99010e7cb4 - std[617be2ca0a6fd877]::sys::backtrace::__rust_begin_short_backtrace::<test[aada8e7e76ba119b]::run_test::{closure#1}, ()>
[INFO] [stdout]   18:     0x5c99010f1452 - <std[617be2ca0a6fd877]::thread::lifecycle::spawn_unchecked<test[aada8e7e76ba119b]::run_test::{closure#1}, ()>::{closure#1} as core[a373ad73a504971]::ops::function::FnOnce<()>>::call_once::{shim:vtable#0}
[INFO] [stdout]   19:     0x5c99012252df - <std[617be2ca0a6fd877]::sys::thread::unix::Thread>::new::thread_start
[INFO] [stdout]   20:     0x7db46e38edfa - <unknown>
[INFO] [stdout]   21:     0x7db46e4223d4 - clone
[INFO] [stdout]   22:                0x0 - <unknown>
[INFO] [stdout] 
[INFO] [stdout] ---- merge_leaves_single_service_schemas_untouched stdout ----
[INFO] [stdout] 
[INFO] [stdout] thread 'merge_leaves_single_service_schemas_untouched' (361) panicked at tests/merger.rs:13:53:
[INFO] [stdout] parse multi/users.yaml: failed to read spec file '/opt/rustwide/workdir/../../tests/fixtures/multi/users.yaml': No such file or directory (os error 2)
[INFO] [stdout] stack backtrace:
[INFO] [stdout]    0:     0x5c9901225de1 - <<std[617be2ca0a6fd877]::sys::backtrace::BacktraceLock>::print::DisplayBacktrace as core[a373ad73a504971]::fmt::Display>::fmt
[INFO] [stdout]    1:     0x5c990123b66a - core[a373ad73a504971]::fmt::write
[INFO] [stdout]    2:     0x5c990122a01c - <alloc[2e1b2a31b91974c5]::vec::Vec<u8> as core[a373ad73a504971]::io::write::Write>::write_fmt
[INFO] [stdout]    3:     0x5c9901201ca6 - std[617be2ca0a6fd877]::panicking::default_hook::{closure#0}
[INFO] [stdout]    4:     0x5c990121e119 - std[617be2ca0a6fd877]::panicking::default_hook
[INFO] [stdout]    5:     0x5c99010edda0 - test[aada8e7e76ba119b]::test_main_inner::{closure#0}
[INFO] [stdout]    6:     0x5c990121e2d2 - std[617be2ca0a6fd877]::panicking::panic_with_hook
[INFO] [stdout]    7:     0x5c9901201d52 - std[617be2ca0a6fd877]::panicking::panic_handler::{closure#0}
[INFO] [stdout]    8:     0x5c99011fa8d9 - std[617be2ca0a6fd877]::sys::backtrace::__rust_end_short_backtrace::<std[617be2ca0a6fd877]::panicking::panic_handler::{closure#0}, !>
[INFO] [stdout]    9:     0x5c990120295d - __rustc[ea4f61d10b84890b]::rust_begin_unwind
[INFO] [stdout]   10:     0x5c990123bd9c - core[a373ad73a504971]::panicking::panic_fmt
[INFO] [stdout]   11:     0x5c99010db0c5 - merger[709f870f1d127405]::fixture::{closure#0}
[INFO] [stdout]   12:     0x5c99010db666 - merger[709f870f1d127405]::fixture
[INFO] [stdout]   13:     0x5c99010db2d7 - merger[709f870f1d127405]::users_and_billing
[INFO] [stdout]   14:     0x5c99010dc1db - <merger[709f870f1d127405]::merge_leaves_single_service_schemas_untouched::{closure#0} as core[a373ad73a504971]::ops::function::FnOnce<()>>::call_once
[INFO] [stdout]   15:     0x5c99010e11eb - test[aada8e7e76ba119b]::__rust_begin_short_backtrace::<core[a373ad73a504971]::result::Result<(), alloc[2e1b2a31b91974c5]::string::String>, fn() -> core[a373ad73a504971]::result::Result<(), alloc[2e1b2a31b91974c5]::string::String>>
[INFO] [stdout]   16:     0x5c99010ee3c5 - test[aada8e7e76ba119b]::run_test::{closure#0}
[INFO] [stdout]   17:     0x5c99010e7cb4 - std[617be2ca0a6fd877]::sys::backtrace::__rust_begin_short_backtrace::<test[aada8e7e76ba119b]::run_test::{closure#1}, ()>
[INFO] [stdout]   18:     0x5c99010f1452 - <std[617be2ca0a6fd877]::thread::lifecycle::spawn_unchecked<test[aada8e7e76ba119b]::run_test::{closure#1}, ()>::{closure#1} as core[a373ad73a504971]::ops::function::FnOnce<()>>::call_once::{shim:vtable#0}
[INFO] [stdout]   19:     0x5c99012252df - <std[617be2ca0a6fd877]::sys::thread::unix::Thread>::new::thread_start
[INFO] [stdout]   20:     0x7db46e38edfa - <unknown>
[INFO] [stdout]   21:     0x7db46e4223d4 - clone
[INFO] [stdout]   22:                0x0 - <unknown>
[INFO] [stdout] 
[INFO] [stdout] 
[INFO] [stdout] failures:
[INFO] [stdout]     merge_deduplicates_schema_that_references_another_shared_schema
[INFO] [stdout]     merge_deduplicates_shared_error_schema
[INFO] [stdout]     merge_detects_name_collision_and_qualifies_names
[INFO] [stdout]     merge_does_not_dedup_schema_referencing_a_conflict
[INFO] [stdout]     merge_errors_on_duplicate_service_names
[INFO] [stdout]     merge_leaves_single_service_schemas_untouched
[INFO] [stdout]     merge_users_and_billing_produces_two_services
[INFO] [stdout] 
[INFO] [stdout] test result: FAILED. 0 passed; 7 failed; 0 ignored; 0 measured; 0 filtered out; finished in 0.01s
[INFO] [stdout] 
[INFO] running `Command { std: "docker" "inspect" "d03fa2df53f26d6167867b581cd22fc0402c3a19175799341709ae4461aca277", kill_on_drop: false }`
[INFO] running `Command { std: "docker" "rm" "-f" "d03fa2df53f26d6167867b581cd22fc0402c3a19175799341709ae4461aca277", kill_on_drop: false }`
[INFO] [stdout] d03fa2df53f26d6167867b581cd22fc0402c3a19175799341709ae4461aca277
