[INFO] fetching crate sdk-gen-core 0.0.2...
[INFO] testing sdk-gen-core-0.0.2 against 1.100.0-beta.1+cargoflags=--release for beta-release-1.100-2
[INFO] extracting crate sdk-gen-core 0.0.2 into /workspace/builds/worker-3-tc2/source
[INFO] started tweaking crates.io crate sdk-gen-core 0.0.2
[INFO] removed 0 missing examples
[INFO] removed 0 missing tests
[INFO] finished tweaking crates.io crate sdk-gen-core 0.0.2
[INFO] tweaked toml for crates.io crate sdk-gen-core 0.0.2 written to /workspace/builds/worker-3-tc2/source/Cargo.toml
[INFO] validating manifest of crates.io crate sdk-gen-core 0.0.2 on toolchain 1.100.0-beta.1
[INFO] running `Command { std: CARGO_HOME="/workspace/cargo-home" RUSTUP_HOME="/workspace/rustup-home" "/workspace/cargo-home/bin/cargo" "+1.100.0-beta.1" "metadata" "--manifest-path" "Cargo.toml" "--no-deps", kill_on_drop: false }`
[INFO] crate crates.io crate sdk-gen-core 0.0.2 already has a lockfile, it will not be regenerated
[INFO] running `Command { std: CARGO_HOME="/workspace/cargo-home" RUSTUP_HOME="/workspace/rustup-home" "/workspace/cargo-home/bin/cargo" "+1.100.0-beta.1" "fetch" "--manifest-path" "Cargo.toml", kill_on_drop: false }`
[INFO] [stderr] warning: `package.homepage` is redundant with `package.repository`
[INFO] [stderr]   --> Cargo.toml:48:12
[INFO] [stderr]    |
[INFO] [stderr] 48 | homepage = "https://github.com/matt-storey/openapi-multi-sdk-gen"
[INFO] [stderr]    |            ^^^^^^^^^^^^^^^^^^^^^^^^^^^^^^^^^^^^^^^^^^^^^^^^^^^^^^
[INFO] [stderr] ...
[INFO] [stderr] 53 | repository = "https://github.com/matt-storey/openapi-multi-sdk-gen"
[INFO] [stderr]    |              ------------------------------------------------------
[INFO] [stderr]    |
[INFO] [stderr]    = note: `cargo::redundant_homepage` is set to `warn` by default
[INFO] [stderr] help: consider removing `package.homepage`
[INFO] [stderr] warning: `sdk-gen-core` (manifest) generated 1 warning
[INFO] running `Command { std: "docker" "create" "-v" "/var/lib/crater-agent-workspace/builds/worker-3-tc2/source:/opt/rustwide/workdir:ro,Z" "-v" "/var/lib/crater-agent-workspace/builds/worker-3-tc2/target:/opt/rustwide/target:rw,Z" "-v" "/var/lib/crater-agent-workspace/cargo-home:/opt/rustwide/cargo-home:ro,Z" "-v" "/var/lib/crater-agent-workspace/rustup-home:/opt/rustwide/rustup-home:ro,Z" "-m" "1610612736" "--network" "none" "ghcr.io/rust-lang/crates-build-env/linux@sha256:77db811e55d90add9212f6832c23229e3de5f1c1f9905e8cb07319ea15df73ac" "sleep" "infinity", kill_on_drop: false }`
[INFO] [stdout] 9cefa6bce3094d4d484fdde210c528c04d08276d58ac2bb82607eb70f3927e1e
[INFO] running `Command { std: "docker" "start" "9cefa6bce3094d4d484fdde210c528c04d08276d58ac2bb82607eb70f3927e1e", kill_on_drop: false }`
[INFO] running `Command { std: "docker" "inspect" "9cefa6bce3094d4d484fdde210c528c04d08276d58ac2bb82607eb70f3927e1e", kill_on_drop: false }`
[INFO] running `Command { std: "docker" "exec" "-e" "SOURCE_DIR=/opt/rustwide/workdir" "-e" "CARGO_HOME=/opt/rustwide/cargo-home" "-e" "RUSTUP_HOME=/opt/rustwide/rustup-home" "-e" "CARGO_TARGET_DIR=/opt/rustwide/target" "-w" "/opt/rustwide/workdir" "--user" "0:0" "9cefa6bce3094d4d484fdde210c528c04d08276d58ac2bb82607eb70f3927e1e" "/opt/rustwide/cargo-home/bin/cargo" "+1.100.0-beta.1" "metadata" "--no-deps" "--format-version=1", kill_on_drop: false }`
[INFO] running `Command { std: "docker" "inspect" "9cefa6bce3094d4d484fdde210c528c04d08276d58ac2bb82607eb70f3927e1e", kill_on_drop: false }`
[INFO] running `Command { std: "docker" "exec" "-e" "SOURCE_DIR=/opt/rustwide/workdir" "-e" "CARGO_HOME=/opt/rustwide/cargo-home" "-e" "RUSTUP_HOME=/opt/rustwide/rustup-home" "-e" "CARGO_TARGET_DIR=/opt/rustwide/target" "-e" "CARGO_INCREMENTAL=0" "-e" "RUST_BACKTRACE=full" "-e" "RUSTFLAGS=--cap-lints=warn" "-e" "RUSTDOCFLAGS=--cap-lints=warn" "-w" "/opt/rustwide/workdir" "--user" "0:0" "9cefa6bce3094d4d484fdde210c528c04d08276d58ac2bb82607eb70f3927e1e" "/opt/rustwide/cargo-home/bin/cargo" "+1.100.0-beta.1" "build" "--frozen" "--message-format=json" "--release", kill_on_drop: false }`
[INFO] [stderr] warning: `package.homepage` is redundant with `package.repository`
[INFO] [stderr]   --> Cargo.toml:48:12
[INFO] [stderr]    |
[INFO] [stderr] 48 | homepage = "https://github.com/matt-storey/openapi-multi-sdk-gen"
[INFO] [stderr]    |            ^^^^^^^^^^^^^^^^^^^^^^^^^^^^^^^^^^^^^^^^^^^^^^^^^^^^^^
[INFO] [stderr] ...
[INFO] [stderr] 53 | repository = "https://github.com/matt-storey/openapi-multi-sdk-gen"
[INFO] [stderr]    |              ------------------------------------------------------
[INFO] [stderr]    |
[INFO] [stderr]    = note: `cargo::redundant_homepage` is set to `warn` by default
[INFO] [stderr] help: consider removing `package.homepage`
[INFO] [stderr] warning: `sdk-gen-core` (manifest) generated 1 warning
[INFO] [stderr]    Compiling syn v2.0.119
[INFO] [stderr]    Compiling syn v3.0.3
[INFO] [stderr]    Compiling serde_json v1.0.151
[INFO] [stderr]    Compiling num-modular v0.6.4
[INFO] [stderr]    Compiling sdk-gen-ir v0.0.2
[INFO] [stderr]    Compiling indexmap v2.14.0
[INFO] [stderr]    Compiling num-order v1.2.0
[INFO] [stderr]    Compiling serde_derive v1.0.229
[INFO] [stderr]    Compiling thiserror-impl v2.0.19
[INFO] [stderr]    Compiling thiserror v2.0.19
[INFO] [stderr]    Compiling sdk-gen-merger v0.0.2
[INFO] [stderr]    Compiling serde v1.0.229
[INFO] [stderr]    Compiling darling_core v0.20.11
[INFO] [stderr]    Compiling pest_generator v2.8.8
[INFO] [stderr]    Compiling serde_yaml_ng v0.10.0
[INFO] [stderr]    Compiling pest_derive v2.8.8
[INFO] [stderr]    Compiling sdk-gen-parser v0.0.2
[INFO] [stderr]    Compiling darling_macro v0.20.11
[INFO] [stderr]    Compiling darling v0.20.11
[INFO] [stderr]    Compiling derive_builder_core v0.20.2
[INFO] [stderr]    Compiling derive_builder_macro v0.20.2
[INFO] [stderr]    Compiling derive_builder v0.20.2
[INFO] [stderr]    Compiling handlebars v6.4.3
[INFO] [stderr]    Compiling sdk-gen-emitters v0.0.2
[INFO] [stderr]    Compiling sdk-gen-core v0.0.2 (/opt/rustwide/workdir)
[INFO] [stderr]     Finished `release` profile [optimized] target(s) in 38.86s
[INFO] running `Command { std: "docker" "inspect" "9cefa6bce3094d4d484fdde210c528c04d08276d58ac2bb82607eb70f3927e1e", kill_on_drop: false }`
[INFO] running `Command { std: "docker" "exec" "-e" "SOURCE_DIR=/opt/rustwide/workdir" "-e" "CARGO_HOME=/opt/rustwide/cargo-home" "-e" "RUSTUP_HOME=/opt/rustwide/rustup-home" "-e" "CARGO_TARGET_DIR=/opt/rustwide/target" "-e" "CARGO_INCREMENTAL=0" "-e" "RUST_BACKTRACE=full" "-e" "RUSTFLAGS=--cap-lints=warn" "-e" "RUSTDOCFLAGS=--cap-lints=warn" "-w" "/opt/rustwide/workdir" "--user" "0:0" "9cefa6bce3094d4d484fdde210c528c04d08276d58ac2bb82607eb70f3927e1e" "/opt/rustwide/cargo-home/bin/cargo" "+1.100.0-beta.1" "test" "--frozen" "--no-run" "--message-format=json" "--release", kill_on_drop: false }`
[INFO] [stderr] warning: `package.homepage` is redundant with `package.repository`
[INFO] [stderr]   --> Cargo.toml:48:12
[INFO] [stderr]    |
[INFO] [stderr] 48 | homepage = "https://github.com/matt-storey/openapi-multi-sdk-gen"
[INFO] [stderr]    |            ^^^^^^^^^^^^^^^^^^^^^^^^^^^^^^^^^^^^^^^^^^^^^^^^^^^^^^
[INFO] [stderr] ...
[INFO] [stderr] 53 | repository = "https://github.com/matt-storey/openapi-multi-sdk-gen"
[INFO] [stderr]    |              ------------------------------------------------------
[INFO] [stderr]    |
[INFO] [stderr]    = note: `cargo::redundant_homepage` is set to `warn` by default
[INFO] [stderr] help: consider removing `package.homepage`
[INFO] [stderr] warning: `sdk-gen-core` (manifest) generated 1 warning
[INFO] [stderr]    Compiling rustix v1.1.4
[INFO] [stderr]    Compiling getrandom v0.4.3
[INFO] [stderr]    Compiling tempfile v3.27.0
[INFO] [stderr]    Compiling sdk-gen-core v0.0.2 (/opt/rustwide/workdir)
[INFO] [stderr]     Finished `release` profile [optimized] target(s) in 7.77s
[INFO] running `Command { std: "docker" "inspect" "9cefa6bce3094d4d484fdde210c528c04d08276d58ac2bb82607eb70f3927e1e", kill_on_drop: false }`
[INFO] running `Command { std: "docker" "exec" "-e" "SOURCE_DIR=/opt/rustwide/workdir" "-e" "CARGO_HOME=/opt/rustwide/cargo-home" "-e" "RUSTUP_HOME=/opt/rustwide/rustup-home" "-e" "CARGO_TARGET_DIR=/opt/rustwide/target" "-e" "CARGO_INCREMENTAL=0" "-e" "RUST_BACKTRACE=full" "-e" "RUSTFLAGS=--cap-lints=warn" "-e" "RUSTDOCFLAGS=--cap-lints=warn" "-w" "/opt/rustwide/workdir" "--user" "0:0" "9cefa6bce3094d4d484fdde210c528c04d08276d58ac2bb82607eb70f3927e1e" "/opt/rustwide/cargo-home/bin/cargo" "+1.100.0-beta.1" "test" "--frozen" "--release", kill_on_drop: false }`
[INFO] [stderr] warning: `package.homepage` is redundant with `package.repository`
[INFO] [stderr]   --> Cargo.toml:48:12
[INFO] [stderr]    |
[INFO] [stderr] 48 | homepage = "https://github.com/matt-storey/openapi-multi-sdk-gen"
[INFO] [stderr]    |            ^^^^^^^^^^^^^^^^^^^^^^^^^^^^^^^^^^^^^^^^^^^^^^^^^^^^^^
[INFO] [stderr] ...
[INFO] [stderr] 53 | repository = "https://github.com/matt-storey/openapi-multi-sdk-gen"
[INFO] [stderr]    |              ------------------------------------------------------
[INFO] [stderr]    |
[INFO] [stderr]    = note: `cargo::redundant_homepage` is set to `warn` by default
[INFO] [stderr] help: consider removing `package.homepage`
[INFO] [stderr] warning: `sdk-gen-core` (manifest) generated 1 warning
[INFO] [stderr]     Finished `release` profile [optimized] target(s) in 0.07s
[INFO] [stderr]      Running unittests src/lib.rs (/opt/rustwide/target/release/build/sdk-gen-core/5138f807f8b2fccf/out/sdk_gen_core-5138f807f8b2fccf)
[INFO] [stdout] 
[INFO] [stdout] running 19 tests
[INFO] [stdout] test config::tests::extra_templates_default_empty ... ok
[INFO] [stdout] test config::tests::naming_defaults_empty ... ok
[INFO] [stdout] test config::tests::from_path_rebases_extra_template_from_but_not_to ... ok
[INFO] [stdout] test config::tests::from_path_rebases_relative_paths_against_config_dir ... ok
[INFO] [stdout] test config::tests::extra_templates_parse_default_to_and_map_to_options ... ok
[INFO] [stdout] test ignore::tests::bare_name_matches_at_any_depth ... ok
[INFO] [stdout] test ignore::tests::slash_anchors_to_the_output_root ... ok
[INFO] [stdout] test ignore::tests::question_mark_matches_one_character ... ok
[INFO] [stdout] test ignore::tests::filter_drops_protected_entries ... ok
[INFO] [stdout] test config::tests::naming_parses_and_maps_to_options ... ok
[INFO] [stdout] test config::tests::invalid_version_is_rejected ... ok
[INFO] [stdout] test config::tests::json_parses_too ... ok
[INFO] [stdout] test config::tests::unknown_field_is_rejected ... ok
[INFO] [stdout] test config::tests::parses_yaml_and_builds_inputs_and_options ... ok
[INFO] [stdout] test ignore::tests::blank_lines_and_comments_are_skipped ... ok
[INFO] [stderr]      Running tests/api.rs (/opt/rustwide/target/release/build/sdk-gen-core/871aec75445270a0/out/api-871aec75445270a0)
[INFO] [stdout] test ignore::tests::load_returns_none_when_absent ... ok
[INFO] [stdout] test ignore::tests::star_stays_within_a_segment_and_doublestar_crosses ... ok
[INFO] [stdout] test ignore::tests::trailing_slash_protects_a_directory ... ok
[INFO] [stdout] test ignore::tests::negation_reincludes_and_last_match_wins ... ok
[INFO] [stdout] 
[INFO] [stdout] test result: ok. 19 passed; 0 failed; 0 ignored; 0 measured; 0 filtered out; finished in 0.01s
[INFO] [stdout] 
[INFO] [stdout] 
[INFO] [stdout] running 11 tests
[INFO] [stdout] test available_languages_includes_typescript ... ok
[INFO] [stdout] test config_run_honours_package_name ... FAILED
[INFO] [stdout] test load_spec_from_file ... FAILED
[INFO] [stdout] test end_to_end_load_merge_emit_typescript ... FAILED
[INFO] [stdout] test load_spec_from_raw_content ... FAILED
[INFO] [stdout] test invalid_spec_is_a_parse_error ... ok
[INFO] [stdout] test emit_unknown_language_is_an_error ... FAILED
[INFO] [stdout] test ignore_rules_protect_generated_files ... FAILED
[INFO] [stdout] test duplicate_namespace_is_a_merge_error ... FAILED
[INFO] [stdout] test config_run_surfaces_collision_warnings ... FAILED
[INFO] [stdout] test load_and_merge_surfaces_collision_warnings ... FAILED
[INFO] [stdout] 
[INFO] [stdout] failures:
[INFO] [stdout] 
[INFO] [stdout] ---- config_run_honours_package_name stdout ----
[INFO] [stdout] 
[INFO] [stdout] thread 'config_run_honours_package_name' (853) panicked at tests/api.rs:163:61:
[INFO] [stdout] called `Result::unwrap()` on an `Err` value: Parse(Io { path: "/opt/rustwide/workdir/../../tests/fixtures/petstore_v3.yaml", source: Os { code: 2, kind: NotFound, message: "No such file or directory" } })
[INFO] [stdout] stack backtrace:
[INFO] [stdout]    0:     0x5d840b49e671 - <<std[617be2ca0a6fd877]::sys::backtrace::BacktraceLock>::print::DisplayBacktrace as core[a373ad73a504971]::fmt::Display>::fmt
[INFO] [stdout]    1:     0x5d840b4b535a - core[a373ad73a504971]::fmt::write
[INFO] [stdout]    2:     0x5d840b4a2b7c - <alloc[2e1b2a31b91974c5]::vec::Vec<u8> as core[a373ad73a504971]::io::write::Write>::write_fmt
[INFO] [stdout]    3:     0x5d840b479b16 - std[617be2ca0a6fd877]::panicking::default_hook::{closure#0}
[INFO] [stdout]    4:     0x5d840b496799 - std[617be2ca0a6fd877]::panicking::default_hook
[INFO] [stdout]    5:     0x5d840b254740 - test[aada8e7e76ba119b]::test_main_inner::{closure#0}
[INFO] [stdout]    6:     0x5d840b496952 - std[617be2ca0a6fd877]::panicking::panic_with_hook
[INFO] [stdout]    7:     0x5d840b479bc2 - std[617be2ca0a6fd877]::panicking::panic_handler::{closure#0}
[INFO] [stdout]    8:     0x5d840b4726a9 - std[617be2ca0a6fd877]::sys::backtrace::__rust_end_short_backtrace::<std[617be2ca0a6fd877]::panicking::panic_handler::{closure#0}, !>
[INFO] [stdout]    9:     0x5d840b47a7cd - __rustc[ea4f61d10b84890b]::rust_begin_unwind
[INFO] [stdout]   10:     0x5d840b4b5a8c - core[a373ad73a504971]::panicking::panic_fmt
[INFO] [stdout]   11:     0x5d840b4b5862 - core[a373ad73a504971]::result::unwrap_failed
[INFO] [stdout]   12:     0x5d840b239d49 - <api[3ac7dd9f78287c44]::config_run_honours_package_name::{closure#0} as core[a373ad73a504971]::ops::function::FnOnce<()>>::call_once
[INFO] [stdout]   13:     0x5d840b247b8b - test[aada8e7e76ba119b]::__rust_begin_short_backtrace::<core[a373ad73a504971]::result::Result<(), alloc[2e1b2a31b91974c5]::string::String>, fn() -> core[a373ad73a504971]::result::Result<(), alloc[2e1b2a31b91974c5]::string::String>>
[INFO] [stdout]   14:     0x5d840b254d65 - test[aada8e7e76ba119b]::run_test::{closure#0}
[INFO] [stdout]   15:     0x5d840b24e654 - std[617be2ca0a6fd877]::sys::backtrace::__rust_begin_short_backtrace::<test[aada8e7e76ba119b]::run_test::{closure#1}, ()>
[INFO] [stdout]   16:     0x5d840b257df2 - <std[617be2ca0a6fd877]::thread::lifecycle::spawn_unchecked<test[aada8e7e76ba119b]::run_test::{closure#1}, ()>::{closure#1} as core[a373ad73a504971]::ops::function::FnOnce<()>>::call_once::{shim:vtable#0}
[INFO] [stdout]   17:     0x5d840b49db6f - <std[617be2ca0a6fd877]::sys::thread::unix::Thread>::new::thread_start
[INFO] [stdout]   18:     0x7f40a0928dfa - <unknown>
[INFO] [stdout]   19:     0x7f40a09bc3d4 - clone
[INFO] [stdout]   20:                0x0 - <unknown>
[INFO] [stdout] 
[INFO] [stdout] ---- load_spec_from_file stdout ----
[INFO] [stdout] 
[INFO] [stdout] thread 'load_spec_from_file' (861) panicked at tests/api.rs:23:6:
[INFO] [stdout] called `Result::unwrap()` on an `Err` value: Parse(Io { path: "/opt/rustwide/workdir/../../tests/fixtures/petstore_v3.yaml", source: Os { code: 2, kind: NotFound, message: "No such file or directory" } })
[INFO] [stdout] stack backtrace:
[INFO] [stdout]    0:     0x5d840b49e671 - <<std[617be2ca0a6fd877]::sys::backtrace::BacktraceLock>::print::DisplayBacktrace as core[a373ad73a504971]::fmt::Display>::fmt
[INFO] [stdout]    1:     0x5d840b4b535a - core[a373ad73a504971]::fmt::write
[INFO] [stdout]    2:     0x5d840b4a2b7c - <alloc[2e1b2a31b91974c5]::vec::Vec<u8> as core[a373ad73a504971]::io::write::Write>::write_fmt
[INFO] [stdout]    3:     0x5d840b479b16 - std[617be2ca0a6fd877]::panicking::default_hook::{closure#0}
[INFO] [stdout]    4:     0x5d840b496799 - std[617be2ca0a6fd877]::panicking::default_hook
[INFO] [stdout]    5:     0x5d840b254740 - test[aada8e7e76ba119b]::test_main_inner::{closure#0}
[INFO] [stdout]    6:     0x5d840b496952 - std[617be2ca0a6fd877]::panicking::panic_with_hook
[INFO] [stdout]    7:     0x5d840b479bc2 - std[617be2ca0a6fd877]::panicking::panic_handler::{closure#0}
[INFO] [stdout]    8:     0x5d840b4726a9 - std[617be2ca0a6fd877]::sys::backtrace::__rust_end_short_backtrace::<std[617be2ca0a6fd877]::panicking::panic_handler::{closure#0}, !>
[INFO] [stdout]    9:     0x5d840b47a7cd - __rustc[ea4f61d10b84890b]::rust_begin_unwind
[INFO] [stdout]   10:     0x5d840b4b5a8c - core[a373ad73a504971]::panicking::panic_fmt
[INFO] [stdout]   11:     0x5d840b4b5862 - core[a373ad73a504971]::result::unwrap_failed
[INFO] [stdout]   12:     0x5d840b2394bd - <api[3ac7dd9f78287c44]::load_spec_from_file::{closure#0} as core[a373ad73a504971]::ops::function::FnOnce<()>>::call_once
[INFO] [stdout]   13:     0x5d840b247b8b - test[aada8e7e76ba119b]::__rust_begin_short_backtrace::<core[a373ad73a504971]::result::Result<(), alloc[2e1b2a31b91974c5]::string::String>, fn() -> core[a373ad73a504971]::result::Result<(), alloc[2e1b2a31b91974c5]::string::String>>
[INFO] [stdout]   14:     0x5d840b254d65 - test[aada8e7e76ba119b]::run_test::{closure#0}
[INFO] [stdout]   15:     0x5d840b24e654 - std[617be2ca0a6fd877]::sys::backtrace::__rust_begin_short_backtrace::<test[aada8e7e76ba119b]::run_test::{closure#1}, ()>
[INFO] [stdout]   16:     0x5d840b257df2 - <std[617be2ca0a6fd877]::thread::lifecycle::spawn_unchecked<test[aada8e7e76ba119b]::run_test::{closure#1}, ()>::{closure#1} as core[a373ad73a504971]::ops::function::FnOnce<()>>::call_once::{shim:vtable#0}
[INFO] [stdout]   17:     0x5d840b49db6f - <std[617be2ca0a6fd877]::sys::thread::unix::Thread>::new::thread_start
[INFO] [stdout]   18:     0x7f40a0928dfa - <unknown>
[INFO] [stdout]   19:     0x7f40a09bc3d4 - clone
[INFO] [stdout]   20:                0x0 - <unknown>
[INFO] [stdout] 
[INFO] [stdout] ---- end_to_end_load_merge_emit_typescript stdout ----
[INFO] [stdout] 
[INFO] [stdout] thread 'end_to_end_load_merge_emit_typescript' (857) panicked at tests/api.rs:51:84:
[INFO] [stdout] called `Result::unwrap()` on an `Err` value: Parse(Io { path: "/opt/rustwide/workdir/../../tests/fixtures/multi/users.yaml", source: Os { code: 2, kind: NotFound, message: "No such file or directory" } })
[INFO] [stdout] stack backtrace:
[INFO] [stdout]    0:     0x5d840b49e671 - <<std[617be2ca0a6fd877]::sys::backtrace::BacktraceLock>::print::DisplayBacktrace as core[a373ad73a504971]::fmt::Display>::fmt
[INFO] [stdout]    1:     0x5d840b4b535a - core[a373ad73a504971]::fmt::write
[INFO] [stdout]    2:     0x5d840b4a2b7c - <alloc[2e1b2a31b91974c5]::vec::Vec<u8> as core[a373ad73a504971]::io::write::Write>::write_fmt
[INFO] [stdout]    3:     0x5d840b479b16 - std[617be2ca0a6fd877]::panicking::default_hook::{closure#0}
[INFO] [stdout]    4:     0x5d840b496799 - std[617be2ca0a6fd877]::panicking::default_hook
[INFO] [stdout]    5:     0x5d840b254740 - test[aada8e7e76ba119b]::test_main_inner::{closure#0}
[INFO] [stdout]    6:     0x5d840b496952 - std[617be2ca0a6fd877]::panicking::panic_with_hook
[INFO] [stdout]    7:     0x5d840b479bc2 - std[617be2ca0a6fd877]::panicking::panic_handler::{closure#0}
[INFO] [stdout]    8:     0x5d840b4726a9 - std[617be2ca0a6fd877]::sys::backtrace::__rust_end_short_backtrace::<std[617be2ca0a6fd877]::panicking::panic_handler::{closure#0}, !>
[INFO] [stdout]    9:     0x5d840b47a7cd - __rustc[ea4f61d10b84890b]::rust_begin_unwind
[INFO] [stdout]   10:     0x5d840b4b5a8c - core[a373ad73a504971]::panicking::panic_fmt
[INFO] [stdout]   11:     0x5d840b4b5862 - core[a373ad73a504971]::result::unwrap_failed
[INFO] [stdout]   12:     0x5d840b23c761 - <api[3ac7dd9f78287c44]::end_to_end_load_merge_emit_typescript::{closure#0} as core[a373ad73a504971]::ops::function::FnOnce<()>>::call_once
[INFO] [stdout]   13:     0x5d840b247b8b - test[aada8e7e76ba119b]::__rust_begin_short_backtrace::<core[a373ad73a504971]::result::Result<(), alloc[2e1b2a31b91974c5]::string::String>, fn() -> core[a373ad73a504971]::result::Result<(), alloc[2e1b2a31b91974c5]::string::String>>
[INFO] [stdout]   14:     0x5d840b254d65 - test[aada8e7e76ba119b]::run_test::{closure#0}
[INFO] [stdout]   15:     0x5d840b24e654 - std[617be2ca0a6fd877]::sys::backtrace::__rust_begin_short_backtrace::<test[aada8e7e76ba119b]::run_test::{closure#1}, ()>
[INFO] [stdout]   16:     0x5d840b257df2 - <std[617be2ca0a6fd877]::thread::lifecycle::spawn_unchecked<test[aada8e7e76ba119b]::run_test::{closure#1}, ()>::{closure#1} as core[a373ad73a504971]::ops::function::FnOnce<()>>::call_once::{shim:vtable#0}
[INFO] [stdout]   17:     0x5d840b49db6f - <std[617be2ca0a6fd877]::sys::thread::unix::Thread>::new::thread_start
[INFO] [stdout]   18:     0x7f40a0928dfa - <unknown>
[INFO] [stderr] error: test failed, to rerun pass `--test api`
[INFO] [stdout]   19:     0x7f40a09bc3d4 - clone
[INFO] [stdout]   20:                0x0 - <unknown>
[INFO] [stdout] 
[INFO] [stdout] ---- load_spec_from_raw_content stdout ----
[INFO] [stdout] 
[INFO] [stdout] thread 'load_spec_from_raw_content' (862) panicked at tests/api.rs:31:72:
[INFO] [stdout] called `Result::unwrap()` on an `Err` value: Os { code: 2, kind: NotFound, message: "No such file or directory" }
[INFO] [stdout] stack backtrace:
[INFO] [stdout]    0:     0x5d840b49e671 - <<std[617be2ca0a6fd877]::sys::backtrace::BacktraceLock>::print::DisplayBacktrace as core[a373ad73a504971]::fmt::Display>::fmt
[INFO] [stdout]    1:     0x5d840b4b535a - core[a373ad73a504971]::fmt::write
[INFO] [stdout]    2:     0x5d840b4a2b7c - <alloc[2e1b2a31b91974c5]::vec::Vec<u8> as core[a373ad73a504971]::io::write::Write>::write_fmt
[INFO] [stdout]    3:     0x5d840b479b16 - std[617be2ca0a6fd877]::panicking::default_hook::{closure#0}
[INFO] [stdout]    4:     0x5d840b496799 - std[617be2ca0a6fd877]::panicking::default_hook
[INFO] [stdout]    5:     0x5d840b254740 - test[aada8e7e76ba119b]::test_main_inner::{closure#0}
[INFO] [stdout]    6:     0x5d840b496952 - std[617be2ca0a6fd877]::panicking::panic_with_hook
[INFO] [stdout]    7:     0x5d840b479bc2 - std[617be2ca0a6fd877]::panicking::panic_handler::{closure#0}
[INFO] [stdout]    8:     0x5d840b4726a9 - std[617be2ca0a6fd877]::sys::backtrace::__rust_end_short_backtrace::<std[617be2ca0a6fd877]::panicking::panic_handler::{closure#0}, !>
[INFO] [stdout]    9:     0x5d840b47a7cd - __rustc[ea4f61d10b84890b]::rust_begin_unwind
[INFO] [stdout]   10:     0x5d840b4b5a8c - core[a373ad73a504971]::panicking::panic_fmt
[INFO] [stdout]   11:     0x5d840b4b5862 - core[a373ad73a504971]::result::unwrap_failed
[INFO] [stdout]   12:     0x5d840b239651 - <api[3ac7dd9f78287c44]::load_spec_from_raw_content::{closure#0} as core[a373ad73a504971]::ops::function::FnOnce<()>>::call_once
[INFO] [stdout]   13:     0x5d840b247b8b - test[aada8e7e76ba119b]::__rust_begin_short_backtrace::<core[a373ad73a504971]::result::Result<(), alloc[2e1b2a31b91974c5]::string::String>, fn() -> core[a373ad73a504971]::result::Result<(), alloc[2e1b2a31b91974c5]::string::String>>
[INFO] [stdout]   14:     0x5d840b254d65 - test[aada8e7e76ba119b]::run_test::{closure#0}
[INFO] [stdout]   15:     0x5d840b24e654 - std[617be2ca0a6fd877]::sys::backtrace::__rust_begin_short_backtrace::<test[aada8e7e76ba119b]::run_test::{closure#1}, ()>
[INFO] [stdout]   16:     0x5d840b257df2 - <std[617be2ca0a6fd877]::thread::lifecycle::spawn_unchecked<test[aada8e7e76ba119b]::run_test::{closure#1}, ()>::{closure#1} as core[a373ad73a504971]::ops::function::FnOnce<()>>::call_once::{shim:vtable#0}
[INFO] [stdout]   17:     0x5d840b49db6f - <std[617be2ca0a6fd877]::sys::thread::unix::Thread>::new::thread_start
[INFO] [stdout]   18:     0x7f40a0928dfa - <unknown>
[INFO] [stdout]   19:     0x7f40a09bc3d4 - clone
[INFO] [stdout]   20:                0x0 - <unknown>
[INFO] [stdout] 
[INFO] [stdout] ---- emit_unknown_language_is_an_error stdout ----
[INFO] [stdout] 
[INFO] [stdout] thread 'emit_unknown_language_is_an_error' (856) panicked at tests/api.rs:104:6:
[INFO] [stdout] called `Result::unwrap()` on an `Err` value: Parse(Io { path: "/opt/rustwide/workdir/../../tests/fixtures/petstore_v3.yaml", source: Os { code: 2, kind: NotFound, message: "No such file or directory" } })
[INFO] [stdout] stack backtrace:
[INFO] [stdout]    0:     0x5d840b49e671 - <<std[617be2ca0a6fd877]::sys::backtrace::BacktraceLock>::print::DisplayBacktrace as core[a373ad73a504971]::fmt::Display>::fmt
[INFO] [stdout]    1:     0x5d840b4b535a - core[a373ad73a504971]::fmt::write
[INFO] [stdout]    2:     0x5d840b4a2b7c - <alloc[2e1b2a31b91974c5]::vec::Vec<u8> as core[a373ad73a504971]::io::write::Write>::write_fmt
[INFO] [stdout]    3:     0x5d840b479b16 - std[617be2ca0a6fd877]::panicking::default_hook::{closure#0}
[INFO] [stdout]    4:     0x5d840b496799 - std[617be2ca0a6fd877]::panicking::default_hook
[INFO] [stdout]    5:     0x5d840b254740 - test[aada8e7e76ba119b]::test_main_inner::{closure#0}
[INFO] [stdout]    6:     0x5d840b496952 - std[617be2ca0a6fd877]::panicking::panic_with_hook
[INFO] [stdout]    7:     0x5d840b479bc2 - std[617be2ca0a6fd877]::panicking::panic_handler::{closure#0}
[INFO] [stdout]    8:     0x5d840b4726a9 - std[617be2ca0a6fd877]::sys::backtrace::__rust_end_short_backtrace::<std[617be2ca0a6fd877]::panicking::panic_handler::{closure#0}, !>
[INFO] [stdout]    9:     0x5d840b47a7cd - __rustc[ea4f61d10b84890b]::rust_begin_unwind
[INFO] [stdout]   10:     0x5d840b4b5a8c - core[a373ad73a504971]::panicking::panic_fmt
[INFO] [stdout]   11:     0x5d840b4b5862 - core[a373ad73a504971]::result::unwrap_failed
[INFO] [stdout]   12:     0x5d840b23a314 - <api[3ac7dd9f78287c44]::emit_unknown_language_is_an_error::{closure#0} as core[a373ad73a504971]::ops::function::FnOnce<()>>::call_once
[INFO] [stdout]   13:     0x5d840b247b8b - test[aada8e7e76ba119b]::__rust_begin_short_backtrace::<core[a373ad73a504971]::result::Result<(), alloc[2e1b2a31b91974c5]::string::String>, fn() -> core[a373ad73a504971]::result::Result<(), alloc[2e1b2a31b91974c5]::string::String>>
[INFO] [stdout]   14:     0x5d840b254d65 - test[aada8e7e76ba119b]::run_test::{closure#0}
[INFO] [stdout]   15:     0x5d840b24e654 - std[617be2ca0a6fd877]::sys::backtrace::__rust_begin_short_backtrace::<test[aada8e7e76ba119b]::run_test::{closure#1}, ()>
[INFO] [stdout]   16:     0x5d840b257df2 - <std[617be2ca0a6fd877]::thread::lifecycle::spawn_unchecked<test[aada8e7e76ba119b]::run_test::{closure#1}, ()>::{closure#1} as core[a373ad73a504971]::ops::function::FnOnce<()>>::call_once::{shim:vtable#0}
[INFO] [stdout]   17:     0x5d840b49db6f - <std[617be2ca0a6fd877]::sys::thread::unix::Thread>::new::thread_start
[INFO] [stdout]   18:     0x7f40a0928dfa - <unknown>
[INFO] [stdout]   19:     0x7f40a09bc3d4 - clone
[INFO] [stdout]   20:                0x0 - <unknown>
[INFO] [stdout] 
[INFO] [stdout] ---- ignore_rules_protect_generated_files stdout ----
[INFO] [stdout] 
[INFO] [stdout] thread 'ignore_rules_protect_generated_files' (858) panicked at tests/api.rs:197:83:
[INFO] [stdout] called `Result::unwrap()` on an `Err` value: Parse(Io { path: "/opt/rustwide/workdir/../../tests/fixtures/petstore_v3.yaml", source: Os { code: 2, kind: NotFound, message: "No such file or directory" } })
[INFO] [stdout] stack backtrace:
[INFO] [stdout]    0:     0x5d840b49e671 - <<std[617be2ca0a6fd877]::sys::backtrace::BacktraceLock>::print::DisplayBacktrace as core[a373ad73a504971]::fmt::Display>::fmt
[INFO] [stdout]    1:     0x5d840b4b535a - core[a373ad73a504971]::fmt::write
[INFO] [stdout]    2:     0x5d840b4a2b7c - <alloc[2e1b2a31b91974c5]::vec::Vec<u8> as core[a373ad73a504971]::io::write::Write>::write_fmt
[INFO] [stdout]    3:     0x5d840b479b16 - std[617be2ca0a6fd877]::panicking::default_hook::{closure#0}
[INFO] [stdout]    4:     0x5d840b496799 - std[617be2ca0a6fd877]::panicking::default_hook
[INFO] [stdout]    5:     0x5d840b254740 - test[aada8e7e76ba119b]::test_main_inner::{closure#0}
[INFO] [stdout]    6:     0x5d840b496952 - std[617be2ca0a6fd877]::panicking::panic_with_hook
[INFO] [stdout]    7:     0x5d840b479bc2 - std[617be2ca0a6fd877]::panicking::panic_handler::{closure#0}
[INFO] [stdout]    8:     0x5d840b4726a9 - std[617be2ca0a6fd877]::sys::backtrace::__rust_end_short_backtrace::<std[617be2ca0a6fd877]::panicking::panic_handler::{closure#0}, !>
[INFO] [stdout]    9:     0x5d840b47a7cd - __rustc[ea4f61d10b84890b]::rust_begin_unwind
[INFO] [stdout]   10:     0x5d840b4b5a8c - core[a373ad73a504971]::panicking::panic_fmt
[INFO] [stdout]   11:     0x5d840b4b5862 - core[a373ad73a504971]::result::unwrap_failed
[INFO] [stdout]   12:     0x5d840b23b5fb - <api[3ac7dd9f78287c44]::ignore_rules_protect_generated_files::{closure#0} as core[a373ad73a504971]::ops::function::FnOnce<()>>::call_once
[INFO] [stdout]   13:     0x5d840b247b8b - test[aada8e7e76ba119b]::__rust_begin_short_backtrace::<core[a373ad73a504971]::result::Result<(), alloc[2e1b2a31b91974c5]::string::String>, fn() -> core[a373ad73a504971]::result::Result<(), alloc[2e1b2a31b91974c5]::string::String>>
[INFO] [stdout]   14:     0x5d840b254d65 - test[aada8e7e76ba119b]::run_test::{closure#0}
[INFO] [stdout]   15:     0x5d840b24e654 - std[617be2ca0a6fd877]::sys::backtrace::__rust_begin_short_backtrace::<test[aada8e7e76ba119b]::run_test::{closure#1}, ()>
[INFO] [stdout]   16:     0x5d840b257df2 - <std[617be2ca0a6fd877]::thread::lifecycle::spawn_unchecked<test[aada8e7e76ba119b]::run_test::{closure#1}, ()>::{closure#1} as core[a373ad73a504971]::ops::function::FnOnce<()>>::call_once::{shim:vtable#0}
[INFO] [stdout]   17:     0x5d840b49db6f - <std[617be2ca0a6fd877]::sys::thread::unix::Thread>::new::thread_start
[INFO] [stdout]   18:     0x7f40a0928dfa - <unknown>
[INFO] [stdout]   19:     0x7f40a09bc3d4 - clone
[INFO] [stdout]   20:                0x0 - <unknown>
[INFO] [stdout] 
[INFO] [stdout] ---- duplicate_namespace_is_a_merge_error stdout ----
[INFO] [stdout] 
[INFO] [stdout] thread 'duplicate_namespace_is_a_merge_error' (855) panicked at tests/api.rs:126:5:
[INFO] [stdout] assertion failed: matches!(err, Error::Merge(_))
[INFO] [stdout] stack backtrace:
[INFO] [stdout]    0:     0x5d840b49e671 - <<std[617be2ca0a6fd877]::sys::backtrace::BacktraceLock>::print::DisplayBacktrace as core[a373ad73a504971]::fmt::Display>::fmt
[INFO] [stdout]    1:     0x5d840b4b535a - core[a373ad73a504971]::fmt::write
[INFO] [stdout]    2:     0x5d840b4a2b7c - <alloc[2e1b2a31b91974c5]::vec::Vec<u8> as core[a373ad73a504971]::io::write::Write>::write_fmt
[INFO] [stdout]    3:     0x5d840b479b16 - std[617be2ca0a6fd877]::panicking::default_hook::{closure#0}
[INFO] [stdout]    4:     0x5d840b496799 - std[617be2ca0a6fd877]::panicking::default_hook
[INFO] [stdout]    5:     0x5d840b254740 - test[aada8e7e76ba119b]::test_main_inner::{closure#0}
[INFO] [stdout]    6:     0x5d840b496952 - std[617be2ca0a6fd877]::panicking::panic_with_hook
[INFO] [stdout]    7:     0x5d840b479bf4 - std[617be2ca0a6fd877]::panicking::panic_handler::{closure#0}
[INFO] [stdout]    8:     0x5d840b4726a9 - std[617be2ca0a6fd877]::sys::backtrace::__rust_end_short_backtrace::<std[617be2ca0a6fd877]::panicking::panic_handler::{closure#0}, !>
[INFO] [stdout]    9:     0x5d840b47a7cd - __rustc[ea4f61d10b84890b]::rust_begin_unwind
[INFO] [stdout]   10:     0x5d840b4b5a8c - core[a373ad73a504971]::panicking::panic_fmt
[INFO] [stdout]   11:     0x5d840b4b5a52 - core[a373ad73a504971]::panicking::panic
[INFO] [stdout]   12:     0x5d840b23a8ac - <api[3ac7dd9f78287c44]::duplicate_namespace_is_a_merge_error::{closure#0} as core[a373ad73a504971]::ops::function::FnOnce<()>>::call_once
[INFO] [stdout]   13:     0x5d840b247b8b - test[aada8e7e76ba119b]::__rust_begin_short_backtrace::<core[a373ad73a504971]::result::Result<(), alloc[2e1b2a31b91974c5]::string::String>, fn() -> core[a373ad73a504971]::result::Result<(), alloc[2e1b2a31b91974c5]::string::String>>
[INFO] [stdout]   14:     0x5d840b254d65 - test[aada8e7e76ba119b]::run_test::{closure#0}
[INFO] [stdout]   15:     0x5d840b24e654 - std[617be2ca0a6fd877]::sys::backtrace::__rust_begin_short_backtrace::<test[aada8e7e76ba119b]::run_test::{closure#1}, ()>
[INFO] [stdout]   16:     0x5d840b257df2 - <std[617be2ca0a6fd877]::thread::lifecycle::spawn_unchecked<test[aada8e7e76ba119b]::run_test::{closure#1}, ()>::{closure#1} as core[a373ad73a504971]::ops::function::FnOnce<()>>::call_once::{shim:vtable#0}
[INFO] [stdout]   17:     0x5d840b49db6f - <std[617be2ca0a6fd877]::sys::thread::unix::Thread>::new::thread_start
[INFO] [stdout]   18:     0x7f40a0928dfa - <unknown>
[INFO] [stdout]   19:     0x7f40a09bc3d4 - clone
[INFO] [stdout]   20:                0x0 - <unknown>
[INFO] [stdout] 
[INFO] [stdout] ---- config_run_surfaces_collision_warnings stdout ----
[INFO] [stdout] 
[INFO] [stdout] thread 'config_run_surfaces_collision_warnings' (854) panicked at tests/api.rs:185:87:
[INFO] [stdout] called `Result::unwrap()` on an `Err` value: Parse(Io { path: "/opt/rustwide/workdir/../../tests/fixtures/multi/users.yaml", source: Os { code: 2, kind: NotFound, message: "No such file or directory" } })
[INFO] [stdout] stack backtrace:
[INFO] [stdout]    0:     0x5d840b49e671 - <<std[617be2ca0a6fd877]::sys::backtrace::BacktraceLock>::print::DisplayBacktrace as core[a373ad73a504971]::fmt::Display>::fmt
[INFO] [stdout]    1:     0x5d840b4b535a - core[a373ad73a504971]::fmt::write
[INFO] [stdout]    2:     0x5d840b4a2b7c - <alloc[2e1b2a31b91974c5]::vec::Vec<u8> as core[a373ad73a504971]::io::write::Write>::write_fmt
[INFO] [stdout]    3:     0x5d840b479b16 - std[617be2ca0a6fd877]::panicking::default_hook::{closure#0}
[INFO] [stdout]    4:     0x5d840b496799 - std[617be2ca0a6fd877]::panicking::default_hook
[INFO] [stdout]    5:     0x5d840b254740 - test[aada8e7e76ba119b]::test_main_inner::{closure#0}
[INFO] [stdout]    6:     0x5d840b496952 - std[617be2ca0a6fd877]::panicking::panic_with_hook
[INFO] [stdout]    7:     0x5d840b479bc2 - std[617be2ca0a6fd877]::panicking::panic_handler::{closure#0}
[INFO] [stdout]    8:     0x5d840b4726a9 - std[617be2ca0a6fd877]::sys::backtrace::__rust_end_short_backtrace::<std[617be2ca0a6fd877]::panicking::panic_handler::{closure#0}, !>
[INFO] [stdout]    9:     0x5d840b47a7cd - __rustc[ea4f61d10b84890b]::rust_begin_unwind
[INFO] [stdout]   10:     0x5d840b4b5a8c - core[a373ad73a504971]::panicking::panic_fmt
[INFO] [stdout]   11:     0x5d840b4b5862 - core[a373ad73a504971]::result::unwrap_failed
[INFO] [stdout]   12:     0x5d840b23ce0a - <api[3ac7dd9f78287c44]::config_run_surfaces_collision_warnings::{closure#0} as core[a373ad73a504971]::ops::function::FnOnce<()>>::call_once
[INFO] [stdout]   13:     0x5d840b247b8b - test[aada8e7e76ba119b]::__rust_begin_short_backtrace::<core[a373ad73a504971]::result::Result<(), alloc[2e1b2a31b91974c5]::string::String>, fn() -> core[a373ad73a504971]::result::Result<(), alloc[2e1b2a31b91974c5]::string::String>>
[INFO] [stdout]   14:     0x5d840b254d65 - test[aada8e7e76ba119b]::run_test::{closure#0}
[INFO] [stdout]   15:     0x5d840b24e654 - std[617be2ca0a6fd877]::sys::backtrace::__rust_begin_short_backtrace::<test[aada8e7e76ba119b]::run_test::{closure#1}, ()>
[INFO] [stdout]   16:     0x5d840b257df2 - <std[617be2ca0a6fd877]::thread::lifecycle::spawn_unchecked<test[aada8e7e76ba119b]::run_test::{closure#1}, ()>::{closure#1} as core[a373ad73a504971]::ops::function::FnOnce<()>>::call_once::{shim:vtable#0}
[INFO] [stdout]   17:     0x5d840b49db6f - <std[617be2ca0a6fd877]::sys::thread::unix::Thread>::new::thread_start
[INFO] [stdout]   18:     0x7f40a0928dfa - <unknown>
[INFO] [stdout]   19:     0x7f40a09bc3d4 - clone
[INFO] [stdout]   20:                0x0 - <unknown>
[INFO] [stdout] 
[INFO] [stdout] ---- load_and_merge_surfaces_collision_warnings stdout ----
[INFO] [stdout] 
[INFO] [stdout] thread 'load_and_merge_surfaces_collision_warnings' (860) panicked at tests/api.rs:88:92:
[INFO] [stdout] called `Result::unwrap()` on an `Err` value: Parse(Io { path: "/opt/rustwide/workdir/../../tests/fixtures/multi/users.yaml", source: Os { code: 2, kind: NotFound, message: "No such file or directory" } })
[INFO] [stdout] stack backtrace:
[INFO] [stdout]    0:     0x5d840b49e671 - <<std[617be2ca0a6fd877]::sys::backtrace::BacktraceLock>::print::DisplayBacktrace as core[a373ad73a504971]::fmt::Display>::fmt
[INFO] [stdout]    1:     0x5d840b4b535a - core[a373ad73a504971]::fmt::write
[INFO] [stdout]    2:     0x5d840b4a2b7c - <alloc[2e1b2a31b91974c5]::vec::Vec<u8> as core[a373ad73a504971]::io::write::Write>::write_fmt
[INFO] [stdout]    3:     0x5d840b479b16 - std[617be2ca0a6fd877]::panicking::default_hook::{closure#0}
[INFO] [stdout]    4:     0x5d840b496799 - std[617be2ca0a6fd877]::panicking::default_hook
[INFO] [stdout]    5:     0x5d840b254740 - test[aada8e7e76ba119b]::test_main_inner::{closure#0}
[INFO] [stdout]    6:     0x5d840b496952 - std[617be2ca0a6fd877]::panicking::panic_with_hook
[INFO] [stdout]    7:     0x5d840b479bc2 - std[617be2ca0a6fd877]::panicking::panic_handler::{closure#0}
[INFO] [stdout]    8:     0x5d840b4726a9 - std[617be2ca0a6fd877]::sys::backtrace::__rust_end_short_backtrace::<std[617be2ca0a6fd877]::panicking::panic_handler::{closure#0}, !>
[INFO] [stdout]    9:     0x5d840b47a7cd - __rustc[ea4f61d10b84890b]::rust_begin_unwind
[INFO] [stdout]   10:     0x5d840b4b5a8c - core[a373ad73a504971]::panicking::panic_fmt
[INFO] [stdout]   11:     0x5d840b4b5862 - core[a373ad73a504971]::result::unwrap_failed
[INFO] [stdout]   12:     0x5d840b23d3c6 - <api[3ac7dd9f78287c44]::load_and_merge_surfaces_collision_warnings::{closure#0} as core[a373ad73a504971]::ops::function::FnOnce<()>>::call_once
[INFO] [stdout]   13:     0x5d840b247b8b - test[aada8e7e76ba119b]::__rust_begin_short_backtrace::<core[a373ad73a504971]::result::Result<(), alloc[2e1b2a31b91974c5]::string::String>, fn() -> core[a373ad73a504971]::result::Result<(), alloc[2e1b2a31b91974c5]::string::String>>
[INFO] [stdout]   14:     0x5d840b254d65 - test[aada8e7e76ba119b]::run_test::{closure#0}
[INFO] [stdout]   15:     0x5d840b24e654 - std[617be2ca0a6fd877]::sys::backtrace::__rust_begin_short_backtrace::<test[aada8e7e76ba119b]::run_test::{closure#1}, ()>
[INFO] [stdout]   16:     0x5d840b257df2 - <std[617be2ca0a6fd877]::thread::lifecycle::spawn_unchecked<test[aada8e7e76ba119b]::run_test::{closure#1}, ()>::{closure#1} as core[a373ad73a504971]::ops::function::FnOnce<()>>::call_once::{shim:vtable#0}
[INFO] [stdout]   17:     0x5d840b49db6f - <std[617be2ca0a6fd877]::sys::thread::unix::Thread>::new::thread_start
[INFO] [stdout]   18:     0x7f40a0928dfa - <unknown>
[INFO] [stdout]   19:     0x7f40a09bc3d4 - clone
[INFO] [stdout]   20:                0x0 - <unknown>
[INFO] [stdout] 
[INFO] [stdout] 
[INFO] [stdout] failures:
[INFO] [stdout]     config_run_honours_package_name
[INFO] [stdout]     config_run_surfaces_collision_warnings
[INFO] [stdout]     duplicate_namespace_is_a_merge_error
[INFO] [stdout]     emit_unknown_language_is_an_error
[INFO] [stdout]     end_to_end_load_merge_emit_typescript
[INFO] [stdout]     ignore_rules_protect_generated_files
[INFO] [stdout]     load_and_merge_surfaces_collision_warnings
[INFO] [stdout]     load_spec_from_file
[INFO] [stdout]     load_spec_from_raw_content
[INFO] [stdout] 
[INFO] [stdout] test result: FAILED. 2 passed; 9 failed; 0 ignored; 0 measured; 0 filtered out; finished in 0.00s
[INFO] [stdout] 
[INFO] running `Command { std: "docker" "inspect" "9cefa6bce3094d4d484fdde210c528c04d08276d58ac2bb82607eb70f3927e1e", kill_on_drop: false }`
[INFO] running `Command { std: "docker" "rm" "-f" "9cefa6bce3094d4d484fdde210c528c04d08276d58ac2bb82607eb70f3927e1e", kill_on_drop: false }`
[INFO] [stdout] 9cefa6bce3094d4d484fdde210c528c04d08276d58ac2bb82607eb70f3927e1e
