[INFO] fetching crate sdivi-cli 0.2.52...
[INFO] testing sdivi-cli-0.2.52 against 1.99.0-beta.8+cargoflags=--release for beta-release-1.100-2
[INFO] extracting crate sdivi-cli 0.2.52 into /workspace/builds/worker-6-tc1/source
[INFO] started tweaking crates.io crate sdivi-cli 0.2.52
[INFO] removed 0 missing examples
[INFO] removed 0 missing tests
[INFO] finished tweaking crates.io crate sdivi-cli 0.2.52
[INFO] tweaked toml for crates.io crate sdivi-cli 0.2.52 written to /workspace/builds/worker-6-tc1/source/Cargo.toml
[INFO] validating manifest of crates.io crate sdivi-cli 0.2.52 on toolchain 1.99.0-beta.8
[INFO] running `Command { std: CARGO_HOME="/workspace/cargo-home" RUSTUP_HOME="/workspace/rustup-home" "/workspace/cargo-home/bin/cargo" "+1.99.0-beta.8" "metadata" "--manifest-path" "Cargo.toml" "--no-deps", kill_on_drop: false }`
[INFO] crate crates.io crate sdivi-cli 0.2.52 already has a lockfile, it will not be regenerated
[INFO] running `Command { std: CARGO_HOME="/workspace/cargo-home" RUSTUP_HOME="/workspace/rustup-home" "/workspace/cargo-home/bin/cargo" "+1.99.0-beta.8" "fetch" "--manifest-path" "Cargo.toml", kill_on_drop: false }`
[INFO] [stderr]     Blocking waiting for file lock on package cache
[INFO] [stderr]     Updating crates.io index
[INFO] [stderr]  Downloading crates ...
[INFO] [stderr]   Downloaded indexmap v2.7.0
[INFO] [stderr]   Downloaded sdivi-snapshot v0.2.52
[INFO] [stderr]   Downloaded sdivi-parsing v0.2.52
[INFO] [stderr]   Downloaded wait-timeout v0.2.1
[INFO] [stderr]   Downloaded sdivi-pipeline v0.2.52
[INFO] [stderr]   Downloaded difflib v0.4.0
[INFO] [stderr]   Downloaded sdivi-patterns v0.2.52
[INFO] [stderr]   Downloaded serde_spanned v0.6.9
[INFO] [stderr]   Downloaded dirs-sys v0.4.1
[INFO] [stderr]   Downloaded sdivi-lang-python v0.2.52
[INFO] [stderr]   Downloaded heck v0.4.1
[INFO] [stderr]   Downloaded normalize-line-endings v0.3.0
[INFO] [stderr]   Downloaded constant_time_eq v0.3.1
[INFO] [stderr]   Downloaded sdivi-lang-java v0.2.52
[INFO] [stderr]   Downloaded sdivi-lang-go v0.2.52
[INFO] [stderr]   Downloaded clap_lex v0.6.0
[INFO] [stderr]   Downloaded redox_users v0.4.6
[INFO] [stderr]   Downloaded wasm-bindgen-shared v0.2.117
[INFO] [stderr]   Downloaded toml_datetime v0.6.11
[INFO] [stderr]   Downloaded termtree v0.5.1
[INFO] [stderr]   Downloaded sdivi-lang-javascript v0.2.52
[INFO] [stderr]   Downloaded dirs v5.0.1
[INFO] [stderr]   Downloaded wasm-bindgen-macro v0.2.117
[INFO] [stderr]   Downloaded globset v0.4.14
[INFO] [stderr]   Downloaded sdivi-graph v0.2.52
[INFO] [stderr]   Downloaded sdivi-lang-typescript v0.2.52
[INFO] [stderr]   Downloaded sdivi-lang-rust v0.2.52
[INFO] [stderr]   Downloaded predicates v3.0.4
[INFO] [stderr]   Downloaded predicates-core v1.0.10
[INFO] [stderr]   Downloaded clap_derive v4.4.7
[INFO] [stderr]   Downloaded predicates-tree v1.0.13
[INFO] [stderr]   Downloaded doc-comment v0.3.4
[INFO] [stderr]   Downloaded libredox v0.1.16
[INFO] [stderr]   Downloaded assert_cmd v2.0.17
[INFO] [stderr]   Downloaded sdivi-config v0.2.52
[INFO] [stderr]   Downloaded anstyle-parse v0.2.7
[INFO] [stderr]   Downloaded sdivi-detection v0.2.52
[INFO] [stderr]   Downloaded anstream v0.6.21
[INFO] [stderr]   Downloaded wasm-bindgen-macro-support v0.2.117
[INFO] [stderr]   Downloaded ignore v0.4.21
[INFO] [stderr]   Downloaded sdivi-core v0.2.52
[INFO] [stderr]   Downloaded clap v4.4.18
[INFO] [stderr]   Downloaded cc v1.0.106
[INFO] [stderr]   Downloaded wasm-bindgen v0.2.117
[INFO] [stderr]   Downloaded rayon-core v1.12.1
[INFO] [stderr]   Downloaded js-sys v0.3.94
[INFO] [stderr]   Downloaded tree-sitter-go v0.21.2
[INFO] [stderr]   Downloaded toml_edit v0.22.20
[INFO] [stderr]   Downloaded tree-sitter-javascript v0.21.4
[INFO] [stderr]   Downloaded tree-sitter-java v0.21.0
[INFO] [stderr]   Downloaded clap_builder v4.4.18
[INFO] [stderr]   Downloaded winnow v0.6.26
[INFO] [stderr]   Downloaded rayon v1.9.0
[INFO] [stderr]   Downloaded blake3 v1.5.3
[INFO] [stderr]   Downloaded tree-sitter-python v0.21.0
[INFO] [stderr]   Downloaded tree-sitter v0.22.6
[INFO] [stderr]   Downloaded chrono v0.4.44
[INFO] [stderr]   Downloaded tree-sitter-rust v0.21.2
[INFO] [stderr]   Downloaded bstr v1.12.1
[INFO] [stderr]   Downloaded petgraph v0.6.5
[INFO] [stderr]   Downloaded tree-sitter-typescript v0.21.2
[INFO] running `Command { std: "docker" "create" "-v" "/var/lib/crater-agent-workspace/builds/worker-6-tc1/source:/opt/rustwide/workdir:ro,Z" "-v" "/var/lib/crater-agent-workspace/builds/worker-6-tc1/target:/opt/rustwide/target:rw,Z" "-v" "/var/lib/crater-agent-workspace/cargo-home:/opt/rustwide/cargo-home:ro,Z" "-v" "/var/lib/crater-agent-workspace/rustup-home:/opt/rustwide/rustup-home:ro,Z" "-m" "1610612736" "--network" "none" "ghcr.io/rust-lang/crates-build-env/linux@sha256:77db811e55d90add9212f6832c23229e3de5f1c1f9905e8cb07319ea15df73ac" "sleep" "infinity", kill_on_drop: false }`
[INFO] [stdout] 27352ccae3cf0cbdb468ab2838e89cf136a207e5dad2d3dc61e61e5e765b8b34
[INFO] running `Command { std: "docker" "start" "27352ccae3cf0cbdb468ab2838e89cf136a207e5dad2d3dc61e61e5e765b8b34", kill_on_drop: false }`
[INFO] running `Command { std: "docker" "inspect" "27352ccae3cf0cbdb468ab2838e89cf136a207e5dad2d3dc61e61e5e765b8b34", kill_on_drop: false }`
[INFO] running `Command { std: "docker" "exec" "-e" "SOURCE_DIR=/opt/rustwide/workdir" "-e" "CARGO_HOME=/opt/rustwide/cargo-home" "-e" "RUSTUP_HOME=/opt/rustwide/rustup-home" "-e" "CARGO_TARGET_DIR=/opt/rustwide/target" "-w" "/opt/rustwide/workdir" "--user" "0:0" "27352ccae3cf0cbdb468ab2838e89cf136a207e5dad2d3dc61e61e5e765b8b34" "/opt/rustwide/cargo-home/bin/cargo" "+1.99.0-beta.8" "metadata" "--no-deps" "--format-version=1", kill_on_drop: false }`
[INFO] running `Command { std: "docker" "inspect" "27352ccae3cf0cbdb468ab2838e89cf136a207e5dad2d3dc61e61e5e765b8b34", kill_on_drop: false }`
[INFO] running `Command { std: "docker" "exec" "-e" "SOURCE_DIR=/opt/rustwide/workdir" "-e" "CARGO_HOME=/opt/rustwide/cargo-home" "-e" "RUSTUP_HOME=/opt/rustwide/rustup-home" "-e" "CARGO_TARGET_DIR=/opt/rustwide/target" "-e" "CARGO_INCREMENTAL=0" "-e" "RUST_BACKTRACE=full" "-e" "RUSTFLAGS=--cap-lints=warn" "-e" "RUSTDOCFLAGS=--cap-lints=warn" "-w" "/opt/rustwide/workdir" "--user" "0:0" "27352ccae3cf0cbdb468ab2838e89cf136a207e5dad2d3dc61e61e5e765b8b34" "/opt/rustwide/cargo-home/bin/cargo" "+1.99.0-beta.8" "build" "--frozen" "--message-format=json" "--release", kill_on_drop: false }`
[INFO] [stderr]    Compiling cc v1.0.106
[INFO] [stderr]    Compiling quote v1.0.45
[INFO] [stderr]    Compiling memchr v2.8.0
[INFO] [stderr]    Compiling regex-syntax v0.8.10
[INFO] [stderr]    Compiling libc v0.2.186
[INFO] [stderr]    Compiling hashbrown v0.15.5
[INFO] [stderr]    Compiling crossbeam-epoch v0.9.20
[INFO] [stderr]    Compiling equivalent v1.0.2
[INFO] [stderr]    Compiling anyhow v1.0.104
[INFO] [stderr]    Compiling version_check v0.9.5
[INFO] [stderr]    Compiling serde_core v1.0.228
[INFO] [stderr]    Compiling serde v1.0.228
[INFO] [stderr]    Compiling num-traits v0.2.19
[INFO] [stderr]    Compiling rayon-core v1.12.1
[INFO] [stderr]    Compiling option-ext v0.2.0
[INFO] [stderr]    Compiling itoa v1.0.18
[INFO] [stderr]    Compiling winnow v0.6.26
[INFO] [stderr]    Compiling thiserror v2.0.18
[INFO] [stderr]    Compiling ryu v1.0.23
[INFO] [stderr]    Compiling iana-time-zone v0.1.65
[INFO] [stderr]    Compiling either v1.15.0
[INFO] [stderr]    Compiling serde_yml v0.0.12
[INFO] [stderr]    Compiling once_cell v1.21.4
[INFO] [stderr]    Compiling zerocopy v0.8.48
[INFO] [stderr]    Compiling pin-project-lite v0.2.17
[INFO] [stderr]    Compiling rustix v1.1.4
[INFO] [stderr]    Compiling crossbeam-deque v0.8.6
[INFO] [stderr]    Compiling syn v2.0.117
[INFO] [stderr]    Compiling libyml v0.0.5
[INFO] [stderr]    Compiling tracing-core v0.1.36
[INFO] [stderr]    Compiling getrandom v0.3.4
[INFO] [stderr]    Compiling fixedbitset v0.4.2
[INFO] [stderr]    Compiling aho-corasick v1.1.4
[INFO] [stderr]    Compiling bstr v1.12.1
[INFO] [stderr]    Compiling constant_time_eq v0.3.1
[INFO] [stderr]    Compiling indexmap v2.7.0
[INFO] [stderr]    Compiling arrayvec v0.7.6
[INFO] [stderr]    Compiling arrayref v0.3.9
[INFO] [stderr]    Compiling bitflags v2.11.1
[INFO] [stderr]    Compiling tree-sitter v0.22.6
[INFO] [stderr]    Compiling rayon v1.9.0
[INFO] [stderr]    Compiling blake3 v1.5.3
[INFO] [stderr]    Compiling fastrand v2.4.1
[INFO] [stderr]    Compiling utf8parse v0.2.2
[INFO] [stderr]    Compiling anstyle-parse v0.2.7
[INFO] [stderr]    Compiling dirs-sys v0.4.1
[INFO] [stderr]    Compiling getrandom v0.2.17
[INFO] [stderr]    Compiling rand_core v0.6.4
[INFO] [stderr]    Compiling dirs v5.0.1
[INFO] [stderr]    Compiling petgraph v0.6.5
[INFO] [stderr]    Compiling tree-sitter-java v0.21.0
[INFO] [stderr]    Compiling tree-sitter-rust v0.21.2
[INFO] [stderr]    Compiling tree-sitter-javascript v0.21.4
[INFO] [stderr]    Compiling tree-sitter-go v0.21.2
[INFO] [stderr]    Compiling tree-sitter-typescript v0.21.2
[INFO] [stderr]    Compiling tree-sitter-python v0.21.0
[INFO] [stderr]    Compiling is_terminal_polyfill v1.70.2
[INFO] [stderr]    Compiling anstyle-query v1.1.5
[INFO] [stderr]    Compiling colorchoice v1.0.5
[INFO] [stderr]    Compiling anstyle v1.0.14
[INFO] [stderr]    Compiling sdivi-lang-rust v0.2.52
[INFO] [stderr]    Compiling strsim v0.10.0
[INFO] [stderr]    Compiling heck v0.4.1
[INFO] [stderr]    Compiling anstream v0.6.21
[INFO] [stderr]    Compiling clap_lex v0.6.0
[INFO] [stderr]    Compiling sharded-slab v0.1.7
[INFO] [stderr]    Compiling regex-automata v0.4.14
[INFO] [stderr]    Compiling clap_builder v4.4.18
[INFO] [stderr]    Compiling tracing-log v0.2.0
[INFO] [stderr]    Compiling serde_json v1.0.149
[INFO] [stderr]    Compiling thread_local v1.1.9
[INFO] [stderr]    Compiling smallvec v1.15.1
[INFO] [stderr]    Compiling nu-ansi-term v0.50.3
[INFO] [stderr]    Compiling tempfile v3.19.1
[INFO] [stderr]    Compiling ppv-lite86 v0.2.21
[INFO] [stderr]    Compiling rand_chacha v0.3.1
[INFO] [stderr]    Compiling serde_derive v1.0.228
[INFO] [stderr]    Compiling thiserror-impl v2.0.18
[INFO] [stderr]    Compiling tracing-attributes v0.1.31
[INFO] [stderr]    Compiling clap_derive v4.4.7
[INFO] [stderr]    Compiling rand v0.8.6
[INFO] [stderr]    Compiling regex v1.12.3
[INFO] [stderr]    Compiling globset v0.4.14
[INFO] [stderr]    Compiling matchers v0.2.0
[INFO] [stderr]    Compiling tracing v0.1.44
[INFO] [stderr]    Compiling tracing-subscriber v0.3.23
[INFO] [stderr]    Compiling ignore v0.4.21
[INFO] [stderr]    Compiling clap v4.4.18
[INFO] [stderr]    Compiling toml_datetime v0.6.11
[INFO] [stderr]    Compiling serde_spanned v0.6.9
[INFO] [stderr]    Compiling chrono v0.4.44
[INFO] [stderr]    Compiling toml_edit v0.22.20
[INFO] [stderr]    Compiling toml v0.8.19
[INFO] [stderr]    Compiling sdivi-config v0.2.52
[INFO] [stderr]    Compiling sdivi-parsing v0.2.52
[INFO] [stderr]    Compiling sdivi-graph v0.2.52
[INFO] [stderr]    Compiling sdivi-patterns v0.2.52
[INFO] [stderr]    Compiling sdivi-lang-javascript v0.2.52
[INFO] [stderr]    Compiling sdivi-lang-go v0.2.52
[INFO] [stderr]    Compiling sdivi-lang-python v0.2.52
[INFO] [stderr]    Compiling sdivi-lang-java v0.2.52
[INFO] [stderr]    Compiling sdivi-detection v0.2.52
[INFO] [stderr]    Compiling sdivi-lang-typescript v0.2.52
[INFO] [stderr]    Compiling sdivi-snapshot v0.2.52
[INFO] [stderr]    Compiling sdivi-core v0.2.52
[INFO] [stderr]    Compiling sdivi-pipeline v0.2.52
[INFO] [stderr]    Compiling sdivi-cli v0.2.52 (/opt/rustwide/workdir)
[INFO] [stderr]     Finished `release` profile [optimized] target(s) in 2m 01s
[INFO] running `Command { std: "docker" "inspect" "27352ccae3cf0cbdb468ab2838e89cf136a207e5dad2d3dc61e61e5e765b8b34", kill_on_drop: false }`
[INFO] running `Command { std: "docker" "exec" "-e" "SOURCE_DIR=/opt/rustwide/workdir" "-e" "CARGO_HOME=/opt/rustwide/cargo-home" "-e" "RUSTUP_HOME=/opt/rustwide/rustup-home" "-e" "CARGO_TARGET_DIR=/opt/rustwide/target" "-e" "CARGO_INCREMENTAL=0" "-e" "RUST_BACKTRACE=full" "-e" "RUSTFLAGS=--cap-lints=warn" "-e" "RUSTDOCFLAGS=--cap-lints=warn" "-w" "/opt/rustwide/workdir" "--user" "0:0" "27352ccae3cf0cbdb468ab2838e89cf136a207e5dad2d3dc61e61e5e765b8b34" "/opt/rustwide/cargo-home/bin/cargo" "+1.99.0-beta.8" "test" "--frozen" "--no-run" "--message-format=json" "--release", kill_on_drop: false }`
[INFO] [stderr]    Compiling bstr v1.12.1
[INFO] [stderr]    Compiling rayon v1.9.0
[INFO] [stderr]    Compiling predicates-core v1.0.10
[INFO] [stderr]    Compiling doc-comment v0.3.4
[INFO] [stderr]    Compiling float-cmp v0.9.0
[INFO] [stderr]    Compiling difflib v0.4.0
[INFO] [stderr]    Compiling normalize-line-endings v0.3.0
[INFO] [stderr]    Compiling termtree v0.5.1
[INFO] [stderr]    Compiling assert_cmd v2.0.17
[INFO] [stderr]    Compiling wait-timeout v0.2.1
[INFO] [stderr]    Compiling predicates-tree v1.0.13
[INFO] [stderr]    Compiling predicates v3.0.4
[INFO] [stderr]    Compiling globset v0.4.14
[INFO] [stderr]    Compiling ignore v0.4.21
[INFO] [stderr]    Compiling sdivi-parsing v0.2.52
[INFO] [stderr]    Compiling sdivi-graph v0.2.52
[INFO] [stderr]    Compiling sdivi-patterns v0.2.52
[INFO] [stderr]    Compiling sdivi-lang-python v0.2.52
[INFO] [stderr]    Compiling sdivi-lang-java v0.2.52
[INFO] [stderr]    Compiling sdivi-lang-rust v0.2.52
[INFO] [stderr]    Compiling sdivi-lang-javascript v0.2.52
[INFO] [stderr]    Compiling sdivi-lang-go v0.2.52
[INFO] [stderr]    Compiling sdivi-lang-typescript v0.2.52
[INFO] [stderr]    Compiling sdivi-detection v0.2.52
[INFO] [stderr]    Compiling sdivi-snapshot v0.2.52
[INFO] [stderr]    Compiling sdivi-core v0.2.52
[INFO] [stderr]    Compiling sdivi-pipeline v0.2.52
[INFO] [stderr]    Compiling sdivi-cli v0.2.52 (/opt/rustwide/workdir)
[INFO] [stderr]     Finished `release` profile [optimized] target(s) in 54.33s
[INFO] running `Command { std: "docker" "inspect" "27352ccae3cf0cbdb468ab2838e89cf136a207e5dad2d3dc61e61e5e765b8b34", kill_on_drop: false }`
[INFO] running `Command { std: "docker" "exec" "-e" "SOURCE_DIR=/opt/rustwide/workdir" "-e" "CARGO_HOME=/opt/rustwide/cargo-home" "-e" "RUSTUP_HOME=/opt/rustwide/rustup-home" "-e" "CARGO_TARGET_DIR=/opt/rustwide/target" "-e" "CARGO_INCREMENTAL=0" "-e" "RUST_BACKTRACE=full" "-e" "RUSTFLAGS=--cap-lints=warn" "-e" "RUSTDOCFLAGS=--cap-lints=warn" "-w" "/opt/rustwide/workdir" "--user" "0:0" "27352ccae3cf0cbdb468ab2838e89cf136a207e5dad2d3dc61e61e5e765b8b34" "/opt/rustwide/cargo-home/bin/cargo" "+1.99.0-beta.8" "test" "--frozen" "--release", kill_on_drop: false }`
[INFO] [stderr]     Finished `release` profile [optimized] target(s) in 0.22s
[INFO] [stderr]      Running unittests src/lib.rs (/opt/rustwide/target/release/deps/sdivi_cli-9651b7e4337b8ae9)
[INFO] [stdout] 
[INFO] [stdout] running 0 tests
[INFO] [stdout] 
[INFO] [stdout] test result: ok. 0 passed; 0 failed; 0 ignored; 0 measured; 0 filtered out; finished in 0.00s
[INFO] [stdout] 
[INFO] [stderr]      Running unittests src/main.rs (/opt/rustwide/target/release/deps/sdivi-45c88807bdb8da4e)
[INFO] [stdout] 
[INFO] [stdout] running 0 tests
[INFO] [stdout] 
[INFO] [stdout] test result: ok. 0 passed; 0 failed; 0 ignored; 0 measured; 0 filtered out; finished in 0.00s
[INFO] [stdout] 
[INFO] [stderr]      Running tests/boundaries_comment_loss_warning.rs (/opt/rustwide/target/release/deps/boundaries_comment_loss_warning-2670521f99a6657c)
[INFO] [stdout] 
[INFO] [stdout] running 3 tests
[INFO] [stdout] test ratify_no_warning_when_no_pre_existing_spec ... ok
[INFO] [stdout] test ratify_emits_comment_loss_warning_when_spec_has_yaml_hash_comment ... ok
[INFO] [stdout] test ratify_no_warning_when_spec_has_no_comments ... ok
[INFO] [stdout] 
[INFO] [stderr]      Running tests/boundaries_show.rs (/opt/rustwide/target/release/deps/boundaries_show-3f0f5c87d88cc642)
[INFO] [stdout] test result: ok. 3 passed; 0 failed; 0 ignored; 0 measured; 0 filtered out; finished in 0.01s
[INFO] [stdout] 
[INFO] [stdout] 
[INFO] [stdout] running 5 tests
[INFO] [stdout] test show_json_format_outputs_valid_json ... ok
[INFO] [stdout] test show_default_format_outputs_yaml ... ok
[INFO] [stdout] test show_yaml_format_explicit ... ok
[INFO] [stdout] test show_json_no_stderr_contamination ... ok
[INFO] [stdout] test show_missing_spec_exits_zero ... ok
[INFO] [stdout] 
[INFO] [stdout] test result: ok. 5 passed; 0 failed; 0 ignored; 0 measured; 0 filtered out; finished in 0.01s
[INFO] [stdout] 
[INFO] [stderr]      Running tests/boundaries_stub.rs (/opt/rustwide/target/release/deps/boundaries_stub-253714624622367e)
[INFO] [stdout] 
[INFO] [stdout] running 3 tests
[INFO] [stdout] test boundaries_show_no_spec_exits_zero_stderr_only ... ok
[INFO] [stdout] test boundaries_ratify_no_snapshots_exits_zero_stderr_only ... ok
[INFO] [stdout] test boundaries_infer_no_snapshots_exits_zero_stderr_only ... ok
[INFO] [stdout] 
[INFO] [stdout] test result: ok. 3 passed; 0 failed; 0 ignored; 0 measured; 0 filtered out; finished in 0.01s
[INFO] [stdout] 
[INFO] [stderr]      Running tests/boundary_lifecycle.rs (/opt/rustwide/target/release/deps/boundary_lifecycle-c7091eef6371a418)
[INFO] [stdout] 
[INFO] [stdout] running 6 tests
[INFO] [stderr] hint: Using 'master' as the name for the initial branch. This default branch name
[INFO] [stderr] hint: will change to "main" in Git 3.0. To configure the initial branch name
[INFO] [stderr] hint: to use in all of your new repositories, which will suppress this warning,
[INFO] [stderr] hint: call:
[INFO] [stderr] hint:
[INFO] [stderr] hint: 	git config --global init.defaultBranch <name>
[INFO] [stderr] hint:
[INFO] [stderr] hint: Names commonly chosen instead of 'master' are 'main', 'trunk' and
[INFO] [stderr] hint: 'development'. The just-created branch can be renamed via this command:
[INFO] [stderr] hint:
[INFO] [stderr] hint: 	git branch -m <name>
[INFO] [stderr] hint:
[INFO] [stderr] hint: Disable this message with "git config set advice.defaultBranchName false"
[INFO] [stderr] hint: Using 'master' as the name for the initial branch. This default branch name
[INFO] [stderr] hint: will change to "main" in Git 3.0. To configure the initial branch name
[INFO] [stderr] hint: to use in all of your new repositories, which will suppress this warning,
[INFO] [stderr] hint: call:
[INFO] [stderr] hint:
[INFO] [stderr] hint: 	git config --global init.defaultBranch <name>
[INFO] [stderr] hint:
[INFO] [stderr] hint: Names commonly chosen instead of 'master' are 'main', 'trunk' and
[INFO] [stderr] hint: 'development'. The just-created branch can be renamed via this command:
[INFO] [stderr] hint:
[INFO] [stderr] hint: 	git branch -m <name>
[INFO] [stderr] hint:
[INFO] [stderr] hint: Disable this message with "git config set advice.defaultBranchName false"
[INFO] [stderr] hint: Using 'master' as the name for the initial branch. This default branch name
[INFO] [stderr] hint: Using 'master' as the name for the initial branch. This default branch name
[INFO] [stderr] hint: will change to "main" in Git 3.0. To configure the initial branch name
[INFO] [stderr] hint: to use in all of your new repositories, which will suppress this warning,
[INFO] [stderr] hint: call:
[INFO] [stderr] hint:
[INFO] [stderr] hint: 	git config --global init.defaultBranch <name>
[INFO] [stderr] hint:
[INFO] [stderr] hint: Names commonly chosen instead of 'master' are 'main', 'trunk' and
[INFO] [stderr] hint: 'development'. The just-created branch can be renamed via this command:
[INFO] [stderr] hint:
[INFO] [stderr] hint: 	git branch -m <name>
[INFO] [stderr] hint:
[INFO] [stderr] hint: Disable this message with "git config set advice.defaultBranchName false"
[INFO] [stderr] hint: Using 'master' as the name for the initial branch. This default branch name
[INFO] [stderr] hint: will change to "main" in Git 3.0. To configure the initial branch name
[INFO] [stderr] hint: to use in all of your new repositories, which will suppress this warning,
[INFO] [stderr] hint: call:
[INFO] [stderr] hint:
[INFO] [stderr] hint: 	git config --global init.defaultBranch <name>
[INFO] [stderr] hint:
[INFO] [stderr] hint: Names commonly chosen instead of 'master' are 'main', 'trunk' and
[INFO] [stderr] hint: 'development'. The just-created branch can be renamed via this command:
[INFO] [stderr] hint:
[INFO] [stderr] hint: 	git branch -m <name>
[INFO] [stderr] hint:
[INFO] [stderr] hint: Disable this message with "git config set advice.defaultBranchName false"
[INFO] [stderr] hint: Using 'master' as the name for the initial branch. This default branch name
[INFO] [stderr] hint: will change to "main" in Git 3.0. To configure the initial branch name
[INFO] [stderr] hint: to use in all of your new repositories, which will suppress this warning,
[INFO] [stderr] hint: call:
[INFO] [stderr] hint:
[INFO] [stderr] hint: 	git config --global init.defaultBranch <name>
[INFO] [stderr] hint:
[INFO] [stderr] hint: Names commonly chosen instead of 'master' are 'main', 'trunk' and
[INFO] [stderr] hint: 'development'. The just-created branch can be renamed via this command:
[INFO] [stderr] hint:
[INFO] [stderr] hint: 	git branch -m <name>
[INFO] [stderr] hint:
[INFO] [stderr] hint: Disable this message with "git config set advice.defaultBranchName false"
[INFO] [stderr] hint: will change to "main" in Git 3.0. To configure the initial branch name
[INFO] [stderr] hint: to use in all of your new repositories, which will suppress this warning,
[INFO] [stderr] hint: call:
[INFO] [stderr] hint:
[INFO] [stderr] hint: 	git config --global init.defaultBranch <name>
[INFO] [stderr] hint:
[INFO] [stderr] hint: Names commonly chosen instead of 'master' are 'main', 'trunk' and
[INFO] [stderr] hint: 'development'. The just-created branch can be renamed via this command:
[INFO] [stderr] hint:
[INFO] [stderr] hint: 	git branch -m <name>
[INFO] [stderr] hint:
[INFO] [stderr] hint: Disable this message with "git config set advice.defaultBranchName false"
[INFO] [stdout] Initialized empty Git repository in /tmp/.tmpcB4rS6/.git/
[INFO] [stdout] Initialized empty Git repository in /tmp/.tmpbApxx3/.git/
[INFO] [stdout] Initialized empty Git repository in /tmp/.tmpoljKpt/.git/
[INFO] [stdout] Initialized empty Git repository in /tmp/.tmpLgpJ5e/.git/
[INFO] [stdout] Initialized empty Git repository in /tmp/.tmpMawoM9/.git/
[INFO] [stdout] Initialized empty Git repository in /tmp/.tmpCgUNh1/.git/
[INFO] [stdout] [master (root-commit) 9e9877c] add file0
[INFO] [stdout]  1 file changed, 1 insertion(+)
[INFO] [stdout]  create mode 100644 file0.rs
[INFO] [stdout] [master (root-commit) 9e9877c] add file0
[INFO] [stdout]  1 file changed, 1 insertion(+)
[INFO] [stdout]  create mode 100644 file0.rs
[INFO] [stdout] [master (root-commit) 9e9877c] add file0
[INFO] [stdout]  1 file changed, 1 insertion(+)
[INFO] [stdout]  create mode 100644 file0.rs
[INFO] [stdout] [master (root-commit) 9e9877c] add file0
[INFO] [stdout]  1 file changed, 1 insertion(+)
[INFO] [stdout]  create mode 100644 file0.rs
[INFO] [stdout] [master (root-commit) 9e9877c] add file0
[INFO] [stdout]  1 file changed, 1 insertion(+)
[INFO] [stdout]  create mode 100644 file0.rs
[INFO] [stdout] [master (root-commit) 522a970] add layer files
[INFO] [stdout]  2 files changed, 3 insertions(+)
[INFO] [stdout]  create mode 100644 layer_a/lib.rs
[INFO] [stdout]  create mode 100644 layer_b/helper.rs
[INFO] [stdout] test snapshot_with_boundary_violations_reports_nonzero_count ... ok
[INFO] [stdout] [master 99c4b23] add file1
[INFO] [stdout]  1 file changed, 1 insertion(+)
[INFO] [stdout]  create mode 100644 file1.rs
[INFO] [stdout] [master 99c4b23] add file1
[INFO] [stdout]  1 file changed, 1 insertion(+)
[INFO] [stdout]  create mode 100644 file1.rs
[INFO] [stdout] [master 99c4b23] add file1
[INFO] [stdout]  1 file changed, 1 insertion(+)
[INFO] [stdout]  create mode 100644 file1.rs
[INFO] [stdout] [master 99c4b23] add file1
[INFO] [stdout]  1 file changed, 1 insertion(+)
[INFO] [stdout]  create mode 100644 file1.rs
[INFO] [stdout] [master 99c4b23] add file1
[INFO] [stdout]  1 file changed, 1 insertion(+)
[INFO] [stdout]  create mode 100644 file1.rs
[INFO] [stdout] [master e3f826d] add file2
[INFO] [stdout]  1 file changed, 1 insertion(+)
[INFO] [stdout]  create mode 100644 file2.rs
[INFO] [stdout] [master e3f826d] add file2
[INFO] [stdout]  1 file changed, 1 insertion(+)
[INFO] [stdout]  create mode 100644 file2.rs
[INFO] [stdout] [master 69cad10] add file2
[INFO] [stdout]  1 file changed, 1 insertion(+)
[INFO] [stdout]  create mode 100644 file2.rs
[INFO] [stdout] [master 69cad10] add file2
[INFO] [stdout]  1 file changed, 1 insertion(+)
[INFO] [stdout]  create mode 100644 file2.rs
[INFO] [stdout] [master 6a9d294] add file3
[INFO] [stdout]  1 file changed, 1 insertion(+)
[INFO] [stdout]  create mode 100644 file3.rs
[INFO] [stdout] [master 69cad10] add file2
[INFO] [stdout]  1 file changed, 1 insertion(+)
[INFO] [stdout]  create mode 100644 file2.rs
[INFO] [stdout] [master 6a9d294] add file3
[INFO] [stdout]  1 file changed, 1 insertion(+)
[INFO] [stdout]  create mode 100644 file3.rs
[INFO] [stdout] test show_after_ratify_prints_to_stdout ... ok
[INFO] [stdout] [master cfc9c86] add file3
[INFO] [stdout]  1 file changed, 1 insertion(+)
[INFO] [stdout]  create mode 100644 file3.rs
[INFO] [stdout] [master cfc9c86] add file3
[INFO] [stdout]  1 file changed, 1 insertion(+)
[INFO] [stdout]  create mode 100644 file3.rs
[INFO] [stdout] test ratify_writes_valid_yaml ... ok
[INFO] [stdout] [master cfc9c86] add file3
[INFO] [stdout]  1 file changed, 1 insertion(+)
[INFO] [stdout]  create mode 100644 file3.rs
[INFO] [stdout] test infer_after_snapshots_exits_zero ... ok
[INFO] [stdout] test show_json_format_after_ratify ... ok
[INFO] [stdout] test ratify_read_back_equivalent ... ok
[INFO] [stdout] 
[INFO] [stdout] test result: ok. 6 passed; 0 failed; 0 ignored; 0 measured; 0 filtered out; finished in 0.54s
[INFO] [stdout] 
[INFO] [stderr]      Running tests/catalog_format.rs (/opt/rustwide/target/release/deps/catalog_format-2405e888b1f67ffe)
[INFO] [stdout] 
[INFO] [stdout] running 5 tests
[INFO] [stdout] test catalog_json_format_outputs_valid_json ... ok
[INFO] [stdout] test catalog_text_format_exits_zero ... ok
[INFO] [stdout] test catalog_text_format_produces_output ... ok
[INFO] [stdout] test catalog_json_high_entropy_has_entries ... ok
[INFO] [stdout] test catalog_json_logs_go_to_stderr_not_stdout ... ok
[INFO] [stdout] 
[INFO] [stdout] test result: ok. 5 passed; 0 failed; 0 ignored; 0 measured; 0 filtered out; finished in 0.03s
[INFO] [stdout] 
[INFO] [stderr]      Running tests/check_format.rs (/opt/rustwide/target/release/deps/check_format-5e9287369e3ea539)
[INFO] [stdout] 
[INFO] [stdout] running 2 tests
[INFO] [stdout] test applied_overrides_round_trips_in_json ... ok
[INFO] [stdout] test check_json_has_applied_overrides_field ... ok
[INFO] [stdout] 
[INFO] [stdout] test result: ok. 2 passed; 0 failed; 0 ignored; 0 measured; 0 filtered out; finished in 0.01s
[INFO] [stdout] 
[INFO] [stderr]      Running tests/check_thresholds.rs (/opt/rustwide/target/release/deps/check_thresholds-8781b53e93a6e585)
[INFO] [stdout] 
[INFO] [stdout] running 6 tests
[INFO] [stdout] test check_json_exit_code_matches_process_exit ... ok
[INFO] [stdout] test check_with_write_creates_one_snapshot ... ok
[INFO] [stdout] test check_no_write_creates_no_snapshot ... ok
[INFO] [stdout] test check_json_has_exit_code_field ... ok
[INFO] [stdout] test first_run_check_exits_zero ... ok
[INFO] [stdout] test check_with_prior_below_thresholds_exits_zero ... ok
[INFO] [stdout] 
[INFO] [stdout] test result: ok. 6 passed; 0 failed; 0 ignored; 0 measured; 0 filtered out; finished in 0.03s
[INFO] [stdout] 
[INFO] [stderr]      Running tests/exit_codes.rs (/opt/rustwide/target/release/deps/exit_codes-7f338f4fd52c10ac)
[INFO] [stdout] 
[INFO] [stdout] running 15 tests
[INFO] [stdout] test snapshot_commit_non_git_dir_exits_one ... ok
[INFO] [stdout] test config_error_exits_two ... ok
[INFO] [stdout] test snapshot_exits_three_on_all_unknown_languages ... ok
[INFO] [stdout] test boundaries_show_exits_zero ... ok
[INFO] [stdout] test diff_nonexistent_file_exits_one ... ok
[INFO] [stdout] test trend_zero_snapshots_exits_zero ... ok
[INFO] [stdout] test show_no_snapshots_exits_one ... ok
[INFO] [stdout] test init_exits_zero ... ok
[INFO] [stderr] hint: Using 'master' as the name for the initial branch. This default branch name
[INFO] [stderr] hint: will change to "main" in Git 3.0. To configure the initial branch name
[INFO] [stderr] hint: to use in all of your new repositories, which will suppress this warning,
[INFO] [stderr] hint: call:
[INFO] [stderr] hint:
[INFO] [stderr] hint: 	git config --global init.defaultBranch <name>
[INFO] [stderr] hint:
[INFO] [stderr] hint: Names commonly chosen instead of 'master' are 'main', 'trunk' and
[INFO] [stderr] hint: 'development'. The just-created branch can be renamed via this command:
[INFO] [stderr] hint:
[INFO] [stderr] hint: 	git branch -m <name>
[INFO] [stderr] hint:
[INFO] [stderr] hint: Disable this message with "git config set advice.defaultBranchName false"
[INFO] [stdout] Initialized empty Git repository in /tmp/.tmpTS0yyz/.git/
[INFO] [stdout] test boundaries_ratify_exits_zero ... ok
[INFO] [stdout] test boundaries_infer_exits_zero ... ok
[INFO] [stdout] test check_exits_ten_when_threshold_breached ... ok
[INFO] [stdout] test trend_one_snapshot_exits_zero ... ok
[INFO] [stdout] test snapshot_commit_nonexistent_exits_one ... ok
[INFO] [stdout] test snapshot_exits_zero_when_all_extensioned_files_are_inside_sdivi_dir ... ok
[INFO] [stdout] test snapshot_exits_zero_on_empty_repo ... ok
[INFO] [stdout] 
[INFO] [stdout] test result: ok. 15 passed; 0 failed; 0 ignored; 0 measured; 0 filtered out; finished in 0.08s
[INFO] [stdout] 
[INFO] [stderr]      Running tests/historical_commit_lifecycle.rs (/opt/rustwide/target/release/deps/historical_commit_lifecycle-a0fe54779f1586d9)
[INFO] [stdout] 
[INFO] [stdout] running 3 tests
[INFO] [stderr] hint: Using 'master' as the name for the initial branch. This default branch name
[INFO] [stderr] hint: will change to "main" in Git 3.0. To configure the initial branch name
[INFO] [stderr] hint: to use in all of your new repositories, which will suppress this warning,
[INFO] [stderr] hint: call:
[INFO] [stderr] hint:
[INFO] [stderr] hint: 	git config --global init.defaultBranch <name>
[INFO] [stderr] hint:
[INFO] [stderr] hint: Names commonly chosen instead of 'master' are 'main', 'trunk' and
[INFO] [stderr] hint: 'development'. The just-created branch can be renamed via this command:
[INFO] [stderr] hint:
[INFO] [stderr] hint: 	git branch -m <name>
[INFO] [stderr] hint:
[INFO] [stderr] hint: Disable this message with "git config set advice.defaultBranchName false"
[INFO] [stdout] Initialized empty Git repository in /tmp/.tmpM8fy5g/.git/
[INFO] [stderr] hint: Using 'master' as the name for the initial branch. This default branch name
[INFO] [stderr] hint: Using 'master' as the name for the initial branch. This default branch name
[INFO] [stderr] hint: will change to "main" in Git 3.0. To configure the initial branch name
[INFO] [stderr] hint: to use in all of your new repositories, which will suppress this warning,
[INFO] [stderr] hint: call:
[INFO] [stderr] hint:
[INFO] [stderr] hint: 	git config --global init.defaultBranch <name>
[INFO] [stderr] hint:
[INFO] [stderr] hint: Names commonly chosen instead of 'master' are 'main', 'trunk' and
[INFO] [stderr] hint: 'development'. The just-created branch can be renamed via this command:
[INFO] [stderr] hint:
[INFO] [stderr] hint: 	git branch -m <name>
[INFO] [stderr] hint:
[INFO] [stderr] hint: Disable this message with "git config set advice.defaultBranchName false"
[INFO] [stderr] hint: will change to "main" in Git 3.0. To configure the initial branch name
[INFO] [stdout] Initialized empty Git repository in /tmp/.tmp7kV8bG/.git/
[INFO] [stderr] hint: to use in all of your new repositories, which will suppress this warning,
[INFO] [stderr] hint: call:
[INFO] [stderr] hint:
[INFO] [stderr] hint: 	git config --global init.defaultBranch <name>
[INFO] [stderr] hint:
[INFO] [stderr] hint: Names commonly chosen instead of 'master' are 'main', 'trunk' and
[INFO] [stderr] hint: 'development'. The just-created branch can be renamed via this command:
[INFO] [stderr] hint:
[INFO] [stderr] hint: 	git branch -m <name>
[INFO] [stderr] hint:
[INFO] [stderr] hint: Disable this message with "git config set advice.defaultBranchName false"
[INFO] [stdout] Initialized empty Git repository in /tmp/.tmpQigTi8/.git/
[INFO] [stdout] [master (root-commit) c79fc2f] first commit
[INFO] [stdout]  1 file changed, 1 insertion(+)
[INFO] [stdout]  create mode 100644 first.rs
[INFO] [stdout] [master (root-commit) c79fc2f] first commit
[INFO] [stdout]  1 file changed, 1 insertion(+)
[INFO] [stdout]  create mode 100644 first.rs
[INFO] [stdout] [master ec5a881] second commit
[INFO] [stdout]  1 file changed, 1 insertion(+)
[INFO] [stdout]  create mode 100644 second.rs
[INFO] [stdout] [master (root-commit) c79fc2f] first commit
[INFO] [stdout]  1 file changed, 1 insertion(+)
[INFO] [stdout]  create mode 100644 first.rs
[INFO] [stdout] [master ec5a881] second commit
[INFO] [stdout]  1 file changed, 1 insertion(+)
[INFO] [stdout]  create mode 100644 second.rs
[INFO] [stdout] [master ec5a881] second commit
[INFO] [stdout]  1 file changed, 1 insertion(+)
[INFO] [stdout]  create mode 100644 second.rs
[INFO] [stdout] test snapshot_commit_head_minus_one_labels_with_sha ... ok
[INFO] [stdout] test snapshot_at_historical_commit_persisted_under_sdivi_snapshots ... ok
[INFO] [stderr]      Running tests/init.rs (/opt/rustwide/target/release/deps/init-0c277a426b4c1953)
[INFO] [stdout] test snapshot_at_head_minus_one_has_fewer_nodes_than_head ... ok
[INFO] [stdout] 
[INFO] [stdout] test result: ok. 3 passed; 0 failed; 0 ignored; 0 measured; 0 filtered out; finished in 0.19s
[INFO] [stdout] 
[INFO] [stdout] 
[INFO] [stdout] running 8 tests
[INFO] [stdout] test init_respects_sdivi_config_path_env_var ... ok
[INFO] [stdout] test init_config_content_matches_canonical ... ok
[INFO] [stdout] test init_unknown_section_warns_on_stderr ... ok
[INFO] [stdout] test init_exits_2_for_missing_expires_in_existing_config ... ok
[INFO] [stdout] test init_exits_zero_and_prints_success ... ok
[INFO] [stdout] test init_config_toml_parses_to_defaults ... ok
[INFO] [stdout] test init_creates_config_toml ... ok
[INFO] [stderr]      Running tests/lib_target.rs (/opt/rustwide/target/release/deps/lib_target-41dac10dd4e13db4)
[INFO] [stdout] test init_is_idempotent ... ok
[INFO] [stdout] 
[INFO] [stdout] test result: ok. 8 passed; 0 failed; 0 ignored; 0 measured; 0 filtered out; finished in 0.04s
[INFO] [stdout] 
[INFO] [stdout] 
[INFO] [stdout] running 11 tests
[INFO] [stdout] test sdivi_cli_cargo_toml_declares_lib_target_via_lib_rs ... ok
[INFO] [stdout] test sdivi_rust_cargo_toml_depends_on_sdivi_cli ... FAILED
[INFO] [stdout] test sdivi_rust_main_rs_delegates_to_sdivi_cli_run ... FAILED
[INFO] [stdout] test sdivi_cli_lib_rs_exports_run_fn ... ok
[INFO] [stdout] test sdivi_rust_cargo_toml_declares_bin_target ... FAILED
[INFO] [stdout] test help_flag_shows_check_subcommand ... ok
[INFO] [stdout] test help_flag_exits_zero ... ok
[INFO] [stdout] test no_subcommand_prints_hint_to_stderr ... ok
[INFO] [stdout] test help_flag_shows_snapshot_subcommand ... ok
[INFO] [stdout] test no_subcommand_exits_zero ... ok
[INFO] [stdout] test help_flag_shows_boundaries_subcommand ... ok
[INFO] [stderr] error: test failed, to rerun pass `--test lib_target`
[INFO] [stdout] 
[INFO] [stdout] failures:
[INFO] [stdout] 
[INFO] [stdout] ---- sdivi_rust_cargo_toml_depends_on_sdivi_cli stdout ----
[INFO] [stdout] 
[INFO] [stdout] thread 'sdivi_rust_cargo_toml_depends_on_sdivi_cli' (5289) panicked at tests/lib_target.rs:90:29:
[INFO] [stdout] could not read /opt/rustwide/sdivi-rust/Cargo.toml
[INFO] [stdout] stack backtrace:
[INFO] [stdout]    0:     0x60f1473bce91 - <<std[70759c8f55707aa4]::sys::backtrace::BacktraceLock>::print::DisplayBacktrace as core[df12db4294e9bfd3]::fmt::Display>::fmt
[INFO] [stdout]    1:     0x60f1473d38fa - core[df12db4294e9bfd3]::fmt::write
[INFO] [stdout]    2:     0x60f1473c273c - <alloc[2182bb758b4b3781]::vec::Vec<u8> as core[df12db4294e9bfd3]::io::write::Write>::write_fmt
[INFO] [stdout]    3:     0x60f147398696 - std[70759c8f55707aa4]::panicking::default_hook::{closure#0}
[INFO] [stdout]    4:     0x60f1473b5159 - std[70759c8f55707aa4]::panicking::default_hook
[INFO] [stdout]    5:     0x60f147341eb0 - test[9d35eded1c95d3be]::test_main_inner::<test[9d35eded1c95d3be]::test_main_static::{closure#0}>::{closure#0}
[INFO] [stdout]    6:     0x60f1473b5312 - std[70759c8f55707aa4]::panicking::panic_with_hook
[INFO] [stdout]    7:     0x60f147398742 - std[70759c8f55707aa4]::panicking::panic_handler::{closure#0}
[INFO] [stdout]    8:     0x60f147391339 - std[70759c8f55707aa4]::sys::backtrace::__rust_end_short_backtrace::<std[70759c8f55707aa4]::panicking::panic_handler::{closure#0}, !>
[INFO] [stdout]    9:     0x60f14739933d - __rustc[8fa7c3cbc660c2b3]::rust_begin_unwind
[INFO] [stdout]   10:     0x60f1473d40ac - core[df12db4294e9bfd3]::panicking::panic_fmt
[INFO] [stdout]   11:     0x60f14733164e - lib_target[16cb2d9231543e99]::sdivi_rust_cargo_toml_depends_on_sdivi_cli::{closure#0}
[INFO] [stdout]   12:     0x60f147333226 - <lib_target[16cb2d9231543e99]::sdivi_rust_cargo_toml_depends_on_sdivi_cli::{closure#0} as core[df12db4294e9bfd3]::ops::function::FnOnce<()>>::call_once
[INFO] [stdout]   13:     0x60f14733519b - test[9d35eded1c95d3be]::__rust_begin_short_backtrace::<core[df12db4294e9bfd3]::result::Result<(), alloc[2182bb758b4b3781]::string::String>, fn() -> core[df12db4294e9bfd3]::result::Result<(), alloc[2182bb758b4b3781]::string::String>>
[INFO] [stdout]   14:     0x60f147342805 - test[9d35eded1c95d3be]::run_test::{closure#0}
[INFO] [stdout]   15:     0x60f14733c0c4 - std[70759c8f55707aa4]::sys::backtrace::__rust_begin_short_backtrace::<test[9d35eded1c95d3be]::run_test::{closure#1}, ()>
[INFO] [stdout]   16:     0x60f147345962 - <std[70759c8f55707aa4]::thread::lifecycle::spawn_unchecked<test[9d35eded1c95d3be]::run_test::{closure#1}, ()>::{closure#1} as core[df12db4294e9bfd3]::ops::function::FnOnce<()>>::call_once::{shim:vtable#0}
[INFO] [stdout]   17:     0x60f1473bc379 - <std[70759c8f55707aa4]::sys::thread::unix::Thread>::new::thread_start
[INFO] [stdout]   18:     0x7d8413f1ddfa - <unknown>
[INFO] [stdout]   19:     0x7d8413fb13d4 - clone
[INFO] [stdout]   20:                0x0 - <unknown>
[INFO] [stdout] 
[INFO] [stdout] ---- sdivi_rust_main_rs_delegates_to_sdivi_cli_run stdout ----
[INFO] [stdout] 
[INFO] [stdout] thread 'sdivi_rust_main_rs_delegates_to_sdivi_cli_run' (5290) panicked at tests/lib_target.rs:128:29:
[INFO] [stdout] could not read /opt/rustwide/sdivi-rust/src/main.rs
[INFO] [stdout] stack backtrace:
[INFO] [stdout]    0:     0x60f1473bce91 - <<std[70759c8f55707aa4]::sys::backtrace::BacktraceLock>::print::DisplayBacktrace as core[df12db4294e9bfd3]::fmt::Display>::fmt
[INFO] [stdout]    1:     0x60f1473d38fa - core[df12db4294e9bfd3]::fmt::write
[INFO] [stdout]    2:     0x60f1473c273c - <alloc[2182bb758b4b3781]::vec::Vec<u8> as core[df12db4294e9bfd3]::io::write::Write>::write_fmt
[INFO] [stdout]    3:     0x60f147398696 - std[70759c8f55707aa4]::panicking::default_hook::{closure#0}
[INFO] [stdout]    4:     0x60f1473b5159 - std[70759c8f55707aa4]::panicking::default_hook
[INFO] [stdout]    5:     0x60f147341eb0 - test[9d35eded1c95d3be]::test_main_inner::<test[9d35eded1c95d3be]::test_main_static::{closure#0}>::{closure#0}
[INFO] [stdout]    6:     0x60f1473b5312 - std[70759c8f55707aa4]::panicking::panic_with_hook
[INFO] [stdout]    7:     0x60f147398742 - std[70759c8f55707aa4]::panicking::panic_handler::{closure#0}
[INFO] [stdout]    8:     0x60f147391339 - std[70759c8f55707aa4]::sys::backtrace::__rust_end_short_backtrace::<std[70759c8f55707aa4]::panicking::panic_handler::{closure#0}, !>
[INFO] [stdout]    9:     0x60f14739933d - __rustc[8fa7c3cbc660c2b3]::rust_begin_unwind
[INFO] [stdout]   10:     0x60f1473d40ac - core[df12db4294e9bfd3]::panicking::panic_fmt
[INFO] [stdout]   11:     0x60f1473316ce - lib_target[16cb2d9231543e99]::sdivi_rust_main_rs_delegates_to_sdivi_cli_run::{closure#0}
[INFO] [stdout]   12:     0x60f1473333f9 - <lib_target[16cb2d9231543e99]::sdivi_rust_main_rs_delegates_to_sdivi_cli_run::{closure#0} as core[df12db4294e9bfd3]::ops::function::FnOnce<()>>::call_once
[INFO] [stdout]   13:     0x60f14733519b - test[9d35eded1c95d3be]::__rust_begin_short_backtrace::<core[df12db4294e9bfd3]::result::Result<(), alloc[2182bb758b4b3781]::string::String>, fn() -> core[df12db4294e9bfd3]::result::Result<(), alloc[2182bb758b4b3781]::string::String>>
[INFO] [stdout]   14:     0x60f147342805 - test[9d35eded1c95d3be]::run_test::{closure#0}
[INFO] [stdout]   15:     0x60f14733c0c4 - std[70759c8f55707aa4]::sys::backtrace::__rust_begin_short_backtrace::<test[9d35eded1c95d3be]::run_test::{closure#1}, ()>
[INFO] [stdout]   16:     0x60f147345962 - <std[70759c8f55707aa4]::thread::lifecycle::spawn_unchecked<test[9d35eded1c95d3be]::run_test::{closure#1}, ()>::{closure#1} as core[df12db4294e9bfd3]::ops::function::FnOnce<()>>::call_once::{shim:vtable#0}
[INFO] [stdout]   17:     0x60f1473bc379 - <std[70759c8f55707aa4]::sys::thread::unix::Thread>::new::thread_start
[INFO] [stdout]   18:     0x7d8413f1ddfa - <unknown>
[INFO] [stdout]   19:     0x7d8413fb13d4 - clone
[INFO] [stdout]   20:                0x0 - <unknown>
[INFO] [stdout] 
[INFO] [stdout] ---- sdivi_rust_cargo_toml_declares_bin_target stdout ----
[INFO] [stdout] 
[INFO] [stdout] thread 'sdivi_rust_cargo_toml_declares_bin_target' (5288) panicked at tests/lib_target.rs:70:29:
[INFO] [stdout] could not read /opt/rustwide/sdivi-rust/Cargo.toml
[INFO] [stdout] stack backtrace:
[INFO] [stdout]    0:     0x60f1473bce91 - <<std[70759c8f55707aa4]::sys::backtrace::BacktraceLock>::print::DisplayBacktrace as core[df12db4294e9bfd3]::fmt::Display>::fmt
[INFO] [stdout]    1:     0x60f1473d38fa - core[df12db4294e9bfd3]::fmt::write
[INFO] [stdout]    2:     0x60f1473c273c - <alloc[2182bb758b4b3781]::vec::Vec<u8> as core[df12db4294e9bfd3]::io::write::Write>::write_fmt
[INFO] [stdout]    3:     0x60f147398696 - std[70759c8f55707aa4]::panicking::default_hook::{closure#0}
[INFO] [stdout]    4:     0x60f1473b5159 - std[70759c8f55707aa4]::panicking::default_hook
[INFO] [stdout]    5:     0x60f147341eb0 - test[9d35eded1c95d3be]::test_main_inner::<test[9d35eded1c95d3be]::test_main_static::{closure#0}>::{closure#0}
[INFO] [stdout]    6:     0x60f1473b5312 - std[70759c8f55707aa4]::panicking::panic_with_hook
[INFO] [stdout]    7:     0x60f147398742 - std[70759c8f55707aa4]::panicking::panic_handler::{closure#0}
[INFO] [stdout]    8:     0x60f147391339 - std[70759c8f55707aa4]::sys::backtrace::__rust_end_short_backtrace::<std[70759c8f55707aa4]::panicking::panic_handler::{closure#0}, !>
[INFO] [stdout]    9:     0x60f14739933d - __rustc[8fa7c3cbc660c2b3]::rust_begin_unwind
[INFO] [stdout]   10:     0x60f1473d40ac - core[df12db4294e9bfd3]::panicking::panic_fmt
[INFO] [stdout]   11:     0x60f1473315ce - lib_target[16cb2d9231543e99]::sdivi_rust_cargo_toml_declares_bin_target::{closure#0}
[INFO] [stdout]   12:     0x60f147333089 - <lib_target[16cb2d9231543e99]::sdivi_rust_cargo_toml_declares_bin_target::{closure#0} as core[df12db4294e9bfd3]::ops::function::FnOnce<()>>::call_once
[INFO] [stdout]   13:     0x60f14733519b - test[9d35eded1c95d3be]::__rust_begin_short_backtrace::<core[df12db4294e9bfd3]::result::Result<(), alloc[2182bb758b4b3781]::string::String>, fn() -> core[df12db4294e9bfd3]::result::Result<(), alloc[2182bb758b4b3781]::string::String>>
[INFO] [stdout]   14:     0x60f147342805 - test[9d35eded1c95d3be]::run_test::{closure#0}
[INFO] [stdout]   15:     0x60f14733c0c4 - std[70759c8f55707aa4]::sys::backtrace::__rust_begin_short_backtrace::<test[9d35eded1c95d3be]::run_test::{closure#1}, ()>
[INFO] [stdout]   16:     0x60f147345962 - <std[70759c8f55707aa4]::thread::lifecycle::spawn_unchecked<test[9d35eded1c95d3be]::run_test::{closure#1}, ()>::{closure#1} as core[df12db4294e9bfd3]::ops::function::FnOnce<()>>::call_once::{shim:vtable#0}
[INFO] [stdout]   17:     0x60f1473bc379 - <std[70759c8f55707aa4]::sys::thread::unix::Thread>::new::thread_start
[INFO] [stdout]   18:     0x7d8413f1ddfa - <unknown>
[INFO] [stdout]   19:     0x7d8413fb13d4 - clone
[INFO] [stdout]   20:                0x0 - <unknown>
[INFO] [stdout] 
[INFO] [stdout] 
[INFO] [stdout] failures:
[INFO] [stdout]     sdivi_rust_cargo_toml_declares_bin_target
[INFO] [stdout]     sdivi_rust_cargo_toml_depends_on_sdivi_cli
[INFO] [stdout]     sdivi_rust_main_rs_delegates_to_sdivi_cli_run
[INFO] [stdout] 
[INFO] [stdout] test result: FAILED. 8 passed; 3 failed; 0 ignored; 0 measured; 0 filtered out; finished in 0.03s
[INFO] [stdout] 
[INFO] running `Command { std: "docker" "inspect" "27352ccae3cf0cbdb468ab2838e89cf136a207e5dad2d3dc61e61e5e765b8b34", kill_on_drop: false }`
[INFO] running `Command { std: "docker" "rm" "-f" "27352ccae3cf0cbdb468ab2838e89cf136a207e5dad2d3dc61e61e5e765b8b34", kill_on_drop: false }`
[INFO] [stdout] 27352ccae3cf0cbdb468ab2838e89cf136a207e5dad2d3dc61e61e5e765b8b34
