[INFO] fetching crate sdef 0.3.0...
[INFO] testing sdef-0.3.0 against 1.99.0-beta.8+cargoflags=--release for beta-release-1.100-2
[INFO] extracting crate sdef 0.3.0 into /workspace/builds/worker-4-tc1/source
[INFO] started tweaking crates.io crate sdef 0.3.0
[INFO] removed 0 missing examples
[INFO] removed 0 missing tests
[INFO] finished tweaking crates.io crate sdef 0.3.0
[INFO] tweaked toml for crates.io crate sdef 0.3.0 written to /workspace/builds/worker-4-tc1/source/Cargo.toml
[INFO] validating manifest of crates.io crate sdef 0.3.0 on toolchain 1.99.0-beta.8
[INFO] running `Command { std: CARGO_HOME="/workspace/cargo-home" RUSTUP_HOME="/workspace/rustup-home" "/workspace/cargo-home/bin/cargo" "+1.99.0-beta.8" "metadata" "--manifest-path" "Cargo.toml" "--no-deps", kill_on_drop: false }`
[INFO] crate crates.io crate sdef 0.3.0 already has a lockfile, it will not be regenerated
[INFO] running `Command { std: CARGO_HOME="/workspace/cargo-home" RUSTUP_HOME="/workspace/rustup-home" "/workspace/cargo-home/bin/cargo" "+1.99.0-beta.8" "fetch" "--manifest-path" "Cargo.toml", kill_on_drop: false }`
[INFO] [stderr]     Updating crates.io index
[INFO] [stderr]  Downloading crates ...
[INFO] [stderr]   Downloaded quick-xml v0.40.0
[INFO] [stderr]   Downloaded libxml v0.3.10
[INFO] running `Command { std: "docker" "create" "-v" "/var/lib/crater-agent-workspace/builds/worker-4-tc1/source:/opt/rustwide/workdir:ro,Z" "-v" "/var/lib/crater-agent-workspace/builds/worker-4-tc1/target:/opt/rustwide/target:rw,Z" "-v" "/var/lib/crater-agent-workspace/cargo-home:/opt/rustwide/cargo-home:ro,Z" "-v" "/var/lib/crater-agent-workspace/rustup-home:/opt/rustwide/rustup-home:ro,Z" "-m" "1610612736" "--network" "none" "ghcr.io/rust-lang/crates-build-env/linux@sha256:77db811e55d90add9212f6832c23229e3de5f1c1f9905e8cb07319ea15df73ac" "sleep" "infinity", kill_on_drop: false }`
[INFO] [stdout] 80f3d5e2b6982cff59223364938a0e399fab53c827806feadef6d3943b243309
[INFO] running `Command { std: "docker" "start" "80f3d5e2b6982cff59223364938a0e399fab53c827806feadef6d3943b243309", kill_on_drop: false }`
[INFO] running `Command { std: "docker" "inspect" "80f3d5e2b6982cff59223364938a0e399fab53c827806feadef6d3943b243309", kill_on_drop: false }`
[INFO] running `Command { std: "docker" "exec" "-e" "SOURCE_DIR=/opt/rustwide/workdir" "-e" "CARGO_HOME=/opt/rustwide/cargo-home" "-e" "RUSTUP_HOME=/opt/rustwide/rustup-home" "-e" "CARGO_TARGET_DIR=/opt/rustwide/target" "-w" "/opt/rustwide/workdir" "--user" "0:0" "80f3d5e2b6982cff59223364938a0e399fab53c827806feadef6d3943b243309" "/opt/rustwide/cargo-home/bin/cargo" "+1.99.0-beta.8" "metadata" "--no-deps" "--format-version=1", kill_on_drop: false }`
[INFO] running `Command { std: "docker" "inspect" "80f3d5e2b6982cff59223364938a0e399fab53c827806feadef6d3943b243309", kill_on_drop: false }`
[INFO] running `Command { std: "docker" "exec" "-e" "SOURCE_DIR=/opt/rustwide/workdir" "-e" "CARGO_HOME=/opt/rustwide/cargo-home" "-e" "RUSTUP_HOME=/opt/rustwide/rustup-home" "-e" "CARGO_TARGET_DIR=/opt/rustwide/target" "-e" "CARGO_INCREMENTAL=0" "-e" "RUST_BACKTRACE=full" "-e" "RUSTFLAGS=--cap-lints=warn" "-e" "RUSTDOCFLAGS=--cap-lints=warn" "-w" "/opt/rustwide/workdir" "--user" "0:0" "80f3d5e2b6982cff59223364938a0e399fab53c827806feadef6d3943b243309" "/opt/rustwide/cargo-home/bin/cargo" "+1.99.0-beta.8" "build" "--frozen" "--message-format=json" "--release", kill_on_drop: false }`
[INFO] [stderr]    Compiling thiserror v2.0.18
[INFO] [stderr]    Compiling memchr v2.8.0
[INFO] [stderr]    Compiling syn v2.0.117
[INFO] [stderr]    Compiling serde_derive v1.0.228
[INFO] [stderr]    Compiling thiserror-impl v2.0.18
[INFO] [stderr]    Compiling serde v1.0.228
[INFO] [stderr]    Compiling quick-xml v0.40.0
[INFO] [stderr]    Compiling sdef v0.3.0 (/opt/rustwide/workdir)
[INFO] [stderr]     Finished `release` profile [optimized] target(s) in 19.54s
[INFO] running `Command { std: "docker" "inspect" "80f3d5e2b6982cff59223364938a0e399fab53c827806feadef6d3943b243309", kill_on_drop: false }`
[INFO] running `Command { std: "docker" "exec" "-e" "SOURCE_DIR=/opt/rustwide/workdir" "-e" "CARGO_HOME=/opt/rustwide/cargo-home" "-e" "RUSTUP_HOME=/opt/rustwide/rustup-home" "-e" "CARGO_TARGET_DIR=/opt/rustwide/target" "-e" "CARGO_INCREMENTAL=0" "-e" "RUST_BACKTRACE=full" "-e" "RUSTFLAGS=--cap-lints=warn" "-e" "RUSTDOCFLAGS=--cap-lints=warn" "-w" "/opt/rustwide/workdir" "--user" "0:0" "80f3d5e2b6982cff59223364938a0e399fab53c827806feadef6d3943b243309" "/opt/rustwide/cargo-home/bin/cargo" "+1.99.0-beta.8" "test" "--frozen" "--no-run" "--message-format=json" "--release", kill_on_drop: false }`
[INFO] [stderr]    Compiling glob v0.3.3
[INFO] [stderr]    Compiling libc v0.2.186
[INFO] [stderr]    Compiling memchr v2.8.0
[INFO] [stderr]    Compiling regex-syntax v0.8.10
[INFO] [stderr]    Compiling either v1.15.0
[INFO] [stderr]    Compiling typenum v1.20.0
[INFO] [stderr]    Compiling bindgen v0.72.1
[INFO] [stderr]    Compiling bitflags v2.11.1
[INFO] [stderr]    Compiling rustc-hash v2.1.2
[INFO] [stderr]    Compiling pkg-config v0.3.33
[INFO] [stderr]    Compiling thiserror-impl v2.0.18
[INFO] [stderr]    Compiling const-oid v0.10.2
[INFO] [stderr]    Compiling winnow v0.7.15
[INFO] [stderr]    Compiling toml_write v0.1.2
[INFO] [stderr]    Compiling toml_datetime v0.6.11
[INFO] [stderr]    Compiling serde_spanned v0.6.9
[INFO] [stderr]    Compiling quick-xml v0.40.0
[INFO] [stderr]    Compiling serde_json v1.0.149
[INFO] [stderr]    Compiling itertools v0.13.0
[INFO] [stderr]    Compiling clang-sys v1.8.1
[INFO] [stderr]    Compiling nom v7.1.3
[INFO] [stderr]    Compiling thiserror v2.0.18
[INFO] [stderr]    Compiling hybrid-array v0.4.12
[INFO] [stderr]    Compiling regex-automata v0.4.14
[INFO] [stderr]    Compiling crypto-common v0.2.1
[INFO] [stderr]    Compiling block-buffer v0.12.0
[INFO] [stderr]    Compiling toml_edit v0.22.27
[INFO] [stderr]    Compiling sdef v0.3.0 (/opt/rustwide/workdir)
[INFO] [stderr]    Compiling regex v1.12.3
[INFO] [stderr]    Compiling digest v0.11.3
[INFO] [stderr]    Compiling sha2 v0.11.0
[INFO] [stderr]    Compiling cexpr v0.6.0
[INFO] [stderr]    Compiling toml v0.8.23
[INFO] [stderr]    Compiling libxml v0.3.10
[INFO] [stderr]     Finished `release` profile [optimized] target(s) in 46.78s
[INFO] running `Command { std: "docker" "inspect" "80f3d5e2b6982cff59223364938a0e399fab53c827806feadef6d3943b243309", kill_on_drop: false }`
[INFO] running `Command { std: "docker" "exec" "-e" "SOURCE_DIR=/opt/rustwide/workdir" "-e" "CARGO_HOME=/opt/rustwide/cargo-home" "-e" "RUSTUP_HOME=/opt/rustwide/rustup-home" "-e" "CARGO_TARGET_DIR=/opt/rustwide/target" "-e" "CARGO_INCREMENTAL=0" "-e" "RUST_BACKTRACE=full" "-e" "RUSTFLAGS=--cap-lints=warn" "-e" "RUSTDOCFLAGS=--cap-lints=warn" "-w" "/opt/rustwide/workdir" "--user" "0:0" "80f3d5e2b6982cff59223364938a0e399fab53c827806feadef6d3943b243309" "/opt/rustwide/cargo-home/bin/cargo" "+1.99.0-beta.8" "test" "--frozen" "--release", kill_on_drop: false }`
[INFO] [stderr]     Finished `release` profile [optimized] target(s) in 0.10s
[INFO] [stderr]      Running unittests src/lib.rs (/opt/rustwide/target/release/deps/sdef-c6a4b031e880c995)
[INFO] [stdout] 
[INFO] [stdout] running 16 tests
[INFO] [stdout] test strict::tests::known_elements_have_no_duplicates ... ok
[INFO] [stdout] test strict::tests::validate_rejects_unknown_accessor_style ... ok
[INFO] [stdout] test strict::tests::validate_accepts_canonical_closed_enum_values ... ok
[INFO] [stdout] test yorn::tests::parses_yes ... ok
[INFO] [stdout] test yorn::tests::serializes_false_omits_attribute ... ok
[INFO] [stdout] test yorn::tests::serializes_true_as_yes ... ok
[INFO] [stdout] test strict::tests::validate_rejects_unknown_element_with_local_name ... ok
[INFO] [stdout] test strict::tests::validate_rejects_xi_include_by_prefix ... ok
[INFO] [stdout] test yorn::tests::missing_defaults_to_false ... ok
[INFO] [stdout] test strict::tests::validate_accepts_minimal_valid_dictionary ... ok
[INFO] [stdout] test yorn::tests::opt_serializes_distinct_states ... ok
[INFO] [stdout] test yorn::tests::parses_no ... ok
[INFO] [stdout] test yorn::tests::rejects_garbage ... ok
[INFO] [stdout] test strict::tests::validate_rejects_unknown_access_value ... ok
[INFO] [stdout] test strict::tests::known_elements_are_sorted_for_binary_search ... ok
[INFO] [stderr]      Running tests/attribute_conformance.rs (/opt/rustwide/target/release/deps/attribute_conformance-c5e1d0af2a1eaf2a)
[INFO] [stdout] test strict::tests::known_elements_count_matches_modeled_dtd ... ok
[INFO] [stdout] 
[INFO] [stdout] test result: ok. 16 passed; 0 failed; 0 ignored; 0 measured; 0 filtered out; finished in 0.01s
[INFO] [stdout] 
[INFO] [stdout] 
[INFO] [stdout] running 2 tests
[INFO] [stdout] test manifest_element_count_matches_known_elements ... ok
[INFO] [stderr]      Running tests/conformance_matrix.rs (/opt/rustwide/target/release/deps/conformance_matrix-783242da6b05e428)
[INFO] [stdout] test manifest_matches_live_dtd ... ok
[INFO] [stdout] 
[INFO] [stdout] test result: ok. 2 passed; 0 failed; 0 ignored; 0 measured; 0 filtered out; finished in 0.01s
[INFO] [stdout] 
[INFO] [stdout] 
[INFO] [stdout] running 1 test
[INFO] [stdout] test matrix_is_up_to_date ... ok
[INFO] [stdout] 
[INFO] [stdout] test result: ok. 1 passed; 0 failed; 0 ignored; 0 measured; 0 filtered out; finished in 0.00s
[INFO] [stdout] 
[INFO] [stderr]      Running tests/dtd_drift.rs (/opt/rustwide/target/release/deps/dtd_drift-be3eaad28c464941)
[INFO] [stdout] 
[INFO] [stdout] running 1 test
[INFO] [stderr]      Running tests/limits.rs (/opt/rustwide/target/release/deps/limits-0159247f88b44dc3)
[INFO] [stdout] test dtd_drift ... ok
[INFO] [stdout] 
[INFO] [stdout] test result: ok. 1 passed; 0 failed; 0 ignored; 0 measured; 0 filtered out; finished in 0.00s
[INFO] [stdout] 
[INFO] [stdout] 
[INFO] [stdout] running 3 tests
[INFO] [stdout] test thousand_sibling_commands_parse_linearly ... ok
[INFO] [stdout] test deeply_nested_type_does_not_stack_overflow ... ok
[INFO] [stderr]      Running tests/negative_path.rs (/opt/rustwide/target/release/deps/negative_path-c637d6ab6429a05d)
[INFO] [stdout] test megabyte_other_string_in_lenient_mode_round_trips ... ok
[INFO] [stdout] 
[INFO] [stdout] test result: ok. 3 passed; 0 failed; 0 ignored; 0 measured; 0 filtered out; finished in 0.01s
[INFO] [stdout] 
[INFO] [stdout] 
[INFO] [stdout] running 10 tests
[INFO] [stdout] test missing_required_attribute_surfaces_typed_error ... ok
[INFO] [stdout] test multiple_root_documentation_siblings_tolerated_in_lenient_mode ... ok
[INFO] [stdout] test lowercase_cocoa_boolean_value_strict_rejects ... ok
[INFO] [stdout] test empty_dictionary_parses_with_zero_suites ... ok
[INFO] [stdout] test from_path_nonexistent_returns_io_error ... ok
[INFO] [stdout] test from_path_strict_nonexistent_returns_io_error ... ok
[INFO] [stdout] test html_with_cdata_section_parses ... ok
[INFO] [stdout] test lowercase_cocoa_boolean_value_lenient_keeps_other ... ok
[INFO] [stdout] test html_with_entity_encoded_markup_parses_to_decoded_text ... ok
[INFO] [stdout] test invalid_utf8_input_returns_err ... ok
[INFO] [stderr]      Running tests/parses.rs (/opt/rustwide/target/release/deps/parses-40d980f1c4ff2ba6)
[INFO] [stdout] 
[INFO] [stdout] test result: ok. 10 passed; 0 failed; 0 ignored; 0 measured; 0 filtered out; finished in 0.01s
[INFO] [stdout] 
[INFO] [stdout] 
[INFO] [stdout] running 43 tests
[INFO] [stdout] test corpus_smoke ... ignored, opt-in: requires SDEF_FIXTURE_DIR env var
[INFO] [stdout] test dictionary_enumeration_lookup_helper ... ok
[INFO] [stdout] test dictionary_suite_lookup_helper ... ok
[INFO] [stdout] test command_result_rename_is_publicly_exposed ... ok
[INFO] [stdout] test parses_command_id_and_xref ... ok
[INFO] [stdout] test parses_class_extension ... ok
[INFO] [stdout] test parses_enumeration_with_enumerators ... ok
[INFO] [stdout] test dictionary_class_lookup_helper ... ok
[INFO] [stdout] test parses_event ... ok
[INFO] [stdout] test malformed_xml_surfaces_error ... ok
[INFO] [stdout] test direct_parameter_is_parsed ... ok
[INFO] [stdout] test parses_access_groups ... ok
[INFO] [stdout] test lenient_mode_silently_drops_unknown_element ... ok
[INFO] [stdout] test parses_contents_and_responds_to ... ok
[INFO] [stdout] test looks_up_command_by_name ... ok
[INFO] [stdout] test parses_documentation_blocks ... ok
[INFO] [stdout] test parses_element_with_accessors ... ok
[INFO] [stdout] test parses_cocoa_on_suite_and_command ... ok
[INFO] [stdout] test from_reader_parses_every_fixture ... ok
[INFO] [stdout] test parses_classes_with_inheritance ... ok
[INFO] [stdout] test parses_extras_class_with_interleaved_children ... ok
[INFO] [stdout] test parses_hidden_and_requires_access_flags ... ok
[INFO] [stdout] test parses_synthetic_dictionary ... ok
[INFO] [stdout] test parses_extras_enumerator_with_cocoa_string_value ... ok
[INFO] [stdout] test parses_value_type_with_synonym ... ok
[INFO] [stdout] test strict_mode_accepts_money_money_sdef_when_present ... ok
[INFO] [stdout] test parses_record_type_with_properties ... ok
[INFO] [stdout] test strict_mode_accepts_full_synthetic_fixture ... ok
[INFO] [stdout] test parses_synonym_on_command ... ok
[INFO] [stdout] test parses_type_child_elements_with_list_and_union ... ok
[INFO] [stdout] test strict_mode_rejects_unknown_element_with_typed_payload ... ok
[INFO] [stdout] test strict_mode_forwards_malformed_xml_errors_as_xml_variant ... ok
[INFO] [stdout] test strict_mode_rejects_xi_include_with_prefix ... ok
[INFO] [stdout] test parses_extras_multiple_synonyms_and_inline_parameter_doc ... ok
[INFO] [stdout] test unknown_command_returns_none ... ok
[INFO] [stdout] test parses_extras_union_result_type ... ok
[INFO] [stdout] test parses_mini_fixture_with_minimum_valid_content ... ok
[INFO] [stdout] test to_path_writes_and_reparses ... FAILED
[INFO] [stdout] test strict_prepass_and_serde_pass_agree_on_all_fixtures ... ok
[INFO] [stdout] test suite_with_interleaved_commands_and_enumerations_parses ... ok
[INFO] [stdout] test to_writer_emits_a_complete_document ... ok
[INFO] [stderr] error: test failed, to rerun pass `--test parses`
[INFO] [stdout] test from_reader_strict_parses_every_fixture ... ok
[INFO] [stdout] test parses_extras_property_access_group_and_legacy_responds_to_name ... ok
[INFO] [stdout] 
[INFO] [stdout] failures:
[INFO] [stdout] 
[INFO] [stdout] ---- to_path_writes_and_reparses stdout ----
[INFO] [stdout] 
[INFO] [stdout] thread 'to_path_writes_and_reparses' (1583) panicked at tests/parses.rs:931:41:
[INFO] [stdout] create target/: Os { code: 30, kind: ReadOnlyFilesystem, message: "Read-only file system" }
[INFO] [stdout] stack backtrace:
[INFO] [stdout]    0:     0x5bbee51396c1 - <<std[70759c8f55707aa4]::sys::backtrace::BacktraceLock>::print::DisplayBacktrace as core[df12db4294e9bfd3]::fmt::Display>::fmt
[INFO] [stdout]    1:     0x5bbee514e88a - core[df12db4294e9bfd3]::fmt::write
[INFO] [stdout]    2:     0x5bbee513de6c - <alloc[2182bb758b4b3781]::vec::Vec<u8> as core[df12db4294e9bfd3]::io::write::Write>::write_fmt
[INFO] [stdout]    3:     0x5bbee5114836 - std[70759c8f55707aa4]::panicking::default_hook::{closure#0}
[INFO] [stdout]    4:     0x5bbee51315d9 - std[70759c8f55707aa4]::panicking::default_hook
[INFO] [stdout]    5:     0x5bbee503f0d0 - test[9d35eded1c95d3be]::test_main_inner::<test[9d35eded1c95d3be]::test_main_static::{closure#0}>::{closure#0}
[INFO] [stdout]    6:     0x5bbee5131792 - std[70759c8f55707aa4]::panicking::panic_with_hook
[INFO] [stdout]    7:     0x5bbee51148e2 - std[70759c8f55707aa4]::panicking::panic_handler::{closure#0}
[INFO] [stdout]    8:     0x5bbee510d319 - std[70759c8f55707aa4]::sys::backtrace::__rust_end_short_backtrace::<std[70759c8f55707aa4]::panicking::panic_handler::{closure#0}, !>
[INFO] [stdout]    9:     0x5bbee51154dd - __rustc[8fa7c3cbc660c2b3]::rust_begin_unwind
[INFO] [stdout]   10:     0x5bbee514efbc - core[df12db4294e9bfd3]::panicking::panic_fmt
[INFO] [stdout]   11:     0x5bbee514ed92 - core[df12db4294e9bfd3]::result::unwrap_failed
[INFO] [stdout]   12:     0x5bbee50128e3 - <parses[f6165facc1aec76f]::to_path_writes_and_reparses::{closure#0} as core[df12db4294e9bfd3]::ops::function::FnOnce<()>>::call_once
[INFO] [stdout]   13:     0x5bbee50323bb - test[9d35eded1c95d3be]::__rust_begin_short_backtrace::<core[df12db4294e9bfd3]::result::Result<(), alloc[2182bb758b4b3781]::string::String>, fn() -> core[df12db4294e9bfd3]::result::Result<(), alloc[2182bb758b4b3781]::string::String>>
[INFO] [stdout]   14:     0x5bbee503fa25 - test[9d35eded1c95d3be]::run_test::{closure#0}
[INFO] [stdout]   15:     0x5bbee50392e4 - std[70759c8f55707aa4]::sys::backtrace::__rust_begin_short_backtrace::<test[9d35eded1c95d3be]::run_test::{closure#1}, ()>
[INFO] [stdout]   16:     0x5bbee5042b82 - <std[70759c8f55707aa4]::thread::lifecycle::spawn_unchecked<test[9d35eded1c95d3be]::run_test::{closure#1}, ()>::{closure#1} as core[df12db4294e9bfd3]::ops::function::FnOnce<()>>::call_once::{shim:vtable#0}
[INFO] [stdout]   17:     0x5bbee5138a39 - <std[70759c8f55707aa4]::sys::thread::unix::Thread>::new::thread_start
[INFO] [stdout]   18:     0x71b4f42a1dfa - <unknown>
[INFO] [stdout]   19:     0x71b4f43353d4 - clone
[INFO] [stdout]   20:                0x0 - <unknown>
[INFO] [stdout] 
[INFO] [stdout] 
[INFO] [stdout] failures:
[INFO] [stdout]     to_path_writes_and_reparses
[INFO] [stdout] 
[INFO] [stdout] test result: FAILED. 41 passed; 1 failed; 1 ignored; 0 measured; 0 filtered out; finished in 0.02s
[INFO] [stdout] 
[INFO] running `Command { std: "docker" "inspect" "80f3d5e2b6982cff59223364938a0e399fab53c827806feadef6d3943b243309", kill_on_drop: false }`
[INFO] running `Command { std: "docker" "rm" "-f" "80f3d5e2b6982cff59223364938a0e399fab53c827806feadef6d3943b243309", kill_on_drop: false }`
[INFO] [stdout] 80f3d5e2b6982cff59223364938a0e399fab53c827806feadef6d3943b243309
