[INFO] fetching crate sddrs 0.1.4...
[INFO] testing sddrs-0.1.4 against 1.100.0-beta.1+cargoflags=--release for beta-release-1.100-2
[INFO] extracting crate sddrs 0.1.4 into /workspace/builds/worker-4-tc2/source
[INFO] started tweaking crates.io crate sddrs 0.1.4
[INFO] removed 0 missing examples
[INFO] finished tweaking crates.io crate sddrs 0.1.4
[INFO] tweaked toml for crates.io crate sddrs 0.1.4 written to /workspace/builds/worker-4-tc2/source/Cargo.toml
[INFO] validating manifest of crates.io crate sddrs 0.1.4 on toolchain 1.100.0-beta.1
[INFO] running `Command { std: CARGO_HOME="/workspace/cargo-home" RUSTUP_HOME="/workspace/rustup-home" "/workspace/cargo-home/bin/cargo" "+1.100.0-beta.1" "metadata" "--manifest-path" "Cargo.toml" "--no-deps", kill_on_drop: false }`
[INFO] crate crates.io crate sddrs 0.1.4 already has a lockfile, it will not be regenerated
[INFO] running `Command { std: CARGO_HOME="/workspace/cargo-home" RUSTUP_HOME="/workspace/rustup-home" "/workspace/cargo-home/bin/cargo" "+1.100.0-beta.1" "fetch" "--manifest-path" "Cargo.toml", kill_on_drop: false }`
[INFO] running `Command { std: "docker" "create" "-v" "/var/lib/crater-agent-workspace/builds/worker-4-tc2/source:/opt/rustwide/workdir:ro,Z" "-v" "/var/lib/crater-agent-workspace/builds/worker-4-tc2/target:/opt/rustwide/target:rw,Z" "-v" "/var/lib/crater-agent-workspace/cargo-home:/opt/rustwide/cargo-home:ro,Z" "-v" "/var/lib/crater-agent-workspace/rustup-home:/opt/rustwide/rustup-home:ro,Z" "-m" "1610612736" "--network" "none" "ghcr.io/rust-lang/crates-build-env/linux@sha256:77db811e55d90add9212f6832c23229e3de5f1c1f9905e8cb07319ea15df73ac" "sleep" "infinity", kill_on_drop: false }`
[INFO] [stdout] 641db57f35eb6de45f4477ab96dc1641bbe73c84866e8d8ead8a17dd6a5cc120
[INFO] running `Command { std: "docker" "start" "641db57f35eb6de45f4477ab96dc1641bbe73c84866e8d8ead8a17dd6a5cc120", kill_on_drop: false }`
[INFO] running `Command { std: "docker" "inspect" "641db57f35eb6de45f4477ab96dc1641bbe73c84866e8d8ead8a17dd6a5cc120", kill_on_drop: false }`
[INFO] running `Command { std: "docker" "exec" "-e" "SOURCE_DIR=/opt/rustwide/workdir" "-e" "CARGO_HOME=/opt/rustwide/cargo-home" "-e" "RUSTUP_HOME=/opt/rustwide/rustup-home" "-e" "CARGO_TARGET_DIR=/opt/rustwide/target" "-w" "/opt/rustwide/workdir" "--user" "0:0" "641db57f35eb6de45f4477ab96dc1641bbe73c84866e8d8ead8a17dd6a5cc120" "/opt/rustwide/cargo-home/bin/cargo" "+1.100.0-beta.1" "metadata" "--no-deps" "--format-version=1", kill_on_drop: false }`
[INFO] running `Command { std: "docker" "inspect" "641db57f35eb6de45f4477ab96dc1641bbe73c84866e8d8ead8a17dd6a5cc120", kill_on_drop: false }`
[INFO] running `Command { std: "docker" "exec" "-e" "SOURCE_DIR=/opt/rustwide/workdir" "-e" "CARGO_HOME=/opt/rustwide/cargo-home" "-e" "RUSTUP_HOME=/opt/rustwide/rustup-home" "-e" "CARGO_TARGET_DIR=/opt/rustwide/target" "-e" "CARGO_INCREMENTAL=0" "-e" "RUST_BACKTRACE=full" "-e" "RUSTFLAGS=--cap-lints=warn" "-e" "RUSTDOCFLAGS=--cap-lints=warn" "-w" "/opt/rustwide/workdir" "--user" "0:0" "641db57f35eb6de45f4477ab96dc1641bbe73c84866e8d8ead8a17dd6a5cc120" "/opt/rustwide/cargo-home/bin/cargo" "+1.100.0-beta.1" "build" "--frozen" "--message-format=json" "--release", kill_on_drop: false }`
[INFO] [stderr]    Compiling proc-macro2 v1.0.92
[INFO] [stderr]    Compiling unicode-ident v1.0.14
[INFO] [stderr]    Compiling rustversion v1.0.18
[INFO] [stderr]    Compiling syn v1.0.109
[INFO] [stderr]    Compiling prettyplease v0.2.25
[INFO] [stderr]    Compiling anstyle-parse v0.2.6
[INFO] [stderr]    Compiling anstyle-query v1.1.2
[INFO] [stderr]    Compiling anstyle v1.0.10
[INFO] [stderr]    Compiling colorchoice v1.0.3
[INFO] [stderr]    Compiling unicode-width v0.2.0
[INFO] [stderr]    Compiling heck v0.4.1
[INFO] [stderr]    Compiling bytecount v0.6.8
[INFO] [stderr]    Compiling thiserror v2.0.3
[INFO] [stderr]    Compiling clap_lex v0.7.3
[INFO] [stderr]    Compiling anstream v0.6.18
[INFO] [stderr]    Compiling anyhow v1.0.94
[INFO] [stderr]    Compiling papergrid v0.13.0
[INFO] [stderr]    Compiling tracing-core v0.1.32
[INFO] [stderr]    Compiling pin-project-lite v0.2.15
[INFO] [stderr]    Compiling bitvec v1.0.1
[INFO] [stderr]    Compiling clap_builder v4.5.21
[INFO] [stderr]    Compiling rustc-hash v2.1.0
[INFO] [stderr]    Compiling quote v1.0.37
[INFO] [stderr]    Compiling syn v2.0.89
[INFO] [stderr]    Compiling proc-macro-error-attr2 v2.0.0
[INFO] [stderr]    Compiling darling_core v0.20.10
[INFO] [stderr]    Compiling proc-macro-error2 v2.0.1
[INFO] [stderr]    Compiling thiserror-impl v2.0.3
[INFO] [stderr]    Compiling tabled_derive v0.9.0
[INFO] [stderr]    Compiling tracing-attributes v0.1.27
[INFO] [stderr]    Compiling clap_derive v4.5.18
[INFO] [stderr]    Compiling derive_more-impl v1.0.0
[INFO] [stderr]    Compiling tabled v0.17.0
[INFO] [stderr]    Compiling darling_macro v0.20.10
[INFO] [stderr]    Compiling derive_more v1.0.0
[INFO] [stderr]    Compiling tracing v0.1.40
[INFO] [stderr]    Compiling darling v0.20.10
[INFO] [stderr]    Compiling bon-macros v3.1.0
[INFO] [stderr]    Compiling clap v4.5.21
[INFO] [stderr]    Compiling bon v3.1.0
[INFO] [stderr]    Compiling sddrs v0.1.4 (/opt/rustwide/workdir)
[INFO] [stderr] warning: unused dependency `thiserror`
[INFO] [stderr]   --> Cargo.toml:27:15
[INFO] [stderr]    |
[INFO] [stderr] 27 | [dependencies.thiserror]
[INFO] [stderr]    |               ^^^^^^^^^^
[INFO] [stderr]    |
[INFO] [stderr]    = note: `cargo::unused_dependencies` is set to `warn` by default
[INFO] [stderr] help: consider removing the dependency on `thiserror`
[INFO] [stderr] warning: `sddrs` (manifest) generated 1 warning
[INFO] [stderr]     Finished `release` profile [optimized] target(s) in 1m 09s
[INFO] [stderr] warning: the following packages contain code that will be rejected by a future version of Rust: proc-macro-error2 v2.0.1
[INFO] [stderr] note: to see what the problems were, use the option `--future-incompat-report`, or run `cargo report future-incompatibilities --id 6`
[INFO] running `Command { std: "docker" "inspect" "641db57f35eb6de45f4477ab96dc1641bbe73c84866e8d8ead8a17dd6a5cc120", kill_on_drop: false }`
[INFO] running `Command { std: "docker" "exec" "-e" "SOURCE_DIR=/opt/rustwide/workdir" "-e" "CARGO_HOME=/opt/rustwide/cargo-home" "-e" "RUSTUP_HOME=/opt/rustwide/rustup-home" "-e" "CARGO_TARGET_DIR=/opt/rustwide/target" "-e" "CARGO_INCREMENTAL=0" "-e" "RUST_BACKTRACE=full" "-e" "RUSTFLAGS=--cap-lints=warn" "-e" "RUSTDOCFLAGS=--cap-lints=warn" "-w" "/opt/rustwide/workdir" "--user" "0:0" "641db57f35eb6de45f4477ab96dc1641bbe73c84866e8d8ead8a17dd6a5cc120" "/opt/rustwide/cargo-home/bin/cargo" "+1.100.0-beta.1" "test" "--frozen" "--no-run" "--message-format=json" "--release", kill_on_drop: false }`
[INFO] [stderr]    Compiling sddrs v0.1.4 (/opt/rustwide/workdir)
[INFO] [stderr] warning: unused dependency `thiserror`
[INFO] [stderr]   --> Cargo.toml:27:15
[INFO] [stderr]    |
[INFO] [stderr] 27 | [dependencies.thiserror]
[INFO] [stderr]    |               ^^^^^^^^^^
[INFO] [stderr]    |
[INFO] [stderr]    = note: `cargo::unused_dependencies` is set to `warn` by default
[INFO] [stderr] help: consider removing the dependency on `thiserror`
[INFO] [stderr] warning: `sddrs` (manifest) generated 1 warning
[INFO] [stderr]     Finished `release` profile [optimized] target(s) in 13.02s
[INFO] [stderr] warning: the following packages contain code that will be rejected by a future version of Rust: proc-macro-error2 v2.0.1
[INFO] [stderr] note: to see what the problems were, use the option `--future-incompat-report`, or run `cargo report future-incompatibilities --id 6`
[INFO] running `Command { std: "docker" "inspect" "641db57f35eb6de45f4477ab96dc1641bbe73c84866e8d8ead8a17dd6a5cc120", kill_on_drop: false }`
[INFO] running `Command { std: "docker" "exec" "-e" "SOURCE_DIR=/opt/rustwide/workdir" "-e" "CARGO_HOME=/opt/rustwide/cargo-home" "-e" "RUSTUP_HOME=/opt/rustwide/rustup-home" "-e" "CARGO_TARGET_DIR=/opt/rustwide/target" "-e" "CARGO_INCREMENTAL=0" "-e" "RUST_BACKTRACE=full" "-e" "RUSTFLAGS=--cap-lints=warn" "-e" "RUSTDOCFLAGS=--cap-lints=warn" "-w" "/opt/rustwide/workdir" "--user" "0:0" "641db57f35eb6de45f4477ab96dc1641bbe73c84866e8d8ead8a17dd6a5cc120" "/opt/rustwide/cargo-home/bin/cargo" "+1.100.0-beta.1" "test" "--frozen" "--release", kill_on_drop: false }`
[INFO] [stderr] warning: unused dependency `thiserror`
[INFO] [stderr]   --> Cargo.toml:27:15
[INFO] [stderr]    |
[INFO] [stderr] 27 | [dependencies.thiserror]
[INFO] [stderr]    |               ^^^^^^^^^^
[INFO] [stderr]    |
[INFO] [stderr]    = note: `cargo::unused_dependencies` is set to `warn` by default
[INFO] [stderr] help: consider removing the dependency on `thiserror`
[INFO] [stderr] warning: `sddrs` (manifest) generated 1 warning
[INFO] [stderr]     Finished `release` profile [optimized] target(s) in 0.10s
[INFO] [stderr] warning: the following packages contain code that will be rejected by a future version of Rust: proc-macro-error2 v2.0.1
[INFO] [stderr] note: to see what the problems were, use the option `--future-incompat-report`, or run `cargo report future-incompatibilities --id 6`
[INFO] [stderr]      Running unittests lib.rs (/opt/rustwide/target/release/build/sddrs/a800c3bf361e7569/out/sddrs-a800c3bf361e7569)
[INFO] [stdout] 
[INFO] [stdout] running 29 tests
[INFO] [stdout] test manager::dimacs::test::preamble_with_whitespace ... ok
[INFO] [stdout] test manager::manager::test::apply ... ok
[INFO] [stdout] test manager::dimacs::test::trailing_zeros ... ok
[INFO] [stdout] test manager::dimacs::test::trailing_eof_syntax ... ok
[INFO] [stdout] test manager::dimacs::test::dimacs_ok ... ok
[INFO] [stdout] test literal::manager::test::create_literals ... ok
[INFO] [stdout] test manager::dimacs::test::clauses_with_whitespace ... ok
[INFO] [stdout] test manager::manager::test::model_counting ... ok
[INFO] [stdout] test manager::manager::test::model_enumeration ... ok
[INFO] [stdout] test manager::manager::test::left_rotation ... ok
[INFO] [stdout] test manager::manager::test::right_rotation ... ok
[INFO] [stdout] test manager::manager::test::simple_disjoin ... ok
[INFO] [stdout] test manager::manager::test::simple_equiv ... ok
[INFO] [stdout] test manager::manager::test::simple_imply ... ok
[INFO] [stdout] test manager::manager::test::simple_negate ... ok
[INFO] [stdout] test sdd::sdd::test::vtree_dependence ... ok
[INFO] [stdout] test util::test::indices_set_bits ... ok
[INFO] [stdout] test vtree::fragment::test::fragment_forward ... ok
[INFO] [stdout] test vtree::fragment::test::move_between_states ... ok
[INFO] [stdout] test vtree::vtree::test::get_variables ... ok
[INFO] [stdout] test vtree::vtree::test::inorder_traversal ... ok
[INFO] [stdout] test vtree::vtree::test::least_common_ancestor ... ok
[INFO] [stdout] test vtree::vtree::test::literal_indices ... ok
[INFO] [stdout] test manager::manager::test::swap ... FAILED
[INFO] [stdout] test vtree::vtree::test::structure ... ok
[INFO] [stdout] test vtree::vtree::test::variables_total_order ... ok
[INFO] [stdout] test vtree::vtree::test::variables_total_order_simple ... ok
[INFO] [stdout] test vtree::vtree::test::variables_total_order_swap ... ok
[INFO] [stderr] error: test failed, to rerun pass `--lib`
[INFO] [stdout] test manager::manager::test::simple_conjoin ... ok
[INFO] [stdout] 
[INFO] [stdout] failures:
[INFO] [stdout] 
[INFO] [stdout] ---- manager::manager::test::swap stdout ----
[INFO] [stdout] 
[INFO] [stdout] thread 'manager::manager::test::swap' (1056) panicked at util.rs:35:49:
[INFO] [stdout] called `Result::unwrap()` on an `Err` value: Os { code: 30, kind: ReadOnlyFilesystem, message: "Read-only file system" }
[INFO] [stdout] stack backtrace:
[INFO] [stdout]    0:     0x5c3dd3217cf1 - <<std[617be2ca0a6fd877]::sys::backtrace::BacktraceLock>::print::DisplayBacktrace as core[a373ad73a504971]::fmt::Display>::fmt
[INFO] [stdout]    1:     0x5c3dd322c59a - core[a373ad73a504971]::fmt::write
[INFO] [stdout]    2:     0x5c3dd321c48c - <alloc[2e1b2a31b91974c5]::vec::Vec<u8> as core[a373ad73a504971]::io::write::Write>::write_fmt
[INFO] [stdout]    3:     0x5c3dd31f3a46 - std[617be2ca0a6fd877]::panicking::default_hook::{closure#0}
[INFO] [stdout]    4:     0x5c3dd32101d9 - std[617be2ca0a6fd877]::panicking::default_hook
[INFO] [stdout]    5:     0x5c3dd31a40a0 - test[aada8e7e76ba119b]::test_main_inner::{closure#0}
[INFO] [stdout]    6:     0x5c3dd3210392 - std[617be2ca0a6fd877]::panicking::panic_with_hook
[INFO] [stdout]    7:     0x5c3dd31f3af2 - std[617be2ca0a6fd877]::panicking::panic_handler::{closure#0}
[INFO] [stdout]    8:     0x5c3dd31ec279 - std[617be2ca0a6fd877]::sys::backtrace::__rust_end_short_backtrace::<std[617be2ca0a6fd877]::panicking::panic_handler::{closure#0}, !>
[INFO] [stdout]    9:     0x5c3dd31f480d - __rustc[ea4f61d10b84890b]::rust_begin_unwind
[INFO] [stdout]   10:     0x5c3dd322ccfc - core[a373ad73a504971]::panicking::panic_fmt
[INFO] [stdout]   11:     0x5c3dd322cad2 - core[a373ad73a504971]::result::unwrap_failed
[INFO] [stdout]   12:     0x5c3dd31561ab - sddrs[697fbdbb13c5b98d]::util::quick_draw
[INFO] [stdout]   13:     0x5c3dd316d116 - <sddrs[697fbdbb13c5b98d]::manager::manager::test::swap::{closure#0} as core[a373ad73a504971]::ops::function::FnOnce<()>>::call_once
[INFO] [stdout]   14:     0x5c3dd31974eb - test[aada8e7e76ba119b]::__rust_begin_short_backtrace::<core[a373ad73a504971]::result::Result<(), alloc[2e1b2a31b91974c5]::string::String>, fn() -> core[a373ad73a504971]::result::Result<(), alloc[2e1b2a31b91974c5]::string::String>>
[INFO] [stdout]   15:     0x5c3dd31a46c5 - test[aada8e7e76ba119b]::run_test::{closure#0}
[INFO] [stdout]   16:     0x5c3dd319dfb4 - std[617be2ca0a6fd877]::sys::backtrace::__rust_begin_short_backtrace::<test[aada8e7e76ba119b]::run_test::{closure#1}, ()>
[INFO] [stdout]   17:     0x5c3dd31a7752 - <std[617be2ca0a6fd877]::thread::lifecycle::spawn_unchecked<test[aada8e7e76ba119b]::run_test::{closure#1}, ()>::{closure#1} as core[a373ad73a504971]::ops::function::FnOnce<()>>::call_once::{shim:vtable#0}
[INFO] [stdout]   18:     0x5c3dd321751f - <std[617be2ca0a6fd877]::sys::thread::unix::Thread>::new::thread_start
[INFO] [stdout]   19:     0x72461c502dfa - <unknown>
[INFO] [stdout]   20:     0x72461c5963d4 - clone
[INFO] [stdout]   21:                0x0 - <unknown>
[INFO] [stdout] 
[INFO] [stdout] 
[INFO] [stdout] failures:
[INFO] [stdout]     manager::manager::test::swap
[INFO] [stdout] 
[INFO] [stdout] test result: FAILED. 28 passed; 1 failed; 0 ignored; 0 measured; 0 filtered out; finished in 0.01s
[INFO] [stdout] 
[INFO] running `Command { std: "docker" "inspect" "641db57f35eb6de45f4477ab96dc1641bbe73c84866e8d8ead8a17dd6a5cc120", kill_on_drop: false }`
[INFO] running `Command { std: "docker" "rm" "-f" "641db57f35eb6de45f4477ab96dc1641bbe73c84866e8d8ead8a17dd6a5cc120", kill_on_drop: false }`
[INFO] [stdout] 641db57f35eb6de45f4477ab96dc1641bbe73c84866e8d8ead8a17dd6a5cc120
