[INFO] fetching crate sdb_core 0.6.0...
[INFO] testing sdb_core-0.6.0 against 1.99.0-beta.8+cargoflags=--release for beta-release-1.100-2
[INFO] extracting crate sdb_core 0.6.0 into /workspace/builds/worker-1-tc1/source
[INFO] started tweaking crates.io crate sdb_core 0.6.0
[INFO] finished tweaking crates.io crate sdb_core 0.6.0
[INFO] tweaked toml for crates.io crate sdb_core 0.6.0 written to /workspace/builds/worker-1-tc1/source/Cargo.toml
[INFO] validating manifest of crates.io crate sdb_core 0.6.0 on toolchain 1.99.0-beta.8
[INFO] running `Command { std: CARGO_HOME="/workspace/cargo-home" RUSTUP_HOME="/workspace/rustup-home" "/workspace/cargo-home/bin/cargo" "+1.99.0-beta.8" "metadata" "--manifest-path" "Cargo.toml" "--no-deps", kill_on_drop: false }`
[INFO] running `Command { std: CARGO_HOME="/workspace/cargo-home" RUSTUP_HOME="/workspace/rustup-home" "/workspace/cargo-home/bin/cargo" "+1.99.0-beta.8" "generate-lockfile" "--manifest-path" "Cargo.toml", kill_on_drop: false }`
[INFO] [stderr]     Updating crates.io index
[INFO] [stderr]      Locking 62 packages to highest compatible versions
[INFO] [stderr]       Adding fern v0.6.2 (available: v0.7.1)
[INFO] running `Command { std: CARGO_HOME="/workspace/cargo-home" RUSTUP_HOME="/workspace/rustup-home" "/workspace/cargo-home/bin/cargo" "+1.99.0-beta.8" "fetch" "--manifest-path" "Cargo.toml", kill_on_drop: false }`
[INFO] [stderr]  Downloading crates ...
[INFO] [stderr]   Downloaded alloc_counter v0.0.4
[INFO] [stderr]   Downloaded alloc_counter_macro v0.0.2
[INFO] running `Command { std: "docker" "create" "-v" "/var/lib/crater-agent-workspace/builds/worker-1-tc1/source:/opt/rustwide/workdir:ro,Z" "-v" "/var/lib/crater-agent-workspace/builds/worker-1-tc1/target:/opt/rustwide/target:rw,Z" "-v" "/var/lib/crater-agent-workspace/cargo-home:/opt/rustwide/cargo-home:ro,Z" "-v" "/var/lib/crater-agent-workspace/rustup-home:/opt/rustwide/rustup-home:ro,Z" "-m" "1610612736" "--network" "none" "ghcr.io/rust-lang/crates-build-env/linux@sha256:77db811e55d90add9212f6832c23229e3de5f1c1f9905e8cb07319ea15df73ac" "sleep" "infinity", kill_on_drop: false }`
[INFO] [stdout] 616a6352389132fc1c117b1a4ffaeb1f7897e8b94bbd40d2b58f568775bde284
[INFO] running `Command { std: "docker" "start" "616a6352389132fc1c117b1a4ffaeb1f7897e8b94bbd40d2b58f568775bde284", kill_on_drop: false }`
[INFO] running `Command { std: "docker" "inspect" "616a6352389132fc1c117b1a4ffaeb1f7897e8b94bbd40d2b58f568775bde284", kill_on_drop: false }`
[INFO] running `Command { std: "docker" "exec" "-e" "SOURCE_DIR=/opt/rustwide/workdir" "-e" "CARGO_HOME=/opt/rustwide/cargo-home" "-e" "RUSTUP_HOME=/opt/rustwide/rustup-home" "-e" "CARGO_TARGET_DIR=/opt/rustwide/target" "-w" "/opt/rustwide/workdir" "--user" "0:0" "616a6352389132fc1c117b1a4ffaeb1f7897e8b94bbd40d2b58f568775bde284" "/opt/rustwide/cargo-home/bin/cargo" "+1.99.0-beta.8" "metadata" "--no-deps" "--format-version=1", kill_on_drop: false }`
[INFO] running `Command { std: "docker" "inspect" "616a6352389132fc1c117b1a4ffaeb1f7897e8b94bbd40d2b58f568775bde284", kill_on_drop: false }`
[INFO] running `Command { std: "docker" "exec" "-e" "SOURCE_DIR=/opt/rustwide/workdir" "-e" "CARGO_HOME=/opt/rustwide/cargo-home" "-e" "RUSTUP_HOME=/opt/rustwide/rustup-home" "-e" "CARGO_TARGET_DIR=/opt/rustwide/target" "-e" "CARGO_INCREMENTAL=0" "-e" "RUST_BACKTRACE=full" "-e" "RUSTFLAGS=--cap-lints=warn" "-e" "RUSTDOCFLAGS=--cap-lints=warn" "-w" "/opt/rustwide/workdir" "--user" "0:0" "616a6352389132fc1c117b1a4ffaeb1f7897e8b94bbd40d2b58f568775bde284" "/opt/rustwide/cargo-home/bin/cargo" "+1.99.0-beta.8" "build" "--frozen" "--message-format=json" "--release", kill_on_drop: false }`
[INFO] [stderr]    Compiling getrandom v0.4.3
[INFO] [stderr]    Compiling fern v0.6.2
[INFO] [stderr]    Compiling indexmap v2.14.2
[INFO] [stderr]    Compiling serde v1.0.229
[INFO] [stderr]    Compiling uuid v1.28.0
[INFO] [stderr]    Compiling sdb_core v0.6.0 (/opt/rustwide/workdir)
[INFO] [stdout] warning: `extern` declarations without an explicit ABI are deprecated
[INFO] [stdout]   --> src/dtf/ffi.rs:37:5
[INFO] [stdout]    |
[INFO] [stdout] 37 | pub extern fn read_dtf_to_csv(fname: *const c_char) -> *mut c_char {
[INFO] [stdout]    |     ^^^^^^ help: explicitly specify the "C" ABI: `extern "C"`
[INFO] [stdout]    |
[INFO] [stdout]    = note: `#[warn(missing_abi)]` on by default
[INFO] [stdout] 
[INFO] [stdout] 
[INFO] [stdout] warning: `extern` declarations without an explicit ABI are deprecated
[INFO] [stdout]   --> src/dtf/ffi.rs:55:5
[INFO] [stdout]    |
[INFO] [stdout] 55 | pub extern fn read_dtf_to_csv_with_limit(fname: *const c_char, num: u32) -> *mut c_char {
[INFO] [stdout]    |     ^^^^^^ help: explicitly specify the "C" ABI: `extern "C"`
[INFO] [stdout] 
[INFO] [stdout] 
[INFO] [stdout] warning: `extern` declarations without an explicit ABI are deprecated
[INFO] [stdout]   --> src/dtf/ffi.rs:73:5
[INFO] [stdout]    |
[INFO] [stdout] 73 | pub extern fn read_dtf_to_arr(fname: *const c_char) -> Slice {
[INFO] [stdout]    |     ^^^^^^ help: explicitly specify the "C" ABI: `extern "C"`
[INFO] [stdout] 
[INFO] [stdout] 
[INFO] [stdout] warning: `extern` declarations without an explicit ABI are deprecated
[INFO] [stdout]   --> src/dtf/ffi.rs:94:5
[INFO] [stdout]    |
[INFO] [stdout] 94 | pub extern fn read_dtf_to_arr_with_limit(fname: *const c_char, num: u32) -> Slice {
[INFO] [stdout]    |     ^^^^^^ help: explicitly specify the "C" ABI: `extern "C"`
[INFO] [stdout] 
[INFO] [stdout] 
[INFO] [stdout] warning: `extern` declarations without an explicit ABI are deprecated
[INFO] [stdout]    --> src/dtf/ffi.rs:147:5
[INFO] [stdout]     |
[INFO] [stdout] 147 | pub extern fn parse_stream(n: *mut c_uchar, len: u32) -> Slice {
[INFO] [stdout]     |     ^^^^^^ help: explicitly specify the "C" ABI: `extern "C"`
[INFO] [stdout] 
[INFO] [stdout] 
[INFO] [stdout] warning: `extern` declarations without an explicit ABI are deprecated
[INFO] [stdout]    --> src/dtf/ffi.rs:164:5
[INFO] [stdout]     |
[INFO] [stdout] 164 | pub extern fn str_free(s: *mut c_char) {
[INFO] [stdout]     |     ^^^^^^ help: explicitly specify the "C" ABI: `extern "C"`
[INFO] [stdout] 
[INFO] [stdout] 
[INFO] [stdout] warning: use of deprecated associated function `utils::chrono::NaiveDateTime::from_timestamp`: use `DateTime::from_timestamp` instead
[INFO] [stdout]   --> src/utils.rs:40:41
[INFO] [stdout]    |
[INFO] [stdout] 40 |     let naive_datetime = NaiveDateTime::from_timestamp(ts as i64, 0);
[INFO] [stdout]    |                                         ^^^^^^^^^^^^^^
[INFO] [stdout]    |
[INFO] [stdout]    = note: `#[warn(deprecated)]` on by default
[INFO] [stdout] 
[INFO] [stdout] 
[INFO] [stdout] warning: use of deprecated associated function `utils::chrono::DateTime::<Tz>::from_utc`: Use TimeZone::from_utc_datetime() or DateTime::from_naive_utc_and_offset instead
[INFO] [stdout]   --> src/utils.rs:41:51
[INFO] [stdout]    |
[INFO] [stdout] 41 |     let datetime_again: DateTime<Utc> = DateTime::from_utc(naive_datetime, Utc);
[INFO] [stdout]    |                                                   ^^^^^^^^
[INFO] [stdout] 
[INFO] [stdout] 
[INFO] [stdout] warning: field `levels` is never read
[INFO] [stdout]   --> src/postprocessing/level.rs:17:5
[INFO] [stdout]    |
[INFO] [stdout] 16 | pub struct Levels {
[INFO] [stdout]    |            ------ field in this struct
[INFO] [stdout] 17 |     levels: HashMap<Price, BTreeMap<Time, Size>>,
[INFO] [stdout]    |     ^^^^^^
[INFO] [stdout]    |
[INFO] [stdout]    = note: `Levels` has a derived impl for the trait `Debug`, but this is intentionally ignored during dead code analysis
[INFO] [stdout]    = note: `#[warn(dead_code)]` (part of `#[warn(unused)]`) on by default
[INFO] [stdout] 
[INFO] [stdout] 
[INFO] [stdout] warning: field `bins` is never read
[INFO] [stdout]   --> src/postprocessing/histogram.rs:17:16
[INFO] [stdout]    |
[INFO] [stdout] 16 | pub struct Histogram {
[INFO] [stdout]    |            --------- field in this struct
[INFO] [stdout] 17 |     pub(crate) bins: Option<Vec<BinCount>>,
[INFO] [stdout]    |                ^^^^
[INFO] [stdout]    |
[INFO] [stdout]    = note: `Histogram` has a derived impl for the trait `Debug`, but this is intentionally ignored during dead code analysis
[INFO] [stdout] 
[INFO] [stdout] 
[INFO] [stdout] warning: fields `exchange` and `symbol` are never read
[INFO] [stdout]   --> src/storage/filetype.rs:46:9
[INFO] [stdout]    |
[INFO] [stdout] 44 | struct KaikoCsvEntry {
[INFO] [stdout]    |        ------------- fields in this struct
[INFO] [stdout] 45 |     pub id: String,
[INFO] [stdout] 46 |     pub exchange: String,
[INFO] [stdout]    |         ^^^^^^^^
[INFO] [stdout] 47 |     pub symbol: String,
[INFO] [stdout]    |         ^^^^^^
[INFO] [stdout] 
[INFO] [stdout] 
[INFO] [stdout] warning: unused return value of `CString::from_raw` that must be used
[INFO] [stdout]    --> src/dtf/ffi.rs:167:9
[INFO] [stdout]     |
[INFO] [stdout] 167 |         CString::from_raw(s)
[INFO] [stdout]     |         ^^^^^^^^^^^^^^^^^^^^
[INFO] [stdout]     |
[INFO] [stdout]     = note: call `drop(from_raw(ptr))` if you intend to drop the `CString`
[INFO] [stdout]     = note: `#[warn(unused_must_use)]` (part of `#[warn(unused)]`) on by default
[INFO] [stdout] help: use `let _ = ...` to ignore the resulting value
[INFO] [stdout]     |
[INFO] [stdout] 167 |         let _ = CString::from_raw(s);
[INFO] [stdout]     |         +++++++                     +
[INFO] [stdout] 
[INFO] [stdout] 
[INFO] [stderr]     Finished `release` profile [optimized] target(s) in 10.79s
[INFO] running `Command { std: "docker" "inspect" "616a6352389132fc1c117b1a4ffaeb1f7897e8b94bbd40d2b58f568775bde284", kill_on_drop: false }`
[INFO] running `Command { std: "docker" "exec" "-e" "SOURCE_DIR=/opt/rustwide/workdir" "-e" "CARGO_HOME=/opt/rustwide/cargo-home" "-e" "RUSTUP_HOME=/opt/rustwide/rustup-home" "-e" "CARGO_TARGET_DIR=/opt/rustwide/target" "-e" "CARGO_INCREMENTAL=0" "-e" "RUST_BACKTRACE=full" "-e" "RUSTFLAGS=--cap-lints=warn" "-e" "RUSTDOCFLAGS=--cap-lints=warn" "-w" "/opt/rustwide/workdir" "--user" "0:0" "616a6352389132fc1c117b1a4ffaeb1f7897e8b94bbd40d2b58f568775bde284" "/opt/rustwide/cargo-home/bin/cargo" "+1.99.0-beta.8" "test" "--frozen" "--no-run" "--message-format=json" "--release", kill_on_drop: false }`
[INFO] [stdout] warning: `extern` declarations without an explicit ABI are deprecated
[INFO] [stdout]   --> src/dtf/ffi.rs:37:5
[INFO] [stdout]    |
[INFO] [stdout] 37 | pub extern fn read_dtf_to_csv(fname: *const c_char) -> *mut c_char {
[INFO] [stdout]    |     ^^^^^^ help: explicitly specify the "C" ABI: `extern "C"`
[INFO] [stdout]    |
[INFO] [stdout]    = note: `#[warn(missing_abi)]` on by default
[INFO] [stdout] 
[INFO] [stdout] 
[INFO] [stdout] warning: `extern` declarations without an explicit ABI are deprecated
[INFO] [stdout]   --> src/dtf/ffi.rs:55:5
[INFO] [stdout]    |
[INFO] [stdout] 55 | pub extern fn read_dtf_to_csv_with_limit(fname: *const c_char, num: u32) -> *mut c_char {
[INFO] [stdout]    |     ^^^^^^ help: explicitly specify the "C" ABI: `extern "C"`
[INFO] [stdout] 
[INFO] [stdout] 
[INFO] [stdout] warning: `extern` declarations without an explicit ABI are deprecated
[INFO] [stdout]   --> src/dtf/ffi.rs:73:5
[INFO] [stdout]    |
[INFO] [stdout] 73 | pub extern fn read_dtf_to_arr(fname: *const c_char) -> Slice {
[INFO] [stdout]    |     ^^^^^^ help: explicitly specify the "C" ABI: `extern "C"`
[INFO] [stdout] 
[INFO] [stdout] 
[INFO] [stdout] warning: `extern` declarations without an explicit ABI are deprecated
[INFO] [stdout]   --> src/dtf/ffi.rs:94:5
[INFO] [stdout]    |
[INFO] [stdout] 94 | pub extern fn read_dtf_to_arr_with_limit(fname: *const c_char, num: u32) -> Slice {
[INFO] [stdout]    |     ^^^^^^ help: explicitly specify the "C" ABI: `extern "C"`
[INFO] [stdout] 
[INFO] [stdout] 
[INFO] [stdout] warning: `extern` declarations without an explicit ABI are deprecated
[INFO] [stdout]    --> src/dtf/ffi.rs:147:5
[INFO] [stdout]     |
[INFO] [stdout] 147 | pub extern fn parse_stream(n: *mut c_uchar, len: u32) -> Slice {
[INFO] [stdout]     |     ^^^^^^ help: explicitly specify the "C" ABI: `extern "C"`
[INFO] [stdout] 
[INFO] [stdout] 
[INFO] [stdout] warning: `extern` declarations without an explicit ABI are deprecated
[INFO] [stdout]    --> src/dtf/ffi.rs:164:5
[INFO] [stdout]     |
[INFO] [stdout] 164 | pub extern fn str_free(s: *mut c_char) {
[INFO] [stdout]     |     ^^^^^^ help: explicitly specify the "C" ABI: `extern "C"`
[INFO] [stdout] 
[INFO] [stdout] 
[INFO] [stdout] warning: use of deprecated associated function `utils::chrono::NaiveDateTime::from_timestamp`: use `DateTime::from_timestamp` instead
[INFO] [stdout]   --> src/utils.rs:40:41
[INFO] [stdout]    |
[INFO] [stdout] 40 |     let naive_datetime = NaiveDateTime::from_timestamp(ts as i64, 0);
[INFO] [stdout]    |                                         ^^^^^^^^^^^^^^
[INFO] [stdout]    |
[INFO] [stdout]    = note: `#[warn(deprecated)]` on by default
[INFO] [stdout] 
[INFO] [stdout] 
[INFO] [stdout] warning: use of deprecated associated function `utils::chrono::DateTime::<Tz>::from_utc`: Use TimeZone::from_utc_datetime() or DateTime::from_naive_utc_and_offset instead
[INFO] [stdout]   --> src/utils.rs:41:51
[INFO] [stdout]    |
[INFO] [stdout] 41 |     let datetime_again: DateTime<Utc> = DateTime::from_utc(naive_datetime, Utc);
[INFO] [stdout]    |                                                   ^^^^^^^^
[INFO] [stdout] 
[INFO] [stdout] 
[INFO] [stdout] warning: field `levels` is never read
[INFO] [stdout]   --> src/postprocessing/level.rs:17:5
[INFO] [stdout]    |
[INFO] [stdout] 16 | pub struct Levels {
[INFO] [stdout]    |            ------ field in this struct
[INFO] [stdout] 17 |     levels: HashMap<Price, BTreeMap<Time, Size>>,
[INFO] [stdout]    |     ^^^^^^
[INFO] [stdout]    |
[INFO] [stdout]    = note: `Levels` has a derived impl for the trait `Debug`, but this is intentionally ignored during dead code analysis
[INFO] [stdout]    = note: `#[warn(dead_code)]` (part of `#[warn(unused)]`) on by default
[INFO] [stdout] 
[INFO] [stdout] 
[INFO] [stdout] warning: field `bins` is never read
[INFO] [stdout]   --> src/postprocessing/histogram.rs:17:16
[INFO] [stdout]    |
[INFO] [stdout] 16 | pub struct Histogram {
[INFO] [stdout]    |            --------- field in this struct
[INFO] [stdout] 17 |     pub(crate) bins: Option<Vec<BinCount>>,
[INFO] [stdout]    |                ^^^^
[INFO] [stdout]    |
[INFO] [stdout]    = note: `Histogram` has a derived impl for the trait `Debug`, but this is intentionally ignored during dead code analysis
[INFO] [stdout] 
[INFO] [stdout] 
[INFO] [stderr]    Compiling sdb_core v0.6.0 (/opt/rustwide/workdir)
[INFO] [stdout] warning: fields `exchange` and `symbol` are never read
[INFO] [stdout]   --> src/storage/filetype.rs:46:9
[INFO] [stdout]    |
[INFO] [stdout] 44 | struct KaikoCsvEntry {
[INFO] [stdout]    |        ------------- fields in this struct
[INFO] [stdout] 45 |     pub id: String,
[INFO] [stdout] 46 |     pub exchange: String,
[INFO] [stdout]    |         ^^^^^^^^
[INFO] [stdout] 47 |     pub symbol: String,
[INFO] [stdout]    |         ^^^^^^
[INFO] [stdout] 
[INFO] [stdout] 
[INFO] [stdout] warning: unused return value of `CString::from_raw` that must be used
[INFO] [stdout]    --> src/dtf/ffi.rs:167:9
[INFO] [stdout]     |
[INFO] [stdout] 167 |         CString::from_raw(s)
[INFO] [stdout]     |         ^^^^^^^^^^^^^^^^^^^^
[INFO] [stdout]     |
[INFO] [stdout]     = note: call `drop(from_raw(ptr))` if you intend to drop the `CString`
[INFO] [stdout]     = note: `#[warn(unused_must_use)]` (part of `#[warn(unused)]`) on by default
[INFO] [stdout] help: use `let _ = ...` to ignore the resulting value
[INFO] [stdout]     |
[INFO] [stdout] 167 |         let _ = CString::from_raw(s);
[INFO] [stdout]     |         +++++++                     +
[INFO] [stdout] 
[INFO] [stdout] 
[INFO] [stdout] warning: `extern` declarations without an explicit ABI are deprecated
[INFO] [stdout]   --> src/dtf/ffi.rs:37:5
[INFO] [stdout]    |
[INFO] [stdout] 37 | pub extern fn read_dtf_to_csv(fname: *const c_char) -> *mut c_char {
[INFO] [stdout]    |     ^^^^^^ help: explicitly specify the "C" ABI: `extern "C"`
[INFO] [stdout]    |
[INFO] [stdout]    = note: `#[warn(missing_abi)]` on by default
[INFO] [stdout] 
[INFO] [stdout] 
[INFO] [stdout] warning: `extern` declarations without an explicit ABI are deprecated
[INFO] [stdout]   --> src/dtf/ffi.rs:55:5
[INFO] [stdout]    |
[INFO] [stdout] 55 | pub extern fn read_dtf_to_csv_with_limit(fname: *const c_char, num: u32) -> *mut c_char {
[INFO] [stdout]    |     ^^^^^^ help: explicitly specify the "C" ABI: `extern "C"`
[INFO] [stdout] 
[INFO] [stdout] 
[INFO] [stdout] warning: `extern` declarations without an explicit ABI are deprecated
[INFO] [stdout]   --> src/dtf/ffi.rs:73:5
[INFO] [stdout]    |
[INFO] [stdout] 73 | pub extern fn read_dtf_to_arr(fname: *const c_char) -> Slice {
[INFO] [stdout]    |     ^^^^^^ help: explicitly specify the "C" ABI: `extern "C"`
[INFO] [stdout] 
[INFO] [stdout] 
[INFO] [stdout] warning: `extern` declarations without an explicit ABI are deprecated
[INFO] [stdout]   --> src/dtf/ffi.rs:94:5
[INFO] [stdout]    |
[INFO] [stdout] 94 | pub extern fn read_dtf_to_arr_with_limit(fname: *const c_char, num: u32) -> Slice {
[INFO] [stdout]    |     ^^^^^^ help: explicitly specify the "C" ABI: `extern "C"`
[INFO] [stdout] 
[INFO] [stdout] 
[INFO] [stdout] warning: `extern` declarations without an explicit ABI are deprecated
[INFO] [stdout]    --> src/dtf/ffi.rs:147:5
[INFO] [stdout]     |
[INFO] [stdout] 147 | pub extern fn parse_stream(n: *mut c_uchar, len: u32) -> Slice {
[INFO] [stdout]     |     ^^^^^^ help: explicitly specify the "C" ABI: `extern "C"`
[INFO] [stdout] 
[INFO] [stdout] 
[INFO] [stdout] warning: `extern` declarations without an explicit ABI are deprecated
[INFO] [stdout]    --> src/dtf/ffi.rs:164:5
[INFO] [stdout]     |
[INFO] [stdout] 164 | pub extern fn str_free(s: *mut c_char) {
[INFO] [stdout]     |     ^^^^^^ help: explicitly specify the "C" ABI: `extern "C"`
[INFO] [stdout] 
[INFO] [stdout] 
[INFO] [stdout] warning: use of deprecated associated function `utils::chrono::NaiveDateTime::from_timestamp`: use `DateTime::from_timestamp` instead
[INFO] [stdout]   --> src/utils.rs:40:41
[INFO] [stdout]    |
[INFO] [stdout] 40 |     let naive_datetime = NaiveDateTime::from_timestamp(ts as i64, 0);
[INFO] [stdout]    |                                         ^^^^^^^^^^^^^^
[INFO] [stdout]    |
[INFO] [stdout]    = note: `#[warn(deprecated)]` on by default
[INFO] [stdout] 
[INFO] [stdout] 
[INFO] [stdout] warning: use of deprecated associated function `utils::chrono::DateTime::<Tz>::from_utc`: Use TimeZone::from_utc_datetime() or DateTime::from_naive_utc_and_offset instead
[INFO] [stdout]   --> src/utils.rs:41:51
[INFO] [stdout]    |
[INFO] [stdout] 41 |     let datetime_again: DateTime<Utc> = DateTime::from_utc(naive_datetime, Utc);
[INFO] [stdout]    |                                                   ^^^^^^^^
[INFO] [stdout] 
[INFO] [stdout] 
[INFO] [stdout] warning: use of deprecated method `dtf::update::Update::serialize_raw`
[INFO] [stdout]    --> src/dtf/update.rs:225:25
[INFO] [stdout]     |
[INFO] [stdout] 225 |         let result = up.serialize_raw();
[INFO] [stdout]     |                         ^^^^^^^^^^^^^
[INFO] [stdout] 
[INFO] [stdout] 
[INFO] [stdout] warning: fields `exchange` and `symbol` are never read
[INFO] [stdout]   --> src/storage/filetype.rs:46:9
[INFO] [stdout]    |
[INFO] [stdout] 44 | struct KaikoCsvEntry {
[INFO] [stdout]    |        ------------- fields in this struct
[INFO] [stdout] 45 |     pub id: String,
[INFO] [stdout] 46 |     pub exchange: String,
[INFO] [stdout]    |         ^^^^^^^^
[INFO] [stdout] 47 |     pub symbol: String,
[INFO] [stdout]    |         ^^^^^^
[INFO] [stdout]    |
[INFO] [stdout]    = note: `#[warn(dead_code)]` (part of `#[warn(unused)]`) on by default
[INFO] [stdout] 
[INFO] [stdout] 
[INFO] [stdout] warning: unused return value of `CString::from_raw` that must be used
[INFO] [stdout]    --> src/dtf/ffi.rs:167:9
[INFO] [stdout]     |
[INFO] [stdout] 167 |         CString::from_raw(s)
[INFO] [stdout]     |         ^^^^^^^^^^^^^^^^^^^^
[INFO] [stdout]     |
[INFO] [stdout]     = note: call `drop(from_raw(ptr))` if you intend to drop the `CString`
[INFO] [stdout]     = note: `#[warn(unused_must_use)]` (part of `#[warn(unused)]`) on by default
[INFO] [stdout] help: use `let _ = ...` to ignore the resulting value
[INFO] [stdout]     |
[INFO] [stdout] 167 |         let _ = CString::from_raw(s);
[INFO] [stdout]     |         +++++++                     +
[INFO] [stdout] 
[INFO] [stdout] 
[INFO] [stderr]     Finished `release` profile [optimized] target(s) in 7.97s
[INFO] running `Command { std: "docker" "inspect" "616a6352389132fc1c117b1a4ffaeb1f7897e8b94bbd40d2b58f568775bde284", kill_on_drop: false }`
[INFO] running `Command { std: "docker" "exec" "-e" "SOURCE_DIR=/opt/rustwide/workdir" "-e" "CARGO_HOME=/opt/rustwide/cargo-home" "-e" "RUSTUP_HOME=/opt/rustwide/rustup-home" "-e" "CARGO_TARGET_DIR=/opt/rustwide/target" "-e" "CARGO_INCREMENTAL=0" "-e" "RUST_BACKTRACE=full" "-e" "RUSTFLAGS=--cap-lints=warn" "-e" "RUSTDOCFLAGS=--cap-lints=warn" "-w" "/opt/rustwide/workdir" "--user" "0:0" "616a6352389132fc1c117b1a4ffaeb1f7897e8b94bbd40d2b58f568775bde284" "/opt/rustwide/cargo-home/bin/cargo" "+1.99.0-beta.8" "test" "--frozen" "--release", kill_on_drop: false }`
[INFO] [stderr] warning: `extern` declarations without an explicit ABI are deprecated
[INFO] [stderr]   --> src/dtf/ffi.rs:37:5
[INFO] [stderr]    |
[INFO] [stderr] 37 | pub extern fn read_dtf_to_csv(fname: *const c_char) -> *mut c_char {
[INFO] [stderr]    |     ^^^^^^ help: explicitly specify the "C" ABI: `extern "C"`
[INFO] [stderr]    |
[INFO] [stderr]    = note: `#[warn(missing_abi)]` on by default
[INFO] [stderr] 
[INFO] [stderr] warning: `extern` declarations without an explicit ABI are deprecated
[INFO] [stderr]   --> src/dtf/ffi.rs:55:5
[INFO] [stderr]    |
[INFO] [stderr] 55 | pub extern fn read_dtf_to_csv_with_limit(fname: *const c_char, num: u32) -> *mut c_char {
[INFO] [stderr]    |     ^^^^^^ help: explicitly specify the "C" ABI: `extern "C"`
[INFO] [stderr] 
[INFO] [stderr] warning: `extern` declarations without an explicit ABI are deprecated
[INFO] [stderr]   --> src/dtf/ffi.rs:73:5
[INFO] [stderr]    |
[INFO] [stderr] 73 | pub extern fn read_dtf_to_arr(fname: *const c_char) -> Slice {
[INFO] [stderr]    |     ^^^^^^ help: explicitly specify the "C" ABI: `extern "C"`
[INFO] [stderr] 
[INFO] [stderr] warning: `extern` declarations without an explicit ABI are deprecated
[INFO] [stderr]   --> src/dtf/ffi.rs:94:5
[INFO] [stderr]    |
[INFO] [stderr] 94 | pub extern fn read_dtf_to_arr_with_limit(fname: *const c_char, num: u32) -> Slice {
[INFO] [stderr]    |     ^^^^^^ help: explicitly specify the "C" ABI: `extern "C"`
[INFO] [stderr] 
[INFO] [stderr] warning: `extern` declarations without an explicit ABI are deprecated
[INFO] [stderr]    --> src/dtf/ffi.rs:147:5
[INFO] [stderr]     |
[INFO] [stderr] 147 | pub extern fn parse_stream(n: *mut c_uchar, len: u32) -> Slice {
[INFO] [stderr]     |     ^^^^^^ help: explicitly specify the "C" ABI: `extern "C"`
[INFO] [stderr] 
[INFO] [stderr] warning: `extern` declarations without an explicit ABI are deprecated
[INFO] [stderr]    --> src/dtf/ffi.rs:164:5
[INFO] [stderr]     |
[INFO] [stderr] 164 | pub extern fn str_free(s: *mut c_char) {
[INFO] [stderr]     |     ^^^^^^ help: explicitly specify the "C" ABI: `extern "C"`
[INFO] [stderr] 
[INFO] [stderr] warning: use of deprecated associated function `utils::chrono::NaiveDateTime::from_timestamp`: use `DateTime::from_timestamp` instead
[INFO] [stderr]   --> src/utils.rs:40:41
[INFO] [stderr]    |
[INFO] [stderr] 40 |     let naive_datetime = NaiveDateTime::from_timestamp(ts as i64, 0);
[INFO] [stderr]    |                                         ^^^^^^^^^^^^^^
[INFO] [stderr]    |
[INFO] [stderr]    = note: `#[warn(deprecated)]` on by default
[INFO] [stderr] 
[INFO] [stderr] warning: use of deprecated associated function `utils::chrono::DateTime::<Tz>::from_utc`: Use TimeZone::from_utc_datetime() or DateTime::from_naive_utc_and_offset instead
[INFO] [stderr]   --> src/utils.rs:41:51
[INFO] [stderr]    |
[INFO] [stderr] 41 |     let datetime_again: DateTime<Utc> = DateTime::from_utc(naive_datetime, Utc);
[INFO] [stderr]    |                                                   ^^^^^^^^
[INFO] [stderr] 
[INFO] [stderr] warning: field `levels` is never read
[INFO] [stderr]   --> src/postprocessing/level.rs:17:5
[INFO] [stderr]    |
[INFO] [stderr] 16 | pub struct Levels {
[INFO] [stderr]    |            ------ field in this struct
[INFO] [stderr] 17 |     levels: HashMap<Price, BTreeMap<Time, Size>>,
[INFO] [stderr]    |     ^^^^^^
[INFO] [stderr]    |
[INFO] [stderr]    = note: `Levels` has a derived impl for the trait `Debug`, but this is intentionally ignored during dead code analysis
[INFO] [stderr]    = note: `#[warn(dead_code)]` (part of `#[warn(unused)]`) on by default
[INFO] [stderr] 
[INFO] [stderr] warning: field `bins` is never read
[INFO] [stderr]   --> src/postprocessing/histogram.rs:17:16
[INFO] [stderr]    |
[INFO] [stderr] 16 | pub struct Histogram {
[INFO] [stderr]    |            --------- field in this struct
[INFO] [stderr] 17 |     pub(crate) bins: Option<Vec<BinCount>>,
[INFO] [stderr]    |                ^^^^
[INFO] [stderr]    |
[INFO] [stderr]    = note: `Histogram` has a derived impl for the trait `Debug`, but this is intentionally ignored during dead code analysis
[INFO] [stderr] 
[INFO] [stderr] warning: fields `exchange` and `symbol` are never read
[INFO] [stderr]   --> src/storage/filetype.rs:46:9
[INFO] [stderr]    |
[INFO] [stderr] 44 | struct KaikoCsvEntry {
[INFO] [stderr]    |        ------------- fields in this struct
[INFO] [stderr] 45 |     pub id: String,
[INFO] [stderr] 46 |     pub exchange: String,
[INFO] [stderr]    |         ^^^^^^^^
[INFO] [stderr] 47 |     pub symbol: String,
[INFO] [stderr]    |         ^^^^^^
[INFO] [stderr] 
[INFO] [stderr] warning: unused return value of `CString::from_raw` that must be used
[INFO] [stderr]    --> src/dtf/ffi.rs:167:9
[INFO] [stderr]     |
[INFO] [stderr] 167 |         CString::from_raw(s)
[INFO] [stderr]     |         ^^^^^^^^^^^^^^^^^^^^
[INFO] [stderr]     |
[INFO] [stderr]     = note: call `drop(from_raw(ptr))` if you intend to drop the `CString`
[INFO] [stderr]     = note: `#[warn(unused_must_use)]` (part of `#[warn(unused)]`) on by default
[INFO] [stderr] help: use `let _ = ...` to ignore the resulting value
[INFO] [stderr]     |
[INFO] [stderr] 167 |         let _ = CString::from_raw(s);
[INFO] [stderr]     |         +++++++                     +
[INFO] [stderr] 
[INFO] [stderr] warning: use of deprecated method `dtf::update::Update::serialize_raw`
[INFO] [stderr]    --> src/dtf/update.rs:225:25
[INFO] [stderr]     |
[INFO] [stderr] 225 |         let result = up.serialize_raw();
[INFO] [stderr]     |                         ^^^^^^^^^^^^^
[INFO] [stderr] 
[INFO] [stderr] warning: fields `exchange` and `symbol` are never read
[INFO] [stderr]   --> src/storage/filetype.rs:46:9
[INFO] [stderr]    |
[INFO] [stderr] 44 | struct KaikoCsvEntry {
[INFO] [stderr]    |        ------------- fields in this struct
[INFO] [stderr] 45 |     pub id: String,
[INFO] [stderr] 46 |     pub exchange: String,
[INFO] [stderr]    |         ^^^^^^^^
[INFO] [stderr] 47 |     pub symbol: String,
[INFO] [stderr]    |         ^^^^^^
[INFO] [stderr]    |
[INFO] [stderr]    = note: `#[warn(dead_code)]` (part of `#[warn(unused)]`) on by default
[INFO] [stderr] 
[INFO] [stderr] warning: `sdb_core` (lib) generated 12 warnings (run `cargo fix --lib -p sdb_core` to apply 6 suggestions)
[INFO] [stderr] warning: `sdb_core` (lib test) generated 11 warnings (9 duplicates)
[INFO] [stderr]     Finished `release` profile [optimized] target(s) in 0.15s
[INFO] [stderr]      Running unittests src/lib.rs (/opt/rustwide/target/release/deps/sdb_core-10b60771ce8aed39)
[INFO] [stdout] 
[INFO] [stdout] running 43 tests
[INFO] [stdout] test dtf::file_format::tests::should_format_metadata_properly ... ok
[INFO] [stdout] test dtf::file_format::tests::should_return_correct_symbol ... FAILED
[INFO] [stdout] test dtf::file_format::tests::should_encode_decode_one_item ... FAILED
[INFO] [stdout] test dtf::file_format::tests::should_return_correct_num_of_items ... FAILED
[INFO] [stdout] test dtf::file_format::tests::should_encode_and_decode_file ... FAILED
[INFO] [stdout] test dtf::file_format::tests::should_append_filtered_data ... FAILED
[INFO] [stdout] test dtf::file_format::tests::should_return_correct_range_real ... FAILED
[INFO] [stdout] test dtf::file_format::tests::should_write_to_bytes ... ok
[INFO] [stdout] test dtf::file_format::tests::should_return_max_ts ... FAILED
[INFO] [stdout] test dtf::file_format::tests::should_speak_json ... ok
[INFO] [stdout] test dtf::file_format::tests::should_return_the_correct_range ... FAILED
[INFO] [stdout] test dtf::file_format::tests::should_return_the_correct_range_2 ... FAILED
[INFO] [stdout] test dtf::file_format::tests::test_iterator ... FAILED
[INFO] [stdout] test dtf::file_format::tests::should_return_first_record ... FAILED
[INFO] [stdout] test dtf::file_format::tests::test_iterator_large ... FAILED
[INFO] [stdout] test postprocessing::candle::time_bars::tests::should_have_right_attr ... ok
[INFO] [stdout] test postprocessing::candle::time_bars::tests::test_candle_snap_to_grid ... ok
[INFO] [stdout] test postprocessing::candle::dollar_bars::tests::test_dollar_bar ... ok
[INFO] [stdout] test dtf::file_format::tests::test_iterator_with_last_idx ... FAILED
[INFO] [stdout] test postprocessing::candle::time_bars::tests::test_create_new_candles ... ok
[INFO] [stdout] test dtf::symbol::tests::should_parse_symbol_from_str_ok ... ok
[INFO] [stdout] test postprocessing::candle::time_bars::tests::test_fix_missing_candles ... ok
[INFO] [stdout] test postprocessing::candle::time_bars::tests::test_must_be_sequential ... ok
[INFO] [stdout] test postprocessing::candle::volume_bars::tests::test_vol_bar ... ok
[INFO] [stdout] test dtf::update::tests::test_serialize_raw_to_buffer ... ok
[INFO] [stdout] test postprocessing::event::test::should_work_with_poloniex_too ... FAILED
[INFO] [stdout] test postprocessing::candle::tick_bars::tests::test_tick_bar ... ok
[INFO] [stdout] test postprocessing::candle::time_bars::tests::test_candle_to_csv ... ok
[INFO] [stdout] test postprocessing::candle::time_bars::tests::test_ranges ... ok
[INFO] [stdout] test postprocessing::event::test::test_into_events ... ok
[INFO] [stdout] test postprocessing::histogram::tests::test_histogram ... FAILED
[INFO] [stdout] test postprocessing::orderbook::tests::test_level_orderbook ... FAILED
[INFO] [stdout] test postprocessing::level::tests::test_levels ... FAILED
[INFO] [stdout] test utils::tests::test_bigram ... ok
[INFO] [stdout] test utils::tests::test_encode_decode_insert_into ... ok
[INFO] [stdout] test utils::tests::test_stringify_epoch ... ok
[INFO] [stdout] test postprocessing::orderbook::tests::test_orderbook_real ... FAILED
[INFO] [stdout] test storage::dtf_file_metadata::dtf_metadata_tags_parsing ... ok
[INFO] [stdout] test postprocessing::event::test::test_size_filter ... FAILED
[INFO] [stdout] test postprocessing::histogram::tests::test_epoch_histogram ... ok
[INFO] [stdout] test dtf::file_format::tests::should_encode_decode_real ... FAILED
[INFO] [stdout] test postprocessing::candle::time_bars::tests::test_rebin ... ok
[INFO] [stdout] test dtf::file_format::tests::test_write_batches ... ok
[INFO] [stdout] 
[INFO] [stdout] failures:
[INFO] [stdout] 
[INFO] [stdout] ---- dtf::file_format::tests::should_return_correct_symbol stdout ----
[INFO] [stdout] 
[INFO] [stdout] thread 'dtf::file_format::tests::should_return_correct_symbol' (260) panicked at src/dtf/file_format.rs:980:36:
[INFO] [stdout] called `Result::unwrap()` on an `Err` value: Os { code: 30, kind: ReadOnlyFilesystem, message: "Read-only file system" }
[INFO] [stdout] stack backtrace:
[INFO] [stdout]    0:     0x5f8541bc8b61 - <<std[70759c8f55707aa4]::sys::backtrace::BacktraceLock>::print::DisplayBacktrace as core[df12db4294e9bfd3]::fmt::Display>::fmt
[INFO] [stdout]    1:     0x5f8541bde3ca - core[df12db4294e9bfd3]::fmt::write
[INFO] [stdout]    2:     0x5f8541bcd0fc - <alloc[2182bb758b4b3781]::vec::Vec<u8> as core[df12db4294e9bfd3]::io::write::Write>::write_fmt
[INFO] [stdout]    3:     0x5f8541ba5156 - std[70759c8f55707aa4]::panicking::default_hook::{closure#0}
[INFO] [stdout]    4:     0x5f8541bc12c9 - std[70759c8f55707aa4]::panicking::default_hook
[INFO] [stdout]    5:     0x5f8541b5cf60 - test[9d35eded1c95d3be]::test_main_inner::<test[9d35eded1c95d3be]::test_main_static::{closure#0}>::{closure#0}
[INFO] [stdout]    6:     0x5f8541bc1482 - std[70759c8f55707aa4]::panicking::panic_with_hook
[INFO] [stdout]    7:     0x5f8541ba5202 - std[70759c8f55707aa4]::panicking::panic_handler::{closure#0}
[INFO] [stdout]    8:     0x5f8541b9df89 - std[70759c8f55707aa4]::sys::backtrace::__rust_end_short_backtrace::<std[70759c8f55707aa4]::panicking::panic_handler::{closure#0}, !>
[INFO] [stdout]    9:     0x5f8541ba5dfd - __rustc[8fa7c3cbc660c2b3]::rust_begin_unwind
[INFO] [stdout]   10:     0x5f8541bdeafc - core[df12db4294e9bfd3]::panicking::panic_fmt
[INFO] [stdout]   11:     0x5f8541bde8d2 - core[df12db4294e9bfd3]::result::unwrap_failed
[INFO] [stdout]   12:     0x5f8541b3a6b7 - sdb_core[6cffd972d741d4a8]::dtf::file_format::tests::init
[INFO] [stdout]   13:     0x5f8541b3cd02 - sdb_core[6cffd972d741d4a8]::dtf::file_format::tests::should_return_correct_symbol
[INFO] [stdout]   14:     0x5f8541b42059 - <sdb_core[6cffd972d741d4a8]::dtf::file_format::tests::should_return_correct_symbol::{closure#0} as core[df12db4294e9bfd3]::ops::function::FnOnce<()>>::call_once
[INFO] [stdout]   15:     0x5f8541b5024b - test[9d35eded1c95d3be]::__rust_begin_short_backtrace::<core[df12db4294e9bfd3]::result::Result<(), alloc[2182bb758b4b3781]::string::String>, fn() -> core[df12db4294e9bfd3]::result::Result<(), alloc[2182bb758b4b3781]::string::String>>
[INFO] [stdout]   16:     0x5f8541b5d8b5 - test[9d35eded1c95d3be]::run_test::{closure#0}
[INFO] [stdout]   17:     0x5f8541b57174 - std[70759c8f55707aa4]::sys::backtrace::__rust_begin_short_backtrace::<test[9d35eded1c95d3be]::run_test::{closure#1}, ()>
[INFO] [stdout]   18:     0x5f8541b60a12 - <std[70759c8f55707aa4]::thread::lifecycle::spawn_unchecked<test[9d35eded1c95d3be]::run_test::{closure#1}, ()>::{closure#1} as core[df12db4294e9bfd3]::ops::function::FnOnce<()>>::call_once::{shim:vtable#0}
[INFO] [stdout]   19:     0x5f8541bc8439 - <std[70759c8f55707aa4]::sys::thread::unix::Thread>::new::thread_start
[INFO] [stdout]   20:     0x7c343c772dfa - <unknown>
[INFO] [stdout]   21:     0x7c343c8063d4 - clone
[INFO] [stdout]   22:                0x0 - <unknown>
[INFO] [stdout] 
[INFO] [stdout] ---- dtf::file_format::tests::should_encode_decode_one_item stdout ----
[INFO] [stdout] 
[INFO] [stdout] thread 'dtf::file_format::tests::should_encode_decode_one_item' (255) panicked at src/dtf/file_format.rs:1012:36:
[INFO] [stdout] called `Result::unwrap()` on an `Err` value: Os { code: 30, kind: ReadOnlyFilesystem, message: "Read-only file system" }
[INFO] [stdout] stack backtrace:
[INFO] [stdout]    0:     0x5f8541bc8b61 - <<std[70759c8f55707aa4]::sys::backtrace::BacktraceLock>::print::DisplayBacktrace as core[df12db4294e9bfd3]::fmt::Display>::fmt
[INFO] [stdout]    1:     0x5f8541bde3ca - core[df12db4294e9bfd3]::fmt::write
[INFO] [stdout]    2:     0x5f8541bcd0fc - <alloc[2182bb758b4b3781]::vec::Vec<u8> as core[df12db4294e9bfd3]::io::write::Write>::write_fmt
[INFO] [stdout]    3:     0x5f8541ba5156 - std[70759c8f55707aa4]::panicking::default_hook::{closure#0}
[INFO] [stdout]    4:     0x5f8541bc12c9 - std[70759c8f55707aa4]::panicking::default_hook
[INFO] [stdout]    5:     0x5f8541b5cf60 - test[9d35eded1c95d3be]::test_main_inner::<test[9d35eded1c95d3be]::test_main_static::{closure#0}>::{closure#0}
[INFO] [stdout]    6:     0x5f8541bc1482 - std[70759c8f55707aa4]::panicking::panic_with_hook
[INFO] [stdout]    7:     0x5f8541ba5202 - std[70759c8f55707aa4]::panicking::panic_handler::{closure#0}
[INFO] [stdout]    8:     0x5f8541b9df89 - std[70759c8f55707aa4]::sys::backtrace::__rust_end_short_backtrace::<std[70759c8f55707aa4]::panicking::panic_handler::{closure#0}, !>
[INFO] [stdout]    9:     0x5f8541ba5dfd - __rustc[8fa7c3cbc660c2b3]::rust_begin_unwind
[INFO] [stdout]   10:     0x5f8541bdeafc - core[df12db4294e9bfd3]::panicking::panic_fmt
[INFO] [stdout]   11:     0x5f8541bde8d2 - core[df12db4294e9bfd3]::result::unwrap_failed
[INFO] [stdout]   12:     0x5f8541b3d264 - sdb_core[6cffd972d741d4a8]::dtf::file_format::tests::should_encode_decode_one_item
[INFO] [stdout]   13:     0x5f8541b42099 - <sdb_core[6cffd972d741d4a8]::dtf::file_format::tests::should_encode_decode_one_item::{closure#0} as core[df12db4294e9bfd3]::ops::function::FnOnce<()>>::call_once
[INFO] [stdout]   14:     0x5f8541b5024b - test[9d35eded1c95d3be]::__rust_begin_short_backtrace::<core[df12db4294e9bfd3]::result::Result<(), alloc[2182bb758b4b3781]::string::String>, fn() -> core[df12db4294e9bfd3]::result::Result<(), alloc[2182bb758b4b3781]::string::String>>
[INFO] [stdout]   15:     0x5f8541b5d8b5 - test[9d35eded1c95d3be]::run_test::{closure#0}
[INFO] [stdout]   16:     0x5f8541b57174 - std[70759c8f55707aa4]::sys::backtrace::__rust_begin_short_backtrace::<test[9d35eded1c95d3be]::run_test::{closure#1}, ()>
[INFO] [stdout]   17:     0x5f8541b60a12 - <std[70759c8f55707aa4]::thread::lifecycle::spawn_unchecked<test[9d35eded1c95d3be]::run_test::{closure#1}, ()>::{closure#1} as core[df12db4294e9bfd3]::ops::function::FnOnce<()>>::call_once::{shim:vtable#0}
[INFO] [stdout]   18:     0x5f8541bc8439 - <std[70759c8f55707aa4]::sys::thread::unix::Thread>::new::thread_start
[INFO] [stdout]   19:     0x7c343c772dfa - <unknown>
[INFO] [stdout]   20:     0x7c343c8063d4 - clone
[INFO] [stdout]   21:                0x0 - <unknown>
[INFO] [stdout] 
[INFO] [stdout] ---- dtf::file_format::tests::should_return_correct_num_of_items stdout ----
[INFO] [stdout] 
[INFO] [stdout] thread 'dtf::file_format::tests::should_return_correct_num_of_items' (258) panicked at src/dtf/file_format.rs:980:36:
[INFO] [stdout] called `Result::unwrap()` on an `Err` value: Os { code: 30, kind: ReadOnlyFilesystem, message: "Read-only file system" }
[INFO] [stdout] stack backtrace:
[INFO] [stdout]    0:     0x5f8541bc8b61 - <<std[70759c8f55707aa4]::sys::backtrace::BacktraceLock>::print::DisplayBacktrace as core[df12db4294e9bfd3]::fmt::Display>::fmt
[INFO] [stdout]    1:     0x5f8541bde3ca - core[df12db4294e9bfd3]::fmt::write
[INFO] [stdout]    2:     0x5f8541bcd0fc - <alloc[2182bb758b4b3781]::vec::Vec<u8> as core[df12db4294e9bfd3]::io::write::Write>::write_fmt
[INFO] [stdout]    3:     0x5f8541ba5156 - std[70759c8f55707aa4]::panicking::default_hook::{closure#0}
[INFO] [stdout]    4:     0x5f8541bc12c9 - std[70759c8f55707aa4]::panicking::default_hook
[INFO] [stdout]    5:     0x5f8541b5cf60 - test[9d35eded1c95d3be]::test_main_inner::<test[9d35eded1c95d3be]::test_main_static::{closure#0}>::{closure#0}
[INFO] [stdout]    6:     0x5f8541bc1482 - std[70759c8f55707aa4]::panicking::panic_with_hook
[INFO] [stdout]    7:     0x5f8541ba5202 - std[70759c8f55707aa4]::panicking::panic_handler::{closure#0}
[INFO] [stdout]    8:     0x5f8541b9df89 - std[70759c8f55707aa4]::sys::backtrace::__rust_end_short_backtrace::<std[70759c8f55707aa4]::panicking::panic_handler::{closure#0}, !>
[INFO] [stdout]    9:     0x5f8541ba5dfd - __rustc[8fa7c3cbc660c2b3]::rust_begin_unwind
[INFO] [stdout]   10:     0x5f8541bdeafc - core[df12db4294e9bfd3]::panicking::panic_fmt
[INFO] [stdout]   11:     0x5f8541bde8d2 - core[df12db4294e9bfd3]::result::unwrap_failed
[INFO] [stdout]   12:     0x5f8541b3a6b7 - sdb_core[6cffd972d741d4a8]::dtf::file_format::tests::init
[INFO] [stdout]   13:     0x5f8541b3e562 - sdb_core[6cffd972d741d4a8]::dtf::file_format::tests::should_return_correct_num_of_items
[INFO] [stdout]   14:     0x5f8541b42139 - <sdb_core[6cffd972d741d4a8]::dtf::file_format::tests::should_return_correct_num_of_items::{closure#0} as core[df12db4294e9bfd3]::ops::function::FnOnce<()>>::call_once
[INFO] [stdout]   15:     0x5f8541b5024b - test[9d35eded1c95d3be]::__rust_begin_short_backtrace::<core[df12db4294e9bfd3]::result::Result<(), alloc[2182bb758b4b3781]::string::String>, fn() -> core[df12db4294e9bfd3]::result::Result<(), alloc[2182bb758b4b3781]::string::String>>
[INFO] [stdout]   16:     0x5f8541b5d8b5 - test[9d35eded1c95d3be]::run_test::{closure#0}
[INFO] [stdout]   17:     0x5f8541b57174 - std[70759c8f55707aa4]::sys::backtrace::__rust_begin_short_backtrace::<test[9d35eded1c95d3be]::run_test::{closure#1}, ()>
[INFO] [stdout]   18:     0x5f8541b60a12 - <std[70759c8f55707aa4]::thread::lifecycle::spawn_unchecked<test[9d35eded1c95d3be]::run_test::{closure#1}, ()>::{closure#1} as core[df12db4294e9bfd3]::ops::function::FnOnce<()>>::call_once::{shim:vtable#0}
[INFO] [stdout]   19:     0x5f8541bc8439 - <std[70759c8f55707aa4]::sys::thread::unix::Thread>::new::thread_start
[INFO] [stdout]   20:     0x7c343c772dfa - <unknown>
[INFO] [stdout]   21:     0x7c343c8063d4 - clone
[INFO] [stdout]   22:                0x0 - <unknown>
[INFO] [stdout] 
[INFO] [stdout] ---- dtf::file_format::tests::should_encode_and_decode_file stdout ----
[INFO] [stdout] 
[INFO] [stdout] thread 'dtf::file_format::tests::should_encode_and_decode_file' (254) panicked at src/dtf/file_format.rs:980:36:
[INFO] [stdout] called `Result::unwrap()` on an `Err` value: Os { code: 30, kind: ReadOnlyFilesystem, message: "Read-only file system" }
[INFO] [stdout] stack backtrace:
[INFO] [stdout]    0:     0x5f8541bc8b61 - <<std[70759c8f55707aa4]::sys::backtrace::BacktraceLock>::print::DisplayBacktrace as core[df12db4294e9bfd3]::fmt::Display>::fmt
[INFO] [stdout]    1:     0x5f8541bde3ca - core[df12db4294e9bfd3]::fmt::write
[INFO] [stdout]    2:     0x5f8541bcd0fc - <alloc[2182bb758b4b3781]::vec::Vec<u8> as core[df12db4294e9bfd3]::io::write::Write>::write_fmt
[INFO] [stdout]    3:     0x5f8541ba5156 - std[70759c8f55707aa4]::panicking::default_hook::{closure#0}
[INFO] [stdout]    4:     0x5f8541bc12c9 - std[70759c8f55707aa4]::panicking::default_hook
[INFO] [stdout]    5:     0x5f8541b5cf60 - test[9d35eded1c95d3be]::test_main_inner::<test[9d35eded1c95d3be]::test_main_static::{closure#0}>::{closure#0}
[INFO] [stdout]    6:     0x5f8541bc1482 - std[70759c8f55707aa4]::panicking::panic_with_hook
[INFO] [stdout]    7:     0x5f8541ba5202 - std[70759c8f55707aa4]::panicking::panic_handler::{closure#0}
[INFO] [stdout]    8:     0x5f8541b9df89 - std[70759c8f55707aa4]::sys::backtrace::__rust_end_short_backtrace::<std[70759c8f55707aa4]::panicking::panic_handler::{closure#0}, !>
[INFO] [stdout]    9:     0x5f8541ba5dfd - __rustc[8fa7c3cbc660c2b3]::rust_begin_unwind
[INFO] [stdout]   10:     0x5f8541bdeafc - core[df12db4294e9bfd3]::panicking::panic_fmt
[INFO] [stdout]   11:     0x5f8541bde8d2 - core[df12db4294e9bfd3]::result::unwrap_failed
[INFO] [stdout]   12:     0x5f8541b3a6b7 - sdb_core[6cffd972d741d4a8]::dtf::file_format::tests::init
[INFO] [stdout]   13:     0x5f8541b3cedf - sdb_core[6cffd972d741d4a8]::dtf::file_format::tests::should_encode_and_decode_file
[INFO] [stdout]   14:     0x5f8541b42079 - <sdb_core[6cffd972d741d4a8]::dtf::file_format::tests::should_encode_and_decode_file::{closure#0} as core[df12db4294e9bfd3]::ops::function::FnOnce<()>>::call_once
[INFO] [stdout]   15:     0x5f8541b5024b - test[9d35eded1c95d3be]::__rust_begin_short_backtrace::<core[df12db4294e9bfd3]::result::Result<(), alloc[2182bb758b4b3781]::string::String>, fn() -> core[df12db4294e9bfd3]::result::Result<(), alloc[2182bb758b4b3781]::string::String>>
[INFO] [stdout]   16:     0x5f8541b5d8b5 - test[9d35eded1c95d3be]::run_test::{closure#0}
[INFO] [stdout]   17:     0x5f8541b57174 - std[70759c8f55707aa4]::sys::backtrace::__rust_begin_short_backtrace::<test[9d35eded1c95d3be]::run_test::{closure#1}, ()>
[INFO] [stdout]   18:     0x5f8541b60a12 - <std[70759c8f55707aa4]::thread::lifecycle::spawn_unchecked<test[9d35eded1c95d3be]::run_test::{closure#1}, ()>::{closure#1} as core[df12db4294e9bfd3]::ops::function::FnOnce<()>>::call_once::{shim:vtable#0}
[INFO] [stdout]   19:     0x5f8541bc8439 - <std[70759c8f55707aa4]::sys::thread::unix::Thread>::new::thread_start
[INFO] [stdout]   20:     0x7c343c772dfa - <unknown>
[INFO] [stdout]   21:     0x7c343c8063d4 - clone
[INFO] [stdout]   22:                0x0 - <unknown>
[INFO] [stdout] 
[INFO] [stdout] ---- dtf::file_format::tests::should_append_filtered_data stdout ----
[INFO] [stdout] 
[INFO] [stdout] thread 'dtf::file_format::tests::should_append_filtered_data' (253) panicked at src/dtf/file_format.rs:980:36:
[INFO] [stdout] called `Result::unwrap()` on an `Err` value: Os { code: 30, kind: ReadOnlyFilesystem, message: "Read-only file system" }
[INFO] [stdout] stack backtrace:
[INFO] [stdout]    0:     0x5f8541bc8b61 - <<std[70759c8f55707aa4]::sys::backtrace::BacktraceLock>::print::DisplayBacktrace as core[df12db4294e9bfd3]::fmt::Display>::fmt
[INFO] [stdout]    1:     0x5f8541bde3ca - core[df12db4294e9bfd3]::fmt::write
[INFO] [stdout]    2:     0x5f8541bcd0fc - <alloc[2182bb758b4b3781]::vec::Vec<u8> as core[df12db4294e9bfd3]::io::write::Write>::write_fmt
[INFO] [stdout]    3:     0x5f8541ba5156 - std[70759c8f55707aa4]::panicking::default_hook::{closure#0}
[INFO] [stdout]    4:     0x5f8541bc12c9 - std[70759c8f55707aa4]::panicking::default_hook
[INFO] [stdout]    5:     0x5f8541b5cf60 - test[9d35eded1c95d3be]::test_main_inner::<test[9d35eded1c95d3be]::test_main_static::{closure#0}>::{closure#0}
[INFO] [stdout]    6:     0x5f8541bc1482 - std[70759c8f55707aa4]::panicking::panic_with_hook
[INFO] [stdout]    7:     0x5f8541ba5202 - std[70759c8f55707aa4]::panicking::panic_handler::{closure#0}
[INFO] [stdout]    8:     0x5f8541b9df89 - std[70759c8f55707aa4]::sys::backtrace::__rust_end_short_backtrace::<std[70759c8f55707aa4]::panicking::panic_handler::{closure#0}, !>
[INFO] [stdout]    9:     0x5f8541ba5dfd - __rustc[8fa7c3cbc660c2b3]::rust_begin_unwind
[INFO] [stdout]   10:     0x5f8541bdeafc - core[df12db4294e9bfd3]::panicking::panic_fmt
[INFO] [stdout]   11:     0x5f8541bde8d2 - core[df12db4294e9bfd3]::result::unwrap_failed
[INFO] [stdout]   12:     0x5f8541b3a6b7 - sdb_core[6cffd972d741d4a8]::dtf::file_format::tests::init
[INFO] [stdout]   13:     0x5f8541b3cedf - sdb_core[6cffd972d741d4a8]::dtf::file_format::tests::should_encode_and_decode_file
[INFO] [stdout]   14:     0x5f8541b3c046 - sdb_core[6cffd972d741d4a8]::dtf::file_format::tests::should_append_filtered_data
[INFO] [stdout]   15:     0x5f8541b42019 - <sdb_core[6cffd972d741d4a8]::dtf::file_format::tests::should_append_filtered_data::{closure#0} as core[df12db4294e9bfd3]::ops::function::FnOnce<()>>::call_once
[INFO] [stdout]   16:     0x5f8541b5024b - test[9d35eded1c95d3be]::__rust_begin_short_backtrace::<core[df12db4294e9bfd3]::result::Result<(), alloc[2182bb758b4b3781]::string::String>, fn() -> core[df12db4294e9bfd3]::result::Result<(), alloc[2182bb758b4b3781]::string::String>>
[INFO] [stdout]   17:     0x5f8541b5d8b5 - test[9d35eded1c95d3be]::run_test::{closure#0}
[INFO] [stdout]   18:     0x5f8541b57174 - std[70759c8f55707aa4]::sys::backtrace::__rust_begin_short_backtrace::<test[9d35eded1c95d3be]::run_test::{closure#1}, ()>
[INFO] [stdout]   19:     0x5f8541b60a12 - <std[70759c8f55707aa4]::thread::lifecycle::spawn_unchecked<test[9d35eded1c95d3be]::run_test::{closure#1}, ()>::{closure#1} as core[df12db4294e9bfd3]::ops::function::FnOnce<()>>::call_once::{shim:vtable#0}
[INFO] [stdout]   20:     0x5f8541bc8439 - <std[70759c8f55707aa4]::sys::thread::unix::Thread>::new::thread_start
[INFO] [stdout]   21:     0x7c343c772dfa - <unknown>
[INFO] [stdout]   22:     0x7c343c8063d4 - clone
[INFO] [stdout]   23:                0x0 - <unknown>
[INFO] [stdout] 
[INFO] [stdout] ---- dtf::file_format::tests::should_return_correct_range_real stdout ----
[INFO] [stdout] 
[INFO] [stdout] thread 'dtf::file_format::tests::should_return_correct_range_real' (259) panicked at src/dtf/file_format.rs:1114:42:
[INFO] [stdout] called `Result::unwrap()` on an `Err` value: Os { code: 2, kind: NotFound, message: "No such file or directory" }
[INFO] [stdout] stack backtrace:
[INFO] [stdout]    0:     0x5f8541bc8b61 - <<std[70759c8f55707aa4]::sys::backtrace::BacktraceLock>::print::DisplayBacktrace as core[df12db4294e9bfd3]::fmt::Display>::fmt
[INFO] [stdout]    1:     0x5f8541bde3ca - core[df12db4294e9bfd3]::fmt::write
[INFO] [stdout]    2:     0x5f8541bcd0fc - <alloc[2182bb758b4b3781]::vec::Vec<u8> as core[df12db4294e9bfd3]::io::write::Write>::write_fmt
[INFO] [stdout]    3:     0x5f8541ba5156 - std[70759c8f55707aa4]::panicking::default_hook::{closure#0}
[INFO] [stdout]    4:     0x5f8541bc12c9 - std[70759c8f55707aa4]::panicking::default_hook
[INFO] [stdout]    5:     0x5f8541b5cf60 - test[9d35eded1c95d3be]::test_main_inner::<test[9d35eded1c95d3be]::test_main_static::{closure#0}>::{closure#0}
[INFO] [stdout]    6:     0x5f8541bc1482 - std[70759c8f55707aa4]::panicking::panic_with_hook
[INFO] [stdout]    7:     0x5f8541ba5202 - std[70759c8f55707aa4]::panicking::panic_handler::{closure#0}
[INFO] [stdout]    8:     0x5f8541b9df89 - std[70759c8f55707aa4]::sys::backtrace::__rust_end_short_backtrace::<std[70759c8f55707aa4]::panicking::panic_handler::{closure#0}, !>
[INFO] [stdout]    9:     0x5f8541ba5dfd - __rustc[8fa7c3cbc660c2b3]::rust_begin_unwind
[INFO] [stdout]   10:     0x5f8541bdeafc - core[df12db4294e9bfd3]::panicking::panic_fmt
[INFO] [stdout]   11:     0x5f8541bde8d2 - core[df12db4294e9bfd3]::result::unwrap_failed
[INFO] [stdout]   12:     0x5f8541b3e027 - sdb_core[6cffd972d741d4a8]::dtf::file_format::tests::should_return_correct_range_real
[INFO] [stdout]   13:     0x5f8541b420f9 - <sdb_core[6cffd972d741d4a8]::dtf::file_format::tests::should_return_correct_range_real::{closure#0} as core[df12db4294e9bfd3]::ops::function::FnOnce<()>>::call_once
[INFO] [stdout]   14:     0x5f8541b5024b - test[9d35eded1c95d3be]::__rust_begin_short_backtrace::<core[df12db4294e9bfd3]::result::Result<(), alloc[2182bb758b4b3781]::string::String>, fn() -> core[df12db4294e9bfd3]::result::Result<(), alloc[2182bb758b4b3781]::string::String>>
[INFO] [stdout]   15:     0x5f8541b5d8b5 - test[9d35eded1c95d3be]::run_test::{closure#0}
[INFO] [stdout]   16:     0x5f8541b57174 - std[70759c8f55707aa4]::sys::backtrace::__rust_begin_short_backtrace::<test[9d35eded1c95d3be]::run_test::{closure#1}, ()>
[INFO] [stdout]   17:     0x5f8541b60a12 - <std[70759c8f55707aa4]::thread::lifecycle::spawn_unchecked<test[9d35eded1c95d3be]::run_test::{closure#1}, ()>::{closure#1} as core[df12db4294e9bfd3]::ops::function::FnOnce<()>>::call_once::{shim:vtable#0}
[INFO] [stdout]   18:     0x5f8541bc8439 - <std[70759c8f55707aa4]::sys::thread::unix::Thread>::new::thread_start
[INFO] [stdout]   19:     0x7c343c772dfa - <unknown>
[INFO] [stdout]   20:     0x7c343c8063d4 - clone
[INFO] [stdout]   21:                0x0 - <unknown>
[INFO] [stdout] 
[INFO] [stdout] ---- dtf::file_format::tests::should_return_max_ts stdout ----
[INFO] [stdout] 
[INFO] [stdout] thread 'dtf::file_format::tests::should_return_max_ts' (262) panicked at src/dtf/file_format.rs:980:36:
[INFO] [stdout] called `Result::unwrap()` on an `Err` value: Os { code: 30, kind: ReadOnlyFilesystem, message: "Read-only file system" }
[INFO] [stdout] stack backtrace:
[INFO] [stdout]    0:     0x5f8541bc8b61 - <<std[70759c8f55707aa4]::sys::backtrace::BacktraceLock>::print::DisplayBacktrace as core[df12db4294e9bfd3]::fmt::Display>::fmt
[INFO] [stdout]    1:     0x5f8541bde3ca - core[df12db4294e9bfd3]::fmt::write
[INFO] [stdout]    2:     0x5f8541bcd0fc - <alloc[2182bb758b4b3781]::vec::Vec<u8> as core[df12db4294e9bfd3]::io::write::Write>::write_fmt
[INFO] [stdout]    3:     0x5f8541ba5156 - std[70759c8f55707aa4]::panicking::default_hook::{closure#0}
[INFO] [stdout]    4:     0x5f8541bc12c9 - std[70759c8f55707aa4]::panicking::default_hook
[INFO] [stdout]    5:     0x5f8541b5cf60 - test[9d35eded1c95d3be]::test_main_inner::<test[9d35eded1c95d3be]::test_main_static::{closure#0}>::{closure#0}
[INFO] [stdout]    6:     0x5f8541bc1482 - std[70759c8f55707aa4]::panicking::panic_with_hook
[INFO] [stdout]    7:     0x5f8541ba5202 - std[70759c8f55707aa4]::panicking::panic_handler::{closure#0}
[INFO] [stdout]    8:     0x5f8541b9df89 - std[70759c8f55707aa4]::sys::backtrace::__rust_end_short_backtrace::<std[70759c8f55707aa4]::panicking::panic_handler::{closure#0}, !>
[INFO] [stdout]    9:     0x5f8541ba5dfd - __rustc[8fa7c3cbc660c2b3]::rust_begin_unwind
[INFO] [stdout]   10:     0x5f8541bdeafc - core[df12db4294e9bfd3]::panicking::panic_fmt
[INFO] [stdout]   11:     0x5f8541bde8d2 - core[df12db4294e9bfd3]::result::unwrap_failed
[INFO] [stdout]   12:     0x5f8541b3a6b7 - sdb_core[6cffd972d741d4a8]::dtf::file_format::tests::init
[INFO] [stdout]   13:     0x5f8541b3b792 - sdb_core[6cffd972d741d4a8]::dtf::file_format::tests::should_return_max_ts
[INFO] [stdout]   14:     0x5f8541b41f99 - <sdb_core[6cffd972d741d4a8]::dtf::file_format::tests::should_return_max_ts::{closure#0} as core[df12db4294e9bfd3]::ops::function::FnOnce<()>>::call_once
[INFO] [stdout]   15:     0x5f8541b5024b - test[9d35eded1c95d3be]::__rust_begin_short_backtrace::<core[df12db4294e9bfd3]::result::Result<(), alloc[2182bb758b4b3781]::string::String>, fn() -> core[df12db4294e9bfd3]::result::Result<(), alloc[2182bb758b4b3781]::string::String>>
[INFO] [stdout]   16:     0x5f8541b5d8b5 - test[9d35eded1c95d3be]::run_test::{closure#0}
[INFO] [stdout]   17:     0x5f8541b57174 - std[70759c8f55707aa4]::sys::backtrace::__rust_begin_short_backtrace::<test[9d35eded1c95d3be]::run_test::{closure#1}, ()>
[INFO] [stdout]   18:     0x5f8541b60a12 - <std[70759c8f55707aa4]::thread::lifecycle::spawn_unchecked<test[9d35eded1c95d3be]::run_test::{closure#1}, ()>::{closure#1} as core[df12db4294e9bfd3]::ops::function::FnOnce<()>>::call_once::{shim:vtable#0}
[INFO] [stdout]   19:     0x5f8541bc8439 - <std[70759c8f55707aa4]::sys::thread::unix::Thread>::new::thread_start
[INFO] [stdout]   20:     0x7c343c772dfa - <unknown>
[INFO] [stdout]   21:     0x7c343c8063d4 - clone
[INFO] [stdout]   22:                0x0 - <unknown>
[INFO] [stdout] 
[INFO] [stdout] ---- dtf::file_format::tests::should_return_the_correct_range stdout ----
[INFO] [stdout] 
[INFO] [stdout] thread 'dtf::file_format::tests::should_return_the_correct_range' (263) panicked at src/dtf/file_format.rs:1053:41:
[INFO] [stdout] called `Result::unwrap()` on an `Err` value: Os { code: 30, kind: ReadOnlyFilesystem, message: "Read-only file system" }
[INFO] [stdout] stack backtrace:
[INFO] [stdout]    0:     0x5f8541bc8b61 - <<std[70759c8f55707aa4]::sys::backtrace::BacktraceLock>::print::DisplayBacktrace as core[df12db4294e9bfd3]::fmt::Display>::fmt
[INFO] [stdout]    1:     0x5f8541bde3ca - core[df12db4294e9bfd3]::fmt::write
[INFO] [stdout]    2:     0x5f8541bcd0fc - <alloc[2182bb758b4b3781]::vec::Vec<u8> as core[df12db4294e9bfd3]::io::write::Write>::write_fmt
[INFO] [stdout]    3:     0x5f8541ba5156 - std[70759c8f55707aa4]::panicking::default_hook::{closure#0}
[INFO] [stdout]    4:     0x5f8541bc12c9 - std[70759c8f55707aa4]::panicking::default_hook
[INFO] [stdout]    5:     0x5f8541b5cf60 - test[9d35eded1c95d3be]::test_main_inner::<test[9d35eded1c95d3be]::test_main_static::{closure#0}>::{closure#0}
[INFO] [stdout]    6:     0x5f8541bc1482 - std[70759c8f55707aa4]::panicking::panic_with_hook
[INFO] [stdout]    7:     0x5f8541ba5202 - std[70759c8f55707aa4]::panicking::panic_handler::{closure#0}
[INFO] [stdout]    8:     0x5f8541b9df89 - std[70759c8f55707aa4]::sys::backtrace::__rust_end_short_backtrace::<std[70759c8f55707aa4]::panicking::panic_handler::{closure#0}, !>
[INFO] [stdout]    9:     0x5f8541ba5dfd - __rustc[8fa7c3cbc660c2b3]::rust_begin_unwind
[INFO] [stdout]   10:     0x5f8541bdeafc - core[df12db4294e9bfd3]::panicking::panic_fmt
[INFO] [stdout]   11:     0x5f8541bde8d2 - core[df12db4294e9bfd3]::result::unwrap_failed
[INFO] [stdout]   12:     0x5f8541b3dd2b - sdb_core[6cffd972d741d4a8]::dtf::file_format::tests::should_return_the_correct_range
[INFO] [stdout]   13:     0x5f8541b420d9 - <sdb_core[6cffd972d741d4a8]::dtf::file_format::tests::should_return_the_correct_range::{closure#0} as core[df12db4294e9bfd3]::ops::function::FnOnce<()>>::call_once
[INFO] [stdout]   14:     0x5f8541b5024b - test[9d35eded1c95d3be]::__rust_begin_short_backtrace::<core[df12db4294e9bfd3]::result::Result<(), alloc[2182bb758b4b3781]::string::String>, fn() -> core[df12db4294e9bfd3]::result::Result<(), alloc[2182bb758b4b3781]::string::String>>
[INFO] [stdout]   15:     0x5f8541b5d8b5 - test[9d35eded1c95d3be]::run_test::{closure#0}
[INFO] [stdout]   16:     0x5f8541b57174 - std[70759c8f55707aa4]::sys::backtrace::__rust_begin_short_backtrace::<test[9d35eded1c95d3be]::run_test::{closure#1}, ()>
[INFO] [stdout]   17:     0x5f8541b60a12 - <std[70759c8f55707aa4]::thread::lifecycle::spawn_unchecked<test[9d35eded1c95d3be]::run_test::{closure#1}, ()>::{closure#1} as core[df12db4294e9bfd3]::ops::function::FnOnce<()>>::call_once::{shim:vtable#0}
[INFO] [stdout]   18:     0x5f8541bc8439 - <std[70759c8f55707aa4]::sys::thread::unix::Thread>::new::thread_start
[INFO] [stdout]   19:     0x7c343c772dfa - <unknown>
[INFO] [stdout]   20:     0x7c343c8063d4 - clone
[INFO] [stdout]   21:                0x0 - <unknown>
[INFO] [stdout] 
[INFO] [stdout] ---- dtf::file_format::tests::should_return_the_correct_range_2 stdout ----
[INFO] [stdout] 
[INFO] [stdout] thread 'dtf::file_format::tests::should_return_the_correct_range_2' (264) panicked at src/dtf/file_format.rs:1090:41:
[INFO] [stdout] called `Result::unwrap()` on an `Err` value: Os { code: 30, kind: ReadOnlyFilesystem, message: "Read-only file system" }
[INFO] [stdout] stack backtrace:
[INFO] [stdout]    0:     0x5f8541bc8b61 - <<std[70759c8f55707aa4]::sys::backtrace::BacktraceLock>::print::DisplayBacktrace as core[df12db4294e9bfd3]::fmt::Display>::fmt
[INFO] [stdout]    1:     0x5f8541bde3ca - core[df12db4294e9bfd3]::fmt::write
[INFO] [stdout]    2:     0x5f8541bcd0fc - <alloc[2182bb758b4b3781]::vec::Vec<u8> as core[df12db4294e9bfd3]::io::write::Write>::write_fmt
[INFO] [stdout]    3:     0x5f8541ba5156 - std[70759c8f55707aa4]::panicking::default_hook::{closure#0}
[INFO] [stdout]    4:     0x5f8541bc12c9 - std[70759c8f55707aa4]::panicking::default_hook
[INFO] [stdout]    5:     0x5f8541b5cf60 - test[9d35eded1c95d3be]::test_main_inner::<test[9d35eded1c95d3be]::test_main_static::{closure#0}>::{closure#0}
[INFO] [stdout]    6:     0x5f8541bc1482 - std[70759c8f55707aa4]::panicking::panic_with_hook
[INFO] [stdout]    7:     0x5f8541ba5202 - std[70759c8f55707aa4]::panicking::panic_handler::{closure#0}
[INFO] [stdout]    8:     0x5f8541b9df89 - std[70759c8f55707aa4]::sys::backtrace::__rust_end_short_backtrace::<std[70759c8f55707aa4]::panicking::panic_handler::{closure#0}, !>
[INFO] [stdout]    9:     0x5f8541ba5dfd - __rustc[8fa7c3cbc660c2b3]::rust_begin_unwind
[INFO] [stdout]   10:     0x5f8541bdeafc - core[df12db4294e9bfd3]::panicking::panic_fmt
[INFO] [stdout]   11:     0x5f8541bde8d2 - core[df12db4294e9bfd3]::result::unwrap_failed
[INFO] [stdout]   12:     0x5f8541b3e40c - sdb_core[6cffd972d741d4a8]::dtf::file_format::tests::should_return_the_correct_range_2
[INFO] [stdout]   13:     0x5f8541b42119 - <sdb_core[6cffd972d741d4a8]::dtf::file_format::tests::should_return_the_correct_range_2::{closure#0} as core[df12db4294e9bfd3]::ops::function::FnOnce<()>>::call_once
[INFO] [stdout]   14:     0x5f8541b5024b - test[9d35eded1c95d3be]::__rust_begin_short_backtrace::<core[df12db4294e9bfd3]::result::Result<(), alloc[2182bb758b4b3781]::string::String>, fn() -> core[df12db4294e9bfd3]::result::Result<(), alloc[2182bb758b4b3781]::string::String>>
[INFO] [stdout]   15:     0x5f8541b5d8b5 - test[9d35eded1c95d3be]::run_test::{closure#0}
[INFO] [stdout]   16:     0x5f8541b57174 - std[70759c8f55707aa4]::sys::backtrace::__rust_begin_short_backtrace::<test[9d35eded1c95d3be]::run_test::{closure#1}, ()>
[INFO] [stdout]   17:     0x5f8541b60a12 - <std[70759c8f55707aa4]::thread::lifecycle::spawn_unchecked<test[9d35eded1c95d3be]::run_test::{closure#1}, ()>::{closure#1} as core[df12db4294e9bfd3]::ops::function::FnOnce<()>>::call_once::{shim:vtable#0}
[INFO] [stdout]   18:     0x5f8541bc8439 - <std[70759c8f55707aa4]::sys::thread::unix::Thread>::new::thread_start
[INFO] [stdout]   19:     0x7c343c772dfa - <unknown>
[INFO] [stdout]   20:     0x7c343c8063d4 - clone
[INFO] [stdout]   21:                0x0 - <unknown>
[INFO] [stdout] 
[INFO] [stdout] ---- dtf::file_format::tests::test_iterator stdout ----
[INFO] [stdout] 
[INFO] [stdout] thread 'dtf::file_format::tests::test_iterator' (267) panicked at src/dtf/file_format.rs:1299:76:
[INFO] [stdout] called `Result::unwrap()` on an `Err` value: Os { code: 2, kind: NotFound, message: "No such file or directory" }
[INFO] [stdout] stack backtrace:
[INFO] [stdout]    0:     0x5f8541bc8b61 - <<std[70759c8f55707aa4]::sys::backtrace::BacktraceLock>::print::DisplayBacktrace as core[df12db4294e9bfd3]::fmt::Display>::fmt
[INFO] [stdout]    1:     0x5f8541bde3ca - core[df12db4294e9bfd3]::fmt::write
[INFO] [stdout]    2:     0x5f8541bcd0fc - <alloc[2182bb758b4b3781]::vec::Vec<u8> as core[df12db4294e9bfd3]::io::write::Write>::write_fmt
[INFO] [stdout]    3:     0x5f8541ba5156 - std[70759c8f55707aa4]::panicking::default_hook::{closure#0}
[INFO] [stdout]    4:     0x5f8541bc12c9 - std[70759c8f55707aa4]::panicking::default_hook
[INFO] [stdout]    5:     0x5f8541b5cf60 - test[9d35eded1c95d3be]::test_main_inner::<test[9d35eded1c95d3be]::test_main_static::{closure#0}>::{closure#0}
[INFO] [stdout]    6:     0x5f8541bc1482 - std[70759c8f55707aa4]::panicking::panic_with_hook
[INFO] [stdout]    7:     0x5f8541ba5202 - std[70759c8f55707aa4]::panicking::panic_handler::{closure#0}
[INFO] [stdout]    8:     0x5f8541b9df89 - std[70759c8f55707aa4]::sys::backtrace::__rust_end_short_backtrace::<std[70759c8f55707aa4]::panicking::panic_handler::{closure#0}, !>
[INFO] [stdout]    9:     0x5f8541ba5dfd - __rustc[8fa7c3cbc660c2b3]::rust_begin_unwind
[INFO] [stdout]   10:     0x5f8541bdeafc - core[df12db4294e9bfd3]::panicking::panic_fmt
[INFO] [stdout]   11:     0x5f8541bde8d2 - core[df12db4294e9bfd3]::result::unwrap_failed
[INFO] [stdout]   12:     0x5f8541b3ac14 - sdb_core[6cffd972d741d4a8]::dtf::file_format::tests::test_iterator
[INFO] [stdout]   13:     0x5f8541b41f19 - <sdb_core[6cffd972d741d4a8]::dtf::file_format::tests::test_iterator::{closure#0} as core[df12db4294e9bfd3]::ops::function::FnOnce<()>>::call_once
[INFO] [stdout]   14:     0x5f8541b5024b - test[9d35eded1c95d3be]::__rust_begin_short_backtrace::<core[df12db4294e9bfd3]::result::Result<(), alloc[2182bb758b4b3781]::string::String>, fn() -> core[df12db4294e9bfd3]::result::Result<(), alloc[2182bb758b4b3781]::string::String>>
[INFO] [stdout]   15:     0x5f8541b5d8b5 - test[9d35eded1c95d3be]::run_test::{closure#0}
[INFO] [stdout]   16:     0x5f8541b57174 - std[70759c8f55707aa4]::sys::backtrace::__rust_begin_short_backtrace::<test[9d35eded1c95d3be]::run_test::{closure#1}, ()>
[INFO] [stdout]   17:     0x5f8541b60a12 - <std[70759c8f55707aa4]::thread::lifecycle::spawn_unchecked<test[9d35eded1c95d3be]::run_test::{closure#1}, ()>::{closure#1} as core[df12db4294e9bfd3]::ops::function::FnOnce<()>>::call_once::{shim:vtable#0}
[INFO] [stdout]   18:     0x5f8541bc8439 - <std[70759c8f55707aa4]::sys::thread::unix::Thread>::new::thread_start
[INFO] [stdout]   19:     0x7c343c772dfa - <unknown>
[INFO] [stdout]   20:     0x7c343c8063d4 - clone
[INFO] [stdout]   21:                0x0 - <unknown>
[INFO] [stdout] 
[INFO] [stdout] ---- dtf::file_format::tests::should_return_first_record stdout ----
[INFO] [stdout] 
[INFO] [stdout] thread 'dtf::file_format::tests::should_return_first_record' (261) panicked at src/dtf/file_format.rs:980:36:
[INFO] [stdout] called `Result::unwrap()` on an `Err` value: Os { code: 30, kind: ReadOnlyFilesystem, message: "Read-only file system" }
[INFO] [stdout] stack backtrace:
[INFO] [stdout]    0:     0x5f8541bc8b61 - <<std[70759c8f55707aa4]::sys::backtrace::BacktraceLock>::print::DisplayBacktrace as core[df12db4294e9bfd3]::fmt::Display>::fmt
[INFO] [stdout]    1:     0x5f8541bde3ca - core[df12db4294e9bfd3]::fmt::write
[INFO] [stdout]    2:     0x5f8541bcd0fc - <alloc[2182bb758b4b3781]::vec::Vec<u8> as core[df12db4294e9bfd3]::io::write::Write>::write_fmt
[INFO] [stdout]    3:     0x5f8541ba5156 - std[70759c8f55707aa4]::panicking::default_hook::{closure#0}
[INFO] [stdout]    4:     0x5f8541bc12c9 - std[70759c8f55707aa4]::panicking::default_hook
[INFO] [stdout]    5:     0x5f8541b5cf60 - test[9d35eded1c95d3be]::test_main_inner::<test[9d35eded1c95d3be]::test_main_static::{closure#0}>::{closure#0}
[INFO] [stdout]    6:     0x5f8541bc1482 - std[70759c8f55707aa4]::panicking::panic_with_hook
[INFO] [stdout]    7:     0x5f8541ba5202 - std[70759c8f55707aa4]::panicking::panic_handler::{closure#0}
[INFO] [stdout]    8:     0x5f8541b9df89 - std[70759c8f55707aa4]::sys::backtrace::__rust_end_short_backtrace::<std[70759c8f55707aa4]::panicking::panic_handler::{closure#0}, !>
[INFO] [stdout]    9:     0x5f8541ba5dfd - __rustc[8fa7c3cbc660c2b3]::rust_begin_unwind
[INFO] [stdout]   10:     0x5f8541bdeafc - core[df12db4294e9bfd3]::panicking::panic_fmt
[INFO] [stdout]   11:     0x5f8541bde8d2 - core[df12db4294e9bfd3]::result::unwrap_failed
[INFO] [stdout]   12:     0x5f8541b3a6b7 - sdb_core[6cffd972d741d4a8]::dtf::file_format::tests::init
[INFO] [stdout]   13:     0x5f8541b3be22 - sdb_core[6cffd972d741d4a8]::dtf::file_format::tests::should_return_first_record
[INFO] [stdout]   14:     0x5f8541b41ff9 - <sdb_core[6cffd972d741d4a8]::dtf::file_format::tests::should_return_first_record::{closure#0} as core[df12db4294e9bfd3]::ops::function::FnOnce<()>>::call_once
[INFO] [stdout]   15:     0x5f8541b5024b - test[9d35eded1c95d3be]::__rust_begin_short_backtrace::<core[df12db4294e9bfd3]::result::Result<(), alloc[2182bb758b4b3781]::string::String>, fn() -> core[df12db4294e9bfd3]::result::Result<(), alloc[2182bb758b4b3781]::string::String>>
[INFO] [stdout]   16:     0x5f8541b5d8b5 - test[9d35eded1c95d3be]::run_test::{closure#0}
[INFO] [stdout]   17:     0x5f8541b57174 - std[70759c8f55707aa4]::sys::backtrace::__rust_begin_short_backtrace::<test[9d35eded1c95d3be]::run_test::{closure#1}, ()>
[INFO] [stdout]   18:     0x5f8541b60a12 - <std[70759c8f55707aa4]::thread::lifecycle::spawn_unchecked<test[9d35eded1c95d3be]::run_test::{closure#1}, ()>::{closure#1} as core[df12db4294e9bfd3]::ops::function::FnOnce<()>>::call_once::{shim:vtable#0}
[INFO] [stdout]   19:     0x5f8541bc8439 - <std[70759c8f55707aa4]::sys::thread::unix::Thread>::new::thread_start
[INFO] [stdout]   20:     0x7c343c772dfa - <unknown>
[INFO] [stdout]   21:     0x7c343c8063d4 - clone
[INFO] [stdout]   22:                0x0 - <unknown>
[INFO] [stdout] 
[INFO] [stdout] ---- dtf::file_format::tests::test_iterator_large stdout ----
[INFO] [stdout] 
[INFO] [stdout] thread 'dtf::file_format::tests::test_iterator_large' (268) panicked at src/dtf/file_format.rs:1315:76:
[INFO] [stdout] called `Result::unwrap()` on an `Err` value: Os { code: 2, kind: NotFound, message: "No such file or directory" }
[INFO] [stdout] stack backtrace:
[INFO] [stdout]    0:     0x5f8541bc8b61 - <<std[70759c8f55707aa4]::sys::backtrace::BacktraceLock>::print::DisplayBacktrace as core[df12db4294e9bfd3]::fmt::Display>::fmt
[INFO] [stdout]    1:     0x5f8541bde3ca - core[df12db4294e9bfd3]::fmt::write
[INFO] [stdout]    2:     0x5f8541bcd0fc - <alloc[2182bb758b4b3781]::vec::Vec<u8> as core[df12db4294e9bfd3]::io::write::Write>::write_fmt
[INFO] [stdout]    3:     0x5f8541ba5156 - std[70759c8f55707aa4]::panicking::default_hook::{closure#0}
[INFO] [stdout]    4:     0x5f8541bc12c9 - std[70759c8f55707aa4]::panicking::default_hook
[INFO] [stdout]    5:     0x5f8541b5cf60 - test[9d35eded1c95d3be]::test_main_inner::<test[9d35eded1c95d3be]::test_main_static::{closure#0}>::{closure#0}
[INFO] [stdout]    6:     0x5f8541bc1482 - std[70759c8f55707aa4]::panicking::panic_with_hook
[INFO] [stdout]    7:     0x5f8541ba5202 - std[70759c8f55707aa4]::panicking::panic_handler::{closure#0}
[INFO] [stdout]    8:     0x5f8541b9df89 - std[70759c8f55707aa4]::sys::backtrace::__rust_end_short_backtrace::<std[70759c8f55707aa4]::panicking::panic_handler::{closure#0}, !>
[INFO] [stdout]    9:     0x5f8541ba5dfd - __rustc[8fa7c3cbc660c2b3]::rust_begin_unwind
[INFO] [stdout]   10:     0x5f8541bdeafc - core[df12db4294e9bfd3]::panicking::panic_fmt
[INFO] [stdout]   11:     0x5f8541bde8d2 - core[df12db4294e9bfd3]::result::unwrap_failed
[INFO] [stdout]   12:     0x5f8541b3b699 - sdb_core[6cffd972d741d4a8]::dtf::file_format::tests::test_iterator_large
[INFO] [stdout]   13:     0x5f8541b41f79 - <sdb_core[6cffd972d741d4a8]::dtf::file_format::tests::test_iterator_large::{closure#0} as core[df12db4294e9bfd3]::ops::function::FnOnce<()>>::call_once
[INFO] [stdout]   14:     0x5f8541b5024b - test[9d35eded1c95d3be]::__rust_begin_short_backtrace::<core[df12db4294e9bfd3]::result::Result<(), alloc[2182bb758b4b3781]::string::String>, fn() -> core[df12db4294e9bfd3]::result::Result<(), alloc[2182bb758b4b3781]::string::String>>
[INFO] [stdout]   15:     0x5f8541b5d8b5 - test[9d35eded1c95d3be]::run_test::{closure#0}
[INFO] [stdout]   16:     0x5f8541b57174 - std[70759c8f55707aa4]::sys::backtrace::__rust_begin_short_backtrace::<test[9d35eded1c95d3be]::run_test::{closure#1}, ()>
[INFO] [stdout]   17:     0x5f8541b60a12 - <std[70759c8f55707aa4]::thread::lifecycle::spawn_unchecked<test[9d35eded1c95d3be]::run_test::{closure#1}, ()>::{closure#1} as core[df12db4294e9bfd3]::ops::function::FnOnce<()>>::call_once::{shim:vtable#0}
[INFO] [stdout]   18:     0x5f8541bc8439 - <std[70759c8f55707aa4]::sys::thread::unix::Thread>::new::thread_start
[INFO] [stdout]   19:     0x7c343c772dfa - <unknown>
[INFO] [stdout]   20:     0x7c343c8063d4 - clone
[INFO] [stdout]   21:                0x0 - <unknown>
[INFO] [stdout] 
[INFO] [stdout] ---- dtf::file_format::tests::test_iterator_with_last_idx stdout ----
[INFO] [stdout] 
[INFO] [stdout] thread 'dtf::file_format::tests::test_iterator_with_last_idx' (269) panicked at src/dtf/file_format.rs:1340:76:
[INFO] [stdout] called `Result::unwrap()` on an `Err` value: Os { code: 2, kind: NotFound, message: "No such file or directory" }
[INFO] [stdout] stack backtrace:
[INFO] [stdout]    0:     0x5f8541bc8b61 - <<std[70759c8f55707aa4]::sys::backtrace::BacktraceLock>::print::DisplayBacktrace as core[df12db4294e9bfd3]::fmt::Display>::fmt
[INFO] [stdout]    1:     0x5f8541bde3ca - core[df12db4294e9bfd3]::fmt::write
[INFO] [stdout]    2:     0x5f8541bcd0fc - <alloc[2182bb758b4b3781]::vec::Vec<u8> as core[df12db4294e9bfd3]::io::write::Write>::write_fmt
[INFO] [stdout]    3:     0x5f8541ba5156 - std[70759c8f55707aa4]::panicking::default_hook::{closure#0}
[INFO] [stdout]    4:     0x5f8541bc12c9 - std[70759c8f55707aa4]::panicking::default_hook
[INFO] [stdout]    5:     0x5f8541b5cf60 - test[9d35eded1c95d3be]::test_main_inner::<test[9d35eded1c95d3be]::test_main_static::{closure#0}>::{closure#0}
[INFO] [stdout]    6:     0x5f8541bc1482 - std[70759c8f55707aa4]::panicking::panic_with_hook
[INFO] [stdout]    7:     0x5f8541ba5202 - std[70759c8f55707aa4]::panicking::panic_handler::{closure#0}
[INFO] [stdout]    8:     0x5f8541b9df89 - std[70759c8f55707aa4]::sys::backtrace::__rust_end_short_backtrace::<std[70759c8f55707aa4]::panicking::panic_handler::{closure#0}, !>
[INFO] [stdout]    9:     0x5f8541ba5dfd - __rustc[8fa7c3cbc660c2b3]::rust_begin_unwind
[INFO] [stdout]   10:     0x5f8541bdeafc - core[df12db4294e9bfd3]::panicking::panic_fmt
[INFO] [stdout]   11:     0x5f8541bde8d2 - core[df12db4294e9bfd3]::result::unwrap_failed
[INFO] [stdout]   12:     0x5f8541b3cc91 - sdb_core[6cffd972d741d4a8]::dtf::file_format::tests::test_iterator_with_last_idx
[INFO] [stdout]   13:     0x5f8541b42039 - <sdb_core[6cffd972d741d4a8]::dtf::file_format::tests::test_iterator_with_last_idx::{closure#0} as core[df12db4294e9bfd3]::ops::function::FnOnce<()>>::call_once
[INFO] [stdout]   14:     0x5f8541b5024b - test[9d35eded1c95d3be]::__rust_begin_short_backtrace::<core[df12db4294e9bfd3]::result::Result<(), alloc[2182bb758b4b3781]::string::String>, fn() -> core[df12db4294e9bfd3]::result::Result<(), alloc[2182bb758b4b3781]::string::String>>
[INFO] [stdout]   15:     0x5f8541b5d8b5 - test[9d35eded1c95d3be]::run_test::{closure#0}
[INFO] [stdout]   16:     0x5f8541b57174 - std[70759c8f55707aa4]::sys::backtrace::__rust_begin_short_backtrace::<test[9d35eded1c95d3be]::run_test::{closure#1}, ()>
[INFO] [stdout]   17:     0x5f8541b60a12 - <std[70759c8f55707aa4]::thread::lifecycle::spawn_unchecked<test[9d35eded1c95d3be]::run_test::{closure#1}, ()>::{closure#1} as core[df12db4294e9bfd3]::ops::function::FnOnce<()>>::call_once::{shim:vtable#0}
[INFO] [stdout]   18:     0x5f8541bc8439 - <std[70759c8f55707aa4]::sys::thread::unix::Thread>::new::thread_start
[INFO] [stdout]   19:     0x7c343c772dfa - <unknown>
[INFO] [stdout]   20:     0x7c343c8063d4 - clone
[INFO] [stdout]   21:                0x0 - <unknown>
[INFO] [stdout] 
[INFO] [stdout] ---- postprocessing::event::test::should_work_with_poloniex_too stdout ----
[INFO] [stdout] 
[INFO] [stdout] thread 'postprocessing::event::test::should_work_with_poloniex_too' (284) panicked at src/postprocessing/event.rs:140:67:
[INFO] [stdout] called `Result::unwrap()` on an `Err` value: Os { code: 2, kind: NotFound, message: "No such file or directory" }
[INFO] [stdout] stack backtrace:
[INFO] [stdout]    0:     0x5f8541bc8b61 - <<std[70759c8f55707aa4]::sys::backtrace::BacktraceLock>::print::DisplayBacktrace as core[df12db4294e9bfd3]::fmt::Display>::fmt
[INFO] [stdout]    1:     0x5f8541bde3ca - core[df12db4294e9bfd3]::fmt::write
[INFO] [stdout]    2:     0x5f8541bcd0fc - <alloc[2182bb758b4b3781]::vec::Vec<u8> as core[df12db4294e9bfd3]::io::write::Write>::write_fmt
[INFO] [stdout]    3:     0x5f8541ba5156 - std[70759c8f55707aa4]::panicking::default_hook::{closure#0}
[INFO] [stdout]    4:     0x5f8541bc12c9 - std[70759c8f55707aa4]::panicking::default_hook
[INFO] [stdout]    5:     0x5f8541b5cf60 - test[9d35eded1c95d3be]::test_main_inner::<test[9d35eded1c95d3be]::test_main_static::{closure#0}>::{closure#0}
[INFO] [stdout]    6:     0x5f8541bc1482 - std[70759c8f55707aa4]::panicking::panic_with_hook
[INFO] [stdout]    7:     0x5f8541ba5202 - std[70759c8f55707aa4]::panicking::panic_handler::{closure#0}
[INFO] [stdout]    8:     0x5f8541b9df89 - std[70759c8f55707aa4]::sys::backtrace::__rust_end_short_backtrace::<std[70759c8f55707aa4]::panicking::panic_handler::{closure#0}, !>
[INFO] [stdout]    9:     0x5f8541ba5dfd - __rustc[8fa7c3cbc660c2b3]::rust_begin_unwind
[INFO] [stdout]   10:     0x5f8541bdeafc - core[df12db4294e9bfd3]::panicking::panic_fmt
[INFO] [stdout]   11:     0x5f8541bde8d2 - core[df12db4294e9bfd3]::result::unwrap_failed
[INFO] [stdout]   12:     0x5f8541b4e4d7 - sdb_core[6cffd972d741d4a8]::postprocessing::event::test::should_work_with_poloniex_too
[INFO] [stdout]   13:     0x5f8541b41e59 - <sdb_core[6cffd972d741d4a8]::postprocessing::event::test::should_work_with_poloniex_too::{closure#0} as core[df12db4294e9bfd3]::ops::function::FnOnce<()>>::call_once
[INFO] [stdout]   14:     0x5f8541b5024b - test[9d35eded1c95d3be]::__rust_begin_short_backtrace::<core[df12db4294e9bfd3]::result::Result<(), alloc[2182bb758b4b3781]::string::String>, fn() -> core[df12db4294e9bfd3]::result::Result<(), alloc[2182bb758b4b3781]::string::String>>
[INFO] [stdout]   15:     0x5f8541b5d8b5 - test[9d35eded1c95d3be]::run_test::{closure#0}
[INFO] [stdout]   16:     0x5f8541b57174 - std[70759c8f55707aa4]::sys::backtrace::__rust_begin_short_backtrace::<test[9d35eded1c95d3be]::run_test::{closure#1}, ()>
[INFO] [stdout]   17:     0x5f8541b60a12 - <std[70759c8f55707aa4]::thread::lifecycle::spawn_unchecked<test[9d35eded1c95d3be]::run_test::{closure#1}, ()>::{closure#1} as core[df12db4294e9bfd3]::ops::function::FnOnce<()>>::call_once::{shim:vtable#0}
[INFO] [stdout]   18:     0x5f8541bc8439 - <std[70759c8f55707aa4]::sys::thread::unix::Thread>::new::thread_start
[INFO] [stdout]   19:     0x7c343c772dfa - <unknown>
[INFO] [stdout]   20:     0x7c343c8063d4 - clone
[INFO] [stdout]   21:                0x0 - <unknown>
[INFO] [stdout] 
[INFO] [stdout] ---- postprocessing::histogram::tests::test_histogram stdout ----
[INFO] [stdout] 
[INFO] [stdout] thread 'postprocessing::histogram::tests::test_histogram' (288) panicked at src/postprocessing/histogram.rs:422:68:
[INFO] [stdout] called `Result::unwrap()` on an `Err` value: Os { code: 2, kind: NotFound, message: "No such file or directory" }
[INFO] [stdout] stack backtrace:
[INFO] [stdout]    0:     0x5f8541bc8b61 - <<std[70759c8f55707aa4]::sys::backtrace::BacktraceLock>::print::DisplayBacktrace as core[df12db4294e9bfd3]::fmt::Display>::fmt
[INFO] [stdout]    1:     0x5f8541bde3ca - core[df12db4294e9bfd3]::fmt::write
[INFO] [stdout]    2:     0x5f8541bcd0fc - <alloc[2182bb758b4b3781]::vec::Vec<u8> as core[df12db4294e9bfd3]::io::write::Write>::write_fmt
[INFO] [stdout]    3:     0x5f8541ba5156 - std[70759c8f55707aa4]::panicking::default_hook::{closure#0}
[INFO] [stdout]    4:     0x5f8541bc12c9 - std[70759c8f55707aa4]::panicking::default_hook
[INFO] [stdout]    5:     0x5f8541b5cf60 - test[9d35eded1c95d3be]::test_main_inner::<test[9d35eded1c95d3be]::test_main_static::{closure#0}>::{closure#0}
[INFO] [stdout]    6:     0x5f8541bc1482 - std[70759c8f55707aa4]::panicking::panic_with_hook
[INFO] [stdout]    7:     0x5f8541ba5202 - std[70759c8f55707aa4]::panicking::panic_handler::{closure#0}
[INFO] [stdout]    8:     0x5f8541b9df89 - std[70759c8f55707aa4]::sys::backtrace::__rust_end_short_backtrace::<std[70759c8f55707aa4]::panicking::panic_handler::{closure#0}, !>
[INFO] [stdout]    9:     0x5f8541ba5dfd - __rustc[8fa7c3cbc660c2b3]::rust_begin_unwind
[INFO] [stdout]   10:     0x5f8541bdeafc - core[df12db4294e9bfd3]::panicking::panic_fmt
[INFO] [stdout]   11:     0x5f8541bde8d2 - core[df12db4294e9bfd3]::result::unwrap_failed
[INFO] [stdout]   12:     0x5f8541b42fe8 - sdb_core[6cffd972d741d4a8]::postprocessing::histogram::tests::test_histogram
[INFO] [stdout]   13:     0x5f8541b41e99 - <sdb_core[6cffd972d741d4a8]::postprocessing::histogram::tests::test_histogram::{closure#0} as core[df12db4294e9bfd3]::ops::function::FnOnce<()>>::call_once
[INFO] [stdout]   14:     0x5f8541b5024b - test[9d35eded1c95d3be]::__rust_begin_short_backtrace::<core[df12db4294e9bfd3]::result::Result<(), alloc[2182bb758b4b3781]::string::String>, fn() -> core[df12db4294e9bfd3]::result::Result<(), alloc[2182bb758b4b3781]::string::String>>
[INFO] [stdout]   15:     0x5f8541b5d8b5 - test[9d35eded1c95d3be]::run_test::{closure#0}
[INFO] [stdout]   16:     0x5f8541b57174 - std[70759c8f55707aa4]::sys::backtrace::__rust_begin_short_backtrace::<test[9d35eded1c95d3be]::run_test::{closure#1}, ()>
[INFO] [stdout]   17:     0x5f8541b60a12 - <std[70759c8f55707aa4]::thread::lifecycle::spawn_unchecked<test[9d35eded1c95d3be]::run_test::{closure#1}, ()>::{closure#1} as core[df12db4294e9bfd3]::ops::function::FnOnce<()>>::call_once::{shim:vtable#0}
[INFO] [stdout]   18:     0x5f8541bc8439 - <std[70759c8f55707aa4]::sys::thread::unix::Thread>::new::thread_start
[INFO] [stdout]   19:     0x7c343c772dfa - <unknown>
[INFO] [stdout]   20:     0x7c343c8063d4 - clone
[INFO] [stdout]   21:                0x0 - <unknown>
[INFO] [stdout] 
[INFO] [stdout] ---- postprocessing::orderbook::tests::test_level_orderbook stdout ----
[INFO] [stdout] 
[INFO] [stdout] thread 'postprocessing::orderbook::tests::test_level_orderbook' (290) panicked at src/postprocessing/orderbook.rs:306:63:
[INFO] [stdout] called `Result::unwrap()` on an `Err` value: Os { code: 2, kind: NotFound, message: "No such file or directory" }
[INFO] [stdout] stack backtrace:
[INFO] [stdout]    0:     0x5f8541bc8b61 - <<std[70759c8f55707aa4]::sys::backtrace::BacktraceLock>::print::DisplayBacktrace as core[df12db4294e9bfd3]::fmt::Display>::fmt
[INFO] [stdout]    1:     0x5f8541bde3ca - core[df12db4294e9bfd3]::fmt::write
[INFO] [stdout]    2:     0x5f8541bcd0fc - <alloc[2182bb758b4b3781]::vec::Vec<u8> as core[df12db4294e9bfd3]::io::write::Write>::write_fmt
[INFO] [stdout]    3:     0x5f8541ba5156 - std[70759c8f55707aa4]::panicking::default_hook::{closure#0}
[INFO] [stdout]    4:     0x5f8541bc12c9 - std[70759c8f55707aa4]::panicking::default_hook
[INFO] [stdout]    5:     0x5f8541b5cf60 - test[9d35eded1c95d3be]::test_main_inner::<test[9d35eded1c95d3be]::test_main_static::{closure#0}>::{closure#0}
[INFO] [stdout]    6:     0x5f8541bc1482 - std[70759c8f55707aa4]::panicking::panic_with_hook
[INFO] [stdout]    7:     0x5f8541ba5202 - std[70759c8f55707aa4]::panicking::panic_handler::{closure#0}
[INFO] [stdout]    8:     0x5f8541b9df89 - std[70759c8f55707aa4]::sys::backtrace::__rust_end_short_backtrace::<std[70759c8f55707aa4]::panicking::panic_handler::{closure#0}, !>
[INFO] [stdout]    9:     0x5f8541ba5dfd - __rustc[8fa7c3cbc660c2b3]::rust_begin_unwind
[INFO] [stdout]   10:     0x5f8541bdeafc - core[df12db4294e9bfd3]::panicking::panic_fmt
[INFO] [stdout]   11:     0x5f8541bde8d2 - core[df12db4294e9bfd3]::result::unwrap_failed
[INFO] [stdout]   12:     0x5f8541b4c5fd - sdb_core[6cffd972d741d4a8]::postprocessing::orderbook::tests::test_level_orderbook
[INFO] [stdout]   13:     0x5f8541b41ef9 - <sdb_core[6cffd972d741d4a8]::postprocessing::orderbook::tests::test_level_orderbook::{closure#0} as core[df12db4294e9bfd3]::ops::function::FnOnce<()>>::call_once
[INFO] [stdout]   14:     0x5f8541b5024b - test[9d35eded1c95d3be]::__rust_begin_short_backtrace::<core[df12db4294e9bfd3]::result::Result<(), alloc[2182bb758b4b3781]::string::String>, fn() -> core[df12db4294e9bfd3]::result::Result<(), alloc[2182bb758b4b3781]::string::String>>
[INFO] [stdout]   15:     0x5f8541b5d8b5 - test[9d35eded1c95d3be]::run_test::{closure#0}
[INFO] [stdout]   16:     0x5f8541b57174 - std[70759c8f55707aa4]::sys::backtrace::__rust_begin_short_backtrace::<test[9d35eded1c95d3be]::run_test::{closure#1}, ()>
[INFO] [stdout]   17:     0x5f8541b60a12 - <std[70759c8f55707aa4]::thread::lifecycle::spawn_unchecked<test[9d35eded1c95d3be]::run_test::{closure#1}, ()>::{closure#1} as core[df12db4294e9bfd3]::ops::function::FnOnce<()>>::call_once::{shim:vtable#0}
[INFO] [stdout]   18:     0x5f8541bc8439 - <std[70759c8f55707aa4]::sys::thread::unix::Thread>::new::thread_start
[INFO] [stdout]   19:     0x7c343c772dfa - <unknown>
[INFO] [stdout]   20:     0x7c343c8063d4 - clone
[INFO] [stdout]   21:                0x0 - <unknown>
[INFO] [stdout] 
[INFO] [stdout] ---- postprocessing::level::tests::test_levels stdout ----
[INFO] [stdout] 
[INFO] [stdout] thread 'postprocessing::level::tests::test_levels' (289) panicked at src/postprocessing/level.rs:63:66:
[INFO] [stdout] called `Result::unwrap()` on an `Err` value: Os { code: 2, kind: NotFound, message: "No such file or directory" }
[INFO] [stdout] stack backtrace:
[INFO] [stdout]    0:     0x5f8541bc8b61 - <<std[70759c8f55707aa4]::sys::backtrace::BacktraceLock>::print::DisplayBacktrace as core[df12db4294e9bfd3]::fmt::Display>::fmt
[INFO] [stdout]    1:     0x5f8541bde3ca - core[df12db4294e9bfd3]::fmt::write
[INFO] [stdout]    2:     0x5f8541bcd0fc - <alloc[2182bb758b4b3781]::vec::Vec<u8> as core[df12db4294e9bfd3]::io::write::Write>::write_fmt
[INFO] [stdout]    3:     0x5f8541ba5156 - std[70759c8f55707aa4]::panicking::default_hook::{closure#0}
[INFO] [stdout]    4:     0x5f8541bc12c9 - std[70759c8f55707aa4]::panicking::default_hook
[INFO] [stdout]    5:     0x5f8541b5cf60 - test[9d35eded1c95d3be]::test_main_inner::<test[9d35eded1c95d3be]::test_main_static::{closure#0}>::{closure#0}
[INFO] [stdout]    6:     0x5f8541bc1482 - std[70759c8f55707aa4]::panicking::panic_with_hook
[INFO] [stdout]    7:     0x5f8541ba5202 - std[70759c8f55707aa4]::panicking::panic_handler::{closure#0}
[INFO] [stdout]    8:     0x5f8541b9df89 - std[70759c8f55707aa4]::sys::backtrace::__rust_end_short_backtrace::<std[70759c8f55707aa4]::panicking::panic_handler::{closure#0}, !>
[INFO] [stdout]    9:     0x5f8541ba5dfd - __rustc[8fa7c3cbc660c2b3]::rust_begin_unwind
[INFO] [stdout]   10:     0x5f8541bdeafc - core[df12db4294e9bfd3]::panicking::panic_fmt
[INFO] [stdout]   11:     0x5f8541bde8d2 - core[df12db4294e9bfd3]::result::unwrap_failed
[INFO] [stdout]   12:     0x5f8541b3a116 - sdb_core[6cffd972d741d4a8]::postprocessing::level::tests::test_levels
[INFO] [stdout]   13:     0x5f8541b41e79 - <sdb_core[6cffd972d741d4a8]::postprocessing::level::tests::test_levels::{closure#0} as core[df12db4294e9bfd3]::ops::function::FnOnce<()>>::call_once
[INFO] [stdout]   14:     0x5f8541b5024b - test[9d35eded1c95d3be]::__rust_begin_short_backtrace::<core[df12db4294e9bfd3]::result::Result<(), alloc[2182bb758b4b3781]::string::String>, fn() -> core[df12db4294e9bfd3]::result::Result<(), alloc[2182bb758b4b3781]::string::String>>
[INFO] [stdout]   15:     0x5f8541b5d8b5 - test[9d35eded1c95d3be]::run_test::{closure#0}
[INFO] [stdout]   16:     0x5f8541b57174 - std[70759c8f55707aa4]::sys::backtrace::__rust_begin_short_backtrace::<test[9d35eded1c95d3be]::run_test::{closure#1}, ()>
[INFO] [stdout]   17:     0x5f8541b60a12 - <std[70759c8f55707aa4]::thread::lifecycle::spawn_unchecked<test[9d35eded1c95d3be]::run_test::{closure#1}, ()>::{closure#1} as core[df12db4294e9bfd3]::ops::function::FnOnce<()>>::call_once::{shim:vtable#0}
[INFO] [stdout]   18:     0x5f8541bc8439 - <std[70759c8f55707aa4]::sys::thread::unix::Thread>::new::thread_start
[INFO] [stdout]   19:     0x7c343c772dfa - <unknown>
[INFO] [stdout]   20:     0x7c343c8063d4 - clone
[INFO] [stdout]   21:                0x0 - <unknown>
[INFO] [stdout] 
[INFO] [stdout] ---- postprocessing::orderbook::tests::test_orderbook_real stdout ----
[INFO] [stdout] 
[INFO] [stdout] thread 'postprocessing::orderbook::tests::test_orderbook_real' (291) panicked at src/postprocessing/orderbook.rs:319:61:
[INFO] [stdout] called `Result::unwrap()` on an `Err` value: Os { code: 2, kind: NotFound, message: "No such file or directory" }
[INFO] [stdout] stack backtrace:
[INFO] [stdout]    0:     0x5f8541bc8b61 - <<std[70759c8f55707aa4]::sys::backtrace::BacktraceLock>::print::DisplayBacktrace as core[df12db4294e9bfd3]::fmt::Display>::fmt
[INFO] [stdout]    1:     0x5f8541bde3ca - core[df12db4294e9bfd3]::fmt::write
[INFO] [stdout]    2:     0x5f8541bcd0fc - <alloc[2182bb758b4b3781]::vec::Vec<u8> as core[df12db4294e9bfd3]::io::write::Write>::write_fmt
[INFO] [stdout]    3:     0x5f8541ba5156 - std[70759c8f55707aa4]::panicking::default_hook::{closure#0}
[INFO] [stdout]    4:     0x5f8541bc12c9 - std[70759c8f55707aa4]::panicking::default_hook
[INFO] [stdout]    5:     0x5f8541b5cf60 - test[9d35eded1c95d3be]::test_main_inner::<test[9d35eded1c95d3be]::test_main_static::{closure#0}>::{closure#0}
[INFO] [stdout]    6:     0x5f8541bc1482 - std[70759c8f55707aa4]::panicking::panic_with_hook
[INFO] [stdout]    7:     0x5f8541ba5202 - std[70759c8f55707aa4]::panicking::panic_handler::{closure#0}
[INFO] [stdout]    8:     0x5f8541b9df89 - std[70759c8f55707aa4]::sys::backtrace::__rust_end_short_backtrace::<std[70759c8f55707aa4]::panicking::panic_handler::{closure#0}, !>
[INFO] [stdout]    9:     0x5f8541ba5dfd - __rustc[8fa7c3cbc660c2b3]::rust_begin_unwind
[INFO] [stdout]   10:     0x5f8541bdeafc - core[df12db4294e9bfd3]::panicking::panic_fmt
[INFO] [stdout]   11:     0x5f8541bde8d2 - core[df12db4294e9bfd3]::result::unwrap_failed
[INFO] [stdout]   12:     0x5f8541b4b7ca - sdb_core[6cffd972d741d4a8]::postprocessing::orderbook::tests::test_orderbook_real
[INFO] [stdout]   13:     0x5f8541b41ed9 - <sdb_core[6cffd972d741d4a8]::postprocessing::orderbook::tests::test_orderbook_real::{closure#0} as core[df12db4294e9bfd3]::ops::function::FnOnce<()>>::call_once
[INFO] [stdout]   14:     0x5f8541b5024b - test[9d35eded1c95d3be]::__rust_begin_short_backtrace::<core[df12db4294e9bfd3]::result::Result<(), alloc[2182bb758b4b3781]::string::String>, fn() -> core[df12db4294e9bfd3]::result::Result<(), alloc[2182bb758b4b3781]::string::String>>
[INFO] [stdout]   15:     0x5f8541b5d8b5 - test[9d35eded1c95d3be]::run_test::{closure#0}
[INFO] [stdout]   16:     0x5f8541b57174 - std[70759c8f55707aa4]::sys::backtrace::__rust_begin_short_backtrace::<test[9d35eded1c95d3be]::run_test::{closure#1}, ()>
[INFO] [stdout]   17:     0x5f8541b60a12 - <std[70759c8f55707aa4]::thread::lifecycle::spawn_unchecked<test[9d35eded1c95d3be]::run_test::{closure#1}, ()>::{closure#1} as core[df12db4294e9bfd3]::ops::function::FnOnce<()>>::call_once::{shim:vtable#0}
[INFO] [stdout]   18:     0x5f8541bc8439 - <std[70759c8f55707aa4]::sys::thread::unix::Thread>::new::thread_start
[INFO] [stdout]   19:     0x7c343c772dfa - <unknown>
[INFO] [stdout]   20:     0x7c343c8063d4 - clone
[INFO] [stdout]   21:                0x0 - <unknown>
[INFO] [stdout] 
[INFO] [stdout] ---- postprocessing::event::test::test_size_filter stdout ----
[INFO] [stdout] 
[INFO] [stdout] thread 'postprocessing::event::test::test_size_filter' (286) panicked at src/postprocessing/event.rs:112:68:
[INFO] [stdout] called `Result::unwrap()` on an `Err` value: Os { code: 2, kind: NotFound, message: "No such file or directory" }
[INFO] [stdout] stack backtrace:
[INFO] [stdout]    0:     0x5f8541bc8b61 - <<std[70759c8f55707aa4]::sys::backtrace::BacktraceLock>::print::DisplayBacktrace as core[df12db4294e9bfd3]::fmt::Display>::fmt
[INFO] [stdout]    1:     0x5f8541bde3ca - core[df12db4294e9bfd3]::fmt::write
[INFO] [stdout]    2:     0x5f8541bcd0fc - <alloc[2182bb758b4b3781]::vec::Vec<u8> as core[df12db4294e9bfd3]::io::write::Write>::write_fmt
[INFO] [stdout]    3:     0x5f8541ba5156 - std[70759c8f55707aa4]::panicking::default_hook::{closure#0}
[INFO] [stdout]    4:     0x5f8541bc12c9 - std[70759c8f55707aa4]::panicking::default_hook
[INFO] [stdout]    5:     0x5f8541b5cf60 - test[9d35eded1c95d3be]::test_main_inner::<test[9d35eded1c95d3be]::test_main_static::{closure#0}>::{closure#0}
[INFO] [stdout]    6:     0x5f8541bc1482 - std[70759c8f55707aa4]::panicking::panic_with_hook
[INFO] [stdout]    7:     0x5f8541ba5202 - std[70759c8f55707aa4]::panicking::panic_handler::{closure#0}
[INFO] [stdout]    8:     0x5f8541b9df89 - std[70759c8f55707aa4]::sys::backtrace::__rust_end_short_backtrace::<std[70759c8f55707aa4]::panicking::panic_handler::{closure#0}, !>
[INFO] [stdout]    9:     0x5f8541ba5dfd - __rustc[8fa7c3cbc660c2b3]::rust_begin_unwind
[INFO] [stdout]   10:     0x5f8541bdeafc - core[df12db4294e9bfd3]::panicking::panic_fmt
[INFO] [stdout]   11:     0x5f8541bde8d2 - core[df12db4294e9bfd3]::result::unwrap_failed
[INFO] [stdout]   12:     0x5f8541b4dc27 - sdb_core[6cffd972d741d4a8]::postprocessing::event::test::test_size_filter
[INFO] [stdout]   13:     0x5f8541b41e39 - <sdb_core[6cffd972d741d4a8]::postprocessing::event::test::test_size_filter::{closure#0} as core[df12db4294e9bfd3]::ops::function::FnOnce<()>>::call_once
[INFO] [stdout]   14:     0x5f8541b5024b - test[9d35eded1c95d3be]::__rust_begin_short_backtrace::<core[df12db4294e9bfd3]::result::Result<(), alloc[2182bb758b4b3781]::string::String>, fn() -> core[df12db4294e9bfd3]::result::Result<(), alloc[2182bb758b4b3781]::string::String>>
[INFO] [stdout]   15:     0x5f8541b5d8b5 - test[9d35eded1c95d3be]::run_test::{closure#0}
[INFO] [stdout]   16:     0x5f8541b57174 - std[70759c8f55707aa4]::sys::backtrace::__rust_begin_short_backtrace::<test[9d35eded1c95d3be]::run_test::{closure#1}, ()>
[INFO] [stdout]   17:     0x5f8541b60a12 - <std[70759c8f55707aa4]::thread::lifecycle::spawn_unchecked<test[9d35eded1c95d3be]::run_test::{closure#1}, ()>::{closure#1} as core[df12db4294e9bfd3]::ops::function::FnOnce<()>>::call_once::{shim:vtable#0}
[INFO] [stdout]   18:     0x5f8541bc8439 - <std[70759c8f55707aa4]::sys::thread::unix::Thread>::new::thread_start
[INFO] [stdout]   19:     0x7c343c772dfa - <unknown>
[INFO] [stdout]   20:     0x7c343c8063d4 - clone
[INFO] [stdout]   21:                0x0 - <unknown>
[INFO] [stdout] 
[INFO] [stdout] ---- dtf::file_format::tests::should_encode_decode_real stdout ----
[INFO] [stdout] 
[INFO] [stdout] thread 'dtf::file_format::tests::should_encode_decode_real' (256) panicked at src/dtf/file_format.rs:883:51:
[INFO] [stdout] called `Result::unwrap()` on an `Err` value: Os { code: 2, kind: NotFound, message: "No such file or directory" }
[INFO] [stdout] stack backtrace:
[INFO] [stdout]    0:     0x5f8541bc8b61 - <<std[70759c8f55707aa4]::sys::backtrace::BacktraceLock>::print::DisplayBacktrace as core[df12db4294e9bfd3]::fmt::Display>::fmt
[INFO] [stdout]    1:     0x5f8541bde3ca - core[df12db4294e9bfd3]::fmt::write
[INFO] [stdout]    2:     0x5f8541bcd0fc - <alloc[2182bb758b4b3781]::vec::Vec<u8> as core[df12db4294e9bfd3]::io::write::Write>::write_fmt
[INFO] [stdout]    3:     0x5f8541ba5156 - std[70759c8f55707aa4]::panicking::default_hook::{closure#0}
[INFO] [stdout]    4:     0x5f8541bc12c9 - std[70759c8f55707aa4]::panicking::default_hook
[INFO] [stdout]    5:     0x5f8541b5cf60 - test[9d35eded1c95d3be]::test_main_inner::<test[9d35eded1c95d3be]::test_main_static::{closure#0}>::{closure#0}
[INFO] [stdout]    6:     0x5f8541bc1482 - std[70759c8f55707aa4]::panicking::panic_with_hook
[INFO] [stdout]    7:     0x5f8541ba5202 - std[70759c8f55707aa4]::panicking::panic_handler::{closure#0}
[INFO] [stdout]    8:     0x5f8541b9df89 - std[70759c8f55707aa4]::sys::backtrace::__rust_end_short_backtrace::<std[70759c8f55707aa4]::panicking::panic_handler::{closure#0}, !>
[INFO] [stdout]    9:     0x5f8541ba5dfd - __rustc[8fa7c3cbc660c2b3]::rust_begin_unwind
[INFO] [stdout]   10:     0x5f8541bdeafc - core[df12db4294e9bfd3]::panicking::panic_fmt
[INFO] [stdout]   11:     0x5f8541bde8d2 - core[df12db4294e9bfd3]::result::unwrap_failed
[INFO] [stdout]   12:     0x5f8541b3bd12 - sdb_core[6cffd972d741d4a8]::dtf::file_format::tests::should_encode_decode_real
[INFO] [stdout]   13:     0x5f8541b41fd9 - <sdb_core[6cffd972d741d4a8]::dtf::file_format::tests::should_encode_decode_real::{closure#0} as core[df12db4294e9bfd3]::ops::function::FnOnce<()>>::call_once
[INFO] [stdout]   14:     0x5f8541b5024b - test[9d35eded1c95d3be]::__rust_begin_short_backtrace::<core[df12db4294e9bfd3]::result::Result<(), alloc[2182bb758b4b3781]::string::String>, fn() -> core[df12db4294e9bfd3]::result::Result<(), alloc[2182bb758b4b3781]::string::String>>
[INFO] [stdout]   15:     0x5f8541b5d8b5 - test[9d35eded1c95d3be]::run_test::{closure#0}
[INFO] [stdout]   16:     0x5f8541b57174 - std[70759c8f55707aa4]::sys::backtrace::__rust_begin_short_backtrace::<test[9d35eded1c95d3be]::run_test::{closure#1}, ()>
[INFO] [stdout]   17:     0x5f8541b60a12 - <std[70759c8f55707aa4]::thread::lifecycle::spawn_unchecked<test[9d35eded1c95d3be]::run_test::{closure#1}, ()>::{closure#1} as core[df12db4294e9bfd3]::ops::function::FnOnce<()>>::call_once::{shim:vtable#0}
[INFO] [stdout]   18:     0x5f8541bc8439 - <std[70759c8f55707aa4]::sys::thread::unix::Thread>::new::thread_start
[INFO] [stdout]   19:     0x7c343c772dfa - <unknown>
[INFO] [stdout]   20:     0x7c343c8063d4 - clone
[INFO] [stdout]   21:                0x0 - <unknown>
[INFO] [stdout] 
[INFO] [stdout] 
[INFO] [stdout] failures:
[INFO] [stdout]     dtf::file_format::tests::should_append_filtered_data
[INFO] [stdout]     dtf::file_format::tests::should_encode_and_decode_file
[INFO] [stdout]     dtf::file_format::tests::should_encode_decode_one_item
[INFO] [stdout]     dtf::file_format::tests::should_encode_decode_real
[INFO] [stdout]     dtf::file_format::tests::should_return_correct_num_of_items
[INFO] [stdout]     dtf::file_format::tests::should_return_correct_range_real
[INFO] [stdout]     dtf::file_format::tests::should_return_correct_symbol
[INFO] [stdout]     dtf::file_format::tests::should_return_first_record
[INFO] [stdout]     dtf::file_format::tests::should_return_max_ts
[INFO] [stdout]     dtf::file_format::tests::should_return_the_correct_range
[INFO] [stdout]     dtf::file_format::tests::should_return_the_correct_range_2
[INFO] [stdout]     dtf::file_format::tests::test_iterator
[INFO] [stdout]     dtf::file_format::tests::test_iterator_large
[INFO] [stdout]     dtf::file_format::tests::test_iterator_with_last_idx
[INFO] [stdout]     postprocessing::event::test::should_work_with_poloniex_too
[INFO] [stdout]     postprocessing::event::test::test_size_filter
[INFO] [stdout]     postprocessing::histogram::tests::test_histogram
[INFO] [stdout]     postprocessing::level::tests::test_levels
[INFO] [stdout]     postprocessing::orderbook::tests::test_level_orderbook
[INFO] [stdout]     postprocessing::orderbook::tests::test_orderbook_real
[INFO] [stdout] 
[INFO] [stdout] test result: FAILED. 23 passed; 20 failed; 0 ignored; 0 measured; 0 filtered out; finished in 0.19s
[INFO] [stdout] 
[INFO] [stderr] error: test failed, to rerun pass `--lib`
[INFO] running `Command { std: "docker" "inspect" "616a6352389132fc1c117b1a4ffaeb1f7897e8b94bbd40d2b58f568775bde284", kill_on_drop: false }`
[INFO] running `Command { std: "docker" "rm" "-f" "616a6352389132fc1c117b1a4ffaeb1f7897e8b94bbd40d2b58f568775bde284", kill_on_drop: false }`
[INFO] [stdout] 616a6352389132fc1c117b1a4ffaeb1f7897e8b94bbd40d2b58f568775bde284
