[INFO] fetching crate sd_jwt 0.1.0...
[INFO] testing sd_jwt-0.1.0 against 1.100.0-beta.1+cargoflags=--release for beta-release-1.100-2
[INFO] extracting crate sd_jwt 0.1.0 into /workspace/builds/worker-1-tc2/source
[INFO] started tweaking crates.io crate sd_jwt 0.1.0
[INFO] removed 0 missing examples
[INFO] removed 0 missing tests
[INFO] finished tweaking crates.io crate sd_jwt 0.1.0
[INFO] tweaked toml for crates.io crate sd_jwt 0.1.0 written to /workspace/builds/worker-1-tc2/source/Cargo.toml
[INFO] validating manifest of crates.io crate sd_jwt 0.1.0 on toolchain 1.100.0-beta.1
[INFO] running `Command { std: CARGO_HOME="/workspace/cargo-home" RUSTUP_HOME="/workspace/rustup-home" "/workspace/cargo-home/bin/cargo" "+1.100.0-beta.1" "metadata" "--manifest-path" "Cargo.toml" "--no-deps", kill_on_drop: false }`
[INFO] crate crates.io crate sd_jwt 0.1.0 already has a lockfile, it will not be regenerated
[INFO] running `Command { std: CARGO_HOME="/workspace/cargo-home" RUSTUP_HOME="/workspace/rustup-home" "/workspace/cargo-home/bin/cargo" "+1.100.0-beta.1" "fetch" "--manifest-path" "Cargo.toml", kill_on_drop: false }`
[INFO] [stderr] warning: `package.homepage` is redundant with `package.repository`
[INFO] [stderr]   --> Cargo.toml:53:12
[INFO] [stderr]    |
[INFO] [stderr] 53 | homepage = "https://github.com/kushaldas/sd_jwt"
[INFO] [stderr]    |            ^^^^^^^^^^^^^^^^^^^^^^^^^^^^^^^^^^^^^
[INFO] [stderr] ...
[INFO] [stderr] 57 | repository = "https://github.com/kushaldas/sd_jwt"
[INFO] [stderr]    |              -------------------------------------
[INFO] [stderr]    |
[INFO] [stderr]    = note: `cargo::redundant_homepage` is set to `warn` by default
[INFO] [stderr] help: consider removing `package.homepage`
[INFO] [stderr] warning: `sd_jwt` (manifest) generated 1 warning
[INFO] running `Command { std: "docker" "create" "-v" "/var/lib/crater-agent-workspace/builds/worker-1-tc2/source:/opt/rustwide/workdir:ro,Z" "-v" "/var/lib/crater-agent-workspace/builds/worker-1-tc2/target:/opt/rustwide/target:rw,Z" "-v" "/var/lib/crater-agent-workspace/cargo-home:/opt/rustwide/cargo-home:ro,Z" "-v" "/var/lib/crater-agent-workspace/rustup-home:/opt/rustwide/rustup-home:ro,Z" "-m" "1610612736" "--network" "none" "ghcr.io/rust-lang/crates-build-env/linux@sha256:77db811e55d90add9212f6832c23229e3de5f1c1f9905e8cb07319ea15df73ac" "sleep" "infinity", kill_on_drop: false }`
[INFO] [stdout] 5ef8e01c67e919e54c85e187cacf37a8c6f0567922f42115d5b714b26f222895
[INFO] running `Command { std: "docker" "start" "5ef8e01c67e919e54c85e187cacf37a8c6f0567922f42115d5b714b26f222895", kill_on_drop: false }`
[INFO] running `Command { std: "docker" "inspect" "5ef8e01c67e919e54c85e187cacf37a8c6f0567922f42115d5b714b26f222895", kill_on_drop: false }`
[INFO] running `Command { std: "docker" "exec" "-e" "SOURCE_DIR=/opt/rustwide/workdir" "-e" "CARGO_HOME=/opt/rustwide/cargo-home" "-e" "RUSTUP_HOME=/opt/rustwide/rustup-home" "-e" "CARGO_TARGET_DIR=/opt/rustwide/target" "-w" "/opt/rustwide/workdir" "--user" "0:0" "5ef8e01c67e919e54c85e187cacf37a8c6f0567922f42115d5b714b26f222895" "/opt/rustwide/cargo-home/bin/cargo" "+1.100.0-beta.1" "metadata" "--no-deps" "--format-version=1", kill_on_drop: false }`
[INFO] running `Command { std: "docker" "inspect" "5ef8e01c67e919e54c85e187cacf37a8c6f0567922f42115d5b714b26f222895", kill_on_drop: false }`
[INFO] running `Command { std: "docker" "exec" "-e" "SOURCE_DIR=/opt/rustwide/workdir" "-e" "CARGO_HOME=/opt/rustwide/cargo-home" "-e" "RUSTUP_HOME=/opt/rustwide/rustup-home" "-e" "CARGO_TARGET_DIR=/opt/rustwide/target" "-e" "CARGO_INCREMENTAL=0" "-e" "RUST_BACKTRACE=full" "-e" "RUSTFLAGS=--cap-lints=warn" "-e" "RUSTDOCFLAGS=--cap-lints=warn" "-w" "/opt/rustwide/workdir" "--user" "0:0" "5ef8e01c67e919e54c85e187cacf37a8c6f0567922f42115d5b714b26f222895" "/opt/rustwide/cargo-home/bin/cargo" "+1.100.0-beta.1" "build" "--frozen" "--message-format=json" "--release", kill_on_drop: false }`
[INFO] [stderr] warning: `package.homepage` is redundant with `package.repository`
[INFO] [stderr]   --> Cargo.toml:53:12
[INFO] [stderr]    |
[INFO] [stderr] 53 | homepage = "https://github.com/kushaldas/sd_jwt"
[INFO] [stderr]    |            ^^^^^^^^^^^^^^^^^^^^^^^^^^^^^^^^^^^^^
[INFO] [stderr] ...
[INFO] [stderr] 57 | repository = "https://github.com/kushaldas/sd_jwt"
[INFO] [stderr]    |              -------------------------------------
[INFO] [stderr]    |
[INFO] [stderr]    = note: `cargo::redundant_homepage` is set to `warn` by default
[INFO] [stderr] help: consider removing `package.homepage`
[INFO] [stderr] warning: `sd_jwt` (manifest) generated 1 warning
[INFO] [stderr]    Compiling syn v2.0.111
[INFO] [stderr]    Compiling simd-adler32 v0.3.8
[INFO] [stderr]    Compiling aho-corasick v1.1.4
[INFO] [stderr]    Compiling regex-syntax v0.8.8
[INFO] [stderr]    Compiling openssl-sys v0.9.111
[INFO] [stderr]    Compiling serde_json v1.0.145
[INFO] [stderr]    Compiling thiserror v2.0.17
[INFO] [stderr]    Compiling openssl v0.10.75
[INFO] [stderr]    Compiling indexmap v2.12.1
[INFO] [stderr]    Compiling num-conv v0.1.0
[INFO] [stderr]    Compiling time-core v0.1.6
[INFO] [stderr]    Compiling rand_chacha v0.9.0
[INFO] [stderr]    Compiling base64-url v3.0.2
[INFO] [stderr]    Compiling sha2 v0.10.9
[INFO] [stderr]    Compiling constant_time_eq v0.4.2
[INFO] [stderr]    Compiling miniz_oxide v0.8.9
[INFO] [stderr]    Compiling time v0.3.44
[INFO] [stderr]    Compiling rand v0.9.2
[INFO] [stderr]    Compiling flate2 v1.1.5
[INFO] [stderr]    Compiling regex-automata v0.4.13
[INFO] [stderr]    Compiling openssl-macros v0.1.1
[INFO] [stderr]    Compiling serde_derive v1.0.228
[INFO] [stderr]    Compiling thiserror-impl v2.0.17
[INFO] [stderr]    Compiling thiserror-impl v1.0.69
[INFO] [stderr]    Compiling thiserror v1.0.69
[INFO] [stderr]    Compiling regex v1.12.2
[INFO] [stderr]    Compiling serde v1.0.228
[INFO] [stderr]    Compiling josekit v0.10.3
[INFO] [stderr]    Compiling sd_jwt v0.1.0 (/opt/rustwide/workdir)
[INFO] [stderr]     Finished `release` profile [optimized] target(s) in 44.06s
[INFO] running `Command { std: "docker" "inspect" "5ef8e01c67e919e54c85e187cacf37a8c6f0567922f42115d5b714b26f222895", kill_on_drop: false }`
[INFO] running `Command { std: "docker" "exec" "-e" "SOURCE_DIR=/opt/rustwide/workdir" "-e" "CARGO_HOME=/opt/rustwide/cargo-home" "-e" "RUSTUP_HOME=/opt/rustwide/rustup-home" "-e" "CARGO_TARGET_DIR=/opt/rustwide/target" "-e" "CARGO_INCREMENTAL=0" "-e" "RUST_BACKTRACE=full" "-e" "RUSTFLAGS=--cap-lints=warn" "-e" "RUSTDOCFLAGS=--cap-lints=warn" "-w" "/opt/rustwide/workdir" "--user" "0:0" "5ef8e01c67e919e54c85e187cacf37a8c6f0567922f42115d5b714b26f222895" "/opt/rustwide/cargo-home/bin/cargo" "+1.100.0-beta.1" "test" "--frozen" "--no-run" "--message-format=json" "--release", kill_on_drop: false }`
[INFO] [stderr] warning: `package.homepage` is redundant with `package.repository`
[INFO] [stderr]   --> Cargo.toml:53:12
[INFO] [stderr]    |
[INFO] [stderr] 53 | homepage = "https://github.com/kushaldas/sd_jwt"
[INFO] [stderr]    |            ^^^^^^^^^^^^^^^^^^^^^^^^^^^^^^^^^^^^^
[INFO] [stderr] ...
[INFO] [stderr] 57 | repository = "https://github.com/kushaldas/sd_jwt"
[INFO] [stderr]    |              -------------------------------------
[INFO] [stderr]    |
[INFO] [stderr]    = note: `cargo::redundant_homepage` is set to `warn` by default
[INFO] [stderr] help: consider removing `package.homepage`
[INFO] [stderr] warning: `sd_jwt` (manifest) generated 1 warning
[INFO] [stderr]    Compiling sd_jwt v0.1.0 (/opt/rustwide/workdir)
[INFO] [stderr]     Finished `release` profile [optimized] target(s) in 6.81s
[INFO] running `Command { std: "docker" "inspect" "5ef8e01c67e919e54c85e187cacf37a8c6f0567922f42115d5b714b26f222895", kill_on_drop: false }`
[INFO] running `Command { std: "docker" "exec" "-e" "SOURCE_DIR=/opt/rustwide/workdir" "-e" "CARGO_HOME=/opt/rustwide/cargo-home" "-e" "RUSTUP_HOME=/opt/rustwide/rustup-home" "-e" "CARGO_TARGET_DIR=/opt/rustwide/target" "-e" "CARGO_INCREMENTAL=0" "-e" "RUST_BACKTRACE=full" "-e" "RUSTFLAGS=--cap-lints=warn" "-e" "RUSTDOCFLAGS=--cap-lints=warn" "-w" "/opt/rustwide/workdir" "--user" "0:0" "5ef8e01c67e919e54c85e187cacf37a8c6f0567922f42115d5b714b26f222895" "/opt/rustwide/cargo-home/bin/cargo" "+1.100.0-beta.1" "test" "--frozen" "--release", kill_on_drop: false }`
[INFO] [stderr] warning: `package.homepage` is redundant with `package.repository`
[INFO] [stderr]   --> Cargo.toml:53:12
[INFO] [stderr]    |
[INFO] [stderr] 53 | homepage = "https://github.com/kushaldas/sd_jwt"
[INFO] [stderr]    |            ^^^^^^^^^^^^^^^^^^^^^^^^^^^^^^^^^^^^^
[INFO] [stderr] ...
[INFO] [stderr] 57 | repository = "https://github.com/kushaldas/sd_jwt"
[INFO] [stderr]    |              -------------------------------------
[INFO] [stderr]    |
[INFO] [stderr]    = note: `cargo::redundant_homepage` is set to `warn` by default
[INFO] [stderr] help: consider removing `package.homepage`
[INFO] [stderr] warning: `sd_jwt` (manifest) generated 1 warning
[INFO] [stderr]     Finished `release` profile [optimized] target(s) in 0.07s
[INFO] [stderr]      Running unittests src/lib.rs (/opt/rustwide/target/release/build/sd_jwt/1d9d25179b305f7f/out/sd_jwt-1d9d25179b305f7f)
[INFO] [stdout] 
[INFO] [stdout] running 60 tests
[INFO] [stdout] test disclosure::tests::test_digest_computation ... ok
[INFO] [stdout] test disclosure::tests::test_decoy_digest ... ok
[INFO] [stdout] test disclosure::tests::test_disclosure_array_element ... ok
[INFO] [stdout] test disclosure::tests::test_disclosure_object_property ... ok
[INFO] [stdout] test disclosure::tests::test_nested_object_disclosure ... ok
[INFO] [stdout] test disclosure::tests::test_parse_invalid_disclosure ... ok
[INFO] [stdout] test holder::tests::test_holder_create_presentation_multiple_claims ... FAILED
[INFO] [stdout] test rfc9901_tests::additional_compliance_tests::test_multiple_sd_levels ... ok
[INFO] [stdout] test holder::tests::test_empty_presentation ... FAILED
[INFO] [stdout] test holder::tests::test_holder_create_presentation ... FAILED
[INFO] [stdout] test rfc9901_tests::rfc9901_compliance_tests::test_array_element_digest_format ... ok
[INFO] [stdout] test rfc9901_tests::rfc9901_compliance_tests::test_cnf_claim_format ... ok
[INFO] [stdout] test rfc9901_tests::rfc9901_compliance_tests::test_disclosure_digest_computation ... ok
[INFO] [stdout] test rfc9901_tests::rfc9901_compliance_tests::test_disclosure_object_property_format ... ok
[INFO] [stdout] test rfc9901_tests::rfc9901_compliance_tests::test_kb_jwt_typ_header ... ok
[INFO] [stdout] test rfc9901_tests::additional_compliance_tests::test_empty_sd_array ... ok
[INFO] [stdout] test rfc9901_tests::rfc9901_compliance_tests::test_disclosure_array_element_format ... ok
[INFO] [stdout] test rfc9901_tests::rfc9901_compliance_tests::test_processed_payload_structure ... ok
[INFO] [stdout] test rfc9901_tests::rfc9901_compliance_tests::test_recursive_disclosures ... ok
[INFO] [stdout] test rfc9901_tests::rfc9901_compliance_tests::test_reject_none_algorithm ... ok
[INFO] [stdout] test rfc9901_tests::rfc9901_compliance_tests::test_reject_duplicate_digests ... ok
[INFO] [stdout] test rfc9901_tests::rfc9901_compliance_tests::test_reject_reserved_claim_names ... ok
[INFO] [stdout] test rfc9901_tests::rfc9901_compliance_tests::test_rfc9901_section5_example_structure ... ok
[INFO] [stdout] test rfc9901_tests::rfc9901_compliance_tests::test_sd_alg_claim ... ok
[INFO] [stdout] test rfc9901_tests::rfc9901_compliance_tests::test_sd_claim_array_format ... ok
[INFO] [stdout] test issuer::tests::test_reserved_claim_name_rejected ... FAILED
[INFO] [stdout] test rfc9901_tests::rfc9901_compliance_tests::test_sd_hash_computation ... ok
[INFO] [stdout] test rfc9901_tests::rfc9901_compliance_tests::test_salt_entropy ... ok
[INFO] [stdout] test rfc9901_tests::rfc9901_compliance_tests::test_sd_jwt_format_parsing ... ok
[INFO] [stdout] test holder::tests::test_holder_parse_sd_jwt ... FAILED
[INFO] [stdout] test rfc9901_tests::rfc9901_compliance_tests::test_sd_jwt_kb_format ... ok
[INFO] [stdout] test issuer::tests::test_issue_simple_sd_jwt ... FAILED
[INFO] [stdout] test rfc9901_tests::rfc9901_compliance_tests::test_security_critical_claims ... ok
[INFO] [stdout] test rfc9901_tests::rfc9901_compliance_tests::test_structured_sd_jwt_address ... ok
[INFO] [stdout] test disclosure::tests::test_disclosure_encoding_example_from_spec ... ok
[INFO] [stdout] test rfc9901_tests::additional_compliance_tests::test_complex_nested_structure ... ok
[INFO] [stdout] test rfc9901_tests::additional_compliance_tests::test_decoy_digests ... ok
[INFO] [stdout] test holder::tests::test_holder_create_presentation_with_kb ... FAILED
[INFO] [stdout] test tests::first_check_for_simple_values ... ok
[INFO] [stdout] test types::tests::test_sd_jwt_kb_parse_no_kb ... ok
[INFO] [stdout] test types::tests::test_sd_jwt_kb_serialization ... ok
[INFO] [stdout] test rfc9901_tests::additional_compliance_tests::test_mixed_array_elements ... ok
[INFO] [stdout] test holder::tests::test_sd_hash_computation ... ok
[INFO] [stdout] test issuer::tests::test_issue_sd_jwt_with_array_elements ... FAILED
[INFO] [stdout] test issuer::tests::test_issue_sd_jwt_with_decoys ... FAILED
[INFO] [stdout] test rfc9901_tests::rfc9901_compliance_tests::test_key_binding_jwt_required_claims ... ok
[INFO] [stdout] test tests::full_run ... FAILED
[INFO] [stdout] test types::tests::test_hash_algorithm_conversion ... ok
[INFO] [stdout] test types::tests::test_sd_jwt_config_default ... ok
[INFO] [stdout] test issuer::tests::test_sd_jwt_can_be_parsed ... FAILED
[INFO] [stdout] test verifier::tests::test_hash_algorithm_extraction ... ok
[INFO] [stdout] test verifier::tests::test_verify_partial_disclosure ... FAILED
[INFO] [stdout] test verifier::tests::test_process_nested_object ... ok
[INFO] [stdout] test verifier::tests::test_reserved_claim_rejected ... ok
[INFO] [stdout] test verifier::tests::test_verify_wrong_issuer_fails ... FAILED
[INFO] [stdout] test verifier::tests::test_duplicate_digest_rejected ... ok
[INFO] [stdout] test types::tests::test_sd_jwt_serialization ... ok
[INFO] [stdout] test types::tests::test_sd_jwt_parse_empty_disclosures ... ok
[INFO] [stdout] test verifier::tests::test_verify_simple_sd_jwt ... FAILED
[INFO] [stdout] test types::tests::test_sd_jwt_parse_invalid ... ok
[INFO] [stdout] 
[INFO] [stdout] failures:
[INFO] [stdout] 
[INFO] [stdout] ---- holder::tests::test_holder_create_presentation_multiple_claims stdout ----
[INFO] [stdout] 
[INFO] [stdout] thread 'holder::tests::test_holder_create_presentation_multiple_claims' (979) panicked at src/holder.rs:228:39:
[INFO] [stdout] Need issuer.pem for tests: Os { code: 2, kind: NotFound, message: "No such file or directory" }
[INFO] [stdout] stack backtrace:
[INFO] [stdout]    0:     0x57f655824c81 - <<std[617be2ca0a6fd877]::sys::backtrace::BacktraceLock>::print::DisplayBacktrace as core[a373ad73a504971]::fmt::Display>::fmt
[INFO] [stdout]    1:     0x57f65583b49a - core[a373ad73a504971]::fmt::write
[INFO] [stdout]    2:     0x57f65582939c - <alloc[2e1b2a31b91974c5]::vec::Vec<u8> as core[a373ad73a504971]::io::write::Write>::write_fmt
[INFO] [stdout]    3:     0x57f655800856 - std[617be2ca0a6fd877]::panicking::default_hook::{closure#0}
[INFO] [stdout]    4:     0x57f65581cfe9 - std[617be2ca0a6fd877]::panicking::default_hook
[INFO] [stdout]    5:     0x57f6556bcf60 - test[aada8e7e76ba119b]::test_main_inner::{closure#0}
[INFO] [stdout]    6:     0x57f65581d1a2 - std[617be2ca0a6fd877]::panicking::panic_with_hook
[INFO] [stdout]    7:     0x57f655800902 - std[617be2ca0a6fd877]::panicking::panic_handler::{closure#0}
[INFO] [stdout]    8:     0x57f6557f8ef9 - std[617be2ca0a6fd877]::sys::backtrace::__rust_end_short_backtrace::<std[617be2ca0a6fd877]::panicking::panic_handler::{closure#0}, !>
[INFO] [stdout]    9:     0x57f65580161d - __rustc[ea4f61d10b84890b]::rust_begin_unwind
[INFO] [stdout]   10:     0x57f65583bc7c - core[a373ad73a504971]::panicking::panic_fmt
[INFO] [stdout]   11:     0x57f65583ba52 - core[a373ad73a504971]::result::unwrap_failed
[INFO] [stdout]   12:     0x57f65567e004 - <sd_jwt[fdd9bfa7ba56f4ff]::holder::tests::test_holder_create_presentation_multiple_claims::{closure#0} as core[a373ad73a504971]::ops::function::FnOnce<()>>::call_once
[INFO] [stdout]   13:     0x57f6556b03ab - test[aada8e7e76ba119b]::__rust_begin_short_backtrace::<core[a373ad73a504971]::result::Result<(), alloc[2e1b2a31b91974c5]::string::String>, fn() -> core[a373ad73a504971]::result::Result<(), alloc[2e1b2a31b91974c5]::string::String>>
[INFO] [stdout]   14:     0x57f6556bd585 - test[aada8e7e76ba119b]::run_test::{closure#0}
[INFO] [stdout]   15:     0x57f6556b6e74 - std[617be2ca0a6fd877]::sys::backtrace::__rust_begin_short_backtrace::<test[aada8e7e76ba119b]::run_test::{closure#1}, ()>
[INFO] [stdout]   16:     0x57f6556c0612 - <std[617be2ca0a6fd877]::thread::lifecycle::spawn_unchecked<test[aada8e7e76ba119b]::run_test::{closure#1}, ()>::{closure#1} as core[a373ad73a504971]::ops::function::FnOnce<()>>::call_once::{shim:vtable#0}
[INFO] [stdout]   17:     0x57f6558241cf - <std[617be2ca0a6fd877]::sys::thread::unix::Thread>::new::thread_start
[INFO] [stdout]   18:     0x74133fa7bdfa - <unknown>
[INFO] [stdout]   19:     0x74133fb0f3d4 - clone
[INFO] [stdout]   20:                0x0 - <unknown>
[INFO] [stdout] 
[INFO] [stdout] ---- holder::tests::test_empty_presentation stdout ----
[INFO] [stdout] 
[INFO] [stdout] thread 'holder::tests::test_empty_presentation' (977) panicked at src/holder.rs:228:39:
[INFO] [stdout] Need issuer.pem for tests: Os { code: 2, kind: NotFound, message: "No such file or directory" }
[INFO] [stdout] stack backtrace:
[INFO] [stdout]    0:     0x57f655824c81 - <<std[617be2ca0a6fd877]::sys::backtrace::BacktraceLock>::print::DisplayBacktrace as core[a373ad73a504971]::fmt::Display>::fmt
[INFO] [stdout]    1:     0x57f65583b49a - core[a373ad73a504971]::fmt::write
[INFO] [stdout]    2:     0x57f65582939c - <alloc[2e1b2a31b91974c5]::vec::Vec<u8> as core[a373ad73a504971]::io::write::Write>::write_fmt
[INFO] [stdout]    3:     0x57f655800856 - std[617be2ca0a6fd877]::panicking::default_hook::{closure#0}
[INFO] [stdout]    4:     0x57f65581cfe9 - std[617be2ca0a6fd877]::panicking::default_hook
[INFO] [stdout]    5:     0x57f6556bcf60 - test[aada8e7e76ba119b]::test_main_inner::{closure#0}
[INFO] [stdout]    6:     0x57f65581d1a2 - std[617be2ca0a6fd877]::panicking::panic_with_hook
[INFO] [stdout]    7:     0x57f655800902 - std[617be2ca0a6fd877]::panicking::panic_handler::{closure#0}
[INFO] [stdout]    8:     0x57f6557f8ef9 - std[617be2ca0a6fd877]::sys::backtrace::__rust_end_short_backtrace::<std[617be2ca0a6fd877]::panicking::panic_handler::{closure#0}, !>
[INFO] [stdout]    9:     0x57f65580161d - __rustc[ea4f61d10b84890b]::rust_begin_unwind
[INFO] [stdout]   10:     0x57f65583bc7c - core[a373ad73a504971]::panicking::panic_fmt
[INFO] [stdout]   11:     0x57f65583ba52 - core[a373ad73a504971]::result::unwrap_failed
[INFO] [stdout]   12:     0x57f65567a544 - <sd_jwt[fdd9bfa7ba56f4ff]::holder::tests::test_empty_presentation::{closure#0} as core[a373ad73a504971]::ops::function::FnOnce<()>>::call_once
[INFO] [stdout]   13:     0x57f6556b03ab - test[aada8e7e76ba119b]::__rust_begin_short_backtrace::<core[a373ad73a504971]::result::Result<(), alloc[2e1b2a31b91974c5]::string::String>, fn() -> core[a373ad73a504971]::result::Result<(), alloc[2e1b2a31b91974c5]::string::String>>
[INFO] [stdout]   14:     0x57f6556bd585 - test[aada8e7e76ba119b]::run_test::{closure#0}
[INFO] [stdout]   15:     0x57f6556b6e74 - std[617be2ca0a6fd877]::sys::backtrace::__rust_begin_short_backtrace::<test[aada8e7e76ba119b]::run_test::{closure#1}, ()>
[INFO] [stdout]   16:     0x57f6556c0612 - <std[617be2ca0a6fd877]::thread::lifecycle::spawn_unchecked<test[aada8e7e76ba119b]::run_test::{closure#1}, ()>::{closure#1} as core[a373ad73a504971]::ops::function::FnOnce<()>>::call_once::{shim:vtable#0}
[INFO] [stdout]   17:     0x57f6558241cf - <std[617be2ca0a6fd877]::sys::thread::unix::Thread>::new::thread_start
[INFO] [stdout]   18:     0x74133fa7bdfa - <unknown>
[INFO] [stdout]   19:     0x74133fb0f3d4 - clone
[INFO] [stdout]   20:                0x0 - <unknown>
[INFO] [stdout] 
[INFO] [stdout] ---- holder::tests::test_holder_create_presentation stdout ----
[INFO] [stdout] 
[INFO] [stdout] thread 'holder::tests::test_holder_create_presentation' (978) panicked at src/holder.rs:228:39:
[INFO] [stdout] Need issuer.pem for tests: Os { code: 2, kind: NotFound, message: "No such file or directory" }
[INFO] [stdout] stack backtrace:
[INFO] [stdout]    0:     0x57f655824c81 - <<std[617be2ca0a6fd877]::sys::backtrace::BacktraceLock>::print::DisplayBacktrace as core[a373ad73a504971]::fmt::Display>::fmt
[INFO] [stdout]    1:     0x57f65583b49a - core[a373ad73a504971]::fmt::write
[INFO] [stdout]    2:     0x57f65582939c - <alloc[2e1b2a31b91974c5]::vec::Vec<u8> as core[a373ad73a504971]::io::write::Write>::write_fmt
[INFO] [stdout]    3:     0x57f655800856 - std[617be2ca0a6fd877]::panicking::default_hook::{closure#0}
[INFO] [stdout]    4:     0x57f65581cfe9 - std[617be2ca0a6fd877]::panicking::default_hook
[INFO] [stdout]    5:     0x57f6556bcf60 - test[aada8e7e76ba119b]::test_main_inner::{closure#0}
[INFO] [stdout]    6:     0x57f65581d1a2 - std[617be2ca0a6fd877]::panicking::panic_with_hook
[INFO] [stdout]    7:     0x57f655800902 - std[617be2ca0a6fd877]::panicking::panic_handler::{closure#0}
[INFO] [stdout]    8:     0x57f6557f8ef9 - std[617be2ca0a6fd877]::sys::backtrace::__rust_end_short_backtrace::<std[617be2ca0a6fd877]::panicking::panic_handler::{closure#0}, !>
[INFO] [stdout]    9:     0x57f65580161d - __rustc[ea4f61d10b84890b]::rust_begin_unwind
[INFO] [stdout]   10:     0x57f65583bc7c - core[a373ad73a504971]::panicking::panic_fmt
[INFO] [stdout]   11:     0x57f65583ba52 - core[a373ad73a504971]::result::unwrap_failed
[INFO] [stdout]   12:     0x57f65567c27d - <sd_jwt[fdd9bfa7ba56f4ff]::holder::tests::test_holder_create_presentation::{closure#0} as core[a373ad73a504971]::ops::function::FnOnce<()>>::call_once
[INFO] [stdout]   13:     0x57f6556b03ab - test[aada8e7e76ba119b]::__rust_begin_short_backtrace::<core[a373ad73a504971]::result::Result<(), alloc[2e1b2a31b91974c5]::string::String>, fn() -> core[a373ad73a504971]::result::Result<(), alloc[2e1b2a31b91974c5]::string::String>>
[INFO] [stdout]   14:     0x57f6556bd585 - test[aada8e7e76ba119b]::run_test::{closure#0}
[INFO] [stdout]   15:     0x57f6556b6e74 - std[617be2ca0a6fd877]::sys::backtrace::__rust_begin_short_backtrace::<test[aada8e7e76ba119b]::run_test::{closure#1}, ()>
[INFO] [stdout]   16:     0x57f6556c0612 - <std[617be2ca0a6fd877]::thread::lifecycle::spawn_unchecked<test[aada8e7e76ba119b]::run_test::{closure#1}, ()>::{closure#1} as core[a373ad73a504971]::ops::function::FnOnce<()>>::call_once::{shim:vtable#0}
[INFO] [stdout]   17:     0x57f6558241cf - <std[617be2ca0a6fd877]::sys::thread::unix::Thread>::new::thread_start
[INFO] [stdout]   18:     0x74133fa7bdfa - <unknown>
[INFO] [stdout]   19:     0x74133fb0f3d4 - clone
[INFO] [stdout]   20:                0x0 - <unknown>
[INFO] [stdout] 
[INFO] [stdout] ---- issuer::tests::test_reserved_claim_name_rejected stdout ----
[INFO] [stdout] 
[INFO] [stdout] thread 'issuer::tests::test_reserved_claim_name_rejected' (986) panicked at src/issuer.rs:315:39:
[INFO] [stdout] Need issuer.pem for tests: Os { code: 2, kind: NotFound, message: "No such file or directory" }
[INFO] [stdout] stack backtrace:
[INFO] [stdout]    0:     0x57f655824c81 - <<std[617be2ca0a6fd877]::sys::backtrace::BacktraceLock>::print::DisplayBacktrace as core[a373ad73a504971]::fmt::Display>::fmt
[INFO] [stdout]    1:     0x57f65583b49a - core[a373ad73a504971]::fmt::write
[INFO] [stdout]    2:     0x57f65582939c - <alloc[2e1b2a31b91974c5]::vec::Vec<u8> as core[a373ad73a504971]::io::write::Write>::write_fmt
[INFO] [stdout]    3:     0x57f655800856 - std[617be2ca0a6fd877]::panicking::default_hook::{closure#0}
[INFO] [stdout]    4:     0x57f65581cfe9 - std[617be2ca0a6fd877]::panicking::default_hook
[INFO] [stdout]    5:     0x57f6556bcf60 - test[aada8e7e76ba119b]::test_main_inner::{closure#0}
[INFO] [stdout]    6:     0x57f65581d1a2 - std[617be2ca0a6fd877]::panicking::panic_with_hook
[INFO] [stdout]    7:     0x57f655800902 - std[617be2ca0a6fd877]::panicking::panic_handler::{closure#0}
[INFO] [stdout]    8:     0x57f6557f8ef9 - std[617be2ca0a6fd877]::sys::backtrace::__rust_end_short_backtrace::<std[617be2ca0a6fd877]::panicking::panic_handler::{closure#0}, !>
[INFO] [stdout]    9:     0x57f65580161d - __rustc[ea4f61d10b84890b]::rust_begin_unwind
[INFO] [stdout]   10:     0x57f65583bc7c - core[a373ad73a504971]::panicking::panic_fmt
[INFO] [stdout]   11:     0x57f65583ba52 - core[a373ad73a504971]::result::unwrap_failed
[INFO] [stdout]   12:     0x57f65569f580 - <sd_jwt[fdd9bfa7ba56f4ff]::issuer::tests::test_reserved_claim_name_rejected::{closure#0} as core[a373ad73a504971]::ops::function::FnOnce<()>>::call_once
[INFO] [stdout]   13:     0x57f6556b03ab - test[aada8e7e76ba119b]::__rust_begin_short_backtrace::<core[a373ad73a504971]::result::Result<(), alloc[2e1b2a31b91974c5]::string::String>, fn() -> core[a373ad73a504971]::result::Result<(), alloc[2e1b2a31b91974c5]::string::String>>
[INFO] [stdout]   14:     0x57f6556bd585 - test[aada8e7e76ba119b]::run_test::{closure#0}
[INFO] [stdout]   15:     0x57f6556b6e74 - std[617be2ca0a6fd877]::sys::backtrace::__rust_begin_short_backtrace::<test[aada8e7e76ba119b]::run_test::{closure#1}, ()>
[INFO] [stdout]   16:     0x57f6556c0612 - <std[617be2ca0a6fd877]::thread::lifecycle::spawn_unchecked<test[aada8e7e76ba119b]::run_test::{closure#1}, ()>::{closure#1} as core[a373ad73a504971]::ops::function::FnOnce<()>>::call_once::{shim:vtable#0}
[INFO] [stdout]   17:     0x57f6558241cf - <std[617be2ca0a6fd877]::sys::thread::unix::Thread>::new::thread_start
[INFO] [stdout]   18:     0x74133fa7bdfa - <unknown>
[INFO] [stdout]   19:     0x74133fb0f3d4 - clone
[INFO] [stdout]   20:                0x0 - <unknown>
[INFO] [stdout] 
[INFO] [stdout] ---- holder::tests::test_holder_parse_sd_jwt stdout ----
[INFO] [stdout] 
[INFO] [stdout] thread 'holder::tests::test_holder_parse_sd_jwt' (981) panicked at src/holder.rs:228:39:
[INFO] [stdout] Need issuer.pem for tests: Os { code: 2, kind: NotFound, message: "No such file or directory" }
[INFO] [stdout] stack backtrace:
[INFO] [stdout]    0:     0x57f655824c81 - <<std[617be2ca0a6fd877]::sys::backtrace::BacktraceLock>::print::DisplayBacktrace as core[a373ad73a504971]::fmt::Display>::fmt
[INFO] [stdout]    1:     0x57f65583b49a - core[a373ad73a504971]::fmt::write
[INFO] [stdout]    2:     0x57f65582939c - <alloc[2e1b2a31b91974c5]::vec::Vec<u8> as core[a373ad73a504971]::io::write::Write>::write_fmt
[INFO] [stdout]    3:     0x57f655800856 - std[617be2ca0a6fd877]::panicking::default_hook::{closure#0}
[INFO] [stdout]    4:     0x57f65581cfe9 - std[617be2ca0a6fd877]::panicking::default_hook
[INFO] [stdout]    5:     0x57f6556bcf60 - test[aada8e7e76ba119b]::test_main_inner::{closure#0}
[INFO] [stdout]    6:     0x57f65581d1a2 - std[617be2ca0a6fd877]::panicking::panic_with_hook
[INFO] [stdout]    7:     0x57f655800902 - std[617be2ca0a6fd877]::panicking::panic_handler::{closure#0}
[INFO] [stdout]    8:     0x57f6557f8ef9 - std[617be2ca0a6fd877]::sys::backtrace::__rust_end_short_backtrace::<std[617be2ca0a6fd877]::panicking::panic_handler::{closure#0}, !>
[INFO] [stdout]    9:     0x57f65580161d - __rustc[ea4f61d10b84890b]::rust_begin_unwind
[INFO] [stdout]   10:     0x57f65583bc7c - core[a373ad73a504971]::panicking::panic_fmt
[INFO] [stdout]   11:     0x57f65583ba52 - core[a373ad73a504971]::result::unwrap_failed
[INFO] [stdout]   12:     0x57f65567b174 - <sd_jwt[fdd9bfa7ba56f4ff]::holder::tests::test_holder_parse_sd_jwt::{closure#0} as core[a373ad73a504971]::ops::function::FnOnce<()>>::call_once
[INFO] [stdout]   13:     0x57f6556b03ab - test[aada8e7e76ba119b]::__rust_begin_short_backtrace::<core[a373ad73a504971]::result::Result<(), alloc[2e1b2a31b91974c5]::string::String>, fn() -> core[a373ad73a504971]::result::Result<(), alloc[2e1b2a31b91974c5]::string::String>>
[INFO] [stdout]   14:     0x57f6556bd585 - test[aada8e7e76ba119b]::run_test::{closure#0}
[INFO] [stdout]   15:     0x57f6556b6e74 - std[617be2ca0a6fd877]::sys::backtrace::__rust_begin_short_backtrace::<test[aada8e7e76ba119b]::run_test::{closure#1}, ()>
[INFO] [stdout]   16:     0x57f6556c0612 - <std[617be2ca0a6fd877]::thread::lifecycle::spawn_unchecked<test[aada8e7e76ba119b]::run_test::{closure#1}, ()>::{closure#1} as core[a373ad73a504971]::ops::function::FnOnce<()>>::call_once::{shim:vtable#0}
[INFO] [stdout]   17:     0x57f6558241cf - <std[617be2ca0a6fd877]::sys::thread::unix::Thread>::new::thread_start
[INFO] [stdout]   18:     0x74133fa7bdfa - <unknown>
[INFO] [stdout]   19:     0x74133fb0f3d4 - clone
[INFO] [stdout]   20:                0x0 - <unknown>
[INFO] [stdout] 
[INFO] [stdout] ---- issuer::tests::test_issue_simple_sd_jwt stdout ----
[INFO] [stdout] 
[INFO] [stdout] thread 'issuer::tests::test_issue_simple_sd_jwt' (985) panicked at src/issuer.rs:315:39:
[INFO] [stdout] Need issuer.pem for tests: Os { code: 2, kind: NotFound, message: "No such file or directory" }
[INFO] [stdout] stack backtrace:
[INFO] [stdout]    0:     0x57f655824c81 - <<std[617be2ca0a6fd877]::sys::backtrace::BacktraceLock>::print::DisplayBacktrace as core[a373ad73a504971]::fmt::Display>::fmt
[INFO] [stdout]    1:     0x57f65583b49a - core[a373ad73a504971]::fmt::write
[INFO] [stdout]    2:     0x57f65582939c - <alloc[2e1b2a31b91974c5]::vec::Vec<u8> as core[a373ad73a504971]::io::write::Write>::write_fmt
[INFO] [stdout]    3:     0x57f655800856 - std[617be2ca0a6fd877]::panicking::default_hook::{closure#0}
[INFO] [stdout]    4:     0x57f65581cfe9 - std[617be2ca0a6fd877]::panicking::default_hook
[INFO] [stdout]    5:     0x57f6556bcf60 - test[aada8e7e76ba119b]::test_main_inner::{closure#0}
[INFO] [stdout]    6:     0x57f65581d1a2 - std[617be2ca0a6fd877]::panicking::panic_with_hook
[INFO] [stdout]    7:     0x57f655800902 - std[617be2ca0a6fd877]::panicking::panic_handler::{closure#0}
[INFO] [stdout]    8:     0x57f6557f8ef9 - std[617be2ca0a6fd877]::sys::backtrace::__rust_end_short_backtrace::<std[617be2ca0a6fd877]::panicking::panic_handler::{closure#0}, !>
[INFO] [stdout]    9:     0x57f65580161d - __rustc[ea4f61d10b84890b]::rust_begin_unwind
[INFO] [stdout]   10:     0x57f65583bc7c - core[a373ad73a504971]::panicking::panic_fmt
[INFO] [stdout]   11:     0x57f65583ba52 - core[a373ad73a504971]::result::unwrap_failed
[INFO] [stdout]   12:     0x57f65569db6e - <sd_jwt[fdd9bfa7ba56f4ff]::issuer::tests::test_issue_simple_sd_jwt::{closure#0} as core[a373ad73a504971]::ops::function::FnOnce<()>>::call_once
[INFO] [stdout]   13:     0x57f6556b03ab - test[aada8e7e76ba119b]::__rust_begin_short_backtrace::<core[a373ad73a504971]::result::Result<(), alloc[2e1b2a31b91974c5]::string::String>, fn() -> core[a373ad73a504971]::result::Result<(), alloc[2e1b2a31b91974c5]::string::String>>
[INFO] [stdout]   14:     0x57f6556bd585 - test[aada8e7e76ba119b]::run_test::{closure#0}
[INFO] [stdout]   15:     0x57f6556b6e74 - std[617be2ca0a6fd877]::sys::backtrace::__rust_begin_short_backtrace::<test[aada8e7e76ba119b]::run_test::{closure#1}, ()>
[INFO] [stdout]   16:     0x57f6556c0612 - <std[617be2ca0a6fd877]::thread::lifecycle::spawn_unchecked<test[aada8e7e76ba119b]::run_test::{closure#1}, ()>::{closure#1} as core[a373ad73a504971]::ops::function::FnOnce<()>>::call_once::{shim:vtable#0}
[INFO] [stdout]   17:     0x57f6558241cf - <std[617be2ca0a6fd877]::sys::thread::unix::Thread>::new::thread_start
[INFO] [stdout]   18:     0x74133fa7bdfa - <unknown>
[INFO] [stdout]   19:     0x74133fb0f3d4 - clone
[INFO] [stdout]   20:                0x0 - <unknown>
[INFO] [stdout] 
[INFO] [stdout] ---- holder::tests::test_holder_create_presentation_with_kb stdout ----
[INFO] [stdout] 
[INFO] [stdout] thread 'holder::tests::test_holder_create_presentation_with_kb' (980) panicked at src/holder.rs:228:39:
[INFO] [stdout] Need issuer.pem for tests: Os { code: 2, kind: NotFound, message: "No such file or directory" }
[INFO] [stdout] stack backtrace:
[INFO] [stdout]    0:     0x57f655824c81 - <<std[617be2ca0a6fd877]::sys::backtrace::BacktraceLock>::print::DisplayBacktrace as core[a373ad73a504971]::fmt::Display>::fmt
[INFO] [stdout]    1:     0x57f65583b49a - core[a373ad73a504971]::fmt::write
[INFO] [stdout]    2:     0x57f65582939c - <alloc[2e1b2a31b91974c5]::vec::Vec<u8> as core[a373ad73a504971]::io::write::Write>::write_fmt
[INFO] [stdout]    3:     0x57f655800856 - std[617be2ca0a6fd877]::panicking::default_hook::{closure#0}
[INFO] [stdout]    4:     0x57f65581cfe9 - std[617be2ca0a6fd877]::panicking::default_hook
[INFO] [stdout]    5:     0x57f6556bcf60 - test[aada8e7e76ba119b]::test_main_inner::{closure#0}
[INFO] [stdout]    6:     0x57f65581d1a2 - std[617be2ca0a6fd877]::panicking::panic_with_hook
[INFO] [stdout]    7:     0x57f655800902 - std[617be2ca0a6fd877]::panicking::panic_handler::{closure#0}
[INFO] [stdout]    8:     0x57f6557f8ef9 - std[617be2ca0a6fd877]::sys::backtrace::__rust_end_short_backtrace::<std[617be2ca0a6fd877]::panicking::panic_handler::{closure#0}, !>
[INFO] [stdout]    9:     0x57f65580161d - __rustc[ea4f61d10b84890b]::rust_begin_unwind
[INFO] [stdout]   10:     0x57f65583bc7c - core[a373ad73a504971]::panicking::panic_fmt
[INFO] [stdout]   11:     0x57f65583ba52 - core[a373ad73a504971]::result::unwrap_failed
[INFO] [stdout]   12:     0x57f65567cf1e - <sd_jwt[fdd9bfa7ba56f4ff]::holder::tests::test_holder_create_presentation_with_kb::{closure#0} as core[a373ad73a504971]::ops::function::FnOnce<()>>::call_once
[INFO] [stdout]   13:     0x57f6556b03ab - test[aada8e7e76ba119b]::__rust_begin_short_backtrace::<core[a373ad73a504971]::result::Result<(), alloc[2e1b2a31b91974c5]::string::String>, fn() -> core[a373ad73a504971]::result::Result<(), alloc[2e1b2a31b91974c5]::string::String>>
[INFO] [stdout]   14:     0x57f6556bd585 - test[aada8e7e76ba119b]::run_test::{closure#0}
[INFO] [stdout]   15:     0x57f6556b6e74 - std[617be2ca0a6fd877]::sys::backtrace::__rust_begin_short_backtrace::<test[aada8e7e76ba119b]::run_test::{closure#1}, ()>
[INFO] [stdout]   16:     0x57f6556c0612 - <std[617be2ca0a6fd877]::thread::lifecycle::spawn_unchecked<test[aada8e7e76ba119b]::run_test::{closure#1}, ()>::{closure#1} as core[a373ad73a504971]::ops::function::FnOnce<()>>::call_once::{shim:vtable#0}
[INFO] [stdout]   17:     0x57f6558241cf - <std[617be2ca0a6fd877]::sys::thread::unix::Thread>::new::thread_start
[INFO] [stdout]   18:     0x74133fa7bdfa - <unknown>
[INFO] [stdout]   19:     0x74133fb0f3d4 - clone
[INFO] [stdout]   20:                0x0 - <unknown>
[INFO] [stdout] 
[INFO] [stdout] ---- issuer::tests::test_issue_sd_jwt_with_array_elements stdout ----
[INFO] [stdout] 
[INFO] [stdout] thread 'issuer::tests::test_issue_sd_jwt_with_array_elements' (983) panicked at src/issuer.rs:315:39:
[INFO] [stdout] Need issuer.pem for tests: Os { code: 2, kind: NotFound, message: "No such file or directory" }
[INFO] [stdout] stack backtrace:
[INFO] [stdout]    0:     0x57f655824c81 - <<std[617be2ca0a6fd877]::sys::backtrace::BacktraceLock>::print::DisplayBacktrace as core[a373ad73a504971]::fmt::Display>::fmt
[INFO] [stdout]    1:     0x57f65583b49a - core[a373ad73a504971]::fmt::write
[INFO] [stdout]    2:     0x57f65582939c - <alloc[2e1b2a31b91974c5]::vec::Vec<u8> as core[a373ad73a504971]::io::write::Write>::write_fmt
[INFO] [stdout]    3:     0x57f655800856 - std[617be2ca0a6fd877]::panicking::default_hook::{closure#0}
[INFO] [stdout]    4:     0x57f65581cfe9 - std[617be2ca0a6fd877]::panicking::default_hook
[INFO] [stdout]    5:     0x57f6556bcf60 - test[aada8e7e76ba119b]::test_main_inner::{closure#0}
[INFO] [stdout]    6:     0x57f65581d1a2 - std[617be2ca0a6fd877]::panicking::panic_with_hook
[INFO] [stdout]    7:     0x57f655800902 - std[617be2ca0a6fd877]::panicking::panic_handler::{closure#0}
[INFO] [stdout]    8:     0x57f6557f8ef9 - std[617be2ca0a6fd877]::sys::backtrace::__rust_end_short_backtrace::<std[617be2ca0a6fd877]::panicking::panic_handler::{closure#0}, !>
[INFO] [stdout]    9:     0x57f65580161d - __rustc[ea4f61d10b84890b]::rust_begin_unwind
[INFO] [stdout]   10:     0x57f65583bc7c - core[a373ad73a504971]::panicking::panic_fmt
[INFO] [stdout]   11:     0x57f65583ba52 - core[a373ad73a504971]::result::unwrap_failed
[INFO] [stdout]   12:     0x57f65569fab3 - <sd_jwt[fdd9bfa7ba56f4ff]::issuer::tests::test_issue_sd_jwt_with_array_elements::{closure#0} as core[a373ad73a504971]::ops::function::FnOnce<()>>::call_once
[INFO] [stdout]   13:     0x57f6556b03ab - test[aada8e7e76ba119b]::__rust_begin_short_backtrace::<core[a373ad73a504971]::result::Result<(), alloc[2e1b2a31b91974c5]::string::String>, fn() -> core[a373ad73a504971]::result::Result<(), alloc[2e1b2a31b91974c5]::string::String>>
[INFO] [stdout]   14:     0x57f6556bd585 - test[aada8e7e76ba119b]::run_test::{closure#0}
[INFO] [stdout]   15:     0x57f6556b6e74 - std[617be2ca0a6fd877]::sys::backtrace::__rust_begin_short_backtrace::<test[aada8e7e76ba119b]::run_test::{closure#1}, ()>
[INFO] [stdout]   16:     0x57f6556c0612 - <std[617be2ca0a6fd877]::thread::lifecycle::spawn_unchecked<test[aada8e7e76ba119b]::run_test::{closure#1}, ()>::{closure#1} as core[a373ad73a504971]::ops::function::FnOnce<()>>::call_once::{shim:vtable#0}
[INFO] [stdout]   17:     0x57f6558241cf - <std[617be2ca0a6fd877]::sys::thread::unix::Thread>::new::thread_start
[INFO] [stdout]   18:     0x74133fa7bdfa - <unknown>
[INFO] [stdout]   19:     0x74133fb0f3d4 - clone
[INFO] [stdout]   20:                0x0 - <unknown>
[INFO] [stdout] 
[INFO] [stdout] ---- issuer::tests::test_issue_sd_jwt_with_decoys stdout ----
[INFO] [stdout] 
[INFO] [stdout] thread 'issuer::tests::test_issue_sd_jwt_with_decoys' (984) panicked at src/issuer.rs:315:39:
[INFO] [stdout] Need issuer.pem for tests: Os { code: 2, kind: NotFound, message: "No such file or directory" }
[INFO] [stdout] stack backtrace:
[INFO] [stdout]    0:     0x57f655824c81 - <<std[617be2ca0a6fd877]::sys::backtrace::BacktraceLock>::print::DisplayBacktrace as core[a373ad73a504971]::fmt::Display>::fmt
[INFO] [stdout]    1:     0x57f65583b49a - core[a373ad73a504971]::fmt::write
[INFO] [stdout]    2:     0x57f65582939c - <alloc[2e1b2a31b91974c5]::vec::Vec<u8> as core[a373ad73a504971]::io::write::Write>::write_fmt
[INFO] [stdout]    3:     0x57f655800856 - std[617be2ca0a6fd877]::panicking::default_hook::{closure#0}
[INFO] [stdout]    4:     0x57f65581cfe9 - std[617be2ca0a6fd877]::panicking::default_hook
[INFO] [stdout]    5:     0x57f6556bcf60 - test[aada8e7e76ba119b]::test_main_inner::{closure#0}
[INFO] [stdout]    6:     0x57f65581d1a2 - std[617be2ca0a6fd877]::panicking::panic_with_hook
[INFO] [stdout]    7:     0x57f655800902 - std[617be2ca0a6fd877]::panicking::panic_handler::{closure#0}
[INFO] [stdout]    8:     0x57f6557f8ef9 - std[617be2ca0a6fd877]::sys::backtrace::__rust_end_short_backtrace::<std[617be2ca0a6fd877]::panicking::panic_handler::{closure#0}, !>
[INFO] [stdout]    9:     0x57f65580161d - __rustc[ea4f61d10b84890b]::rust_begin_unwind
[INFO] [stdout]   10:     0x57f65583bc7c - core[a373ad73a504971]::panicking::panic_fmt
[INFO] [stdout]   11:     0x57f65583ba52 - core[a373ad73a504971]::result::unwrap_failed
[INFO] [stdout]   12:     0x57f65569ee72 - <sd_jwt[fdd9bfa7ba56f4ff]::issuer::tests::test_issue_sd_jwt_with_decoys::{closure#0} as core[a373ad73a504971]::ops::function::FnOnce<()>>::call_once
[INFO] [stdout]   13:     0x57f6556b03ab - test[aada8e7e76ba119b]::__rust_begin_short_backtrace::<core[a373ad73a504971]::result::Result<(), alloc[2e1b2a31b91974c5]::string::String>, fn() -> core[a373ad73a504971]::result::Result<(), alloc[2e1b2a31b91974c5]::string::String>>
[INFO] [stdout]   14:     0x57f6556bd585 - test[aada8e7e76ba119b]::run_test::{closure#0}
[INFO] [stdout]   15:     0x57f6556b6e74 - std[617be2ca0a6fd877]::sys::backtrace::__rust_begin_short_backtrace::<test[aada8e7e76ba119b]::run_test::{closure#1}, ()>
[INFO] [stdout]   16:     0x57f6556c0612 - <std[617be2ca0a6fd877]::thread::lifecycle::spawn_unchecked<test[aada8e7e76ba119b]::run_test::{closure#1}, ()>::{closure#1} as core[a373ad73a504971]::ops::function::FnOnce<()>>::call_once::{shim:vtable#0}
[INFO] [stdout]   17:     0x57f6558241cf - <std[617be2ca0a6fd877]::sys::thread::unix::Thread>::new::thread_start
[INFO] [stdout]   18:     0x74133fa7bdfa - <unknown>
[INFO] [stdout]   19:     0x74133fb0f3d4 - clone
[INFO] [stdout]   20:                0x0 - <unknown>
[INFO] [stdout] 
[INFO] [stdout] ---- tests::full_run stdout ----
[INFO] [stdout] 
[INFO] [stdout] thread 'tests::full_run' (1015) panicked at src/lib.rs:659:52:
[INFO] [stdout] called `Result::unwrap()` on an `Err` value: Os { code: 2, kind: NotFound, message: "No such file or directory" }
[INFO] [stdout] stack backtrace:
[INFO] [stdout]    0:     0x57f655824c81 - <<std[617be2ca0a6fd877]::sys::backtrace::BacktraceLock>::print::DisplayBacktrace as core[a373ad73a504971]::fmt::Display>::fmt
[INFO] [stdout]    1:     0x57f65583b49a - core[a373ad73a504971]::fmt::write
[INFO] [stdout]    2:     0x57f65582939c - <alloc[2e1b2a31b91974c5]::vec::Vec<u8> as core[a373ad73a504971]::io::write::Write>::write_fmt
[INFO] [stdout]    3:     0x57f655800856 - std[617be2ca0a6fd877]::panicking::default_hook::{closure#0}
[INFO] [stdout]    4:     0x57f65581cfe9 - std[617be2ca0a6fd877]::panicking::default_hook
[INFO] [stdout]    5:     0x57f6556bcf60 - test[aada8e7e76ba119b]::test_main_inner::{closure#0}
[INFO] [stdout]    6:     0x57f65581d1a2 - std[617be2ca0a6fd877]::panicking::panic_with_hook
[INFO] [stdout]    7:     0x57f655800902 - std[617be2ca0a6fd877]::panicking::panic_handler::{closure#0}
[INFO] [stdout]    8:     0x57f6557f8ef9 - std[617be2ca0a6fd877]::sys::backtrace::__rust_end_short_backtrace::<std[617be2ca0a6fd877]::panicking::panic_handler::{closure#0}, !>
[INFO] [stdout]    9:     0x57f65580161d - __rustc[ea4f61d10b84890b]::rust_begin_unwind
[INFO] [stdout]   10:     0x57f65583bc7c - core[a373ad73a504971]::panicking::panic_fmt
[INFO] [stdout]   11:     0x57f65583ba52 - core[a373ad73a504971]::result::unwrap_failed
[INFO] [stdout]   12:     0x57f65568aa45 - <sd_jwt[fdd9bfa7ba56f4ff]::tests::full_run::{closure#0} as core[a373ad73a504971]::ops::function::FnOnce<()>>::call_once
[INFO] [stdout]   13:     0x57f6556b03ab - test[aada8e7e76ba119b]::__rust_begin_short_backtrace::<core[a373ad73a504971]::result::Result<(), alloc[2e1b2a31b91974c5]::string::String>, fn() -> core[a373ad73a504971]::result::Result<(), alloc[2e1b2a31b91974c5]::string::String>>
[INFO] [stdout]   14:     0x57f6556bd585 - test[aada8e7e76ba119b]::run_test::{closure#0}
[INFO] [stdout]   15:     0x57f6556b6e74 - std[617be2ca0a6fd877]::sys::backtrace::__rust_begin_short_backtrace::<test[aada8e7e76ba119b]::run_test::{closure#1}, ()>
[INFO] [stdout]   16:     0x57f6556c0612 - <std[617be2ca0a6fd877]::thread::lifecycle::spawn_unchecked<test[aada8e7e76ba119b]::run_test::{closure#1}, ()>::{closure#1} as core[a373ad73a504971]::ops::function::FnOnce<()>>::call_once::{shim:vtable#0}
[INFO] [stdout]   17:     0x57f6558241cf - <std[617be2ca0a6fd877]::sys::thread::unix::Thread>::new::thread_start
[INFO] [stdout]   18:     0x74133fa7bdfa - <unknown>
[INFO] [stdout]   19:     0x74133fb0f3d4 - clone
[INFO] [stdout]   20:                0x0 - <unknown>
[INFO] [stdout] 
[INFO] [stdout] ---- issuer::tests::test_sd_jwt_can_be_parsed stdout ----
[INFO] [stdout] 
[INFO] [stdout] thread 'issuer::tests::test_sd_jwt_can_be_parsed' (987) panicked at src/issuer.rs:315:39:
[INFO] [stdout] Need issuer.pem for tests: Os { code: 2, kind: NotFound, message: "No such file or directory" }
[INFO] [stdout] stack backtrace:
[INFO] [stdout]    0:     0x57f655824c81 - <<std[617be2ca0a6fd877]::sys::backtrace::BacktraceLock>::print::DisplayBacktrace as core[a373ad73a504971]::fmt::Display>::fmt
[INFO] [stdout]    1:     0x57f65583b49a - core[a373ad73a504971]::fmt::write
[INFO] [stdout]    2:     0x57f65582939c - <alloc[2e1b2a31b91974c5]::vec::Vec<u8> as core[a373ad73a504971]::io::write::Write>::write_fmt
[INFO] [stdout]    3:     0x57f655800856 - std[617be2ca0a6fd877]::panicking::default_hook::{closure#0}
[INFO] [stdout]    4:     0x57f65581cfe9 - std[617be2ca0a6fd877]::panicking::default_hook
[INFO] [stdout]    5:     0x57f6556bcf60 - test[aada8e7e76ba119b]::test_main_inner::{closure#0}
[INFO] [stdout]    6:     0x57f65581d1a2 - std[617be2ca0a6fd877]::panicking::panic_with_hook
[INFO] [stdout]    7:     0x57f655800902 - std[617be2ca0a6fd877]::panicking::panic_handler::{closure#0}
[INFO] [stdout]    8:     0x57f6557f8ef9 - std[617be2ca0a6fd877]::sys::backtrace::__rust_end_short_backtrace::<std[617be2ca0a6fd877]::panicking::panic_handler::{closure#0}, !>
[INFO] [stdout]    9:     0x57f65580161d - __rustc[ea4f61d10b84890b]::rust_begin_unwind
[INFO] [stdout]   10:     0x57f65583bc7c - core[a373ad73a504971]::panicking::panic_fmt
[INFO] [stdout]   11:     0x57f65583ba52 - core[a373ad73a504971]::result::unwrap_failed
[INFO] [stdout]   12:     0x57f65569e3f7 - <sd_jwt[fdd9bfa7ba56f4ff]::issuer::tests::test_sd_jwt_can_be_parsed::{closure#0} as core[a373ad73a504971]::ops::function::FnOnce<()>>::call_once
[INFO] [stdout]   13:     0x57f6556b03ab - test[aada8e7e76ba119b]::__rust_begin_short_backtrace::<core[a373ad73a504971]::result::Result<(), alloc[2e1b2a31b91974c5]::string::String>, fn() -> core[a373ad73a504971]::result::Result<(), alloc[2e1b2a31b91974c5]::string::String>>
[INFO] [stdout]   14:     0x57f6556bd585 - test[aada8e7e76ba119b]::run_test::{closure#0}
[INFO] [stdout]   15:     0x57f6556b6e74 - std[617be2ca0a6fd877]::sys::backtrace::__rust_begin_short_backtrace::<test[aada8e7e76ba119b]::run_test::{closure#1}, ()>
[INFO] [stdout]   16:     0x57f6556c0612 - <std[617be2ca0a6fd877]::thread::lifecycle::spawn_unchecked<test[aada8e7e76ba119b]::run_test::{closure#1}, ()>::{closure#1} as core[a373ad73a504971]::ops::function::FnOnce<()>>::call_once::{shim:vtable#0}
[INFO] [stdout]   17:     0x57f6558241cf - <std[617be2ca0a6fd877]::sys::thread::unix::Thread>::new::thread_start
[INFO] [stdout]   18:     0x74133fa7bdfa - <unknown>
[INFO] [stdout]   19:     0x74133fb0f3d4 - clone
[INFO] [stdout]   20:                0x0 - <unknown>
[INFO] [stdout] 
[INFO] [stdout] ---- verifier::tests::test_verify_partial_disclosure stdout ----
[INFO] [stdout] 
[INFO] [stdout] thread 'verifier::tests::test_verify_partial_disclosure' (1027) panicked at src/verifier.rs:491:39:
[INFO] [stdout] Need issuer.pem for tests: Os { code: 2, kind: NotFound, message: "No such file or directory" }
[INFO] [stdout] stack backtrace:
[INFO] [stdout]    0:     0x57f655824c81 - <<std[617be2ca0a6fd877]::sys::backtrace::BacktraceLock>::print::DisplayBacktrace as core[a373ad73a504971]::fmt::Display>::fmt
[INFO] [stdout]    1:     0x57f65583b49a - core[a373ad73a504971]::fmt::write
[INFO] [stdout]    2:     0x57f65582939c - <alloc[2e1b2a31b91974c5]::vec::Vec<u8> as core[a373ad73a504971]::io::write::Write>::write_fmt
[INFO] [stdout]    3:     0x57f655800856 - std[617be2ca0a6fd877]::panicking::default_hook::{closure#0}
[INFO] [stdout]    4:     0x57f65581cfe9 - std[617be2ca0a6fd877]::panicking::default_hook
[INFO] [stdout]    5:     0x57f6556bcf60 - test[aada8e7e76ba119b]::test_main_inner::{closure#0}
[INFO] [stdout]    6:     0x57f65581d1a2 - std[617be2ca0a6fd877]::panicking::panic_with_hook
[INFO] [stdout]    7:     0x57f655800902 - std[617be2ca0a6fd877]::panicking::panic_handler::{closure#0}
[INFO] [stdout]    8:     0x57f6557f8ef9 - std[617be2ca0a6fd877]::sys::backtrace::__rust_end_short_backtrace::<std[617be2ca0a6fd877]::panicking::panic_handler::{closure#0}, !>
[INFO] [stdout]    9:     0x57f65580161d - __rustc[ea4f61d10b84890b]::rust_begin_unwind
[INFO] [stdout]   10:     0x57f65583bc7c - core[a373ad73a504971]::panicking::panic_fmt
[INFO] [stdout]   11:     0x57f65583ba52 - core[a373ad73a504971]::result::unwrap_failed
[INFO] [stdout]   12:     0x57f6556777c8 - <sd_jwt[fdd9bfa7ba56f4ff]::verifier::tests::test_verify_partial_disclosure::{closure#0} as core[a373ad73a504971]::ops::function::FnOnce<()>>::call_once
[INFO] [stdout]   13:     0x57f6556b03ab - test[aada8e7e76ba119b]::__rust_begin_short_backtrace::<core[a373ad73a504971]::result::Result<(), alloc[2e1b2a31b91974c5]::string::String>, fn() -> core[a373ad73a504971]::result::Result<(), alloc[2e1b2a31b91974c5]::string::String>>
[INFO] [stdout]   14:     0x57f6556bd585 - test[aada8e7e76ba119b]::run_test::{closure#0}
[INFO] [stdout]   15:     0x57f6556b6e74 - std[617be2ca0a6fd877]::sys::backtrace::__rust_begin_short_backtrace::<test[aada8e7e76ba119b]::run_test::{closure#1}, ()>
[INFO] [stdout]   16:     0x57f6556c0612 - <std[617be2ca0a6fd877]::thread::lifecycle::spawn_unchecked<test[aada8e7e76ba119b]::run_test::{closure#1}, ()>::{closure#1} as core[a373ad73a504971]::ops::function::FnOnce<()>>::call_once::{shim:vtable#0}
[INFO] [stdout]   17:     0x57f6558241cf - <std[617be2ca0a6fd877]::sys::thread::unix::Thread>::new::thread_start
[INFO] [stdout]   18:     0x74133fa7bdfa - <unknown>
[INFO] [stdout]   19:     0x74133fb0f3d4 - clone
[INFO] [stdout]   20:                0x0 - <unknown>
[INFO] [stdout] 
[INFO] [stdout] ---- verifier::tests::test_verify_wrong_issuer_fails stdout ----
[INFO] [stdout] 
[INFO] [stdout] thread 'verifier::tests::test_verify_wrong_issuer_fails' (1029) panicked at src/verifier.rs:491:39:
[INFO] [stdout] Need issuer.pem for tests: Os { code: 2, kind: NotFound, message: "No such file or directory" }
[INFO] [stdout] stack backtrace:
[INFO] [stdout]    0:     0x57f655824c81 - <<std[617be2ca0a6fd877]::sys::backtrace::BacktraceLock>::print::DisplayBacktrace as core[a373ad73a504971]::fmt::Display>::fmt
[INFO] [stdout]    1:     0x57f65583b49a - core[a373ad73a504971]::fmt::write
[INFO] [stdout]    2:     0x57f65582939c - <alloc[2e1b2a31b91974c5]::vec::Vec<u8> as core[a373ad73a504971]::io::write::Write>::write_fmt
[INFO] [stdout]    3:     0x57f655800856 - std[617be2ca0a6fd877]::panicking::default_hook::{closure#0}
[INFO] [stdout]    4:     0x57f65581cfe9 - std[617be2ca0a6fd877]::panicking::default_hook
[INFO] [stdout]    5:     0x57f6556bcf60 - test[aada8e7e76ba119b]::test_main_inner::{closure#0}
[INFO] [stdout]    6:     0x57f65581d1a2 - std[617be2ca0a6fd877]::panicking::panic_with_hook
[INFO] [stdout]    7:     0x57f655800902 - std[617be2ca0a6fd877]::panicking::panic_handler::{closure#0}
[INFO] [stdout]    8:     0x57f6557f8ef9 - std[617be2ca0a6fd877]::sys::backtrace::__rust_end_short_backtrace::<std[617be2ca0a6fd877]::panicking::panic_handler::{closure#0}, !>
[INFO] [stdout]    9:     0x57f65580161d - __rustc[ea4f61d10b84890b]::rust_begin_unwind
[INFO] [stdout]   10:     0x57f65583bc7c - core[a373ad73a504971]::panicking::panic_fmt
[INFO] [stdout]   11:     0x57f65583ba52 - core[a373ad73a504971]::result::unwrap_failed
[INFO] [stdout]   12:     0x57f6556780fc - <sd_jwt[fdd9bfa7ba56f4ff]::verifier::tests::test_verify_wrong_issuer_fails::{closure#0} as core[a373ad73a504971]::ops::function::FnOnce<()>>::call_once
[INFO] [stdout]   13:     0x57f6556b03ab - test[aada8e7e76ba119b]::__rust_begin_short_backtrace::<core[a373ad73a504971]::result::Result<(), alloc[2e1b2a31b91974c5]::string::String>, fn() -> core[a373ad73a504971]::result::Result<(), alloc[2e1b2a31b91974c5]::string::String>>
[INFO] [stdout]   14:     0x57f6556bd585 - test[aada8e7e76ba119b]::run_test::{closure#0}
[INFO] [stdout]   15:     0x57f6556b6e74 - std[617be2ca0a6fd877]::sys::backtrace::__rust_begin_short_backtrace::<test[aada8e7e76ba119b]::run_test::{closure#1}, ()>
[INFO] [stdout]   16:     0x57f6556c0612 - <std[617be2ca0a6fd877]::thread::lifecycle::spawn_unchecked<test[aada8e7e76ba119b]::run_test::{closure#1}, ()>::{closure#1} as core[a373ad73a504971]::ops::function::FnOnce<()>>::call_once::{shim:vtable#0}
[INFO] [stdout]   17:     0x57f6558241cf - <std[617be2ca0a6fd877]::sys::thread::unix::Thread>::new::thread_start
[INFO] [stdout]   18:     0x74133fa7bdfa - <unknown>
[INFO] [stdout]   19:     0x74133fb0f3d4 - clone
[INFO] [stdout]   20:                0x0 - <unknown>
[INFO] [stdout] 
[INFO] [stdout] ---- verifier::tests::test_verify_simple_sd_jwt stdout ----
[INFO] [stdout] 
[INFO] [stdout] thread 'verifier::tests::test_verify_simple_sd_jwt' (1028) panicked at src/verifier.rs:491:39:
[INFO] [stdout] Need issuer.pem for tests: Os { code: 2, kind: NotFound, message: "No such file or directory" }
[INFO] [stdout] stack backtrace:
[INFO] [stdout]    0:     0x57f655824c81 - <<std[617be2ca0a6fd877]::sys::backtrace::BacktraceLock>::print::DisplayBacktrace as core[a373ad73a504971]::fmt::Display>::fmt
[INFO] [stdout]    1:     0x57f65583b49a - core[a373ad73a504971]::fmt::write
[INFO] [stdout]    2:     0x57f65582939c - <alloc[2e1b2a31b91974c5]::vec::Vec<u8> as core[a373ad73a504971]::io::write::Write>::write_fmt
[INFO] [stdout]    3:     0x57f655800856 - std[617be2ca0a6fd877]::panicking::default_hook::{closure#0}
[INFO] [stdout]    4:     0x57f65581cfe9 - std[617be2ca0a6fd877]::panicking::default_hook
[INFO] [stdout]    5:     0x57f6556bcf60 - test[aada8e7e76ba119b]::test_main_inner::{closure#0}
[INFO] [stdout]    6:     0x57f65581d1a2 - std[617be2ca0a6fd877]::panicking::panic_with_hook
[INFO] [stdout]    7:     0x57f655800902 - std[617be2ca0a6fd877]::panicking::panic_handler::{closure#0}
[INFO] [stdout]    8:     0x57f6557f8ef9 - std[617be2ca0a6fd877]::sys::backtrace::__rust_end_short_backtrace::<std[617be2ca0a6fd877]::panicking::panic_handler::{closure#0}, !>
[INFO] [stdout]    9:     0x57f65580161d - __rustc[ea4f61d10b84890b]::rust_begin_unwind
[INFO] [stdout]   10:     0x57f65583bc7c - core[a373ad73a504971]::panicking::panic_fmt
[INFO] [stdout]   11:     0x57f65583ba52 - core[a373ad73a504971]::result::unwrap_failed
[INFO] [stdout]   12:     0x57f6556746cc - <sd_jwt[fdd9bfa7ba56f4ff]::verifier::tests::test_verify_simple_sd_jwt::{closure#0} as core[a373ad73a504971]::ops::function::FnOnce<()>>::call_once
[INFO] [stdout]   13:     0x57f6556b03ab - test[aada8e7e76ba119b]::__rust_begin_short_backtrace::<core[a373ad73a504971]::result::Result<(), alloc[2e1b2a31b91974c5]::string::String>, fn() -> core[a373ad73a504971]::result::Result<(), alloc[2e1b2a31b91974c5]::string::String>>
[INFO] [stdout]   14:     0x57f6556bd585 - test[aada8e7e76ba119b]::run_test::{closure#0}
[INFO] [stdout]   15:     0x57f6556b6e74 - std[617be2ca0a6fd877]::sys::backtrace::__rust_begin_short_backtrace::<test[aada8e7e76ba119b]::run_test::{closure#1}, ()>
[INFO] [stdout]   16:     0x57f6556c0612 - <std[617be2ca0a6fd877]::thread::lifecycle::spawn_unchecked<test[aada8e7e76ba119b]::run_test::{closure#1}, ()>::{closure#1} as core[a373ad73a504971]::ops::function::FnOnce<()>>::call_once::{shim:vtable#0}
[INFO] [stdout]   17:     0x57f6558241cf - <std[617be2ca0a6fd877]::sys::thread::unix::Thread>::new::thread_start
[INFO] [stdout]   18:     0x74133fa7bdfa - <unknown>
[INFO] [stdout]   19:     0x74133fb0f3d4 - clone
[INFO] [stdout]   20:                0x0 - <unknown>
[INFO] [stdout] 
[INFO] [stdout] 
[INFO] [stdout] failures:
[INFO] [stdout]     holder::tests::test_empty_presentation
[INFO] [stdout]     holder::tests::test_holder_create_presentation
[INFO] [stdout]     holder::tests::test_holder_create_presentation_multiple_claims
[INFO] [stdout]     holder::tests::test_holder_create_presentation_with_kb
[INFO] [stdout]     holder::tests::test_holder_parse_sd_jwt
[INFO] [stdout]     issuer::tests::test_issue_sd_jwt_with_array_elements
[INFO] [stdout]     issuer::tests::test_issue_sd_jwt_with_decoys
[INFO] [stdout]     issuer::tests::test_issue_simple_sd_jwt
[INFO] [stdout]     issuer::tests::test_reserved_claim_name_rejected
[INFO] [stdout]     issuer::tests::test_sd_jwt_can_be_parsed
[INFO] [stdout]     tests::full_run
[INFO] [stdout]     verifier::tests::test_verify_partial_disclosure
[INFO] [stdout]     verifier::tests::test_verify_simple_sd_jwt
[INFO] [stdout]     verifier::tests::test_verify_wrong_issuer_fails
[INFO] [stdout] 
[INFO] [stdout] test result: FAILED. 46 passed; 14 failed; 0 ignored; 0 measured; 0 filtered out; finished in 0.02s
[INFO] [stdout] 
[INFO] [stderr] error: test failed, to rerun pass `--lib`
[INFO] running `Command { std: "docker" "inspect" "5ef8e01c67e919e54c85e187cacf37a8c6f0567922f42115d5b714b26f222895", kill_on_drop: false }`
[INFO] running `Command { std: "docker" "rm" "-f" "5ef8e01c67e919e54c85e187cacf37a8c6f0567922f42115d5b714b26f222895", kill_on_drop: false }`
[INFO] [stdout] 5ef8e01c67e919e54c85e187cacf37a8c6f0567922f42115d5b714b26f222895
