[INFO] fetching crate scyph-utils 0.1.3...
[INFO] testing scyph-utils-0.1.3 against 1.99.0-beta.8+cargoflags=--release for beta-release-1.100-2
[INFO] extracting crate scyph-utils 0.1.3 into /workspace/builds/worker-1-tc1/source
[INFO] started tweaking crates.io crate scyph-utils 0.1.3
[INFO] finished tweaking crates.io crate scyph-utils 0.1.3
[INFO] tweaked toml for crates.io crate scyph-utils 0.1.3 written to /workspace/builds/worker-1-tc1/source/Cargo.toml
[INFO] validating manifest of crates.io crate scyph-utils 0.1.3 on toolchain 1.99.0-beta.8
[INFO] running `Command { std: CARGO_HOME="/workspace/cargo-home" RUSTUP_HOME="/workspace/rustup-home" "/workspace/cargo-home/bin/cargo" "+1.99.0-beta.8" "metadata" "--manifest-path" "Cargo.toml" "--no-deps", kill_on_drop: false }`
[INFO] crate crates.io crate scyph-utils 0.1.3 already has a lockfile, it will not be regenerated
[INFO] running `Command { std: CARGO_HOME="/workspace/cargo-home" RUSTUP_HOME="/workspace/rustup-home" "/workspace/cargo-home/bin/cargo" "+1.99.0-beta.8" "fetch" "--manifest-path" "Cargo.toml", kill_on_drop: false }`
[INFO] [stderr]     Updating crates.io index
[INFO] [stderr]  Downloading crates ...
[INFO] [stderr]   Downloaded scyph-core v0.1.3
[INFO] running `Command { std: "docker" "create" "-v" "/var/lib/crater-agent-workspace/builds/worker-1-tc1/source:/opt/rustwide/workdir:ro,Z" "-v" "/var/lib/crater-agent-workspace/builds/worker-1-tc1/target:/opt/rustwide/target:rw,Z" "-v" "/var/lib/crater-agent-workspace/cargo-home:/opt/rustwide/cargo-home:ro,Z" "-v" "/var/lib/crater-agent-workspace/rustup-home:/opt/rustwide/rustup-home:ro,Z" "-m" "1610612736" "--network" "none" "ghcr.io/rust-lang/crates-build-env/linux@sha256:77db811e55d90add9212f6832c23229e3de5f1c1f9905e8cb07319ea15df73ac" "sleep" "infinity", kill_on_drop: false }`
[INFO] [stdout] 348b4a060d9d04d460453f1b1dd600a7c06211c2c4e8e0b3e164ff5ca25dd094
[INFO] running `Command { std: "docker" "start" "348b4a060d9d04d460453f1b1dd600a7c06211c2c4e8e0b3e164ff5ca25dd094", kill_on_drop: false }`
[INFO] running `Command { std: "docker" "inspect" "348b4a060d9d04d460453f1b1dd600a7c06211c2c4e8e0b3e164ff5ca25dd094", kill_on_drop: false }`
[INFO] running `Command { std: "docker" "exec" "-e" "SOURCE_DIR=/opt/rustwide/workdir" "-e" "CARGO_HOME=/opt/rustwide/cargo-home" "-e" "RUSTUP_HOME=/opt/rustwide/rustup-home" "-e" "CARGO_TARGET_DIR=/opt/rustwide/target" "-w" "/opt/rustwide/workdir" "--user" "0:0" "348b4a060d9d04d460453f1b1dd600a7c06211c2c4e8e0b3e164ff5ca25dd094" "/opt/rustwide/cargo-home/bin/cargo" "+1.99.0-beta.8" "metadata" "--no-deps" "--format-version=1", kill_on_drop: false }`
[INFO] running `Command { std: "docker" "inspect" "348b4a060d9d04d460453f1b1dd600a7c06211c2c4e8e0b3e164ff5ca25dd094", kill_on_drop: false }`
[INFO] running `Command { std: "docker" "exec" "-e" "SOURCE_DIR=/opt/rustwide/workdir" "-e" "CARGO_HOME=/opt/rustwide/cargo-home" "-e" "RUSTUP_HOME=/opt/rustwide/rustup-home" "-e" "CARGO_TARGET_DIR=/opt/rustwide/target" "-e" "CARGO_INCREMENTAL=0" "-e" "RUST_BACKTRACE=full" "-e" "RUSTFLAGS=--cap-lints=warn" "-e" "RUSTDOCFLAGS=--cap-lints=warn" "-w" "/opt/rustwide/workdir" "--user" "0:0" "348b4a060d9d04d460453f1b1dd600a7c06211c2c4e8e0b3e164ff5ca25dd094" "/opt/rustwide/cargo-home/bin/cargo" "+1.99.0-beta.8" "build" "--frozen" "--message-format=json" "--release", kill_on_drop: false }`
[INFO] [stderr]    Compiling smallvec v1.16.1
[INFO] [stderr]    Compiling serde_core v1.0.229
[INFO] [stderr]    Compiling mio v1.2.3
[INFO] [stderr]    Compiling yoke-derive v0.8.3
[INFO] [stderr]    Compiling syn v2.0.119
[INFO] [stderr]    Compiling num-traits v0.2.19
[INFO] [stderr]    Compiling hybrid-array v0.4.15
[INFO] [stderr]    Compiling futures-util v0.3.34
[INFO] [stderr]    Compiling parking_lot_core v0.9.12
[INFO] [stderr]    Compiling parking_lot v0.12.5
[INFO] [stderr]    Compiling multiversion-macros v0.9.0
[INFO] [stderr]    Compiling encoding_rs v0.8.41
[INFO] [stderr]    Compiling tokio v1.53.1
[INFO] [stderr]    Compiling yoke v0.8.3
[INFO] [stderr]    Compiling zerovec v0.11.8
[INFO] [stderr]    Compiling zerotrie v0.2.5
[INFO] [stderr]    Compiling tinystr v0.8.4
[INFO] [stderr]    Compiling potential_utf v0.1.6
[INFO] [stderr]    Compiling icu_locale_core v2.3.0
[INFO] [stderr]    Compiling multiversion v0.9.0
[INFO] [stderr]    Compiling serde_json v1.0.151
[INFO] [stderr]    Compiling block-buffer v0.12.1
[INFO] [stderr]    Compiling icu_collections v2.3.0
[INFO] [stderr]    Compiling crypto-common v0.2.2
[INFO] [stderr]    Compiling spin v0.9.9
[INFO] [stderr]    Compiling getrandom v0.4.3
[INFO] [stderr]    Compiling digest v0.11.3
[INFO] [stderr]    Compiling icu_provider v2.3.1
[INFO] [stderr]    Compiling icu_properties v2.3.0
[INFO] [stderr]    Compiling icu_normalizer v2.3.0
[INFO] [stderr]    Compiling multer v3.1.0
[INFO] [stderr]    Compiling serde v1.0.229
[INFO] [stderr]    Compiling serde_urlencoded v0.7.1
[INFO] [stderr]    Compiling serde_path_to_error v0.1.20
[INFO] [stderr]    Compiling idna_adapter v1.2.2
[INFO] [stderr]    Compiling idna v1.1.0
[INFO] [stderr]    Compiling num-integer v0.1.47
[INFO] [stderr]    Compiling thiserror-impl v2.0.20
[INFO] [stderr]    Compiling fastrand v2.5.0
[INFO] [stderr]    Compiling chrono v0.4.45
[INFO] [stderr]    Compiling backon v1.6.0
[INFO] [stderr]    Compiling num-bigint v0.5.1
[INFO] [stderr]    Compiling tracing-attributes v0.1.31
[INFO] [stderr]    Compiling thiserror v2.0.20
[INFO] [stderr]    Compiling url v2.5.8
[INFO] [stderr]    Compiling tracing v0.1.44
[INFO] [stderr]    Compiling tokio-util v0.7.19
[INFO] [stderr]    Compiling tower v0.5.3
[INFO] [stderr]    Compiling axum-core v0.5.6
[INFO] [stderr]    Compiling h2 v0.4.19
[INFO] [stderr]    Compiling combine v4.6.8
[INFO] [stderr]    Compiling uuid v1.26.1
[INFO] [stderr]    Compiling async-lock v3.4.2
[INFO] [stderr]    Compiling arc-swap v1.9.2
[INFO] [stderr]    Compiling arcstr v1.2.0
[INFO] [stderr]    Compiling xxhash-rust v0.8.18
[INFO] [stderr]    Compiling sha2 v0.11.0
[INFO] [stderr]    Compiling hmac v0.13.0
[INFO] [stderr]    Compiling hyper v1.11.1
[INFO] [stderr]    Compiling redis v1.7.1
[INFO] [stderr]    Compiling hyper-util v0.1.20
[INFO] [stderr]    Compiling axum v0.8.9
[INFO] [stderr]    Compiling scyph-core v0.1.3
[INFO] [stderr]    Compiling scyph-utils v0.1.3 (/opt/rustwide/workdir)
[INFO] [stderr]     Finished `release` profile [optimized] target(s) in 2m 24s
[INFO] running `Command { std: "docker" "inspect" "348b4a060d9d04d460453f1b1dd600a7c06211c2c4e8e0b3e164ff5ca25dd094", kill_on_drop: false }`
[INFO] running `Command { std: "docker" "exec" "-e" "SOURCE_DIR=/opt/rustwide/workdir" "-e" "CARGO_HOME=/opt/rustwide/cargo-home" "-e" "RUSTUP_HOME=/opt/rustwide/rustup-home" "-e" "CARGO_TARGET_DIR=/opt/rustwide/target" "-e" "CARGO_INCREMENTAL=0" "-e" "RUST_BACKTRACE=full" "-e" "RUSTFLAGS=--cap-lints=warn" "-e" "RUSTDOCFLAGS=--cap-lints=warn" "-w" "/opt/rustwide/workdir" "--user" "0:0" "348b4a060d9d04d460453f1b1dd600a7c06211c2c4e8e0b3e164ff5ca25dd094" "/opt/rustwide/cargo-home/bin/cargo" "+1.99.0-beta.8" "test" "--frozen" "--no-run" "--message-format=json" "--release", kill_on_drop: false }`
[INFO] [stderr]    Compiling scyph-utils v0.1.3 (/opt/rustwide/workdir)
[INFO] [stderr]     Finished `release` profile [optimized] target(s) in 1.32s
[INFO] running `Command { std: "docker" "inspect" "348b4a060d9d04d460453f1b1dd600a7c06211c2c4e8e0b3e164ff5ca25dd094", kill_on_drop: false }`
[INFO] running `Command { std: "docker" "exec" "-e" "SOURCE_DIR=/opt/rustwide/workdir" "-e" "CARGO_HOME=/opt/rustwide/cargo-home" "-e" "RUSTUP_HOME=/opt/rustwide/rustup-home" "-e" "CARGO_TARGET_DIR=/opt/rustwide/target" "-e" "CARGO_INCREMENTAL=0" "-e" "RUST_BACKTRACE=full" "-e" "RUSTFLAGS=--cap-lints=warn" "-e" "RUSTDOCFLAGS=--cap-lints=warn" "-w" "/opt/rustwide/workdir" "--user" "0:0" "348b4a060d9d04d460453f1b1dd600a7c06211c2c4e8e0b3e164ff5ca25dd094" "/opt/rustwide/cargo-home/bin/cargo" "+1.99.0-beta.8" "test" "--frozen" "--release", kill_on_drop: false }`
[INFO] [stderr]     Finished `release` profile [optimized] target(s) in 0.15s
[INFO] [stderr]      Running unittests src/lib.rs (/opt/rustwide/target/release/deps/scyph_utils-905b327781445240)
[INFO] [stdout] 
[INFO] [stdout] running 0 tests
[INFO] [stdout] 
[INFO] [stdout] test result: ok. 0 passed; 0 failed; 0 ignored; 0 measured; 0 filtered out; finished in 0.00s
[INFO] [stdout] 
[INFO] [stderr]    Doc-tests scyph_utils
[INFO] [stdout] 
[INFO] [stdout] running 28 tests
[INFO] [stdout] test src/idempotency/store.rs - idempotency::store (line 29) ... ignored
[INFO] [stdout] test src/idempotency/store.rs - idempotency::store::IdempotencyCheck (line 86) ... ignored
[INFO] [stdout] test src/lib.rs - (line 17) ... ignored
[INFO] [stdout] test src/lib.rs - (line 35) ... ignored
[INFO] [stdout] test src/lib.rs - (line 53) ... ignored
[INFO] [stdout] test src/lib.rs - webhook (line 109) ... ignored
[INFO] [stdout] test src/idempotency/store.rs - idempotency::store::IdempotencyStore (line 120) - compile ... ok
[INFO] [stdout] test src/lib.rs - idempotency (line 87) - compile ... ok
[INFO] [stdout] test src/idempotency/config.rs - idempotency::config::IdempotencyConfig (line 29) ... ok
[INFO] [stdout] test src/lib.rs - webhook (line 133) ... ok
[INFO] [stdout] test src/pagination/params.rs - pagination::params (line 17) ... ignored
[INFO] [stdout] test src/lib.rs - pagination (line 85) ... ok
[INFO] [stdout] test src/lib.rs - pagination (line 106) ... FAILED
[INFO] [stdout] test src/webhook/extractor.rs - webhook::extractor (line 22) ... ignored
[INFO] [stdout] test src/webhook/extractor.rs - webhook::extractor::VerifiedWebhook (line 132) ... ignored
[INFO] [stdout] test src/idempotency/error.rs - idempotency::error::IdempotencyError (line 26) ... ok
[INFO] [stdout] test src/pagination/cursor.rs - pagination::cursor::Cursor::encode (line 21) ... ok
[INFO] [stdout] test src/pagination/error.rs - pagination::error::PaginationError (line 23) ... ok
[INFO] [stdout] test src/pagination/cursor.rs - pagination::cursor::Cursor::build_page (line 79) ... ok
[INFO] [stdout] test src/pagination/params.rs - pagination::params::PageParams (line 59) ... ok
[INFO] [stdout] test src/webhook/error.rs - webhook::error::WebhookError (line 22) ... ok
[INFO] [stdout] test src/webhook/extractor.rs - webhook::extractor::WebhookConfig (line 79) ... ok
[INFO] [stdout] test src/worker/error.rs - worker::error::WorkerError (line 22) ... ok
[INFO] [stdout] test src/webhook/verifier.rs - webhook::verifier::verify_raw_webhook (line 153) ... ok
[INFO] [stdout] test src/lib.rs - worker (line 88) ... ok
[INFO] [stdout] test src/webhook/verifier.rs - webhook::verifier::verify_webhook (line 66) ... ok
[INFO] [stdout] test src/worker/runner.rs - worker::runner::spawn_worker (line 167) ... ok
[INFO] [stdout] test src/worker/runner.rs - worker::runner::spawn_worker_cancel (line 74) ... ok
[INFO] [stdout] 
[INFO] [stdout] failures:
[INFO] [stdout] 
[INFO] [stdout] ---- src/lib.rs - pagination (line 106) stdout ----
[INFO] [stdout] error[E0599]: no associated function or constant named `new_v4` found for struct `Uuid` in the current scope
[INFO] [stdout]    --> src/lib.rs:116:22
[INFO] [stdout]     |
[INFO] [stdout] 116 |     Item { id: Uuid::new_v4(), name: "Alpha".into() },
[INFO] [stdout]     |                      ^^^^^^ associated function or constant not found in `Uuid`
[INFO] [stdout]     |
[INFO] [stdout] note: if you're trying to build a new `Uuid` consider using one of the following associated functions:
[INFO] [stdout]       uuid::builder::<impl Uuid>::nil
[INFO] [stdout]       uuid::builder::<impl Uuid>::max
[INFO] [stdout]       uuid::builder::<impl Uuid>::from_fields
[INFO] [stdout]       uuid::builder::<impl Uuid>::from_fields_le
[INFO] [stdout]       and 12 others
[INFO] [stdout]    --> /opt/rustwide/cargo-home/registry/src/index.crates.io-1949cf8c6b5b557f/uuid-1.26.1/src/builder.rs:72:5
[INFO] [stdout]     |
[INFO] [stdout]  72 |     pub const fn nil() -> Self {
[INFO] [stdout]     |     ^^^^^^^^^^^^^^^^^^^^^^^^^^
[INFO] [stdout] ...
[INFO] [stdout]  98 |     pub const fn max() -> Self {
[INFO] [stdout]     |     ^^^^^^^^^^^^^^^^^^^^^^^^^^
[INFO] [stdout] ...
[INFO] [stdout] 122 |     pub const fn from_fields(d1: u32, d2: u16, d3: u16, d4: &[u8; 8]) -> Uuid {
[INFO] [stdout]     |     ^^^^^^^^^^^^^^^^^^^^^^^^^^^^^^^^^^^^^^^^^^^^^^^^^^^^^^^^^^^^^^^^^^^^^^^^^
[INFO] [stdout] ...
[INFO] [stdout] 168 |     pub const fn from_fields_le(d1: u32, d2: u16, d3: u16, d4: &[u8; 8]) -> Uuid {
[INFO] [stdout]     |     ^^^^^^^^^^^^^^^^^^^^^^^^^^^^^^^^^^^^^^^^^^^^^^^^^^^^^^^^^^^^^^^^^^^^^^^^^^^^
[INFO] [stdout] help: there is an associated function `new_v7` with a similar name
[INFO] [stdout]    --> /opt/rustwide/cargo-home/registry/src/index.crates.io-1949cf8c6b5b557f/uuid-1.26.1/src/v7.rs:72:5
[INFO] [stdout]     |
[INFO] [stdout]  72 |     pub fn new_v7(ts: Timestamp) -> Self {
[INFO] [stdout]     |     ^^^^^^^^^^^^^^^^^^^^^^^^^^^^^^^^^^^^
[INFO] [stdout] 
[INFO] [stdout] error[E0599]: no associated function or constant named `new_v4` found for struct `Uuid` in the current scope
[INFO] [stdout]    --> src/lib.rs:117:22
[INFO] [stdout]     |
[INFO] [stdout] 117 |     Item { id: Uuid::new_v4(), name: "Beta".into() },
[INFO] [stdout]     |                      ^^^^^^ associated function or constant not found in `Uuid`
[INFO] [stdout]     |
[INFO] [stdout] note: if you're trying to build a new `Uuid` consider using one of the following associated functions:
[INFO] [stdout]       uuid::builder::<impl Uuid>::nil
[INFO] [stdout]       uuid::builder::<impl Uuid>::max
[INFO] [stdout]       uuid::builder::<impl Uuid>::from_fields
[INFO] [stdout]       uuid::builder::<impl Uuid>::from_fields_le
[INFO] [stdout]       and 12 others
[INFO] [stdout]    --> /opt/rustwide/cargo-home/registry/src/index.crates.io-1949cf8c6b5b557f/uuid-1.26.1/src/builder.rs:72:5
[INFO] [stdout]     |
[INFO] [stdout]  72 |     pub const fn nil() -> Self {
[INFO] [stdout]     |     ^^^^^^^^^^^^^^^^^^^^^^^^^^
[INFO] [stdout] ...
[INFO] [stdout]  98 |     pub const fn max() -> Self {
[INFO] [stdout]     |     ^^^^^^^^^^^^^^^^^^^^^^^^^^
[INFO] [stdout] ...
[INFO] [stdout] 122 |     pub const fn from_fields(d1: u32, d2: u16, d3: u16, d4: &[u8; 8]) -> Uuid {
[INFO] [stdout]     |     ^^^^^^^^^^^^^^^^^^^^^^^^^^^^^^^^^^^^^^^^^^^^^^^^^^^^^^^^^^^^^^^^^^^^^^^^^
[INFO] [stdout] ...
[INFO] [stdout] 168 |     pub const fn from_fields_le(d1: u32, d2: u16, d3: u16, d4: &[u8; 8]) -> Uuid {
[INFO] [stdout]     |     ^^^^^^^^^^^^^^^^^^^^^^^^^^^^^^^^^^^^^^^^^^^^^^^^^^^^^^^^^^^^^^^^^^^^^^^^^^^^
[INFO] [stdout] help: there is an associated function `new_v7` with a similar name
[INFO] [stdout]    --> /opt/rustwide/cargo-home/registry/src/index.crates.io-1949cf8c6b5b557f/uuid-1.26.1/src/v7.rs:72:5
[INFO] [stdout]     |
[INFO] [stdout]  72 |     pub fn new_v7(ts: Timestamp) -> Self {
[INFO] [stdout]     |     ^^^^^^^^^^^^^^^^^^^^^^^^^^^^^^^^^^^^
[INFO] [stdout] 
[INFO] [stdout] error: aborting due to 2 previous errors
[INFO] [stdout] 
[INFO] [stdout] For more information about this error, try `rustc --explain E0599`.
[INFO] [stdout] Couldn't compile the test.
[INFO] [stdout] 
[INFO] [stdout] failures:
[INFO] [stdout]     src/lib.rs - pagination (line 106)
[INFO] [stdout] 
[INFO] [stdout] test result: FAILED. 18 passed; 1 failed; 9 ignored; 0 measured; 0 filtered out; finished in 4.21s
[INFO] [stdout] 
[INFO] [stdout] all doctests ran in 4.49s; merged doctests compilation took 0.28s
[INFO] [stderr] error: doctest failed, to rerun pass `--doc`
[INFO] running `Command { std: "docker" "inspect" "348b4a060d9d04d460453f1b1dd600a7c06211c2c4e8e0b3e164ff5ca25dd094", kill_on_drop: false }`
[INFO] running `Command { std: "docker" "rm" "-f" "348b4a060d9d04d460453f1b1dd600a7c06211c2c4e8e0b3e164ff5ca25dd094", kill_on_drop: false }`
[INFO] [stdout] 348b4a060d9d04d460453f1b1dd600a7c06211c2c4e8e0b3e164ff5ca25dd094
