[INFO] fetching crate scyph-realtime 0.1.3...
[INFO] testing scyph-realtime-0.1.3 against 1.100.0-beta.1+cargoflags=--release for beta-release-1.100-2
[INFO] extracting crate scyph-realtime 0.1.3 into /workspace/builds/worker-6-tc2/source
[INFO] started tweaking crates.io crate scyph-realtime 0.1.3
[INFO] removed 0 missing tests
[INFO] finished tweaking crates.io crate scyph-realtime 0.1.3
[INFO] tweaked toml for crates.io crate scyph-realtime 0.1.3 written to /workspace/builds/worker-6-tc2/source/Cargo.toml
[INFO] validating manifest of crates.io crate scyph-realtime 0.1.3 on toolchain 1.100.0-beta.1
[INFO] running `Command { std: CARGO_HOME="/workspace/cargo-home" RUSTUP_HOME="/workspace/rustup-home" "/workspace/cargo-home/bin/cargo" "+1.100.0-beta.1" "metadata" "--manifest-path" "Cargo.toml" "--no-deps", kill_on_drop: false }`
[INFO] crate crates.io crate scyph-realtime 0.1.3 already has a lockfile, it will not be regenerated
[INFO] running `Command { std: CARGO_HOME="/workspace/cargo-home" RUSTUP_HOME="/workspace/rustup-home" "/workspace/cargo-home/bin/cargo" "+1.100.0-beta.1" "fetch" "--manifest-path" "Cargo.toml", kill_on_drop: false }`
[INFO] running `Command { std: "docker" "create" "-v" "/var/lib/crater-agent-workspace/builds/worker-6-tc2/source:/opt/rustwide/workdir:ro,Z" "-v" "/var/lib/crater-agent-workspace/builds/worker-6-tc2/target:/opt/rustwide/target:rw,Z" "-v" "/var/lib/crater-agent-workspace/cargo-home:/opt/rustwide/cargo-home:ro,Z" "-v" "/var/lib/crater-agent-workspace/rustup-home:/opt/rustwide/rustup-home:ro,Z" "-m" "1610612736" "--network" "none" "ghcr.io/rust-lang/crates-build-env/linux@sha256:77db811e55d90add9212f6832c23229e3de5f1c1f9905e8cb07319ea15df73ac" "sleep" "infinity", kill_on_drop: false }`
[INFO] [stdout] cf4018c2d5e10d805ec33fa320480c281e61b7f756b4ecf5e2b6db61eab65b8f
[INFO] running `Command { std: "docker" "start" "cf4018c2d5e10d805ec33fa320480c281e61b7f756b4ecf5e2b6db61eab65b8f", kill_on_drop: false }`
[INFO] running `Command { std: "docker" "inspect" "cf4018c2d5e10d805ec33fa320480c281e61b7f756b4ecf5e2b6db61eab65b8f", kill_on_drop: false }`
[INFO] running `Command { std: "docker" "exec" "-e" "SOURCE_DIR=/opt/rustwide/workdir" "-e" "CARGO_HOME=/opt/rustwide/cargo-home" "-e" "RUSTUP_HOME=/opt/rustwide/rustup-home" "-e" "CARGO_TARGET_DIR=/opt/rustwide/target" "-w" "/opt/rustwide/workdir" "--user" "0:0" "cf4018c2d5e10d805ec33fa320480c281e61b7f756b4ecf5e2b6db61eab65b8f" "/opt/rustwide/cargo-home/bin/cargo" "+1.100.0-beta.1" "metadata" "--no-deps" "--format-version=1", kill_on_drop: false }`
[INFO] running `Command { std: "docker" "inspect" "cf4018c2d5e10d805ec33fa320480c281e61b7f756b4ecf5e2b6db61eab65b8f", kill_on_drop: false }`
[INFO] running `Command { std: "docker" "exec" "-e" "SOURCE_DIR=/opt/rustwide/workdir" "-e" "CARGO_HOME=/opt/rustwide/cargo-home" "-e" "RUSTUP_HOME=/opt/rustwide/rustup-home" "-e" "CARGO_TARGET_DIR=/opt/rustwide/target" "-e" "CARGO_INCREMENTAL=0" "-e" "RUST_BACKTRACE=full" "-e" "RUSTFLAGS=--cap-lints=warn" "-e" "RUSTDOCFLAGS=--cap-lints=warn" "-w" "/opt/rustwide/workdir" "--user" "0:0" "cf4018c2d5e10d805ec33fa320480c281e61b7f756b4ecf5e2b6db61eab65b8f" "/opt/rustwide/cargo-home/bin/cargo" "+1.100.0-beta.1" "build" "--frozen" "--message-format=json" "--release", kill_on_drop: false }`
[INFO] [stderr]    Compiling smallvec v1.16.1
[INFO] [stderr]    Compiling syn v3.0.6
[INFO] [stderr]    Compiling mio v1.2.3
[INFO] [stderr]    Compiling syn v2.0.119
[INFO] [stderr]    Compiling num-traits v0.2.19
[INFO] [stderr]    Compiling encoding_rs v0.8.41
[INFO] [stderr]    Compiling multer v3.1.0
[INFO] [stderr]    Compiling serde_json v1.0.151
[INFO] [stderr]    Compiling event-listener v5.4.2
[INFO] [stderr]    Compiling spin v0.9.9
[INFO] [stderr]    Compiling getrandom v0.4.3
[INFO] [stderr]    Compiling parking_lot_core v0.9.12
[INFO] [stderr]    Compiling serde_path_to_error v0.1.20
[INFO] [stderr]    Compiling event-listener-strategy v0.5.4
[INFO] [stderr]    Compiling fastrand v2.5.0
[INFO] [stderr]    Compiling backon v1.6.0
[INFO] [stderr]    Compiling parking_lot v0.12.5
[INFO] [stderr]    Compiling async-lock v3.4.2
[INFO] [stderr]    Compiling uuid v1.26.1
[INFO] [stderr]    Compiling arc-swap v1.9.2
[INFO] [stderr]    Compiling num-integer v0.1.47
[INFO] [stderr]    Compiling arcstr v1.2.0
[INFO] [stderr]    Compiling xxhash-rust v0.8.18
[INFO] [stderr]    Compiling num-bigint v0.5.1
[INFO] [stderr]    Compiling tracing-attributes v0.1.31
[INFO] [stderr]    Compiling tracing v0.1.44
[INFO] [stderr]    Compiling synstructure v0.14.0
[INFO] [stderr]    Compiling axum-core v0.5.6
[INFO] [stderr]    Compiling zerofrom-derive v0.1.8
[INFO] [stderr]    Compiling yoke-derive v0.8.3
[INFO] [stderr]    Compiling zerovec-derive v0.11.6
[INFO] [stderr]    Compiling displaydoc v0.2.7
[INFO] [stderr]    Compiling tokio-macros v2.7.2
[INFO] [stderr]    Compiling futures-macro v0.3.34
[INFO] [stderr]    Compiling multiversion-macros v0.9.0
[INFO] [stderr]    Compiling tokio v1.53.1
[INFO] [stderr]    Compiling serde_derive v1.0.229
[INFO] [stderr]    Compiling futures-util v0.3.34
[INFO] [stderr]    Compiling multiversion v0.9.0
[INFO] [stderr]    Compiling thiserror-impl v2.0.20
[INFO] [stderr]    Compiling zerofrom v0.1.8
[INFO] [stderr]    Compiling yoke v0.8.3
[INFO] [stderr]    Compiling zerovec v0.11.8
[INFO] [stderr]    Compiling zerotrie v0.2.5
[INFO] [stderr]    Compiling thiserror v2.0.20
[INFO] [stderr]    Compiling tinystr v0.8.4
[INFO] [stderr]    Compiling potential_utf v0.1.6
[INFO] [stderr]    Compiling icu_collections v2.3.0
[INFO] [stderr]    Compiling icu_locale_core v2.3.0
[INFO] [stderr]    Compiling serde v1.0.229
[INFO] [stderr]    Compiling icu_provider v2.3.1
[INFO] [stderr]    Compiling serde_urlencoded v0.7.1
[INFO] [stderr]    Compiling chrono v0.4.45
[INFO] [stderr]    Compiling icu_properties v2.3.0
[INFO] [stderr]    Compiling icu_normalizer v2.3.0
[INFO] [stderr]    Compiling idna_adapter v1.2.2
[INFO] [stderr]    Compiling idna v1.1.0
[INFO] [stderr]    Compiling url v2.5.8
[INFO] [stderr]    Compiling tokio-util v0.7.19
[INFO] [stderr]    Compiling tower v0.5.3
[INFO] [stderr]    Compiling h2 v0.4.19
[INFO] [stderr]    Compiling combine v4.6.8
[INFO] [stderr]    Compiling hyper v1.11.1
[INFO] [stderr]    Compiling redis v1.7.1
[INFO] [stderr]    Compiling hyper-util v0.1.20
[INFO] [stderr]    Compiling axum v0.8.9
[INFO] [stderr]    Compiling scyph-core v0.1.3
[INFO] [stderr]    Compiling scyph-realtime v0.1.3 (/opt/rustwide/workdir)
[INFO] [stderr]     Finished `release` profile [optimized] target(s) in 2m 28s
[INFO] running `Command { std: "docker" "inspect" "cf4018c2d5e10d805ec33fa320480c281e61b7f756b4ecf5e2b6db61eab65b8f", kill_on_drop: false }`
[INFO] running `Command { std: "docker" "exec" "-e" "SOURCE_DIR=/opt/rustwide/workdir" "-e" "CARGO_HOME=/opt/rustwide/cargo-home" "-e" "RUSTUP_HOME=/opt/rustwide/rustup-home" "-e" "CARGO_TARGET_DIR=/opt/rustwide/target" "-e" "CARGO_INCREMENTAL=0" "-e" "RUST_BACKTRACE=full" "-e" "RUSTFLAGS=--cap-lints=warn" "-e" "RUSTDOCFLAGS=--cap-lints=warn" "-w" "/opt/rustwide/workdir" "--user" "0:0" "cf4018c2d5e10d805ec33fa320480c281e61b7f756b4ecf5e2b6db61eab65b8f" "/opt/rustwide/cargo-home/bin/cargo" "+1.100.0-beta.1" "test" "--frozen" "--no-run" "--message-format=json" "--release", kill_on_drop: false }`
[INFO] [stderr]    Compiling scyph-realtime v0.1.3 (/opt/rustwide/workdir)
[INFO] [stderr]     Finished `release` profile [optimized] target(s) in 4.18s
[INFO] running `Command { std: "docker" "inspect" "cf4018c2d5e10d805ec33fa320480c281e61b7f756b4ecf5e2b6db61eab65b8f", kill_on_drop: false }`
[INFO] running `Command { std: "docker" "exec" "-e" "SOURCE_DIR=/opt/rustwide/workdir" "-e" "CARGO_HOME=/opt/rustwide/cargo-home" "-e" "RUSTUP_HOME=/opt/rustwide/rustup-home" "-e" "CARGO_TARGET_DIR=/opt/rustwide/target" "-e" "CARGO_INCREMENTAL=0" "-e" "RUST_BACKTRACE=full" "-e" "RUSTFLAGS=--cap-lints=warn" "-e" "RUSTDOCFLAGS=--cap-lints=warn" "-w" "/opt/rustwide/workdir" "--user" "0:0" "cf4018c2d5e10d805ec33fa320480c281e61b7f756b4ecf5e2b6db61eab65b8f" "/opt/rustwide/cargo-home/bin/cargo" "+1.100.0-beta.1" "test" "--frozen" "--release", kill_on_drop: false }`
[INFO] [stderr]     Finished `release` profile [optimized] target(s) in 0.14s
[INFO] [stderr]      Running unittests src/lib.rs (/opt/rustwide/target/release/build/scyph-realtime/c25a8287fbcb1698/out/scyph_realtime-c25a8287fbcb1698)
[INFO] [stdout] 
[INFO] [stderr]      Running tests/realtime_test.rs (/opt/rustwide/target/release/build/scyph-realtime/a7b3eef54277644a/out/realtime_test-a7b3eef54277644a)
[INFO] [stdout] running 0 tests
[INFO] [stdout] 
[INFO] [stdout] test result: ok. 0 passed; 0 failed; 0 ignored; 0 measured; 0 filtered out; finished in 0.00s
[INFO] [stdout] 
[INFO] [stdout] 
[INFO] [stdout] running 7 tests
[INFO] [stdout] test test_connection_registry_lifecycle ... ok
[INFO] [stdout] test test_realtime_payload_trait ... ok
[INFO] [stdout] test test_realtime_config_from_env_defaults ... ok
[INFO] [stdout] test test_subscriber_cancellation_token ... ok
[INFO] [stdout] test test_realtime_event_serialization_and_decoding ... ok
[INFO] [stdout] test test_global_broadcast_registry ... ok
[INFO] [stdout] test test_realtime_session_raii_guard ... ok
[INFO] [stdout] 
[INFO] [stdout] test result: ok. 7 passed; 0 failed; 0 ignored; 0 measured; 0 filtered out; finished in 0.05s
[INFO] [stdout] 
[INFO] [stderr]    Doc-tests scyph_realtime
[INFO] [stdout] 
[INFO] [stdout] running 17 tests
[INFO] [stdout] test src/broadcaster.rs - broadcaster::RealtimeBroadcaster (line 41) ... ignored
[INFO] [stdout] test src/broadcaster.rs - broadcaster::RealtimeBroadcaster::connect_session (line 144) ... ignored
[INFO] [stdout] test src/broadcaster.rs - broadcaster::RealtimeBroadcaster::publish (line 189) ... ignored
[INFO] [stdout] test src/broadcaster.rs - broadcaster::RealtimeBroadcaster::publish_payload (line 222) ... ignored
[INFO] [stdout] test src/broadcaster.rs - broadcaster::RealtimeBroadcaster::start_subscriber (line 353) ... ignored
[INFO] [stdout] test src/config.rs - config::RealtimeConfig (line 28) ... ignored
[INFO] [stdout] test src/config.rs - config::RealtimeConfig (line 46) ... ignored
[INFO] [stdout] test src/error.rs - error::RealtimeError (line 23) ... ignored
[INFO] [stdout] test src/event.rs - event::decode_event (line 196) ... ignored
[INFO] [stdout] test src/lib.rs - (line 46) ... ignored
[INFO] [stdout] test src/lib.rs - (line 98) ... ignored
[INFO] [stdout] test src/registry.rs - registry::ConnectionRegistry (line 57) ... ignored
[INFO] [stdout] test src/session.rs - session::RealtimeSession (line 35) ... ignored
[INFO] [stdout] test src/event.rs - event::RealtimePayload (line 17) ... ok
[INFO] [stdout] test src/config.rs - config::RealtimeConfig (line 37) ... ok
[INFO] [stdout] test src/config.rs - config::RealtimeConfig::new (line 144) ... ok
[INFO] [stdout] test src/event.rs - event::RealtimeEvent (line 71) ... FAILED
[INFO] [stdout] 
[INFO] [stdout] failures:
[INFO] [stdout] 
[INFO] [stdout] ---- src/event.rs - event::RealtimeEvent (line 71) stdout ----
[INFO] [stdout] error[E0599]: no associated function or constant named `new_v4` found for struct `Uuid` in the current scope
[INFO] [stdout]    --> src/event.rs:80:21
[INFO] [stdout]     |
[INFO] [stdout]  80 | let user_id = Uuid::new_v4();
[INFO] [stdout]     |                     ^^^^^^ associated function or constant not found in `Uuid`
[INFO] [stdout]     |
[INFO] [stdout] note: if you're trying to build a new `Uuid` consider using one of the following associated functions:
[INFO] [stdout]       uuid::builder::<impl Uuid>::nil
[INFO] [stdout]       uuid::builder::<impl Uuid>::max
[INFO] [stdout]       uuid::builder::<impl Uuid>::from_fields
[INFO] [stdout]       uuid::builder::<impl Uuid>::from_fields_le
[INFO] [stdout]       and 12 others
[INFO] [stdout]    --> /opt/rustwide/cargo-home/registry/src/index.crates.io-1949cf8c6b5b557f/uuid-1.26.1/src/builder.rs:72:5
[INFO] [stdout]     |
[INFO] [stdout]  72 |     pub const fn nil() -> Self {
[INFO] [stdout]     |     ^^^^^^^^^^^^^^^^^^^^^^^^^^
[INFO] [stdout] ...
[INFO] [stdout]  98 |     pub const fn max() -> Self {
[INFO] [stdout]     |     ^^^^^^^^^^^^^^^^^^^^^^^^^^
[INFO] [stdout] ...
[INFO] [stdout] 122 |     pub const fn from_fields(d1: u32, d2: u16, d3: u16, d4: &[u8; 8]) -> Uuid {
[INFO] [stdout]     |     ^^^^^^^^^^^^^^^^^^^^^^^^^^^^^^^^^^^^^^^^^^^^^^^^^^^^^^^^^^^^^^^^^^^^^^^^^
[INFO] [stdout] ...
[INFO] [stdout] 168 |     pub const fn from_fields_le(d1: u32, d2: u16, d3: u16, d4: &[u8; 8]) -> Uuid {
[INFO] [stdout]     |     ^^^^^^^^^^^^^^^^^^^^^^^^^^^^^^^^^^^^^^^^^^^^^^^^^^^^^^^^^^^^^^^^^^^^^^^^^^^^
[INFO] [stdout] help: there is an associated function `new_v7` with a similar name
[INFO] [stdout]    --> /opt/rustwide/cargo-home/registry/src/index.crates.io-1949cf8c6b5b557f/uuid-1.26.1/src/v7.rs:72:5
[INFO] [stdout]     |
[INFO] [stdout]  72 |     pub fn new_v7(ts: Timestamp) -> Self {
[INFO] [stdout]     |     ^^^^^^^^^^^^^^^^^^^^^^^^^^^^^^^^^^^^
[INFO] [stdout] 
[INFO] [stdout] error: aborting due to 1 previous error
[INFO] [stdout] 
[INFO] [stdout] For more information about this error, try `rustc --explain E0599`.
[INFO] [stdout] Couldn't compile the test.
[INFO] [stdout] 
[INFO] [stdout] failures:
[INFO] [stdout]     src/event.rs - event::RealtimeEvent (line 71)
[INFO] [stdout] 
[INFO] [stdout] test result: FAILED. 3 passed; 1 failed; 13 ignored; 0 measured; 0 filtered out; finished in 0.37s
[INFO] [stdout] 
[INFO] [stdout] all doctests ran in 0.57s; merged doctests compilation took 0.20s
[INFO] [stderr] error: doctest failed, to rerun pass `--doc`
[INFO] running `Command { std: "docker" "inspect" "cf4018c2d5e10d805ec33fa320480c281e61b7f756b4ecf5e2b6db61eab65b8f", kill_on_drop: false }`
[INFO] running `Command { std: "docker" "rm" "-f" "cf4018c2d5e10d805ec33fa320480c281e61b7f756b4ecf5e2b6db61eab65b8f", kill_on_drop: false }`
[INFO] [stdout] cf4018c2d5e10d805ec33fa320480c281e61b7f756b4ecf5e2b6db61eab65b8f
