[INFO] fetching crate scylla_orm 0.1.0...
[INFO] testing scylla_orm-0.1.0 against 1.100.0-beta.1+cargoflags=--release for beta-release-1.100-2
[INFO] extracting crate scylla_orm 0.1.0 into /workspace/builds/worker-6-tc2/source
[INFO] started tweaking crates.io crate scylla_orm 0.1.0
[INFO] finished tweaking crates.io crate scylla_orm 0.1.0
[INFO] tweaked toml for crates.io crate scylla_orm 0.1.0 written to /workspace/builds/worker-6-tc2/source/Cargo.toml
[INFO] validating manifest of crates.io crate scylla_orm 0.1.0 on toolchain 1.100.0-beta.1
[INFO] running `Command { std: CARGO_HOME="/workspace/cargo-home" RUSTUP_HOME="/workspace/rustup-home" "/workspace/cargo-home/bin/cargo" "+1.100.0-beta.1" "metadata" "--manifest-path" "Cargo.toml" "--no-deps", kill_on_drop: false }`
[INFO] running `Command { std: CARGO_HOME="/workspace/cargo-home" RUSTUP_HOME="/workspace/rustup-home" "/workspace/cargo-home/bin/cargo" "+1.100.0-beta.1" "generate-lockfile" "--manifest-path" "Cargo.toml", kill_on_drop: false }`
[INFO] [stderr]     Updating crates.io index
[INFO] [stderr]      Locking 101 packages to highest compatible versions
[INFO] [stderr]       Adding heck v0.3.3 (available: v0.5.0)
[INFO] [stderr]       Adding scylla v0.3.1 (available: v1.9.0)
[INFO] [stderr]       Adding thiserror v1.0.69 (available: v2.0.21)
[INFO] [stderr]       Adding uuid v0.8.2 (available: v1.28.0)
[INFO] running `Command { std: CARGO_HOME="/workspace/cargo-home" RUSTUP_HOME="/workspace/rustup-home" "/workspace/cargo-home/bin/cargo" "+1.100.0-beta.1" "fetch" "--manifest-path" "Cargo.toml", kill_on_drop: false }`
[INFO] running `Command { std: "docker" "create" "-v" "/var/lib/crater-agent-workspace/builds/worker-6-tc2/source:/opt/rustwide/workdir:ro,Z" "-v" "/var/lib/crater-agent-workspace/builds/worker-6-tc2/target:/opt/rustwide/target:rw,Z" "-v" "/var/lib/crater-agent-workspace/cargo-home:/opt/rustwide/cargo-home:ro,Z" "-v" "/var/lib/crater-agent-workspace/rustup-home:/opt/rustwide/rustup-home:ro,Z" "-m" "1610612736" "--network" "none" "ghcr.io/rust-lang/crates-build-env/linux@sha256:77db811e55d90add9212f6832c23229e3de5f1c1f9905e8cb07319ea15df73ac" "sleep" "infinity", kill_on_drop: false }`
[INFO] [stdout] 600154d65b3839798e71d72f4567cf5bfed55339f57fb44bf3b60a09befbf7cb
[INFO] running `Command { std: "docker" "start" "600154d65b3839798e71d72f4567cf5bfed55339f57fb44bf3b60a09befbf7cb", kill_on_drop: false }`
[INFO] running `Command { std: "docker" "inspect" "600154d65b3839798e71d72f4567cf5bfed55339f57fb44bf3b60a09befbf7cb", kill_on_drop: false }`
[INFO] running `Command { std: "docker" "exec" "-e" "SOURCE_DIR=/opt/rustwide/workdir" "-e" "CARGO_HOME=/opt/rustwide/cargo-home" "-e" "RUSTUP_HOME=/opt/rustwide/rustup-home" "-e" "CARGO_TARGET_DIR=/opt/rustwide/target" "-w" "/opt/rustwide/workdir" "--user" "0:0" "600154d65b3839798e71d72f4567cf5bfed55339f57fb44bf3b60a09befbf7cb" "/opt/rustwide/cargo-home/bin/cargo" "+1.100.0-beta.1" "metadata" "--no-deps" "--format-version=1", kill_on_drop: false }`
[INFO] running `Command { std: "docker" "inspect" "600154d65b3839798e71d72f4567cf5bfed55339f57fb44bf3b60a09befbf7cb", kill_on_drop: false }`
[INFO] running `Command { std: "docker" "exec" "-e" "SOURCE_DIR=/opt/rustwide/workdir" "-e" "CARGO_HOME=/opt/rustwide/cargo-home" "-e" "RUSTUP_HOME=/opt/rustwide/rustup-home" "-e" "CARGO_TARGET_DIR=/opt/rustwide/target" "-e" "CARGO_INCREMENTAL=0" "-e" "RUST_BACKTRACE=full" "-e" "RUSTFLAGS=--cap-lints=warn" "-e" "RUSTDOCFLAGS=--cap-lints=warn" "-w" "/opt/rustwide/workdir" "--user" "0:0" "600154d65b3839798e71d72f4567cf5bfed55339f57fb44bf3b60a09befbf7cb" "/opt/rustwide/cargo-home/bin/cargo" "+1.100.0-beta.1" "build" "--frozen" "--message-format=json" "--release", kill_on_drop: false }`
[INFO] [stderr]    Compiling num-bigint v0.3.3
[INFO] [stderr]    Compiling syn v3.0.9
[INFO] [stderr]    Compiling syn v2.0.119
[INFO] [stderr]    Compiling num-rational v0.3.2
[INFO] [stderr]    Compiling getrandom v0.1.16
[INFO] [stderr]    Compiling num-integer v0.1.47
[INFO] [stderr]    Compiling futures-sink v0.3.34
[INFO] [stderr]    Compiling syn v1.0.109
[INFO] [stderr]    Compiling futures-channel v0.3.34
[INFO] [stderr]    Compiling rand_core v0.5.1
[INFO] [stderr]    Compiling getrandom v0.2.17
[INFO] [stderr]    Compiling num-complex v0.3.1
[INFO] [stderr]    Compiling snap v1.1.2
[INFO] [stderr]    Compiling num-iter v0.1.46
[INFO] [stderr]    Compiling rand_chacha v0.2.2
[INFO] [stderr]    Compiling rand_core v0.6.4
[INFO] [stderr]    Compiling rand v0.7.3
[INFO] [stderr]    Compiling rand_chacha v0.3.1
[INFO] [stderr]    Compiling mio v1.2.4
[INFO] [stderr]    Compiling socket2 v0.6.5
[INFO] [stderr]    Compiling either v1.19.0
[INFO] [stderr]    Compiling itertools v0.10.5
[INFO] [stderr]    Compiling chrono v0.4.45
[INFO] [stderr]    Compiling rand v0.8.8
[INFO] [stderr]    Compiling num_enum_derive v0.5.11
[INFO] [stderr]    Compiling num v0.3.1
[INFO] [stderr]    Compiling compress v0.2.1
[INFO] [stderr]    Compiling num_enum v0.5.11
[INFO] [stderr]    Compiling scylla-macros v0.1.2
[INFO] [stderr]    Compiling bigdecimal v0.2.2
[INFO] [stderr]    Compiling dashmap v4.0.2
[INFO] [stderr]    Compiling arc-swap v1.9.3
[INFO] [stderr]    Compiling unicode-segmentation v1.13.3
[INFO] [stderr]    Compiling uuid v0.8.2
[INFO] [stderr]    Compiling histogram v0.6.9
[INFO] [stderr]    Compiling heck v0.3.3
[INFO] [stderr]    Compiling tracing-attributes v0.1.31
[INFO] [stderr]    Compiling thiserror-impl v1.0.69
[INFO] [stderr]    Compiling futures-macro v0.3.34
[INFO] [stderr]    Compiling tokio-macros v2.7.2
[INFO] [stderr]    Compiling tracing v0.1.44
[INFO] [stderr]    Compiling tokio v1.53.3
[INFO] [stderr]    Compiling thiserror v1.0.69
[INFO] [stderr]    Compiling futures-util v0.3.34
[INFO] [stderr]    Compiling futures-executor v0.3.34
[INFO] [stderr]    Compiling futures v0.3.34
[INFO] [stderr]    Compiling scylla v0.3.1
[INFO] [stderr]    Compiling scylla_orm v0.1.0 (/opt/rustwide/workdir)
[INFO] [stderr]     Finished `release` profile [optimized] target(s) in 1m 21s
[INFO] running `Command { std: "docker" "inspect" "600154d65b3839798e71d72f4567cf5bfed55339f57fb44bf3b60a09befbf7cb", kill_on_drop: false }`
[INFO] running `Command { std: "docker" "exec" "-e" "SOURCE_DIR=/opt/rustwide/workdir" "-e" "CARGO_HOME=/opt/rustwide/cargo-home" "-e" "RUSTUP_HOME=/opt/rustwide/rustup-home" "-e" "CARGO_TARGET_DIR=/opt/rustwide/target" "-e" "CARGO_INCREMENTAL=0" "-e" "RUST_BACKTRACE=full" "-e" "RUSTFLAGS=--cap-lints=warn" "-e" "RUSTDOCFLAGS=--cap-lints=warn" "-w" "/opt/rustwide/workdir" "--user" "0:0" "600154d65b3839798e71d72f4567cf5bfed55339f57fb44bf3b60a09befbf7cb" "/opt/rustwide/cargo-home/bin/cargo" "+1.100.0-beta.1" "test" "--frozen" "--no-run" "--message-format=json" "--release", kill_on_drop: false }`
[INFO] [stderr]    Compiling scylla_orm v0.1.0 (/opt/rustwide/workdir)
[INFO] [stderr]     Finished `release` profile [optimized] target(s) in 13.64s
[INFO] running `Command { std: "docker" "inspect" "600154d65b3839798e71d72f4567cf5bfed55339f57fb44bf3b60a09befbf7cb", kill_on_drop: false }`
[INFO] running `Command { std: "docker" "exec" "-e" "SOURCE_DIR=/opt/rustwide/workdir" "-e" "CARGO_HOME=/opt/rustwide/cargo-home" "-e" "RUSTUP_HOME=/opt/rustwide/rustup-home" "-e" "CARGO_TARGET_DIR=/opt/rustwide/target" "-e" "CARGO_INCREMENTAL=0" "-e" "RUST_BACKTRACE=full" "-e" "RUSTFLAGS=--cap-lints=warn" "-e" "RUSTDOCFLAGS=--cap-lints=warn" "-w" "/opt/rustwide/workdir" "--user" "0:0" "600154d65b3839798e71d72f4567cf5bfed55339f57fb44bf3b60a09befbf7cb" "/opt/rustwide/cargo-home/bin/cargo" "+1.100.0-beta.1" "test" "--frozen" "--release", kill_on_drop: false }`
[INFO] [stderr]     Finished `release` profile [optimized] target(s) in 0.18s
[INFO] [stderr]      Running unittests src/lib.rs (/opt/rustwide/target/release/build/scylla_orm/b6f7546ac99bb085/out/scylla_orm-b6f7546ac99bb085)
[INFO] [stdout] 
[INFO] [stdout] running 3 tests
[INFO] [stdout] test sort::test::test_sort_columns ... ok
[INFO] [stdout] test runtime::tests::it_works ... FAILED
[INFO] [stdout] test materialized_view::test::materialized_view ... FAILED
[INFO] [stdout] 
[INFO] [stdout] failures:
[INFO] [stdout] 
[INFO] [stdout] ---- runtime::tests::it_works stdout ----
[INFO] [stdout] 
[INFO] [stdout] thread 'runtime::tests::it_works' (946) panicked at src/runtime.rs:85:10:
[INFO] [stdout] called `Result::unwrap()` on an `Err` value: IoError(Custom { kind: Other, error: "No connections in the pool" })
[INFO] [stdout] stack backtrace:
[INFO] [stdout]    0:     0x5a2805bb9511 - <<std[617be2ca0a6fd877]::sys::backtrace::BacktraceLock>::print::DisplayBacktrace as core[a373ad73a504971]::fmt::Display>::fmt
[INFO] [stdout]    1:     0x5a2805bd13aa - core[a373ad73a504971]::fmt::write
[INFO] [stdout]    2:     0x5a2805bbdedc - <alloc[2e1b2a31b91974c5]::vec::Vec<u8> as core[a373ad73a504971]::io::write::Write>::write_fmt
[INFO] [stdout]    3:     0x5a2805b94a86 - std[617be2ca0a6fd877]::panicking::default_hook::{closure#0}
[INFO] [stdout]    4:     0x5a2805bb1529 - std[617be2ca0a6fd877]::panicking::default_hook
[INFO] [stdout]    5:     0x5a2805aba700 - test[aada8e7e76ba119b]::test_main_inner::{closure#0}
[INFO] [stdout]    6:     0x5a2805bb1852 - std[617be2ca0a6fd877]::panicking::panic_with_hook
[INFO] [stdout]    7:     0x5a2805b94b32 - std[617be2ca0a6fd877]::panicking::panic_handler::{closure#0}
[INFO] [stdout]    8:     0x5a2805b8d769 - std[617be2ca0a6fd877]::sys::backtrace::__rust_end_short_backtrace::<std[617be2ca0a6fd877]::panicking::panic_handler::{closure#0}, !>
[INFO] [stdout]    9:     0x5a2805b9592d - __rustc[ea4f61d10b84890b]::rust_begin_unwind
[INFO] [stdout]   10:     0x5a2805bd1b0c - core[a373ad73a504971]::panicking::panic_fmt
[INFO] [stdout]   11:     0x5a2805bd18e2 - core[a373ad73a504971]::result::unwrap_failed
[INFO] [stdout]   12:     0x5a2805a39094 - <tokio[b2d2e32c180debc]::runtime::park::CachedParkThread>::block_on::<scylla_orm[d27f9a60c6920910]::runtime::create_connection::{closure#0}>
[INFO] [stdout]   13:     0x5a2805a77251 - tokio[b2d2e32c180debc]::runtime::context::runtime::enter_runtime::<<tokio[b2d2e32c180debc]::runtime::scheduler::multi_thread::MultiThread>::block_on<scylla_orm[d27f9a60c6920910]::runtime::create_connection::{closure#0}>::{closure#0}, scylla[451e002f658d2d84]::transport::session::Session>
[INFO] [stdout]   14:     0x5a2805a6be3b - <tokio[b2d2e32c180debc]::runtime::runtime::Runtime>::block_on::<scylla_orm[d27f9a60c6920910]::runtime::create_connection::{closure#0}>
[INFO] [stdout]   15:     0x5a2805a8eadb - <scylla_orm[d27f9a60c6920910]::runtime::GLOBAL_CONNECTION::{closure#0} as core[a373ad73a504971]::ops::function::FnOnce<()>>::call_once
[INFO] [stdout]   16:     0x5a2805a8d136 - <once_cell[27dfcff84a4435be]::imp::OnceCell<scylla[451e002f658d2d84]::transport::session::Session>>::initialize::<<once_cell[27dfcff84a4435be]::sync::OnceCell<scylla[451e002f658d2d84]::transport::session::Session>>::get_or_init<<once_cell[27dfcff84a4435be]::sync::Lazy<scylla[451e002f658d2d84]::transport::session::Session>>::force::{closure#0}>::{closure#0}, <once_cell[27dfcff84a4435be]::sync::OnceCell<_>>::get_or_init::Void>::{closure#0}
[INFO] [stdout]   17:     0x5a2805b5787f - once_cell[27dfcff84a4435be]::imp::initialize_or_wait
[INFO] [stdout]   18:     0x5a2805a88d32 - <once_cell[27dfcff84a4435be]::imp::OnceCell<scylla[451e002f658d2d84]::transport::session::Session>>::initialize::<<once_cell[27dfcff84a4435be]::sync::OnceCell<scylla[451e002f658d2d84]::transport::session::Session>>::get_or_init<<once_cell[27dfcff84a4435be]::sync::Lazy<scylla[451e002f658d2d84]::transport::session::Session>>::force::{closure#0}>::{closure#0}, <once_cell[27dfcff84a4435be]::sync::OnceCell<_>>::get_or_init::Void>
[INFO] [stdout]   19:     0x5a2805a8ccd6 - scylla_orm[d27f9a60c6920910]::runtime::query::<alloc[2e1b2a31b91974c5]::string::String, &[u8; 0usize]>
[INFO] [stdout]   20:     0x5a2805a72f66 - <scylla_orm[d27f9a60c6920910]::runtime::tests::it_works::{closure#0} as core[a373ad73a504971]::ops::function::FnOnce<()>>::call_once
[INFO] [stdout]   21:     0x5a2805aadb4b - test[aada8e7e76ba119b]::__rust_begin_short_backtrace::<core[a373ad73a504971]::result::Result<(), alloc[2e1b2a31b91974c5]::string::String>, fn() -> core[a373ad73a504971]::result::Result<(), alloc[2e1b2a31b91974c5]::string::String>>
[INFO] [stdout]   22:     0x5a2805abad25 - test[aada8e7e76ba119b]::run_test::{closure#0}
[INFO] [stdout]   23:     0x5a2805ab4614 - std[617be2ca0a6fd877]::sys::backtrace::__rust_begin_short_backtrace::<test[aada8e7e76ba119b]::run_test::{closure#1}, ()>
[INFO] [stdout]   24:     0x5a2805abddb2 - <std[617be2ca0a6fd877]::thread::lifecycle::spawn_unchecked<test[aada8e7e76ba119b]::run_test::{closure#1}, ()>::{closure#1} as core[a373ad73a504971]::ops::function::FnOnce<()>>::call_once::{shim:vtable#0}
[INFO] [stdout]   25:     0x5a2805bb89bf - <std[617be2ca0a6fd877]::sys::thread::unix::Thread>::new::thread_start
[INFO] [stdout]   26:     0x71d0bf026dfa - <unknown>
[INFO] [stdout]   27:     0x71d0bf0ba3d4 - clone
[INFO] [stdout]   28:                0x0 - <unknown>
[INFO] [stdout] 
[INFO] [stdout] ---- materialized_view::test::materialized_view stdout ----
[INFO] [stdout] 
[INFO] [stdout] thread 'materialized_view::test::materialized_view' (945) panicked at /opt/rustwide/cargo-home/registry/src/index.crates.io-1949cf8c6b5b557f/once_cell-1.21.4/src/lib.rs:1321:25:
[INFO] [stdout] Lazy instance has previously been poisoned
[INFO] [stdout] stack backtrace:
[INFO] [stdout]    0:     0x5a2805bb9511 - <<std[617be2ca0a6fd877]::sys::backtrace::BacktraceLock>::print::DisplayBacktrace as core[a373ad73a504971]::fmt::Display>::fmt
[INFO] [stdout]    1:     0x5a2805bd13aa - core[a373ad73a504971]::fmt::write
[INFO] [stdout]    2:     0x5a2805bbdedc - <alloc[2e1b2a31b91974c5]::vec::Vec<u8> as core[a373ad73a504971]::io::write::Write>::write_fmt
[INFO] [stdout]    3:     0x5a2805b94a86 - std[617be2ca0a6fd877]::panicking::default_hook::{closure#0}
[INFO] [stdout]    4:     0x5a2805bb1529 - std[617be2ca0a6fd877]::panicking::default_hook
[INFO] [stdout]    5:     0x5a2805aba700 - test[aada8e7e76ba119b]::test_main_inner::{closure#0}
[INFO] [stdout]    6:     0x5a2805bb1852 - std[617be2ca0a6fd877]::panicking::panic_with_hook
[INFO] [stdout]    7:     0x5a2805b94b64 - std[617be2ca0a6fd877]::panicking::panic_handler::{closure#0}
[INFO] [stdout]    8:     0x5a2805b8d769 - std[617be2ca0a6fd877]::sys::backtrace::__rust_end_short_backtrace::<std[617be2ca0a6fd877]::panicking::panic_handler::{closure#0}, !>
[INFO] [stdout]    9:     0x5a2805b9592d - __rustc[ea4f61d10b84890b]::rust_begin_unwind
[INFO] [stdout]   10:     0x5a2805bd1b0c - core[a373ad73a504971]::panicking::panic_fmt
[INFO] [stdout]   11:     0x5a2805a8d1b6 - <once_cell[27dfcff84a4435be]::imp::OnceCell<scylla[451e002f658d2d84]::transport::session::Session>>::initialize::<<once_cell[27dfcff84a4435be]::sync::OnceCell<scylla[451e002f658d2d84]::transport::session::Session>>::get_or_init<<once_cell[27dfcff84a4435be]::sync::Lazy<scylla[451e002f658d2d84]::transport::session::Session>>::force::{closure#0}>::{closure#0}, <once_cell[27dfcff84a4435be]::sync::OnceCell<_>>::get_or_init::Void>::{closure#0}
[INFO] [stdout]   12:     0x5a2805b5787f - once_cell[27dfcff84a4435be]::imp::initialize_or_wait
[INFO] [stdout]   13:     0x5a2805a88d32 - <once_cell[27dfcff84a4435be]::imp::OnceCell<scylla[451e002f658d2d84]::transport::session::Session>>::initialize::<<once_cell[27dfcff84a4435be]::sync::OnceCell<scylla[451e002f658d2d84]::transport::session::Session>>::get_or_init<<once_cell[27dfcff84a4435be]::sync::Lazy<scylla[451e002f658d2d84]::transport::session::Session>>::force::{closure#0}>::{closure#0}, <once_cell[27dfcff84a4435be]::sync::OnceCell<_>>::get_or_init::Void>
[INFO] [stdout]   14:     0x5a2805a8ccd6 - scylla_orm[d27f9a60c6920910]::runtime::query::<alloc[2e1b2a31b91974c5]::string::String, &[u8; 0usize]>
[INFO] [stdout]   15:     0x5a2805a888b1 - <scylla_orm[d27f9a60c6920910]::materialized_view::test::materialized_view::{closure#0} as core[a373ad73a504971]::ops::function::FnOnce<()>>::call_once
[INFO] [stdout]   16:     0x5a2805aadb4b - test[aada8e7e76ba119b]::__rust_begin_short_backtrace::<core[a373ad73a504971]::result::Result<(), alloc[2e1b2a31b91974c5]::string::String>, fn() -> core[a373ad73a504971]::result::Result<(), alloc[2e1b2a31b91974c5]::string::String>>
[INFO] [stdout]   17:     0x5a2805abad25 - test[aada8e7e76ba119b]::run_test::{closure#0}
[INFO] [stdout]   18:     0x5a2805ab4614 - std[617be2ca0a6fd877]::sys::backtrace::__rust_begin_short_backtrace::<test[aada8e7e76ba119b]::run_test::{closure#1}, ()>
[INFO] [stdout]   19:     0x5a2805abddb2 - <std[617be2ca0a6fd877]::thread::lifecycle::spawn_unchecked<test[aada8e7e76ba119b]::run_test::{closure#1}, ()>::{closure#1} as core[a373ad73a504971]::ops::function::FnOnce<()>>::call_once::{shim:vtable#0}
[INFO] [stdout]   20:     0x5a2805bb89bf - <std[617be2ca0a6fd877]::sys::thread::unix::Thread>::new::thread_start
[INFO] [stdout]   21:     0x71d0bf026dfa - <unknown>
[INFO] [stdout]   22:     0x71d0bf0ba3d4 - clone
[INFO] [stdout]   23:                0x0 - <unknown>
[INFO] [stdout] 
[INFO] [stdout] 
[INFO] [stdout] failures:
[INFO] [stdout]     materialized_view::test::materialized_view
[INFO] [stdout]     runtime::tests::it_works
[INFO] [stdout] 
[INFO] [stdout] test result: FAILED. 1 passed; 2 failed; 0 ignored; 0 measured; 0 filtered out; finished in 0.00s
[INFO] [stdout] 
[INFO] [stderr] error: test failed, to rerun pass `--lib`
[INFO] running `Command { std: "docker" "inspect" "600154d65b3839798e71d72f4567cf5bfed55339f57fb44bf3b60a09befbf7cb", kill_on_drop: false }`
[INFO] running `Command { std: "docker" "rm" "-f" "600154d65b3839798e71d72f4567cf5bfed55339f57fb44bf3b60a09befbf7cb", kill_on_drop: false }`
[INFO] [stdout] 600154d65b3839798e71d72f4567cf5bfed55339f57fb44bf3b60a09befbf7cb
