[INFO] fetching crate scuffle-transmuxer 0.2.2...
[INFO] testing scuffle-transmuxer-0.2.2 against 1.99.0-beta.8+cargoflags=--release for beta-release-1.100-2
[INFO] extracting crate scuffle-transmuxer 0.2.2 into /workspace/builds/worker-5-tc1/source
[INFO] started tweaking crates.io crate scuffle-transmuxer 0.2.2
[INFO] finished tweaking crates.io crate scuffle-transmuxer 0.2.2
[INFO] tweaked toml for crates.io crate scuffle-transmuxer 0.2.2 written to /workspace/builds/worker-5-tc1/source/Cargo.toml
[INFO] validating manifest of crates.io crate scuffle-transmuxer 0.2.2 on toolchain 1.99.0-beta.8
[INFO] running `Command { std: CARGO_HOME="/workspace/cargo-home" RUSTUP_HOME="/workspace/rustup-home" "/workspace/cargo-home/bin/cargo" "+1.99.0-beta.8" "metadata" "--manifest-path" "Cargo.toml" "--no-deps", kill_on_drop: false }`
[INFO] crate crates.io crate scuffle-transmuxer 0.2.2 already has a lockfile, it will not be regenerated
[INFO] running `Command { std: CARGO_HOME="/workspace/cargo-home" RUSTUP_HOME="/workspace/rustup-home" "/workspace/cargo-home/bin/cargo" "+1.99.0-beta.8" "fetch" "--manifest-path" "Cargo.toml", kill_on_drop: false }`
[INFO] [stderr]     Blocking waiting for file lock on package cache
[INFO] [stderr]     Updating crates.io index
[INFO] [stderr]     Blocking waiting for file lock on package cache
[INFO] [stderr]  Downloading crates ...
[INFO] [stderr]   Downloaded serde_derive v1.0.219
[INFO] [stderr]   Downloaded thiserror v2.0.12
[INFO] [stderr]   Downloaded itoa v1.0.15
[INFO] [stderr]   Downloaded scuffle-expgolomb v0.1.4
[INFO] [stderr]   Downloaded scuffle-aac v0.1.4
[INFO] [stderr]   Downloaded num-derive v0.4.2
[INFO] [stderr]   Downloaded crunchy v0.2.3
[INFO] [stderr]   Downloaded bytestring v1.4.0
[INFO] [stderr]   Downloaded thiserror-impl v2.0.12
[INFO] [stderr]   Downloaded serde v1.0.219
[INFO] [stderr]   Downloaded nutype-enum v0.1.5
[INFO] [stderr]   Downloaded scuffle-h264 v0.2.2
[INFO] [stderr]   Downloaded scuffle-av1 v0.1.4
[INFO] [stderr]   Downloaded bitmask-enum v2.2.5
[INFO] [stderr]   Downloaded byteorder v1.5.0
[INFO] [stderr]   Downloaded paste v1.0.15
[INFO] [stderr]   Downloaded scuffle-bytes-util v0.1.4
[INFO] [stderr]   Downloaded bitflags v2.9.0
[INFO] [stderr]   Downloaded az v1.2.1
[INFO] [stderr]   Downloaded scuffle-amf0 v0.2.2
[INFO] [stderr]   Downloaded scuffle-mp4 v0.1.4
[INFO] [stderr]   Downloaded ryu v1.0.20
[INFO] [stderr]   Downloaded half v2.6.0
[INFO] [stderr]   Downloaded bytemuck v1.23.0
[INFO] [stderr]   Downloaded scuffle-flv v0.2.2
[INFO] [stderr]   Downloaded scuffle-h265 v0.2.2
[INFO] [stderr]   Downloaded typenum v1.18.0
[INFO] [stderr]   Downloaded serde_json v1.0.140
[INFO] [stderr]   Downloaded fixed v1.29.0
[INFO] running `Command { std: "docker" "create" "-v" "/var/lib/crater-agent-workspace/builds/worker-5-tc1/source:/opt/rustwide/workdir:ro,Z" "-v" "/var/lib/crater-agent-workspace/builds/worker-5-tc1/target:/opt/rustwide/target:rw,Z" "-v" "/var/lib/crater-agent-workspace/cargo-home:/opt/rustwide/cargo-home:ro,Z" "-v" "/var/lib/crater-agent-workspace/rustup-home:/opt/rustwide/rustup-home:ro,Z" "-m" "1610612736" "--network" "none" "ghcr.io/rust-lang/crates-build-env/linux@sha256:77db811e55d90add9212f6832c23229e3de5f1c1f9905e8cb07319ea15df73ac" "sleep" "infinity", kill_on_drop: false }`
[INFO] [stdout] 65b4f33033006077627b96d502817a30f343e88f0c383338d0286e288f7cc8de
[INFO] running `Command { std: "docker" "start" "65b4f33033006077627b96d502817a30f343e88f0c383338d0286e288f7cc8de", kill_on_drop: false }`
[INFO] running `Command { std: "docker" "inspect" "65b4f33033006077627b96d502817a30f343e88f0c383338d0286e288f7cc8de", kill_on_drop: false }`
[INFO] running `Command { std: "docker" "exec" "-e" "SOURCE_DIR=/opt/rustwide/workdir" "-e" "CARGO_HOME=/opt/rustwide/cargo-home" "-e" "RUSTUP_HOME=/opt/rustwide/rustup-home" "-e" "CARGO_TARGET_DIR=/opt/rustwide/target" "-w" "/opt/rustwide/workdir" "--user" "0:0" "65b4f33033006077627b96d502817a30f343e88f0c383338d0286e288f7cc8de" "/opt/rustwide/cargo-home/bin/cargo" "+1.99.0-beta.8" "metadata" "--no-deps" "--format-version=1", kill_on_drop: false }`
[INFO] running `Command { std: "docker" "inspect" "65b4f33033006077627b96d502817a30f343e88f0c383338d0286e288f7cc8de", kill_on_drop: false }`
[INFO] running `Command { std: "docker" "exec" "-e" "SOURCE_DIR=/opt/rustwide/workdir" "-e" "CARGO_HOME=/opt/rustwide/cargo-home" "-e" "RUSTUP_HOME=/opt/rustwide/rustup-home" "-e" "CARGO_TARGET_DIR=/opt/rustwide/target" "-e" "CARGO_INCREMENTAL=0" "-e" "RUST_BACKTRACE=full" "-e" "RUSTFLAGS=--cap-lints=warn" "-e" "RUSTDOCFLAGS=--cap-lints=warn" "-w" "/opt/rustwide/workdir" "--user" "0:0" "65b4f33033006077627b96d502817a30f343e88f0c383338d0286e288f7cc8de" "/opt/rustwide/cargo-home/bin/cargo" "+1.99.0-beta.8" "build" "--frozen" "--message-format=json" "--release", kill_on_drop: false }`
[INFO] [stderr]    Compiling proc-macro2 v1.0.95
[INFO] [stderr]    Compiling scuffle-workspace-hack v0.1.0
[INFO] [stderr]    Compiling unicode-ident v1.0.18
[INFO] [stderr]    Compiling serde v1.0.219
[INFO] [stderr]    Compiling bytes v1.10.1
[INFO] [stderr]    Compiling byteorder v1.5.0
[INFO] [stderr]    Compiling autocfg v1.4.0
[INFO] [stderr]    Compiling thiserror v2.0.12
[INFO] [stderr]    Compiling typenum v1.18.0
[INFO] [stderr]    Compiling az v1.2.1
[INFO] [stderr]    Compiling cfg-if v1.0.0
[INFO] [stderr]    Compiling bitflags v2.9.0
[INFO] [stderr]    Compiling fixed v1.29.0
[INFO] [stderr]    Compiling paste v1.0.15
[INFO] [stderr]    Compiling bytemuck v1.23.0
[INFO] [stderr]    Compiling half v2.6.0
[INFO] [stderr]    Compiling nutype-enum v0.1.5
[INFO] [stderr]    Compiling num-traits v0.2.19
[INFO] [stderr]    Compiling quote v1.0.40
[INFO] [stderr]    Compiling bytestring v1.4.0
[INFO] [stderr]    Compiling syn v2.0.101
[INFO] [stderr]    Compiling scuffle-bytes-util v0.1.4
[INFO] [stderr]    Compiling scuffle-expgolomb v0.1.4
[INFO] [stderr]    Compiling scuffle-av1 v0.1.4
[INFO] [stderr]    Compiling scuffle-h264 v0.2.2
[INFO] [stderr]    Compiling scuffle-h265 v0.2.2
[INFO] [stderr]    Compiling num-derive v0.4.2
[INFO] [stderr]    Compiling thiserror-impl v2.0.12
[INFO] [stderr]    Compiling serde_derive v1.0.219
[INFO] [stderr]    Compiling bitmask-enum v2.2.5
[INFO] [stderr]    Compiling scuffle-aac v0.1.4
[INFO] [stderr]    Compiling scuffle-amf0 v0.2.2
[INFO] [stderr]    Compiling scuffle-flv v0.2.2
[INFO] [stderr]    Compiling scuffle-mp4 v0.1.4
[INFO] [stderr]    Compiling scuffle-transmuxer v0.2.2 (/opt/rustwide/workdir)
[INFO] [stderr]     Finished `release` profile [optimized] target(s) in 32.35s
[INFO] running `Command { std: "docker" "inspect" "65b4f33033006077627b96d502817a30f343e88f0c383338d0286e288f7cc8de", kill_on_drop: false }`
[INFO] running `Command { std: "docker" "exec" "-e" "SOURCE_DIR=/opt/rustwide/workdir" "-e" "CARGO_HOME=/opt/rustwide/cargo-home" "-e" "RUSTUP_HOME=/opt/rustwide/rustup-home" "-e" "CARGO_TARGET_DIR=/opt/rustwide/target" "-e" "CARGO_INCREMENTAL=0" "-e" "RUST_BACKTRACE=full" "-e" "RUSTFLAGS=--cap-lints=warn" "-e" "RUSTDOCFLAGS=--cap-lints=warn" "-w" "/opt/rustwide/workdir" "--user" "0:0" "65b4f33033006077627b96d502817a30f343e88f0c383338d0286e288f7cc8de" "/opt/rustwide/cargo-home/bin/cargo" "+1.99.0-beta.8" "test" "--frozen" "--no-run" "--message-format=json" "--release", kill_on_drop: false }`
[INFO] [stderr]    Compiling serde v1.0.219
[INFO] [stderr]    Compiling serde_json v1.0.140
[INFO] [stderr]    Compiling itoa v1.0.15
[INFO] [stderr]    Compiling ryu v1.0.20
[INFO] [stderr]    Compiling memchr v2.7.4
[INFO] [stderr]    Compiling scuffle-bytes-util v0.1.4
[INFO] [stderr]    Compiling scuffle-expgolomb v0.1.4
[INFO] [stderr]    Compiling scuffle-aac v0.1.4
[INFO] [stderr]    Compiling scuffle-av1 v0.1.4
[INFO] [stderr]    Compiling scuffle-amf0 v0.2.2
[INFO] [stderr]    Compiling scuffle-h264 v0.2.2
[INFO] [stderr]    Compiling scuffle-h265 v0.2.2
[INFO] [stderr]    Compiling scuffle-mp4 v0.1.4
[INFO] [stderr]    Compiling scuffle-flv v0.2.2
[INFO] [stderr]    Compiling scuffle-transmuxer v0.2.2 (/opt/rustwide/workdir)
[INFO] [stderr]     Finished `release` profile [optimized] target(s) in 20.12s
[INFO] running `Command { std: "docker" "inspect" "65b4f33033006077627b96d502817a30f343e88f0c383338d0286e288f7cc8de", kill_on_drop: false }`
[INFO] running `Command { std: "docker" "exec" "-e" "SOURCE_DIR=/opt/rustwide/workdir" "-e" "CARGO_HOME=/opt/rustwide/cargo-home" "-e" "RUSTUP_HOME=/opt/rustwide/rustup-home" "-e" "CARGO_TARGET_DIR=/opt/rustwide/target" "-e" "CARGO_INCREMENTAL=0" "-e" "RUST_BACKTRACE=full" "-e" "RUSTFLAGS=--cap-lints=warn" "-e" "RUSTDOCFLAGS=--cap-lints=warn" "-w" "/opt/rustwide/workdir" "--user" "0:0" "65b4f33033006077627b96d502817a30f343e88f0c383338d0286e288f7cc8de" "/opt/rustwide/cargo-home/bin/cargo" "+1.99.0-beta.8" "test" "--frozen" "--release", kill_on_drop: false }`
[INFO] [stderr]     Finished `release` profile [optimized] target(s) in 0.08s
[INFO] [stderr]      Running unittests src/lib.rs (/opt/rustwide/target/release/deps/scuffle_transmuxer-d2baf50de7602fe8)
[INFO] [stdout] 
[INFO] [stdout] running 3 tests
[INFO] [stdout] test tests::test_transmuxer_avc_aac ... FAILED
[INFO] [stdout] test tests::test_transmuxer_av1_aac ... FAILED
[INFO] [stdout] test tests::test_transmuxer_hevc_aac ... FAILED
[INFO] [stdout] 
[INFO] [stdout] failures:
[INFO] [stdout] 
[INFO] [stdout] ---- tests::test_transmuxer_avc_aac stdout ----
[INFO] [stdout] 
[INFO] [stdout] thread 'tests::test_transmuxer_avc_aac' (1271) panicked at src/tests/mod.rs:17:73:
[INFO] [stdout] called `Result::unwrap()` on an `Err` value: Os { code: 2, kind: NotFound, message: "No such file or directory" }
[INFO] [stdout] stack backtrace:
[INFO] [stdout]    0:     0x5e8a94f9ff31 - <<std[70759c8f55707aa4]::sys::backtrace::BacktraceLock>::print::DisplayBacktrace as core[df12db4294e9bfd3]::fmt::Display>::fmt
[INFO] [stdout]    1:     0x5e8a94fb530a - core[df12db4294e9bfd3]::fmt::write
[INFO] [stdout]    2:     0x5e8a94fa443c - <alloc[2182bb758b4b3781]::vec::Vec<u8> as core[df12db4294e9bfd3]::io::write::Write>::write_fmt
[INFO] [stdout]    3:     0x5e8a94f7bbe6 - std[70759c8f55707aa4]::panicking::default_hook::{closure#0}
[INFO] [stdout]    4:     0x5e8a94f98379 - std[70759c8f55707aa4]::panicking::default_hook
[INFO] [stdout]    5:     0x5e8a94f059c0 - test[9d35eded1c95d3be]::test_main_inner::<test[9d35eded1c95d3be]::test_main_static::{closure#0}>::{closure#0}
[INFO] [stdout]    6:     0x5e8a94f98532 - std[70759c8f55707aa4]::panicking::panic_with_hook
[INFO] [stdout]    7:     0x5e8a94f7bc92 - std[70759c8f55707aa4]::panicking::panic_handler::{closure#0}
[INFO] [stdout]    8:     0x5e8a94f74889 - std[70759c8f55707aa4]::sys::backtrace::__rust_end_short_backtrace::<std[70759c8f55707aa4]::panicking::panic_handler::{closure#0}, !>
[INFO] [stdout]    9:     0x5e8a94f7c88d - __rustc[8fa7c3cbc660c2b3]::rust_begin_unwind
[INFO] [stdout]   10:     0x5e8a94fb5a3c - core[df12db4294e9bfd3]::panicking::panic_fmt
[INFO] [stdout]   11:     0x5e8a94fb5812 - core[df12db4294e9bfd3]::result::unwrap_failed
[INFO] [stdout]   12:     0x5e8a94eeade1 - scuffle_transmuxer[5cf43e99e711d466]::tests::test_transmuxer_avc_aac
[INFO] [stdout]   13:     0x5e8a94ebe129 - <scuffle_transmuxer[5cf43e99e711d466]::tests::test_transmuxer_avc_aac::{closure#0} as core[df12db4294e9bfd3]::ops::function::FnOnce<()>>::call_once
[INFO] [stdout]   14:     0x5e8a94ef8cab - test[9d35eded1c95d3be]::__rust_begin_short_backtrace::<core[df12db4294e9bfd3]::result::Result<(), alloc[2182bb758b4b3781]::string::String>, fn() -> core[df12db4294e9bfd3]::result::Result<(), alloc[2182bb758b4b3781]::string::String>>
[INFO] [stdout]   15:     0x5e8a94f06315 - test[9d35eded1c95d3be]::run_test::{closure#0}
[INFO] [stdout]   16:     0x5e8a94effbd4 - std[70759c8f55707aa4]::sys::backtrace::__rust_begin_short_backtrace::<test[9d35eded1c95d3be]::run_test::{closure#1}, ()>
[INFO] [stdout]   17:     0x5e8a94f09472 - <std[70759c8f55707aa4]::thread::lifecycle::spawn_unchecked<test[9d35eded1c95d3be]::run_test::{closure#1}, ()>::{closure#1} as core[df12db4294e9bfd3]::ops::function::FnOnce<()>>::call_once::{shim:vtable#0}
[INFO] [stdout]   18:     0x5e8a94f9f4e9 - <std[70759c8f55707aa4]::sys::thread::unix::Thread>::new::thread_start
[INFO] [stdout]   19:     0x7e7005751dfa - <unknown>
[INFO] [stdout]   20:     0x7e70057e53d4 - clone
[INFO] [stdout]   21:                0x0 - <unknown>
[INFO] [stdout] 
[INFO] [stdout] ---- tests::test_transmuxer_av1_aac stdout ----
[INFO] [stdout] 
[INFO] [stdout] thread 'tests::test_transmuxer_av1_aac' (1270) panicked at src/tests/mod.rs:126:73:
[INFO] [stdout] called `Result::unwrap()` on an `Err` value: Os { code: 2, kind: NotFound, message: "No such file or directory" }
[INFO] [stdout] stack backtrace:
[INFO] [stdout]    0:     0x5e8a94f9ff31 - <<std[70759c8f55707aa4]::sys::backtrace::BacktraceLock>::print::DisplayBacktrace as core[df12db4294e9bfd3]::fmt::Display>::fmt
[INFO] [stdout]    1:     0x5e8a94fb530a - core[df12db4294e9bfd3]::fmt::write
[INFO] [stdout]    2:     0x5e8a94fa443c - <alloc[2182bb758b4b3781]::vec::Vec<u8> as core[df12db4294e9bfd3]::io::write::Write>::write_fmt
[INFO] [stdout]    3:     0x5e8a94f7bbe6 - std[70759c8f55707aa4]::panicking::default_hook::{closure#0}
[INFO] [stdout]    4:     0x5e8a94f98379 - std[70759c8f55707aa4]::panicking::default_hook
[INFO] [stdout]    5:     0x5e8a94f059c0 - test[9d35eded1c95d3be]::test_main_inner::<test[9d35eded1c95d3be]::test_main_static::{closure#0}>::{closure#0}
[INFO] [stdout]    6:     0x5e8a94f98532 - std[70759c8f55707aa4]::panicking::panic_with_hook
[INFO] [stdout]    7:     0x5e8a94f7bc92 - std[70759c8f55707aa4]::panicking::panic_handler::{closure#0}
[INFO] [stdout]    8:     0x5e8a94f74889 - std[70759c8f55707aa4]::sys::backtrace::__rust_end_short_backtrace::<std[70759c8f55707aa4]::panicking::panic_handler::{closure#0}, !>
[INFO] [stdout]    9:     0x5e8a94f7c88d - __rustc[8fa7c3cbc660c2b3]::rust_begin_unwind
[INFO] [stdout]   10:     0x5e8a94fb5a3c - core[df12db4294e9bfd3]::panicking::panic_fmt
[INFO] [stdout]   11:     0x5e8a94fb5812 - core[df12db4294e9bfd3]::result::unwrap_failed
[INFO] [stdout]   12:     0x5e8a94ee92e2 - scuffle_transmuxer[5cf43e99e711d466]::tests::test_transmuxer_av1_aac
[INFO] [stdout]   13:     0x5e8a94ebe109 - <scuffle_transmuxer[5cf43e99e711d466]::tests::test_transmuxer_av1_aac::{closure#0} as core[df12db4294e9bfd3]::ops::function::FnOnce<()>>::call_once
[INFO] [stdout]   14:     0x5e8a94ef8cab - test[9d35eded1c95d3be]::__rust_begin_short_backtrace::<core[df12db4294e9bfd3]::result::Result<(), alloc[2182bb758b4b3781]::string::String>, fn() -> core[df12db4294e9bfd3]::result::Result<(), alloc[2182bb758b4b3781]::string::String>>
[INFO] [stdout]   15:     0x5e8a94f06315 - test[9d35eded1c95d3be]::run_test::{closure#0}
[INFO] [stdout]   16:     0x5e8a94effbd4 - std[70759c8f55707aa4]::sys::backtrace::__rust_begin_short_backtrace::<test[9d35eded1c95d3be]::run_test::{closure#1}, ()>
[INFO] [stdout]   17:     0x5e8a94f09472 - <std[70759c8f55707aa4]::thread::lifecycle::spawn_unchecked<test[9d35eded1c95d3be]::run_test::{closure#1}, ()>::{closure#1} as core[df12db4294e9bfd3]::ops::function::FnOnce<()>>::call_once::{shim:vtable#0}
[INFO] [stdout]   18:     0x5e8a94f9f4e9 - <std[70759c8f55707aa4]::sys::thread::unix::Thread>::new::thread_start
[INFO] [stdout]   19:     0x7e7005751dfa - <unknown>
[INFO] [stdout]   20:     0x7e70057e53d4 - clone
[INFO] [stdout]   21:                0x0 - <unknown>
[INFO] [stdout] 
[INFO] [stdout] ---- tests::test_transmuxer_hevc_aac stdout ----
[INFO] [stdout] 
[INFO] [stdout] thread 'tests::test_transmuxer_hevc_aac' (1272) panicked at src/tests/mod.rs:239:74:
[INFO] [stdout] called `Result::unwrap()` on an `Err` value: Os { code: 2, kind: NotFound, message: "No such file or directory" }
[INFO] [stdout] stack backtrace:
[INFO] [stdout]    0:     0x5e8a94f9ff31 - <<std[70759c8f55707aa4]::sys::backtrace::BacktraceLock>::print::DisplayBacktrace as core[df12db4294e9bfd3]::fmt::Display>::fmt
[INFO] [stdout]    1:     0x5e8a94fb530a - core[df12db4294e9bfd3]::fmt::write
[INFO] [stdout]    2:     0x5e8a94fa443c - <alloc[2182bb758b4b3781]::vec::Vec<u8> as core[df12db4294e9bfd3]::io::write::Write>::write_fmt
[INFO] [stdout]    3:     0x5e8a94f7bbe6 - std[70759c8f55707aa4]::panicking::default_hook::{closure#0}
[INFO] [stdout]    4:     0x5e8a94f98379 - std[70759c8f55707aa4]::panicking::default_hook
[INFO] [stdout]    5:     0x5e8a94f059c0 - test[9d35eded1c95d3be]::test_main_inner::<test[9d35eded1c95d3be]::test_main_static::{closure#0}>::{closure#0}
[INFO] [stdout]    6:     0x5e8a94f98532 - std[70759c8f55707aa4]::panicking::panic_with_hook
[INFO] [stdout]    7:     0x5e8a94f7bc92 - std[70759c8f55707aa4]::panicking::panic_handler::{closure#0}
[INFO] [stdout]    8:     0x5e8a94f74889 - std[70759c8f55707aa4]::sys::backtrace::__rust_end_short_backtrace::<std[70759c8f55707aa4]::panicking::panic_handler::{closure#0}, !>
[INFO] [stdout]    9:     0x5e8a94f7c88d - __rustc[8fa7c3cbc660c2b3]::rust_begin_unwind
[INFO] [stdout]   10:     0x5e8a94fb5a3c - core[df12db4294e9bfd3]::panicking::panic_fmt
[INFO] [stdout]   11:     0x5e8a94fb5812 - core[df12db4294e9bfd3]::result::unwrap_failed
[INFO] [stdout]   12:     0x5e8a94eeca02 - scuffle_transmuxer[5cf43e99e711d466]::tests::test_transmuxer_hevc_aac
[INFO] [stdout]   13:     0x5e8a94ebe149 - <scuffle_transmuxer[5cf43e99e711d466]::tests::test_transmuxer_hevc_aac::{closure#0} as core[df12db4294e9bfd3]::ops::function::FnOnce<()>>::call_once
[INFO] [stdout]   14:     0x5e8a94ef8cab - test[9d35eded1c95d3be]::__rust_begin_short_backtrace::<core[df12db4294e9bfd3]::result::Result<(), alloc[2182bb758b4b3781]::string::String>, fn() -> core[df12db4294e9bfd3]::result::Result<(), alloc[2182bb758b4b3781]::string::String>>
[INFO] [stdout]   15:     0x5e8a94f06315 - test[9d35eded1c95d3be]::run_test::{closure#0}
[INFO] [stdout]   16:     0x5e8a94effbd4 - std[70759c8f55707aa4]::sys::backtrace::__rust_begin_short_backtrace::<test[9d35eded1c95d3be]::run_test::{closure#1}, ()>
[INFO] [stdout]   17:     0x5e8a94f09472 - <std[70759c8f55707aa4]::thread::lifecycle::spawn_unchecked<test[9d35eded1c95d3be]::run_test::{closure#1}, ()>::{closure#1} as core[df12db4294e9bfd3]::ops::function::FnOnce<()>>::call_once::{shim:vtable#0}
[INFO] [stdout]   18:     0x5e8a94f9f4e9 - <std[70759c8f55707aa4]::sys::thread::unix::Thread>::new::thread_start
[INFO] [stdout]   19:     0x7e7005751dfa - <unknown>
[INFO] [stdout]   20:     0x7e70057e53d4 - clone
[INFO] [stdout]   21:                0x0 - <unknown>
[INFO] [stdout] 
[INFO] [stdout] 
[INFO] [stdout] failures:
[INFO] [stdout]     tests::test_transmuxer_av1_aac
[INFO] [stdout]     tests::test_transmuxer_avc_aac
[INFO] [stdout]     tests::test_transmuxer_hevc_aac
[INFO] [stdout] 
[INFO] [stdout] test result: FAILED. 0 passed; 3 failed; 0 ignored; 0 measured; 0 filtered out; finished in 0.01s
[INFO] [stdout] 
[INFO] [stderr] error: test failed, to rerun pass `--lib`
[INFO] running `Command { std: "docker" "inspect" "65b4f33033006077627b96d502817a30f343e88f0c383338d0286e288f7cc8de", kill_on_drop: false }`
[INFO] running `Command { std: "docker" "rm" "-f" "65b4f33033006077627b96d502817a30f343e88f0c383338d0286e288f7cc8de", kill_on_drop: false }`
[INFO] [stdout] 65b4f33033006077627b96d502817a30f343e88f0c383338d0286e288f7cc8de
