[INFO] fetching crate scuffle-settings 0.1.4...
[INFO] testing scuffle-settings-0.1.4 against 1.100.0-beta.1+cargoflags=--release for beta-release-1.100-2
[INFO] extracting crate scuffle-settings 0.1.4 into /workspace/builds/worker-4-tc2/source
[INFO] started tweaking crates.io crate scuffle-settings 0.1.4
[INFO] removed 0 missing examples
[INFO] finished tweaking crates.io crate scuffle-settings 0.1.4
[INFO] tweaked toml for crates.io crate scuffle-settings 0.1.4 written to /workspace/builds/worker-4-tc2/source/Cargo.toml
[INFO] validating manifest of crates.io crate scuffle-settings 0.1.4 on toolchain 1.100.0-beta.1
[INFO] running `Command { std: CARGO_HOME="/workspace/cargo-home" RUSTUP_HOME="/workspace/rustup-home" "/workspace/cargo-home/bin/cargo" "+1.100.0-beta.1" "metadata" "--manifest-path" "Cargo.toml" "--no-deps", kill_on_drop: false }`
[INFO] crate crates.io crate scuffle-settings 0.1.4 already has a lockfile, it will not be regenerated
[INFO] running `Command { std: CARGO_HOME="/workspace/cargo-home" RUSTUP_HOME="/workspace/rustup-home" "/workspace/cargo-home/bin/cargo" "+1.100.0-beta.1" "fetch" "--manifest-path" "Cargo.toml", kill_on_drop: false }`
[INFO] running `Command { std: "docker" "create" "-v" "/var/lib/crater-agent-workspace/builds/worker-4-tc2/source:/opt/rustwide/workdir:ro,Z" "-v" "/var/lib/crater-agent-workspace/builds/worker-4-tc2/target:/opt/rustwide/target:rw,Z" "-v" "/var/lib/crater-agent-workspace/cargo-home:/opt/rustwide/cargo-home:ro,Z" "-v" "/var/lib/crater-agent-workspace/rustup-home:/opt/rustwide/rustup-home:ro,Z" "-m" "1610612736" "--network" "none" "ghcr.io/rust-lang/crates-build-env/linux@sha256:77db811e55d90add9212f6832c23229e3de5f1c1f9905e8cb07319ea15df73ac" "sleep" "infinity", kill_on_drop: false }`
[INFO] [stdout] bb9f2300deb858f802ff9ecbcb4c88ddc4918a33ddcf8d84ec164d2f3b755bd2
[INFO] running `Command { std: "docker" "start" "bb9f2300deb858f802ff9ecbcb4c88ddc4918a33ddcf8d84ec164d2f3b755bd2", kill_on_drop: false }`
[INFO] running `Command { std: "docker" "inspect" "bb9f2300deb858f802ff9ecbcb4c88ddc4918a33ddcf8d84ec164d2f3b755bd2", kill_on_drop: false }`
[INFO] running `Command { std: "docker" "exec" "-e" "SOURCE_DIR=/opt/rustwide/workdir" "-e" "CARGO_HOME=/opt/rustwide/cargo-home" "-e" "RUSTUP_HOME=/opt/rustwide/rustup-home" "-e" "CARGO_TARGET_DIR=/opt/rustwide/target" "-w" "/opt/rustwide/workdir" "--user" "0:0" "bb9f2300deb858f802ff9ecbcb4c88ddc4918a33ddcf8d84ec164d2f3b755bd2" "/opt/rustwide/cargo-home/bin/cargo" "+1.100.0-beta.1" "metadata" "--no-deps" "--format-version=1", kill_on_drop: false }`
[INFO] running `Command { std: "docker" "inspect" "bb9f2300deb858f802ff9ecbcb4c88ddc4918a33ddcf8d84ec164d2f3b755bd2", kill_on_drop: false }`
[INFO] running `Command { std: "docker" "exec" "-e" "SOURCE_DIR=/opt/rustwide/workdir" "-e" "CARGO_HOME=/opt/rustwide/cargo-home" "-e" "RUSTUP_HOME=/opt/rustwide/rustup-home" "-e" "CARGO_TARGET_DIR=/opt/rustwide/target" "-e" "CARGO_INCREMENTAL=0" "-e" "RUST_BACKTRACE=full" "-e" "RUSTFLAGS=--cap-lints=warn" "-e" "RUSTDOCFLAGS=--cap-lints=warn" "-w" "/opt/rustwide/workdir" "--user" "0:0" "bb9f2300deb858f802ff9ecbcb4c88ddc4918a33ddcf8d84ec164d2f3b755bd2" "/opt/rustwide/cargo-home/bin/cargo" "+1.100.0-beta.1" "build" "--frozen" "--message-format=json" "--release", kill_on_drop: false }`
[INFO] [stderr]    Compiling scuffle-workspace-hack v0.1.0
[INFO] [stderr]    Compiling winnow v0.7.10
[INFO] [stderr]    Compiling syn v2.0.101
[INFO] [stderr]    Compiling config v0.15.11
[INFO] [stderr]    Compiling thiserror-impl v2.0.12
[INFO] [stderr]    Compiling serde_derive v1.0.219
[INFO] [stderr]    Compiling thiserror v2.0.12
[INFO] [stderr]    Compiling scuffle-settings v0.1.4 (/opt/rustwide/workdir)
[INFO] [stderr] warning: unused dependency `scuffle-workspace-hack`
[INFO] [stderr]   --> Cargo.toml:30:15
[INFO] [stderr]    |
[INFO] [stderr] 30 | [dependencies.scuffle-workspace-hack]
[INFO] [stderr]    |               ^^^^^^^^^^^^^^^^^^^^^^^
[INFO] [stderr]    |
[INFO] [stderr]    = note: `cargo::unused_dependencies` is set to `warn` by default
[INFO] [stderr] help: consider removing the dependency on `scuffle-workspace-hack`
[INFO] [stderr] warning: unused dependency `serde_derive`
[INFO] [stderr]   --> Cargo.toml:36:15
[INFO] [stderr]    |
[INFO] [stderr] 36 | [dependencies.serde_derive]
[INFO] [stderr]    |               ^^^^^^^^^^^^^
[INFO] [stderr]    |
[INFO] [stderr] help: consider removing the dependency on `serde_derive`
[INFO] [stderr] warning: `scuffle-settings` (manifest) generated 2 warnings
[INFO] [stderr]     Finished `release` profile [optimized] target(s) in 13.26s
[INFO] running `Command { std: "docker" "inspect" "bb9f2300deb858f802ff9ecbcb4c88ddc4918a33ddcf8d84ec164d2f3b755bd2", kill_on_drop: false }`
[INFO] running `Command { std: "docker" "exec" "-e" "SOURCE_DIR=/opt/rustwide/workdir" "-e" "CARGO_HOME=/opt/rustwide/cargo-home" "-e" "RUSTUP_HOME=/opt/rustwide/rustup-home" "-e" "CARGO_TARGET_DIR=/opt/rustwide/target" "-e" "CARGO_INCREMENTAL=0" "-e" "RUST_BACKTRACE=full" "-e" "RUSTFLAGS=--cap-lints=warn" "-e" "RUSTDOCFLAGS=--cap-lints=warn" "-w" "/opt/rustwide/workdir" "--user" "0:0" "bb9f2300deb858f802ff9ecbcb4c88ddc4918a33ddcf8d84ec164d2f3b755bd2" "/opt/rustwide/cargo-home/bin/cargo" "+1.100.0-beta.1" "test" "--frozen" "--no-run" "--message-format=json" "--release", kill_on_drop: false }`
[INFO] [stderr]    Compiling smart-default v0.7.1
[INFO] [stderr]    Compiling scuffle-settings v0.1.4 (/opt/rustwide/workdir)
[INFO] [stderr] warning: unused dependency `scuffle-workspace-hack`
[INFO] [stderr]   --> Cargo.toml:30:15
[INFO] [stderr]    |
[INFO] [stderr] 30 | [dependencies.scuffle-workspace-hack]
[INFO] [stderr]    |               ^^^^^^^^^^^^^^^^^^^^^^^
[INFO] [stderr]    |
[INFO] [stderr]    = note: `cargo::unused_dependencies` is set to `warn` by default
[INFO] [stderr] help: consider removing the dependency on `scuffle-workspace-hack`
[INFO] [stderr] warning: unused dependency `serde_derive`
[INFO] [stderr]   --> Cargo.toml:42:19
[INFO] [stderr]    |
[INFO] [stderr] 42 | [dev-dependencies.serde_derive]
[INFO] [stderr]    |                   ^^^^^^^^^^^^^
[INFO] [stderr]    |
[INFO] [stderr] help: consider removing the dependency on `serde_derive`
[INFO] [stderr] help: to still use for development builds, move to `dev-dependencies`
[INFO] [stderr] warning: unused dependency `serde_derive`
[INFO] [stderr]   --> Cargo.toml:36:15
[INFO] [stderr]    |
[INFO] [stderr] 36 | [dependencies.serde_derive]
[INFO] [stderr]    |               ^^^^^^^^^^^^^
[INFO] [stderr]    |
[INFO] [stderr] help: consider removing the dependency on `serde_derive`
[INFO] [stderr] help: to still use for development builds, move to `dev-dependencies`
[INFO] [stderr] warning: `scuffle-settings` (manifest) generated 3 warnings
[INFO] [stderr]     Finished `release` profile [optimized] target(s) in 1.62s
[INFO] running `Command { std: "docker" "inspect" "bb9f2300deb858f802ff9ecbcb4c88ddc4918a33ddcf8d84ec164d2f3b755bd2", kill_on_drop: false }`
[INFO] running `Command { std: "docker" "exec" "-e" "SOURCE_DIR=/opt/rustwide/workdir" "-e" "CARGO_HOME=/opt/rustwide/cargo-home" "-e" "RUSTUP_HOME=/opt/rustwide/rustup-home" "-e" "CARGO_TARGET_DIR=/opt/rustwide/target" "-e" "CARGO_INCREMENTAL=0" "-e" "RUST_BACKTRACE=full" "-e" "RUSTFLAGS=--cap-lints=warn" "-e" "RUSTDOCFLAGS=--cap-lints=warn" "-w" "/opt/rustwide/workdir" "--user" "0:0" "bb9f2300deb858f802ff9ecbcb4c88ddc4918a33ddcf8d84ec164d2f3b755bd2" "/opt/rustwide/cargo-home/bin/cargo" "+1.100.0-beta.1" "test" "--frozen" "--release", kill_on_drop: false }`
[INFO] [stderr] warning: unused dependency `scuffle-workspace-hack`
[INFO] [stderr]   --> Cargo.toml:30:15
[INFO] [stderr]    |
[INFO] [stderr] 30 | [dependencies.scuffle-workspace-hack]
[INFO] [stderr]    |               ^^^^^^^^^^^^^^^^^^^^^^^
[INFO] [stderr]    |
[INFO] [stderr]    = note: `cargo::unused_dependencies` is set to `warn` by default
[INFO] [stderr] help: consider removing the dependency on `scuffle-workspace-hack`
[INFO] [stderr] warning: unused dependency `serde_derive`
[INFO] [stderr]   --> Cargo.toml:42:19
[INFO] [stderr]    |
[INFO] [stderr] 42 | [dev-dependencies.serde_derive]
[INFO] [stderr]    |                   ^^^^^^^^^^^^^
[INFO] [stderr]    |
[INFO] [stderr] help: consider removing the dependency on `serde_derive`
[INFO] [stderr] help: to still use for development builds, move to `dev-dependencies`
[INFO] [stderr] warning: unused dependency `serde_derive`
[INFO] [stderr]   --> Cargo.toml:36:15
[INFO] [stderr]    |
[INFO] [stderr] 36 | [dependencies.serde_derive]
[INFO] [stderr]    |               ^^^^^^^^^^^^^
[INFO] [stderr]    |
[INFO] [stderr] help: consider removing the dependency on `serde_derive`
[INFO] [stderr] help: to still use for development builds, move to `dev-dependencies`
[INFO] [stderr] warning: `scuffle-settings` (manifest) generated 3 warnings
[INFO] [stderr]     Finished `release` profile [optimized] target(s) in 0.11s
[INFO] [stderr]      Running unittests src/lib.rs (/opt/rustwide/target/release/build/scuffle-settings/5d1451424badd0b1/out/scuffle_settings-5d1451424badd0b1)
[INFO] [stdout] 
[INFO] [stdout] running 1 test
[INFO] [stdout] test tests::parse_empty ... ok
[INFO] [stdout] 
[INFO] [stdout] test result: ok. 1 passed; 0 failed; 0 ignored; 0 measured; 0 filtered out; finished in 0.00s
[INFO] [stdout] 
[INFO] [stderr]    Doc-tests scuffle_settings
[INFO] [stdout] 
[INFO] [stdout] running 2 tests
[INFO] [stdout] test src/lib.rs - (line 9) ... FAILED
[INFO] [stdout] test src/lib.rs - (line 38) ... ok
[INFO] [stdout] 
[INFO] [stdout] failures:
[INFO] [stdout] 
[INFO] [stdout] ---- src/lib.rs - (line 9) stdout ----
[INFO] [stdout] error[E0433]: cannot find `bootstrap` in `scuffle_settings`
[INFO] [stdout]    --> src/lib.rs:21:19
[INFO] [stdout]     |
[INFO] [stdout]  21 | scuffle_settings::bootstrap!(MyConfig);
[INFO] [stdout]     |                   ^^^^^^^^^ could not find `bootstrap` in `scuffle_settings`
[INFO] [stdout]     |
[INFO] [stdout] note: found an item that was configured out
[INFO] [stdout]    --> src/lib.rs:311:14
[INFO] [stdout]     |
[INFO] [stdout] 309 | #[cfg(feature = "bootstrap")]
[INFO] [stdout]     |       --------------------- the item is gated behind the `bootstrap` feature
[INFO] [stdout] 310 | #[macro_export]
[INFO] [stdout] 311 | macro_rules! bootstrap {
[INFO] [stdout]     |              ^^^^^^^^^
[INFO] [stdout] 
[INFO] [stdout] error[E0433]: cannot find module or crate `scuffle_bootstrap` in this scope
[INFO] [stdout]   --> src/lib.rs:27:6
[INFO] [stdout]    |
[INFO] [stdout] 27 | impl scuffle_bootstrap::global::Global for Global {
[INFO] [stdout]    |      ^^^^^^^^^^^^^^^^^ use of unresolved module or unlinked crate `scuffle_bootstrap`
[INFO] [stdout]    |
[INFO] [stdout]    = help: if you wanted to use a crate named `scuffle_bootstrap`, use `cargo add scuffle_bootstrap` to add it to your `Cargo.toml`
[INFO] [stdout] 
[INFO] [stdout] error[E0433]: cannot find module or crate `anyhow` in this scope
[INFO] [stdout]   --> src/lib.rs:30:40
[INFO] [stdout]    |
[INFO] [stdout] 30 |     async fn init(config: MyConfig) -> anyhow::Result<Arc<Self>> {
[INFO] [stdout]    |                                        ^^^^^^ use of unresolved module or unlinked crate `anyhow`
[INFO] [stdout]    |
[INFO] [stdout]    = help: if you wanted to use a crate named `anyhow`, use `cargo add anyhow` to add it to your `Cargo.toml`
[INFO] [stdout] 
[INFO] [stdout] error: aborting due to 3 previous errors
[INFO] [stdout] 
[INFO] [stdout] For more information about this error, try `rustc --explain E0433`.
[INFO] [stdout] Couldn't compile the test.
[INFO] [stdout] 
[INFO] [stdout] failures:
[INFO] [stdout]     src/lib.rs - (line 9)
[INFO] [stdout] 
[INFO] [stdout] test result: FAILED. 1 passed; 1 failed; 0 ignored; 0 measured; 0 filtered out; finished in 0.47s
[INFO] [stdout] 
[INFO] [stdout] all doctests ran in 0.70s; merged doctests compilation took 0.23s
[INFO] [stderr] error: doctest failed, to rerun pass `--doc`
[INFO] running `Command { std: "docker" "inspect" "bb9f2300deb858f802ff9ecbcb4c88ddc4918a33ddcf8d84ec164d2f3b755bd2", kill_on_drop: false }`
[INFO] running `Command { std: "docker" "rm" "-f" "bb9f2300deb858f802ff9ecbcb4c88ddc4918a33ddcf8d84ec164d2f3b755bd2", kill_on_drop: false }`
[INFO] [stdout] bb9f2300deb858f802ff9ecbcb4c88ddc4918a33ddcf8d84ec164d2f3b755bd2
