[INFO] fetching crate sctrace 0.19.0...
[INFO] testing sctrace-0.19.0 against 1.99.0-beta.8+cargoflags=--release for beta-release-1.100-2
[INFO] extracting crate sctrace 0.19.0 into /workspace/builds/worker-2-tc1/source
[INFO] started tweaking crates.io crate sctrace 0.19.0
[INFO] removed 0 missing tests
[INFO] finished tweaking crates.io crate sctrace 0.19.0
[INFO] tweaked toml for crates.io crate sctrace 0.19.0 written to /workspace/builds/worker-2-tc1/source/Cargo.toml
[INFO] validating manifest of crates.io crate sctrace 0.19.0 on toolchain 1.99.0-beta.8
[INFO] running `Command { std: CARGO_HOME="/workspace/cargo-home" RUSTUP_HOME="/workspace/rustup-home" "/workspace/cargo-home/bin/cargo" "+1.99.0-beta.8" "metadata" "--manifest-path" "Cargo.toml" "--no-deps", kill_on_drop: false }`
[INFO] crate crates.io crate sctrace 0.19.0 already has a lockfile, it will not be regenerated
[INFO] running `Command { std: CARGO_HOME="/workspace/cargo-home" RUSTUP_HOME="/workspace/rustup-home" "/workspace/cargo-home/bin/cargo" "+1.99.0-beta.8" "fetch" "--manifest-path" "Cargo.toml", kill_on_drop: false }`
[INFO] [stderr]  Downloading crates ...
[INFO] [stderr]   Downloaded libc v0.2.187
[INFO] running `Command { std: "docker" "create" "-v" "/var/lib/crater-agent-workspace/builds/worker-2-tc1/source:/opt/rustwide/workdir:ro,Z" "-v" "/var/lib/crater-agent-workspace/builds/worker-2-tc1/target:/opt/rustwide/target:rw,Z" "-v" "/var/lib/crater-agent-workspace/cargo-home:/opt/rustwide/cargo-home:ro,Z" "-v" "/var/lib/crater-agent-workspace/rustup-home:/opt/rustwide/rustup-home:ro,Z" "-m" "1610612736" "--network" "none" "ghcr.io/rust-lang/crates-build-env/linux@sha256:77db811e55d90add9212f6832c23229e3de5f1c1f9905e8cb07319ea15df73ac" "sleep" "infinity", kill_on_drop: false }`
[INFO] [stdout] 3e7f642ae9ad8feafce01cec6778d760c19b0f8700f1d8db4b2617d59d0369eb
[INFO] running `Command { std: "docker" "start" "3e7f642ae9ad8feafce01cec6778d760c19b0f8700f1d8db4b2617d59d0369eb", kill_on_drop: false }`
[INFO] running `Command { std: "docker" "inspect" "3e7f642ae9ad8feafce01cec6778d760c19b0f8700f1d8db4b2617d59d0369eb", kill_on_drop: false }`
[INFO] running `Command { std: "docker" "exec" "-e" "SOURCE_DIR=/opt/rustwide/workdir" "-e" "CARGO_HOME=/opt/rustwide/cargo-home" "-e" "RUSTUP_HOME=/opt/rustwide/rustup-home" "-e" "CARGO_TARGET_DIR=/opt/rustwide/target" "-w" "/opt/rustwide/workdir" "--user" "0:0" "3e7f642ae9ad8feafce01cec6778d760c19b0f8700f1d8db4b2617d59d0369eb" "/opt/rustwide/cargo-home/bin/cargo" "+1.99.0-beta.8" "metadata" "--no-deps" "--format-version=1", kill_on_drop: false }`
[INFO] running `Command { std: "docker" "inspect" "3e7f642ae9ad8feafce01cec6778d760c19b0f8700f1d8db4b2617d59d0369eb", kill_on_drop: false }`
[INFO] running `Command { std: "docker" "exec" "-e" "SOURCE_DIR=/opt/rustwide/workdir" "-e" "CARGO_HOME=/opt/rustwide/cargo-home" "-e" "RUSTUP_HOME=/opt/rustwide/rustup-home" "-e" "CARGO_TARGET_DIR=/opt/rustwide/target" "-e" "CARGO_INCREMENTAL=0" "-e" "RUST_BACKTRACE=full" "-e" "RUSTFLAGS=--cap-lints=warn" "-e" "RUSTDOCFLAGS=--cap-lints=warn" "-w" "/opt/rustwide/workdir" "--user" "0:0" "3e7f642ae9ad8feafce01cec6778d760c19b0f8700f1d8db4b2617d59d0369eb" "/opt/rustwide/cargo-home/bin/cargo" "+1.99.0-beta.8" "build" "--frozen" "--message-format=json" "--release", kill_on_drop: false }`
[INFO] [stderr]    Compiling proc-macro2 v1.0.101
[INFO] [stderr]    Compiling libc v0.2.187
[INFO] [stderr]    Compiling anstyle-query v1.1.4
[INFO] [stderr]    Compiling regex-syntax v0.8.6
[INFO] [stderr]    Compiling cfg-if v1.0.3
[INFO] [stderr]    Compiling bitflags v2.9.4
[INFO] [stderr]    Compiling nom v7.1.3
[INFO] [stderr]    Compiling anstream v0.6.20
[INFO] [stderr]    Compiling clap_builder v4.5.47
[INFO] [stderr]    Compiling quote v1.0.40
[INFO] [stderr]    Compiling syn v2.0.106
[INFO] [stderr]    Compiling regex-automata v0.4.10
[INFO] [stderr]    Compiling nix v0.27.1
[INFO] [stderr]    Compiling clap_derive v4.5.47
[INFO] [stderr]    Compiling clap v4.5.47
[INFO] [stderr]    Compiling regex v1.11.2
[INFO] [stderr]    Compiling sctrace v0.19.0 (/opt/rustwide/workdir)
[INFO] [stderr]     Finished `release` profile [optimized] target(s) in 32.64s
[INFO] running `Command { std: "docker" "inspect" "3e7f642ae9ad8feafce01cec6778d760c19b0f8700f1d8db4b2617d59d0369eb", kill_on_drop: false }`
[INFO] running `Command { std: "docker" "exec" "-e" "SOURCE_DIR=/opt/rustwide/workdir" "-e" "CARGO_HOME=/opt/rustwide/cargo-home" "-e" "RUSTUP_HOME=/opt/rustwide/rustup-home" "-e" "CARGO_TARGET_DIR=/opt/rustwide/target" "-e" "CARGO_INCREMENTAL=0" "-e" "RUST_BACKTRACE=full" "-e" "RUSTFLAGS=--cap-lints=warn" "-e" "RUSTDOCFLAGS=--cap-lints=warn" "-w" "/opt/rustwide/workdir" "--user" "0:0" "3e7f642ae9ad8feafce01cec6778d760c19b0f8700f1d8db4b2617d59d0369eb" "/opt/rustwide/cargo-home/bin/cargo" "+1.99.0-beta.8" "test" "--frozen" "--no-run" "--message-format=json" "--release", kill_on_drop: false }`
[INFO] [stderr]    Compiling sctrace v0.19.0 (/opt/rustwide/workdir)
[INFO] [stderr]     Finished `release` profile [optimized] target(s) in 2.15s
[INFO] running `Command { std: "docker" "inspect" "3e7f642ae9ad8feafce01cec6778d760c19b0f8700f1d8db4b2617d59d0369eb", kill_on_drop: false }`
[INFO] running `Command { std: "docker" "exec" "-e" "SOURCE_DIR=/opt/rustwide/workdir" "-e" "CARGO_HOME=/opt/rustwide/cargo-home" "-e" "RUSTUP_HOME=/opt/rustwide/rustup-home" "-e" "CARGO_TARGET_DIR=/opt/rustwide/target" "-e" "CARGO_INCREMENTAL=0" "-e" "RUST_BACKTRACE=full" "-e" "RUSTFLAGS=--cap-lints=warn" "-e" "RUSTDOCFLAGS=--cap-lints=warn" "-w" "/opt/rustwide/workdir" "--user" "0:0" "3e7f642ae9ad8feafce01cec6778d760c19b0f8700f1d8db4b2617d59d0369eb" "/opt/rustwide/cargo-home/bin/cargo" "+1.99.0-beta.8" "test" "--frozen" "--release", kill_on_drop: false }`
[INFO] [stderr]     Finished `release` profile [optimized] target(s) in 0.04s
[INFO] [stderr]      Running unittests src/lib.rs (/opt/rustwide/target/release/deps/sctrace-23546297d15c9812)
[INFO] [stdout] 
[INFO] [stdout] running 0 tests
[INFO] [stdout] 
[INFO] [stdout] test result: ok. 0 passed; 0 failed; 0 ignored; 0 measured; 0 filtered out; finished in 0.00s
[INFO] [stdout] 
[INFO] [stderr]      Running unittests src/main.rs (/opt/rustwide/target/release/deps/sctrace-c6e391f47a4b2767)
[INFO] [stdout] 
[INFO] [stdout] running 8 tests
[INFO] [stdout] test parameter::tests::test_new_quiet_mode ... ok
[INFO] [stdout] test parameter::tests::test_new_online_mode ... ok
[INFO] [stdout] test parameter::tests::test_new_online_mode_no_args ... ok
[INFO] [stdout] test parameter::tests::test_new_offline_mode ... ok
[INFO] [stdout] test parameter::tests::test_new_both_input_and_program ... ok
[INFO] [stdout] test parameter::tests::test_many_scml_paths ... ok
[INFO] [stdout] test parameter::tests::test_new_missing_input_and_program ... ok
[INFO] [stdout] test parameter::tests::test_new_missing_scml_file ... ok
[INFO] [stdout] 
[INFO] [stdout] test result: ok. 8 passed; 0 failed; 0 ignored; 0 measured; 0 filtered out; finished in 0.01s
[INFO] [stdout] 
[INFO] [stderr]      Running tests/integration_test.rs (/opt/rustwide/target/release/deps/integration_test-2b659f5ce1215a0c)
[INFO] [stdout] 
[INFO] [stdout] running 8 tests
[INFO] [stdout] test test_multiple_struct_with_same_name ... ok
[INFO] [stdout] test test_multiple_threads_syscalls ... ok
[INFO] [stdout] test test_heterogeneous_arrays ... ok
[INFO] [stdout] test test_check_logfile_wildcard_pattern ... ok
[INFO] [stdout] test test_clone_syscall ... ok
[INFO] [stdout] test test_open_syscall ... ok
[INFO] [stdout] test test_timer_create_syscall ... ok
[INFO] [stdout] test test_check_program_simple_command ... FAILED
[INFO] [stdout] 
[INFO] [stdout] failures:
[INFO] [stdout] 
[INFO] [stdout] ---- test_check_program_simple_command stdout ----
[INFO] [stdout] 
[INFO] [stdout] thread 'test_check_program_simple_command' (586) panicked at tests/integration_test.rs:289:63:
[INFO] [stdout] called `Result::unwrap()` on an `Err` value: TraceError { message: "strace command not found. Please install strace:\n- Debian/Ubuntu: sudo apt-get install strace\n- Fedora/RHEL: sudo dnf install strace" }
[INFO] [stdout] stack backtrace:
[INFO] [stdout]    0:     0x5c0d2175d9c1 - <<std[70759c8f55707aa4]::sys::backtrace::BacktraceLock>::print::DisplayBacktrace as core[df12db4294e9bfd3]::fmt::Display>::fmt
[INFO] [stdout]    1:     0x5c0d21771cca - core[df12db4294e9bfd3]::fmt::write
[INFO] [stdout]    2:     0x5c0d21761e5c - <alloc[2182bb758b4b3781]::vec::Vec<u8> as core[df12db4294e9bfd3]::io::write::Write>::write_fmt
[INFO] [stdout]    3:     0x5c0d21739e56 - std[70759c8f55707aa4]::panicking::default_hook::{closure#0}
[INFO] [stdout]    4:     0x5c0d21756129 - std[70759c8f55707aa4]::panicking::default_hook
[INFO] [stdout]    5:     0x5c0d216d7800 - test[9d35eded1c95d3be]::test_main_inner::<test[9d35eded1c95d3be]::test_main_static::{closure#0}>::{closure#0}
[INFO] [stdout]    6:     0x5c0d217562e2 - std[70759c8f55707aa4]::panicking::panic_with_hook
[INFO] [stdout]    7:     0x5c0d21739f02 - std[70759c8f55707aa4]::panicking::panic_handler::{closure#0}
[INFO] [stdout]    8:     0x5c0d21732c89 - std[70759c8f55707aa4]::sys::backtrace::__rust_end_short_backtrace::<std[70759c8f55707aa4]::panicking::panic_handler::{closure#0}, !>
[INFO] [stdout]    9:     0x5c0d2173aafd - __rustc[8fa7c3cbc660c2b3]::rust_begin_unwind
[INFO] [stdout]   10:     0x5c0d2177242c - core[df12db4294e9bfd3]::panicking::panic_fmt
[INFO] [stdout]   11:     0x5c0d21772202 - core[df12db4294e9bfd3]::result::unwrap_failed
[INFO] [stdout]   12:     0x5c0d216c8c57 - <integration_test[8eaa92d7026a4ebb]::test_check_program_simple_command::{closure#0} as core[df12db4294e9bfd3]::ops::function::FnOnce<()>>::call_once
[INFO] [stdout]   13:     0x5c0d216caaeb - test[9d35eded1c95d3be]::__rust_begin_short_backtrace::<core[df12db4294e9bfd3]::result::Result<(), alloc[2182bb758b4b3781]::string::String>, fn() -> core[df12db4294e9bfd3]::result::Result<(), alloc[2182bb758b4b3781]::string::String>>
[INFO] [stdout]   14:     0x5c0d216d8155 - test[9d35eded1c95d3be]::run_test::{closure#0}
[INFO] [stdout]   15:     0x5c0d216d1a14 - std[70759c8f55707aa4]::sys::backtrace::__rust_begin_short_backtrace::<test[9d35eded1c95d3be]::run_test::{closure#1}, ()>
[INFO] [stdout]   16:     0x5c0d216db2b2 - <std[70759c8f55707aa4]::thread::lifecycle::spawn_unchecked<test[9d35eded1c95d3be]::run_test::{closure#1}, ()>::{closure#1} as core[df12db4294e9bfd3]::ops::function::FnOnce<()>>::call_once::{shim:vtable#0}
[INFO] [stdout]   17:     0x5c0d2175d299 - <std[70759c8f55707aa4]::sys::thread::unix::Thread>::new::thread_start
[INFO] [stdout]   18:     0x7482260dddfa - <unknown>
[INFO] [stdout]   19:     0x7482261713d4 - clone
[INFO] [stdout]   20:                0x0 - <unknown>
[INFO] [stdout] 
[INFO] [stdout] 
[INFO] [stdout] failures:
[INFO] [stdout]     test_check_program_simple_command
[INFO] [stdout] 
[INFO] [stdout] test result: FAILED. 7 passed; 1 failed; 0 ignored; 0 measured; 0 filtered out; finished in 0.01s
[INFO] [stdout] 
[INFO] [stderr] error: test failed, to rerun pass `--test integration_test`
[INFO] running `Command { std: "docker" "inspect" "3e7f642ae9ad8feafce01cec6778d760c19b0f8700f1d8db4b2617d59d0369eb", kill_on_drop: false }`
[INFO] running `Command { std: "docker" "rm" "-f" "3e7f642ae9ad8feafce01cec6778d760c19b0f8700f1d8db4b2617d59d0369eb", kill_on_drop: false }`
[INFO] [stdout] 3e7f642ae9ad8feafce01cec6778d760c19b0f8700f1d8db4b2617d59d0369eb
