[INFO] fetching crate scryfall 0.25.0...
[INFO] testing scryfall-0.25.0 against 1.99.0-beta.8+cargoflags=--release for beta-release-1.100-2
[INFO] extracting crate scryfall 0.25.0 into /workspace/builds/worker-0-tc1/source
[INFO] started tweaking crates.io crate scryfall 0.25.0
[INFO] removed 0 missing examples
[INFO] removed 0 missing tests
[INFO] finished tweaking crates.io crate scryfall 0.25.0
[INFO] tweaked toml for crates.io crate scryfall 0.25.0 written to /workspace/builds/worker-0-tc1/source/Cargo.toml
[INFO] validating manifest of crates.io crate scryfall 0.25.0 on toolchain 1.99.0-beta.8
[INFO] running `Command { std: CARGO_HOME="/workspace/cargo-home" RUSTUP_HOME="/workspace/rustup-home" "/workspace/cargo-home/bin/cargo" "+1.99.0-beta.8" "metadata" "--manifest-path" "Cargo.toml" "--no-deps", kill_on_drop: false }`
[INFO] crate crates.io crate scryfall 0.25.0 already has a lockfile, it will not be regenerated
[INFO] running `Command { std: CARGO_HOME="/workspace/cargo-home" RUSTUP_HOME="/workspace/rustup-home" "/workspace/cargo-home/bin/cargo" "+1.99.0-beta.8" "fetch" "--manifest-path" "Cargo.toml", kill_on_drop: false }`
[INFO] [stderr]     Updating crates.io index
[INFO] [stderr]  Downloading crates ...
[INFO] [stderr]   Downloaded uuid v1.17.0
[INFO] [stderr]   Downloaded rustc-demangle v0.1.25
[INFO] [stderr]   Downloaded tokio-test v0.4.4
[INFO] [stderr]   Downloaded redox_syscall v0.5.13
[INFO] [stderr]   Downloaded signal-hook-registry v1.4.5
[INFO] [stderr]   Downloaded tinyvec v1.9.0
[INFO] [stderr]   Downloaded security-framework-sys v2.14.0
[INFO] [stderr]   Downloaded cc v1.2.29
[INFO] [stderr]   Downloaded openssl-sys v0.9.109
[INFO] [stderr]   Downloaded thiserror v2.0.14
[INFO] [stderr]   Downloaded reqwest v0.12.22
[INFO] [stderr]   Downloaded thiserror-impl v2.0.14
[INFO] [stderr]   Downloaded quinn-udp v0.5.13
[INFO] [stderr]   Downloaded httpstatus v0.1.2
[INFO] [stderr]   Downloaded quinn v0.11.8
[INFO] [stderr]   Downloaded hyper-util v0.1.15
[INFO] [stderr]   Downloaded webpki-roots v1.0.2
[INFO] [stderr]   Downloaded quinn-proto v0.11.12
[INFO] [stderr]   Downloaded openssl v0.10.73
[INFO] running `Command { std: "docker" "create" "-v" "/var/lib/crater-agent-workspace/builds/worker-0-tc1/source:/opt/rustwide/workdir:ro,Z" "-v" "/var/lib/crater-agent-workspace/builds/worker-0-tc1/target:/opt/rustwide/target:rw,Z" "-v" "/var/lib/crater-agent-workspace/cargo-home:/opt/rustwide/cargo-home:ro,Z" "-v" "/var/lib/crater-agent-workspace/rustup-home:/opt/rustwide/rustup-home:ro,Z" "-m" "1610612736" "--network" "none" "ghcr.io/rust-lang/crates-build-env/linux@sha256:77db811e55d90add9212f6832c23229e3de5f1c1f9905e8cb07319ea15df73ac" "sleep" "infinity", kill_on_drop: false }`
[INFO] [stdout] c3105da34bfa3f136471e7ddd8990f635840bf07c89c5795d8fe82280c63abd9
[INFO] running `Command { std: "docker" "start" "c3105da34bfa3f136471e7ddd8990f635840bf07c89c5795d8fe82280c63abd9", kill_on_drop: false }`
[INFO] running `Command { std: "docker" "inspect" "c3105da34bfa3f136471e7ddd8990f635840bf07c89c5795d8fe82280c63abd9", kill_on_drop: false }`
[INFO] running `Command { std: "docker" "exec" "-e" "SOURCE_DIR=/opt/rustwide/workdir" "-e" "CARGO_HOME=/opt/rustwide/cargo-home" "-e" "RUSTUP_HOME=/opt/rustwide/rustup-home" "-e" "CARGO_TARGET_DIR=/opt/rustwide/target" "-w" "/opt/rustwide/workdir" "--user" "0:0" "c3105da34bfa3f136471e7ddd8990f635840bf07c89c5795d8fe82280c63abd9" "/opt/rustwide/cargo-home/bin/cargo" "+1.99.0-beta.8" "metadata" "--no-deps" "--format-version=1", kill_on_drop: false }`
[INFO] running `Command { std: "docker" "inspect" "c3105da34bfa3f136471e7ddd8990f635840bf07c89c5795d8fe82280c63abd9", kill_on_drop: false }`
[INFO] running `Command { std: "docker" "exec" "-e" "SOURCE_DIR=/opt/rustwide/workdir" "-e" "CARGO_HOME=/opt/rustwide/cargo-home" "-e" "RUSTUP_HOME=/opt/rustwide/rustup-home" "-e" "CARGO_TARGET_DIR=/opt/rustwide/target" "-e" "CARGO_INCREMENTAL=0" "-e" "RUST_BACKTRACE=full" "-e" "RUSTFLAGS=--cap-lints=warn" "-e" "RUSTDOCFLAGS=--cap-lints=warn" "-w" "/opt/rustwide/workdir" "--user" "0:0" "c3105da34bfa3f136471e7ddd8990f635840bf07c89c5795d8fe82280c63abd9" "/opt/rustwide/cargo-home/bin/cargo" "+1.99.0-beta.8" "build" "--frozen" "--message-format=json" "--release", kill_on_drop: false }`
[INFO] [stderr]    Compiling syn v2.0.104
[INFO] [stderr]    Compiling libc v0.2.174
[INFO] [stderr]    Compiling pin-project-lite v0.2.16
[INFO] [stderr]    Compiling futures-core v0.3.31
[INFO] [stderr]    Compiling stable_deref_trait v1.2.0
[INFO] [stderr]    Compiling futures-sink v0.3.31
[INFO] [stderr]    Compiling pkg-config v0.3.32
[INFO] [stderr]    Compiling futures-task v0.3.31
[INFO] [stderr]    Compiling slab v0.4.10
[INFO] [stderr]    Compiling cc v1.2.29
[INFO] [stderr]    Compiling futures-io v0.3.31
[INFO] [stderr]    Compiling litemap v0.8.0
[INFO] [stderr]    Compiling writeable v0.6.1
[INFO] [stderr]    Compiling http v1.3.1
[INFO] [stderr]    Compiling openssl v0.10.73
[INFO] [stderr]    Compiling percent-encoding v2.3.1
[INFO] [stderr]    Compiling native-tls v0.2.14
[INFO] [stderr]    Compiling tracing-core v0.1.34
[INFO] [stderr]    Compiling openssl-probe v0.1.6
[INFO] [stderr]    Compiling futures-channel v0.3.31
[INFO] [stderr]    Compiling log v0.4.27
[INFO] [stderr]    Compiling form_urlencoded v1.2.1
[INFO] [stderr]    Compiling sync_wrapper v1.0.2
[INFO] [stderr]    Compiling ipnet v2.11.0
[INFO] [stderr]    Compiling thiserror v1.0.69
[INFO] [stderr]    Compiling iri-string v0.7.8
[INFO] [stderr]    Compiling zeroize v1.8.1
[INFO] [stderr]    Compiling itertools v0.13.0
[INFO] [stderr]    Compiling heck v0.5.0
[INFO] [stderr]    Compiling tinyvec v1.9.0
[INFO] [stderr]    Compiling rustls-pki-types v1.12.0
[INFO] [stderr]    Compiling tracing v0.1.41
[INFO] [stderr]    Compiling socket2 v0.5.10
[INFO] [stderr]    Compiling mio v1.0.4
[INFO] [stderr]    Compiling openssl-sys v0.9.109
[INFO] [stderr]    Compiling http-body v1.0.1
[INFO] [stderr]    Compiling http-body-util v0.1.3
[INFO] [stderr]    Compiling tokio v1.46.1
[INFO] [stderr]    Compiling synstructure v0.13.2
[INFO] [stderr]    Compiling zerovec-derive v0.11.1
[INFO] [stderr]    Compiling displaydoc v0.2.5
[INFO] [stderr]    Compiling futures-macro v0.3.31
[INFO] [stderr]    Compiling serde_derive v1.0.219
[INFO] [stderr]    Compiling openssl-macros v0.1.1
[INFO] [stderr]    Compiling thiserror-impl v1.0.69
[INFO] [stderr]    Compiling async-trait v0.1.88
[INFO] [stderr]    Compiling zerofrom-derive v0.1.6
[INFO] [stderr]    Compiling yoke-derive v0.8.0
[INFO] [stderr]    Compiling futures-util v0.3.31
[INFO] [stderr]    Compiling zerofrom v0.1.6
[INFO] [stderr]    Compiling yoke v0.8.0
[INFO] [stderr]    Compiling zerovec v0.11.2
[INFO] [stderr]    Compiling zerotrie v0.2.2
[INFO] [stderr]    Compiling tokio-util v0.7.15
[INFO] [stderr]    Compiling tokio-stream v0.1.17
[INFO] [stderr]    Compiling tinystr v0.8.1
[INFO] [stderr]    Compiling potential_utf v0.1.2
[INFO] [stderr]    Compiling icu_collections v2.0.0
[INFO] [stderr]    Compiling icu_locale_core v2.0.0
[INFO] [stderr]    Compiling serde v1.0.219
[INFO] [stderr]    Compiling icu_provider v2.0.0
[INFO] [stderr]    Compiling hyper v1.6.0
[INFO] [stderr]    Compiling tower v0.5.2
[INFO] [stderr]    Compiling futures-executor v0.3.31
[INFO] [stderr]    Compiling futures v0.3.31
[INFO] [stderr]    Compiling icu_properties v2.0.1
[INFO] [stderr]    Compiling icu_normalizer v2.0.0
[INFO] [stderr]    Compiling tower-http v0.6.6
[INFO] [stderr]    Compiling tokio-native-tls v0.3.1
[INFO] [stderr]    Compiling idna_adapter v1.2.1
[INFO] [stderr]    Compiling hyper-util v0.1.15
[INFO] [stderr]    Compiling idna v1.0.3
[INFO] [stderr]    Compiling hyper-tls v0.6.0
[INFO] [stderr]    Compiling serde_urlencoded v0.7.1
[INFO] [stderr]    Compiling url v2.5.4
[INFO] [stderr]    Compiling serde_json v1.0.140
[INFO] [stderr]    Compiling chrono v0.4.41
[INFO] [stderr]    Compiling httpstatus v0.1.2
[INFO] [stderr]    Compiling uuid v1.17.0
[INFO] [stderr]    Compiling reqwest v0.12.22
[INFO] [stderr]    Compiling scryfall v0.25.0 (/opt/rustwide/workdir)
[INFO] [stderr]     Finished `release` profile [optimized] target(s) in 1m 00s
[INFO] running `Command { std: "docker" "inspect" "c3105da34bfa3f136471e7ddd8990f635840bf07c89c5795d8fe82280c63abd9", kill_on_drop: false }`
[INFO] running `Command { std: "docker" "exec" "-e" "SOURCE_DIR=/opt/rustwide/workdir" "-e" "CARGO_HOME=/opt/rustwide/cargo-home" "-e" "RUSTUP_HOME=/opt/rustwide/rustup-home" "-e" "CARGO_TARGET_DIR=/opt/rustwide/target" "-e" "CARGO_INCREMENTAL=0" "-e" "RUST_BACKTRACE=full" "-e" "RUSTFLAGS=--cap-lints=warn" "-e" "RUSTDOCFLAGS=--cap-lints=warn" "-w" "/opt/rustwide/workdir" "--user" "0:0" "c3105da34bfa3f136471e7ddd8990f635840bf07c89c5795d8fe82280c63abd9" "/opt/rustwide/cargo-home/bin/cargo" "+1.99.0-beta.8" "test" "--frozen" "--no-run" "--message-format=json" "--release", kill_on_drop: false }`
[INFO] [stderr]    Compiling lock_api v0.4.13
[INFO] [stderr]    Compiling parking_lot_core v0.9.11
[INFO] [stderr]    Compiling signal-hook-registry v1.4.5
[INFO] [stderr]    Compiling tokio-macros v2.5.0
[INFO] [stderr]    Compiling getrandom v0.3.3
[INFO] [stderr]    Compiling rustversion v1.0.21
[INFO] [stderr]    Compiling ppv-lite86 v0.2.21
[INFO] [stderr]    Compiling async-stream-impl v0.3.6
[INFO] [stderr]    Compiling async-stream v0.3.6
[INFO] [stderr]    Compiling parking_lot v0.12.4
[INFO] [stderr]    Compiling rand_core v0.9.3
[INFO] [stderr]    Compiling rand_chacha v0.9.0
[INFO] [stderr]    Compiling strum_macros v0.26.4
[INFO] [stderr]    Compiling tokio v1.46.1
[INFO] [stderr]    Compiling rand v0.9.1
[INFO] [stderr]    Compiling strum v0.26.3
[INFO] [stderr]    Compiling tokio-util v0.7.15
[INFO] [stderr]    Compiling hyper v1.6.0
[INFO] [stderr]    Compiling tokio-native-tls v0.3.1
[INFO] [stderr]    Compiling tower v0.5.2
[INFO] [stderr]    Compiling tower-http v0.6.6
[INFO] [stderr]    Compiling hyper-util v0.1.15
[INFO] [stderr]    Compiling tokio-stream v0.1.17
[INFO] [stderr]    Compiling tokio-test v0.4.4
[INFO] [stderr]    Compiling hyper-tls v0.6.0
[INFO] [stderr]    Compiling reqwest v0.12.22
[INFO] [stderr]    Compiling scryfall v0.25.0 (/opt/rustwide/workdir)
[INFO] [stderr]     Finished `release` profile [optimized] target(s) in 1m 17s
[INFO] running `Command { std: "docker" "inspect" "c3105da34bfa3f136471e7ddd8990f635840bf07c89c5795d8fe82280c63abd9", kill_on_drop: false }`
[INFO] running `Command { std: "docker" "exec" "-e" "SOURCE_DIR=/opt/rustwide/workdir" "-e" "CARGO_HOME=/opt/rustwide/cargo-home" "-e" "RUSTUP_HOME=/opt/rustwide/rustup-home" "-e" "CARGO_TARGET_DIR=/opt/rustwide/target" "-e" "CARGO_INCREMENTAL=0" "-e" "RUST_BACKTRACE=full" "-e" "RUSTFLAGS=--cap-lints=warn" "-e" "RUSTDOCFLAGS=--cap-lints=warn" "-w" "/opt/rustwide/workdir" "--user" "0:0" "c3105da34bfa3f136471e7ddd8990f635840bf07c89c5795d8fe82280c63abd9" "/opt/rustwide/cargo-home/bin/cargo" "+1.99.0-beta.8" "test" "--frozen" "--release", kill_on_drop: false }`
[INFO] [stderr]     Finished `release` profile [optimized] target(s) in 0.21s
[INFO] [stderr]      Running unittests src/lib.rs (/opt/rustwide/target/release/deps/scryfall-3158b94120ecb5d8)
[INFO] [stdout] 
[INFO] [stdout] running 38 tests
[INFO] [stdout] test bulk::tests::all_cards ... ignored
[INFO] [stdout] test bulk::tests::default_cards ... ignored
[INFO] [stdout] test bulk::tests::oracle_cards ... ignored
[INFO] [stdout] test bulk::tests::rulings ... ignored
[INFO] [stdout] test bulk::tests::unique_artwork ... ignored
[INFO] [stdout] test card::color::tests::intersection ... ok
[INFO] [stdout] test card::color::tests::symmetric_difference ... ok
[INFO] [stdout] test card::color::tests::difference ... ok
[INFO] [stdout] test card::price::tests::prices_equal ... ok
[INFO] [stdout] test search::param::criteria::tests::all_card_is ... ignored
[INFO] [stdout] test search::param::criteria::tests::all_printing_is ... ignored
[INFO] [stdout] test card::produced_mana::test::in_json ... ok
[INFO] [stdout] test card::produced_mana::test::tap ... ok
[INFO] [stdout] test card::price::tests::prices_disagree ... ok
[INFO] [stdout] test card::price::tests::no_prices ... ok
[INFO] [stdout] test card::color::tests::union ... ok
[INFO] [stdout] test card::legality::tests::compare_legalities ... ok
[INFO] [stdout] test card::produced_mana::test::two ... ok
[INFO] [stdout] test card::price::tests::prices_agree ... ok
[INFO] [stdout] test card::produced_mana::test::color ... ok
[INFO] [stdout] test tests::all_sets ... ignored
[INFO] [stdout] test tests::all_sets_buffered ... ignored
[INFO] [stdout] test tests::latest_cards ... ignored
[INFO] [stdout] test tests::latest_cards_buffered ... ignored
[INFO] [stdout] test search::tests::query_string_sanity_check ... ok
[INFO] [stdout] test tests::set_code_serde_test ... ok
[INFO] [stdout] test bulk::tests::test_parse_list ... ok
[INFO] [stdout] test search::tests::random_works_with_search_options ... FAILED
[INFO] [stdout] test search::tests::numeric_property_comparison ... FAILED
[INFO] [stdout] test search::tests::finds_alpha_lotus_buffered ... FAILED
[INFO] [stdout] test search::tests::finds_alpha_lotus ... FAILED
[INFO] [stdout] test search::tests::numeric_property_comparison_buffered ... FAILED
[INFO] [stdout] test search::tests::rarity_comparison_buffered ... FAILED
[INFO] [stdout] test search::tests::basic_search ... FAILED
[INFO] [stdout] test search::query::tests::even_power ... FAILED
[INFO] [stdout] test search::tests::rarity_comparison ... FAILED
[INFO] [stdout] test search::query::tests::even_power_buffered ... FAILED
[INFO] [stdout] test search::tests::basic_search_buffered ... FAILED
[INFO] [stdout] 
[INFO] [stdout] failures:
[INFO] [stdout] 
[INFO] [stdout] ---- search::tests::random_works_with_search_options stdout ----
[INFO] [stdout] 
[INFO] [stdout] thread 'search::tests::random_works_with_search_options' (2395) panicked at src/search.rs:198:14:
[INFO] [stdout] called `Result::unwrap()` on an `Err` value: ReqwestError { error: reqwest::Error { kind: Request, url: "https://api.scryfall.com/cards/random/?unique=art&order=usd&dir=asc&page=1&include_extras=true&include_multilingual=true&include_variations=true&q=keyword%3A%22storm%22", source: hyper_util::client::legacy::Error(Connect, ConnectError("dns error", Custom { kind: Uncategorized, error: "failed to lookup address information: Temporary failure in name resolution" })) }, url: Url { scheme: "https", cannot_be_a_base: false, username: "", password: None, host: Some(Domain("api.scryfall.com")), port: None, path: "/cards/random/", query: Some("unique=art&order=usd&dir=asc&page=1&include_extras=true&include_multilingual=true&include_variations=true&q=keyword%3A%22storm%22"), fragment: None } }
[INFO] [stdout] stack backtrace:
[INFO] [stdout]    0:     0x5782c4444aa1 - <<std[70759c8f55707aa4]::sys::backtrace::BacktraceLock>::print::DisplayBacktrace as core[df12db4294e9bfd3]::fmt::Display>::fmt
[INFO] [stdout]    1:     0x5782c445b8da - core[df12db4294e9bfd3]::fmt::write
[INFO] [stdout]    2:     0x5782c44495dc - <alloc[2182bb758b4b3781]::vec::Vec<u8> as core[df12db4294e9bfd3]::io::write::Write>::write_fmt
[INFO] [stdout]    3:     0x5782c441fbf6 - std[70759c8f55707aa4]::panicking::default_hook::{closure#0}
[INFO] [stdout]    4:     0x5782c443ca49 - std[70759c8f55707aa4]::panicking::default_hook
[INFO] [stdout]    5:     0x5782c42ea050 - test[9d35eded1c95d3be]::test_main_inner::<test[9d35eded1c95d3be]::test_main_static::{closure#0}>::{closure#0}
[INFO] [stdout]    6:     0x5782c443cd72 - std[70759c8f55707aa4]::panicking::panic_with_hook
[INFO] [stdout]    7:     0x5782c441fca2 - std[70759c8f55707aa4]::panicking::panic_handler::{closure#0}
[INFO] [stdout]    8:     0x5782c4418949 - std[70759c8f55707aa4]::sys::backtrace::__rust_end_short_backtrace::<std[70759c8f55707aa4]::panicking::panic_handler::{closure#0}, !>
[INFO] [stdout]    9:     0x5782c4420a8d - __rustc[8fa7c3cbc660c2b3]::rust_begin_unwind
[INFO] [stdout]   10:     0x5782c445c03c - core[df12db4294e9bfd3]::panicking::panic_fmt
[INFO] [stdout]   11:     0x5782c445be12 - core[df12db4294e9bfd3]::result::unwrap_failed
[INFO] [stdout]   12:     0x5782c4271c96 - scryfall[9c49b1495daf6924]::search::tests::random_works_with_search_options::{closure#0}
[INFO] [stdout]   13:     0x5782c42856f3 - <tokio[f3c6410f8d38f65f]::runtime::scheduler::current_thread::Context>::enter::<core[df12db4294e9bfd3]::task::poll::Poll<()>, <tokio[f3c6410f8d38f65f]::runtime::scheduler::current_thread::CoreGuard>::block_on<core[df12db4294e9bfd3]::pin::Pin<&mut core[df12db4294e9bfd3]::pin::Pin<&mut dyn core[df12db4294e9bfd3]::future::future::Future<Output = ()>>>>::{closure#0}::{closure#0}>
[INFO] [stdout]   14:     0x5782c42a20bc - <tokio[f3c6410f8d38f65f]::runtime::context::scoped::Scoped<tokio[f3c6410f8d38f65f]::runtime::scheduler::Context>>::set::<<tokio[f3c6410f8d38f65f]::runtime::scheduler::current_thread::CoreGuard>::enter<<tokio[f3c6410f8d38f65f]::runtime::scheduler::current_thread::CoreGuard>::block_on<core[df12db4294e9bfd3]::pin::Pin<&mut core[df12db4294e9bfd3]::pin::Pin<&mut dyn core[df12db4294e9bfd3]::future::future::Future<Output = ()>>>>::{closure#0}, core[df12db4294e9bfd3]::option::Option<()>>::{closure#0}, (alloc[2182bb758b4b3781]::boxed::Box<tokio[f3c6410f8d38f65f]::runtime::scheduler::current_thread::Core>, core[df12db4294e9bfd3]::option::Option<()>)>
[INFO] [stdout]   15:     0x5782c4285d67 - <tokio[f3c6410f8d38f65f]::runtime::scheduler::current_thread::CoreGuard>::block_on::<core[df12db4294e9bfd3]::pin::Pin<&mut core[df12db4294e9bfd3]::pin::Pin<&mut dyn core[df12db4294e9bfd3]::future::future::Future<Output = ()>>>>
[INFO] [stdout]   16:     0x5782c427b35d - tokio[f3c6410f8d38f65f]::runtime::context::runtime::enter_runtime::<<tokio[f3c6410f8d38f65f]::runtime::scheduler::current_thread::CurrentThread>::block_on<core[df12db4294e9bfd3]::pin::Pin<&mut dyn core[df12db4294e9bfd3]::future::future::Future<Output = ()>>>::{closure#0}, ()>
[INFO] [stdout]   17:     0x5782c429a2b5 - <tokio[f3c6410f8d38f65f]::runtime::runtime::Runtime>::block_on::<core[df12db4294e9bfd3]::pin::Pin<&mut dyn core[df12db4294e9bfd3]::future::future::Future<Output = ()>>>
[INFO] [stdout]   18:     0x5782c427600b - scryfall[9c49b1495daf6924]::search::tests::random_works_with_search_options
[INFO] [stdout]   19:     0x5782c42d3829 - <scryfall[9c49b1495daf6924]::search::tests::random_works_with_search_options::{closure#0} as core[df12db4294e9bfd3]::ops::function::FnOnce<()>>::call_once
[INFO] [stdout]   20:     0x5782c42dd33b - test[9d35eded1c95d3be]::__rust_begin_short_backtrace::<core[df12db4294e9bfd3]::result::Result<(), alloc[2182bb758b4b3781]::string::String>, fn() -> core[df12db4294e9bfd3]::result::Result<(), alloc[2182bb758b4b3781]::string::String>>
[INFO] [stdout]   21:     0x5782c42ea9a5 - test[9d35eded1c95d3be]::run_test::{closure#0}
[INFO] [stdout]   22:     0x5782c42e4264 - std[70759c8f55707aa4]::sys::backtrace::__rust_begin_short_backtrace::<test[9d35eded1c95d3be]::run_test::{closure#1}, ()>
[INFO] [stdout]   23:     0x5782c42edb02 - <std[70759c8f55707aa4]::thread::lifecycle::spawn_unchecked<test[9d35eded1c95d3be]::run_test::{closure#1}, ()>::{closure#1} as core[df12db4294e9bfd3]::ops::function::FnOnce<()>>::call_once::{shim:vtable#0}
[INFO] [stdout]   24:     0x5782c4443fc9 - <std[70759c8f55707aa4]::sys::thread::unix::Thread>::new::thread_start
[INFO] [stdout]   25:     0x726df1e82dfa - <unknown>
[INFO] [stdout]   26:     0x726df1f163d4 - clone
[INFO] [stdout]   27:                0x0 - <unknown>
[INFO] [stdout] 
[INFO] [stdout] ---- search::tests::numeric_property_comparison stdout ----
[INFO] [stdout] 
[INFO] [stdout] thread 'search::tests::numeric_property_comparison' (2392) panicked at src/search.rs:311:10:
[INFO] [stdout] called `Result::unwrap()` on an `Err` value: ReqwestError { error: reqwest::Error { kind: Request, url: "https://api.scryfall.com/cards/random/?q=%28power%3Dtoughness+AND+powtou%3Dcmc+AND+-is%3Afunny+AND+-is%3Atransform+AND+-is%3Aflip+AND+-is%3Amodal_dfc%29", source: hyper_util::client::legacy::Error(Connect, ConnectError("dns error", Custom { kind: Uncategorized, error: "failed to lookup address information: Temporary failure in name resolution" })) }, url: Url { scheme: "https", cannot_be_a_base: false, username: "", password: None, host: Some(Domain("api.scryfall.com")), port: None, path: "/cards/random/", query: Some("q=%28power%3Dtoughness+AND+powtou%3Dcmc+AND+-is%3Afunny+AND+-is%3Atransform+AND+-is%3Aflip+AND+-is%3Amodal_dfc%29"), fragment: None } }
[INFO] [stdout] stack backtrace:
[INFO] [stdout]    0:     0x5782c4444aa1 - <<std[70759c8f55707aa4]::sys::backtrace::BacktraceLock>::print::DisplayBacktrace as core[df12db4294e9bfd3]::fmt::Display>::fmt
[INFO] [stdout]    1:     0x5782c445b8da - core[df12db4294e9bfd3]::fmt::write
[INFO] [stdout]    2:     0x5782c44495dc - <alloc[2182bb758b4b3781]::vec::Vec<u8> as core[df12db4294e9bfd3]::io::write::Write>::write_fmt
[INFO] [stdout]    3:     0x5782c441fbf6 - std[70759c8f55707aa4]::panicking::default_hook::{closure#0}
[INFO] [stdout]    4:     0x5782c443ca49 - std[70759c8f55707aa4]::panicking::default_hook
[INFO] [stdout]    5:     0x5782c42ea050 - test[9d35eded1c95d3be]::test_main_inner::<test[9d35eded1c95d3be]::test_main_static::{closure#0}>::{closure#0}
[INFO] [stdout]    6:     0x5782c443cd72 - std[70759c8f55707aa4]::panicking::panic_with_hook
[INFO] [stdout]    7:     0x5782c441fca2 - std[70759c8f55707aa4]::panicking::panic_handler::{closure#0}
[INFO] [stdout]    8:     0x5782c4418949 - std[70759c8f55707aa4]::sys::backtrace::__rust_end_short_backtrace::<std[70759c8f55707aa4]::panicking::panic_handler::{closure#0}, !>
[INFO] [stdout]    9:     0x5782c4420a8d - __rustc[8fa7c3cbc660c2b3]::rust_begin_unwind
[INFO] [stdout]   10:     0x5782c445c03c - core[df12db4294e9bfd3]::panicking::panic_fmt
[INFO] [stdout]   11:     0x5782c445be12 - core[df12db4294e9bfd3]::result::unwrap_failed
[INFO] [stdout]   12:     0x5782c426fc03 - scryfall[9c49b1495daf6924]::search::tests::numeric_property_comparison::{closure#0}
[INFO] [stdout]   13:     0x5782c42856f3 - <tokio[f3c6410f8d38f65f]::runtime::scheduler::current_thread::Context>::enter::<core[df12db4294e9bfd3]::task::poll::Poll<()>, <tokio[f3c6410f8d38f65f]::runtime::scheduler::current_thread::CoreGuard>::block_on<core[df12db4294e9bfd3]::pin::Pin<&mut core[df12db4294e9bfd3]::pin::Pin<&mut dyn core[df12db4294e9bfd3]::future::future::Future<Output = ()>>>>::{closure#0}::{closure#0}>
[INFO] [stdout]   14:     0x5782c42a20bc - <tokio[f3c6410f8d38f65f]::runtime::context::scoped::Scoped<tokio[f3c6410f8d38f65f]::runtime::scheduler::Context>>::set::<<tokio[f3c6410f8d38f65f]::runtime::scheduler::current_thread::CoreGuard>::enter<<tokio[f3c6410f8d38f65f]::runtime::scheduler::current_thread::CoreGuard>::block_on<core[df12db4294e9bfd3]::pin::Pin<&mut core[df12db4294e9bfd3]::pin::Pin<&mut dyn core[df12db4294e9bfd3]::future::future::Future<Output = ()>>>>::{closure#0}, core[df12db4294e9bfd3]::option::Option<()>>::{closure#0}, (alloc[2182bb758b4b3781]::boxed::Box<tokio[f3c6410f8d38f65f]::runtime::scheduler::current_thread::Core>, core[df12db4294e9bfd3]::option::Option<()>)>
[INFO] [stdout]   15:     0x5782c4285d67 - <tokio[f3c6410f8d38f65f]::runtime::scheduler::current_thread::CoreGuard>::block_on::<core[df12db4294e9bfd3]::pin::Pin<&mut core[df12db4294e9bfd3]::pin::Pin<&mut dyn core[df12db4294e9bfd3]::future::future::Future<Output = ()>>>>
[INFO] [stdout]   16:     0x5782c427b35d - tokio[f3c6410f8d38f65f]::runtime::context::runtime::enter_runtime::<<tokio[f3c6410f8d38f65f]::runtime::scheduler::current_thread::CurrentThread>::block_on<core[df12db4294e9bfd3]::pin::Pin<&mut dyn core[df12db4294e9bfd3]::future::future::Future<Output = ()>>>::{closure#0}, ()>
[INFO] [stdout]   17:     0x5782c429a2b5 - <tokio[f3c6410f8d38f65f]::runtime::runtime::Runtime>::block_on::<core[df12db4294e9bfd3]::pin::Pin<&mut dyn core[df12db4294e9bfd3]::future::future::Future<Output = ()>>>
[INFO] [stdout]   18:     0x5782c4275eba - scryfall[9c49b1495daf6924]::search::tests::numeric_property_comparison
[INFO] [stdout]   19:     0x5782c42d3809 - <scryfall[9c49b1495daf6924]::search::tests::numeric_property_comparison::{closure#0} as core[df12db4294e9bfd3]::ops::function::FnOnce<()>>::call_once
[INFO] [stdout]   20:     0x5782c42dd33b - test[9d35eded1c95d3be]::__rust_begin_short_backtrace::<core[df12db4294e9bfd3]::result::Result<(), alloc[2182bb758b4b3781]::string::String>, fn() -> core[df12db4294e9bfd3]::result::Result<(), alloc[2182bb758b4b3781]::string::String>>
[INFO] [stdout]   21:     0x5782c42ea9a5 - test[9d35eded1c95d3be]::run_test::{closure#0}
[INFO] [stdout]   22:     0x5782c42e4264 - std[70759c8f55707aa4]::sys::backtrace::__rust_begin_short_backtrace::<test[9d35eded1c95d3be]::run_test::{closure#1}, ()>
[INFO] [stdout]   23:     0x5782c42edb02 - <std[70759c8f55707aa4]::thread::lifecycle::spawn_unchecked<test[9d35eded1c95d3be]::run_test::{closure#1}, ()>::{closure#1} as core[df12db4294e9bfd3]::ops::function::FnOnce<()>>::call_once::{shim:vtable#0}
[INFO] [stdout]   24:     0x5782c4443fc9 - <std[70759c8f55707aa4]::sys::thread::unix::Thread>::new::thread_start
[INFO] [stdout]   25:     0x726df1e82dfa - <unknown>
[INFO] [stdout]   26:     0x726df1f163d4 - clone
[INFO] [stdout]   27:                0x0 - <unknown>
[INFO] [stdout] 
[INFO] [stdout] ---- search::tests::finds_alpha_lotus_buffered stdout ----
[INFO] [stdout] search query: unique=prints&order=released&dir=asc&page=1&q=%21%22Black+Lotus%22
[INFO] [stdout] 
[INFO] [stdout] thread 'search::tests::finds_alpha_lotus_buffered' (2391) panicked at src/search.rs:243:18:
[INFO] [stdout] search failed: ReqwestError { error: reqwest::Error { kind: Request, url: "https://api.scryfall.com/cards/search/?unique=prints&order=released&dir=asc&page=1&q=%21%22Black+Lotus%22", source: hyper_util::client::legacy::Error(Connect, ConnectError("dns error", Custom { kind: Uncategorized, error: "failed to lookup address information: Temporary failure in name resolution" })) }, url: Url { scheme: "https", cannot_be_a_base: false, username: "", password: None, host: Some(Domain("api.scryfall.com")), port: None, path: "/cards/search/", query: Some("unique=prints&order=released&dir=asc&page=1&q=%21%22Black+Lotus%22"), fragment: None } }
[INFO] [stdout] stack backtrace:
[INFO] [stdout]    0:     0x5782c4444aa1 - <<std[70759c8f55707aa4]::sys::backtrace::BacktraceLock>::print::DisplayBacktrace as core[df12db4294e9bfd3]::fmt::Display>::fmt
[INFO] [stdout]    1:     0x5782c445b8da - core[df12db4294e9bfd3]::fmt::write
[INFO] [stdout]    2:     0x5782c44495dc - <alloc[2182bb758b4b3781]::vec::Vec<u8> as core[df12db4294e9bfd3]::io::write::Write>::write_fmt
[INFO] [stdout]    3:     0x5782c441fbf6 - std[70759c8f55707aa4]::panicking::default_hook::{closure#0}
[INFO] [stdout]    4:     0x5782c443ca49 - std[70759c8f55707aa4]::panicking::default_hook
[INFO] [stdout]    5:     0x5782c42ea050 - test[9d35eded1c95d3be]::test_main_inner::<test[9d35eded1c95d3be]::test_main_static::{closure#0}>::{closure#0}
[INFO] [stdout]    6:     0x5782c443cd72 - std[70759c8f55707aa4]::panicking::panic_with_hook
[INFO] [stdout]    7:     0x5782c441fca2 - std[70759c8f55707aa4]::panicking::panic_handler::{closure#0}
[INFO] [stdout]    8:     0x5782c4418949 - std[70759c8f55707aa4]::sys::backtrace::__rust_end_short_backtrace::<std[70759c8f55707aa4]::panicking::panic_handler::{closure#0}, !>
[INFO] [stdout]    9:     0x5782c4420a8d - __rustc[8fa7c3cbc660c2b3]::rust_begin_unwind
[INFO] [stdout]   10:     0x5782c445c03c - core[df12db4294e9bfd3]::panicking::panic_fmt
[INFO] [stdout]   11:     0x5782c445be12 - core[df12db4294e9bfd3]::result::unwrap_failed
[INFO] [stdout]   12:     0x5782c426db15 - scryfall[9c49b1495daf6924]::search::tests::finds_alpha_lotus_buffered::{closure#0}
[INFO] [stdout]   13:     0x5782c42856f3 - <tokio[f3c6410f8d38f65f]::runtime::scheduler::current_thread::Context>::enter::<core[df12db4294e9bfd3]::task::poll::Poll<()>, <tokio[f3c6410f8d38f65f]::runtime::scheduler::current_thread::CoreGuard>::block_on<core[df12db4294e9bfd3]::pin::Pin<&mut core[df12db4294e9bfd3]::pin::Pin<&mut dyn core[df12db4294e9bfd3]::future::future::Future<Output = ()>>>>::{closure#0}::{closure#0}>
[INFO] [stdout]   14:     0x5782c42a20bc - <tokio[f3c6410f8d38f65f]::runtime::context::scoped::Scoped<tokio[f3c6410f8d38f65f]::runtime::scheduler::Context>>::set::<<tokio[f3c6410f8d38f65f]::runtime::scheduler::current_thread::CoreGuard>::enter<<tokio[f3c6410f8d38f65f]::runtime::scheduler::current_thread::CoreGuard>::block_on<core[df12db4294e9bfd3]::pin::Pin<&mut core[df12db4294e9bfd3]::pin::Pin<&mut dyn core[df12db4294e9bfd3]::future::future::Future<Output = ()>>>>::{closure#0}, core[df12db4294e9bfd3]::option::Option<()>>::{closure#0}, (alloc[2182bb758b4b3781]::boxed::Box<tokio[f3c6410f8d38f65f]::runtime::scheduler::current_thread::Core>, core[df12db4294e9bfd3]::option::Option<()>)>
[INFO] [stdout]   15:     0x5782c4285d67 - <tokio[f3c6410f8d38f65f]::runtime::scheduler::current_thread::CoreGuard>::block_on::<core[df12db4294e9bfd3]::pin::Pin<&mut core[df12db4294e9bfd3]::pin::Pin<&mut dyn core[df12db4294e9bfd3]::future::future::Future<Output = ()>>>>
[INFO] [stdout]   16:     0x5782c427b35d - tokio[f3c6410f8d38f65f]::runtime::context::runtime::enter_runtime::<<tokio[f3c6410f8d38f65f]::runtime::scheduler::current_thread::CurrentThread>::block_on<core[df12db4294e9bfd3]::pin::Pin<&mut dyn core[df12db4294e9bfd3]::future::future::Future<Output = ()>>>::{closure#0}, ()>
[INFO] [stdout]   17:     0x5782c429a2b5 - <tokio[f3c6410f8d38f65f]::runtime::runtime::Runtime>::block_on::<core[df12db4294e9bfd3]::pin::Pin<&mut dyn core[df12db4294e9bfd3]::future::future::Future<Output = ()>>>
[INFO] [stdout]   18:     0x5782c4275bcb - scryfall[9c49b1495daf6924]::search::tests::finds_alpha_lotus_buffered
[INFO] [stdout]   19:     0x5782c42d37c9 - <scryfall[9c49b1495daf6924]::search::tests::finds_alpha_lotus_buffered::{closure#0} as core[df12db4294e9bfd3]::ops::function::FnOnce<()>>::call_once
[INFO] [stdout]   20:     0x5782c42dd33b - test[9d35eded1c95d3be]::__rust_begin_short_backtrace::<core[df12db4294e9bfd3]::result::Result<(), alloc[2182bb758b4b3781]::string::String>, fn() -> core[df12db4294e9bfd3]::result::Result<(), alloc[2182bb758b4b3781]::string::String>>
[INFO] [stdout]   21:     0x5782c42ea9a5 - test[9d35eded1c95d3be]::run_test::{closure#0}
[INFO] [stdout]   22:     0x5782c42e4264 - std[70759c8f55707aa4]::sys::backtrace::__rust_begin_short_backtrace::<test[9d35eded1c95d3be]::run_test::{closure#1}, ()>
[INFO] [stdout]   23:     0x5782c42edb02 - <std[70759c8f55707aa4]::thread::lifecycle::spawn_unchecked<test[9d35eded1c95d3be]::run_test::{closure#1}, ()>::{closure#1} as core[df12db4294e9bfd3]::ops::function::FnOnce<()>>::call_once::{shim:vtable#0}
[INFO] [stdout]   24:     0x5782c4443fc9 - <std[70759c8f55707aa4]::sys::thread::unix::Thread>::new::thread_start
[INFO] [stdout]   25:     0x726df1e82dfa - <unknown>
[INFO] [stdout]   26:     0x726df1f163d4 - clone
[INFO] [stdout]   27:                0x0 - <unknown>
[INFO] [stdout] 
[INFO] [stdout] ---- search::tests::finds_alpha_lotus stdout ----
[INFO] [stdout] search query: unique=prints&order=released&dir=asc&page=1&q=%21%22Black+Lotus%22
[INFO] [stdout] 
[INFO] [stdout] thread 'search::tests::finds_alpha_lotus' (2390) panicked at src/search.rs:218:18:
[INFO] [stdout] search failed: ReqwestError { error: reqwest::Error { kind: Request, url: "https://api.scryfall.com/cards/search/?unique=prints&order=released&dir=asc&page=1&q=%21%22Black+Lotus%22", source: hyper_util::client::legacy::Error(Connect, ConnectError("dns error", Custom { kind: Uncategorized, error: "failed to lookup address information: Temporary failure in name resolution" })) }, url: Url { scheme: "https", cannot_be_a_base: false, username: "", password: None, host: Some(Domain("api.scryfall.com")), port: None, path: "/cards/search/", query: Some("unique=prints&order=released&dir=asc&page=1&q=%21%22Black+Lotus%22"), fragment: None } }
[INFO] [stdout] stack backtrace:
[INFO] [stdout]    0:     0x5782c4444aa1 - <<std[70759c8f55707aa4]::sys::backtrace::BacktraceLock>::print::DisplayBacktrace as core[df12db4294e9bfd3]::fmt::Display>::fmt
[INFO] [stdout]    1:     0x5782c445b8da - core[df12db4294e9bfd3]::fmt::write
[INFO] [stdout]    2:     0x5782c44495dc - <alloc[2182bb758b4b3781]::vec::Vec<u8> as core[df12db4294e9bfd3]::io::write::Write>::write_fmt
[INFO] [stdout]    3:     0x5782c441fbf6 - std[70759c8f55707aa4]::panicking::default_hook::{closure#0}
[INFO] [stdout]    4:     0x5782c443ca49 - std[70759c8f55707aa4]::panicking::default_hook
[INFO] [stdout]    5:     0x5782c42ea050 - test[9d35eded1c95d3be]::test_main_inner::<test[9d35eded1c95d3be]::test_main_static::{closure#0}>::{closure#0}
[INFO] [stdout]    6:     0x5782c443cd72 - std[70759c8f55707aa4]::panicking::panic_with_hook
[INFO] [stdout]    7:     0x5782c441fca2 - std[70759c8f55707aa4]::panicking::panic_handler::{closure#0}
[INFO] [stdout]    8:     0x5782c4418949 - std[70759c8f55707aa4]::sys::backtrace::__rust_end_short_backtrace::<std[70759c8f55707aa4]::panicking::panic_handler::{closure#0}, !>
[INFO] [stdout]    9:     0x5782c4420a8d - __rustc[8fa7c3cbc660c2b3]::rust_begin_unwind
[INFO] [stdout]   10:     0x5782c445c03c - core[df12db4294e9bfd3]::panicking::panic_fmt
[INFO] [stdout]   11:     0x5782c445be12 - core[df12db4294e9bfd3]::result::unwrap_failed
[INFO] [stdout]   12:     0x5782c426bfb6 - scryfall[9c49b1495daf6924]::search::tests::finds_alpha_lotus::{closure#0}
[INFO] [stdout]   13:     0x5782c42856f3 - <tokio[f3c6410f8d38f65f]::runtime::scheduler::current_thread::Context>::enter::<core[df12db4294e9bfd3]::task::poll::Poll<()>, <tokio[f3c6410f8d38f65f]::runtime::scheduler::current_thread::CoreGuard>::block_on<core[df12db4294e9bfd3]::pin::Pin<&mut core[df12db4294e9bfd3]::pin::Pin<&mut dyn core[df12db4294e9bfd3]::future::future::Future<Output = ()>>>>::{closure#0}::{closure#0}>
[INFO] [stdout]   14:     0x5782c42a20bc - <tokio[f3c6410f8d38f65f]::runtime::context::scoped::Scoped<tokio[f3c6410f8d38f65f]::runtime::scheduler::Context>>::set::<<tokio[f3c6410f8d38f65f]::runtime::scheduler::current_thread::CoreGuard>::enter<<tokio[f3c6410f8d38f65f]::runtime::scheduler::current_thread::CoreGuard>::block_on<core[df12db4294e9bfd3]::pin::Pin<&mut core[df12db4294e9bfd3]::pin::Pin<&mut dyn core[df12db4294e9bfd3]::future::future::Future<Output = ()>>>>::{closure#0}, core[df12db4294e9bfd3]::option::Option<()>>::{closure#0}, (alloc[2182bb758b4b3781]::boxed::Box<tokio[f3c6410f8d38f65f]::runtime::scheduler::current_thread::Core>, core[df12db4294e9bfd3]::option::Option<()>)>
[INFO] [stdout]   15:     0x5782c4285d67 - <tokio[f3c6410f8d38f65f]::runtime::scheduler::current_thread::CoreGuard>::block_on::<core[df12db4294e9bfd3]::pin::Pin<&mut core[df12db4294e9bfd3]::pin::Pin<&mut dyn core[df12db4294e9bfd3]::future::future::Future<Output = ()>>>>
[INFO] [stdout]   16:     0x5782c427b35d - tokio[f3c6410f8d38f65f]::runtime::context::runtime::enter_runtime::<<tokio[f3c6410f8d38f65f]::runtime::scheduler::current_thread::CurrentThread>::block_on<core[df12db4294e9bfd3]::pin::Pin<&mut dyn core[df12db4294e9bfd3]::future::future::Future<Output = ()>>>::{closure#0}, ()>
[INFO] [stdout]   17:     0x5782c429a2b5 - <tokio[f3c6410f8d38f65f]::runtime::runtime::Runtime>::block_on::<core[df12db4294e9bfd3]::pin::Pin<&mut dyn core[df12db4294e9bfd3]::future::future::Future<Output = ()>>>
[INFO] [stdout]   18:     0x5782c427553b - scryfall[9c49b1495daf6924]::search::tests::finds_alpha_lotus
[INFO] [stdout]   19:     0x5782c42d3749 - <scryfall[9c49b1495daf6924]::search::tests::finds_alpha_lotus::{closure#0} as core[df12db4294e9bfd3]::ops::function::FnOnce<()>>::call_once
[INFO] [stdout]   20:     0x5782c42dd33b - test[9d35eded1c95d3be]::__rust_begin_short_backtrace::<core[df12db4294e9bfd3]::result::Result<(), alloc[2182bb758b4b3781]::string::String>, fn() -> core[df12db4294e9bfd3]::result::Result<(), alloc[2182bb758b4b3781]::string::String>>
[INFO] [stdout]   21:     0x5782c42ea9a5 - test[9d35eded1c95d3be]::run_test::{closure#0}
[INFO] [stdout]   22:     0x5782c42e4264 - std[70759c8f55707aa4]::sys::backtrace::__rust_begin_short_backtrace::<test[9d35eded1c95d3be]::run_test::{closure#1}, ()>
[INFO] [stdout]   23:     0x5782c42edb02 - <std[70759c8f55707aa4]::thread::lifecycle::spawn_unchecked<test[9d35eded1c95d3be]::run_test::{closure#1}, ()>::{closure#1} as core[df12db4294e9bfd3]::ops::function::FnOnce<()>>::call_once::{shim:vtable#0}
[INFO] [stdout]   24:     0x5782c4443fc9 - <std[70759c8f55707aa4]::sys::thread::unix::Thread>::new::thread_start
[INFO] [stdout]   25:     0x726df1e82dfa - <unknown>
[INFO] [stdout]   26:     0x726df1f163d4 - clone
[INFO] [stdout]   27:                0x0 - <unknown>
[INFO] [stdout] 
[INFO] [stdout] ---- search::tests::numeric_property_comparison_buffered stdout ----
[INFO] [stdout] 
[INFO] [stdout] thread 'search::tests::numeric_property_comparison_buffered' (2393) panicked at src/search.rs:344:10:
[INFO] [stdout] called `Result::unwrap()` on an `Err` value: ReqwestError { error: reqwest::Error { kind: Request, url: "https://api.scryfall.com/cards/random/?q=%28power%3Dtoughness+AND+powtou%3Dcmc+AND+-is%3Afunny%29", source: hyper_util::client::legacy::Error(Connect, ConnectError("dns error", Custom { kind: Uncategorized, error: "failed to lookup address information: Temporary failure in name resolution" })) }, url: Url { scheme: "https", cannot_be_a_base: false, username: "", password: None, host: Some(Domain("api.scryfall.com")), port: None, path: "/cards/random/", query: Some("q=%28power%3Dtoughness+AND+powtou%3Dcmc+AND+-is%3Afunny%29"), fragment: None } }
[INFO] [stdout] stack backtrace:
[INFO] [stdout]    0:     0x5782c4444aa1 - <<std[70759c8f55707aa4]::sys::backtrace::BacktraceLock>::print::DisplayBacktrace as core[df12db4294e9bfd3]::fmt::Display>::fmt
[INFO] [stdout]    1:     0x5782c445b8da - core[df12db4294e9bfd3]::fmt::write
[INFO] [stdout]    2:     0x5782c44495dc - <alloc[2182bb758b4b3781]::vec::Vec<u8> as core[df12db4294e9bfd3]::io::write::Write>::write_fmt
[INFO] [stdout]    3:     0x5782c441fbf6 - std[70759c8f55707aa4]::panicking::default_hook::{closure#0}
[INFO] [stdout]    4:     0x5782c443ca49 - std[70759c8f55707aa4]::panicking::default_hook
[INFO] [stdout]    5:     0x5782c42ea050 - test[9d35eded1c95d3be]::test_main_inner::<test[9d35eded1c95d3be]::test_main_static::{closure#0}>::{closure#0}
[INFO] [stdout]    6:     0x5782c443cd72 - std[70759c8f55707aa4]::panicking::panic_with_hook
[INFO] [stdout]    7:     0x5782c441fca2 - std[70759c8f55707aa4]::panicking::panic_handler::{closure#0}
[INFO] [stdout]    8:     0x5782c4418949 - std[70759c8f55707aa4]::sys::backtrace::__rust_end_short_backtrace::<std[70759c8f55707aa4]::panicking::panic_handler::{closure#0}, !>
[INFO] [stdout]    9:     0x5782c4420a8d - __rustc[8fa7c3cbc660c2b3]::rust_begin_unwind
[INFO] [stdout]   10:     0x5782c445c03c - core[df12db4294e9bfd3]::panicking::panic_fmt
[INFO] [stdout]   11:     0x5782c445be12 - core[df12db4294e9bfd3]::result::unwrap_failed
[INFO] [stdout]   12:     0x5782c42745a5 - scryfall[9c49b1495daf6924]::search::tests::numeric_property_comparison_buffered::{closure#0}
[INFO] [stdout]   13:     0x5782c42856f3 - <tokio[f3c6410f8d38f65f]::runtime::scheduler::current_thread::Context>::enter::<core[df12db4294e9bfd3]::task::poll::Poll<()>, <tokio[f3c6410f8d38f65f]::runtime::scheduler::current_thread::CoreGuard>::block_on<core[df12db4294e9bfd3]::pin::Pin<&mut core[df12db4294e9bfd3]::pin::Pin<&mut dyn core[df12db4294e9bfd3]::future::future::Future<Output = ()>>>>::{closure#0}::{closure#0}>
[INFO] [stdout]   14:     0x5782c42a20bc - <tokio[f3c6410f8d38f65f]::runtime::context::scoped::Scoped<tokio[f3c6410f8d38f65f]::runtime::scheduler::Context>>::set::<<tokio[f3c6410f8d38f65f]::runtime::scheduler::current_thread::CoreGuard>::enter<<tokio[f3c6410f8d38f65f]::runtime::scheduler::current_thread::CoreGuard>::block_on<core[df12db4294e9bfd3]::pin::Pin<&mut core[df12db4294e9bfd3]::pin::Pin<&mut dyn core[df12db4294e9bfd3]::future::future::Future<Output = ()>>>>::{closure#0}, core[df12db4294e9bfd3]::option::Option<()>>::{closure#0}, (alloc[2182bb758b4b3781]::boxed::Box<tokio[f3c6410f8d38f65f]::runtime::scheduler::current_thread::Core>, core[df12db4294e9bfd3]::option::Option<()>)>
[INFO] [stdout]   15:     0x5782c4285d67 - <tokio[f3c6410f8d38f65f]::runtime::scheduler::current_thread::CoreGuard>::block_on::<core[df12db4294e9bfd3]::pin::Pin<&mut core[df12db4294e9bfd3]::pin::Pin<&mut dyn core[df12db4294e9bfd3]::future::future::Future<Output = ()>>>>
[INFO] [stdout]   16:     0x5782c427b35d - tokio[f3c6410f8d38f65f]::runtime::context::runtime::enter_runtime::<<tokio[f3c6410f8d38f65f]::runtime::scheduler::current_thread::CurrentThread>::block_on<core[df12db4294e9bfd3]::pin::Pin<&mut dyn core[df12db4294e9bfd3]::future::future::Future<Output = ()>>>::{closure#0}, ()>
[INFO] [stdout]   17:     0x5782c429a2b5 - <tokio[f3c6410f8d38f65f]::runtime::runtime::Runtime>::block_on::<core[df12db4294e9bfd3]::pin::Pin<&mut dyn core[df12db4294e9bfd3]::future::future::Future<Output = ()>>>
[INFO] [stdout]   18:     0x5782c427616a - scryfall[9c49b1495daf6924]::search::tests::numeric_property_comparison_buffered
[INFO] [stdout]   19:     0x5782c42d3849 - <scryfall[9c49b1495daf6924]::search::tests::numeric_property_comparison_buffered::{closure#0} as core[df12db4294e9bfd3]::ops::function::FnOnce<()>>::call_once
[INFO] [stdout]   20:     0x5782c42dd33b - test[9d35eded1c95d3be]::__rust_begin_short_backtrace::<core[df12db4294e9bfd3]::result::Result<(), alloc[2182bb758b4b3781]::string::String>, fn() -> core[df12db4294e9bfd3]::result::Result<(), alloc[2182bb758b4b3781]::string::String>>
[INFO] [stdout]   21:     0x5782c42ea9a5 - test[9d35eded1c95d3be]::run_test::{closure#0}
[INFO] [stdout]   22:     0x5782c42e4264 - std[70759c8f55707aa4]::sys::backtrace::__rust_begin_short_backtrace::<test[9d35eded1c95d3be]::run_test::{closure#1}, ()>
[INFO] [stdout]   23:     0x5782c42edb02 - <std[70759c8f55707aa4]::thread::lifecycle::spawn_unchecked<test[9d35eded1c95d3be]::run_test::{closure#1}, ()>::{closure#1} as core[df12db4294e9bfd3]::ops::function::FnOnce<()>>::call_once::{shim:vtable#0}
[INFO] [stdout]   24:     0x5782c4443fc9 - <std[70759c8f55707aa4]::sys::thread::unix::Thread>::new::thread_start
[INFO] [stdout]   25:     0x726df1e82dfa - <unknown>
[INFO] [stdout]   26:     0x726df1f163d4 - clone
[INFO] [stdout]   27:                0x0 - <unknown>
[INFO] [stdout] 
[INFO] [stdout] ---- search::tests::rarity_comparison_buffered stdout ----
[INFO] [stdout] 
[INFO] [stdout] thread 'search::tests::rarity_comparison_buffered' (2397) panicked at src/search.rs:284:14:
[INFO] [stdout] search failed: ReqwestError { error: reqwest::Error { kind: Request, url: "https://api.scryfall.com/cards/search/?page=1&q=rarity%3Emythic", source: hyper_util::client::legacy::Error(Connect, ConnectError("dns error", Custom { kind: Uncategorized, error: "failed to lookup address information: Temporary failure in name resolution" })) }, url: Url { scheme: "https", cannot_be_a_base: false, username: "", password: None, host: Some(Domain("api.scryfall.com")), port: None, path: "/cards/search/", query: Some("page=1&q=rarity%3Emythic"), fragment: None } }
[INFO] [stdout] stack backtrace:
[INFO] [stdout]    0:     0x5782c4444aa1 - <<std[70759c8f55707aa4]::sys::backtrace::BacktraceLock>::print::DisplayBacktrace as core[df12db4294e9bfd3]::fmt::Display>::fmt
[INFO] [stdout]    1:     0x5782c445b8da - core[df12db4294e9bfd3]::fmt::write
[INFO] [stdout]    2:     0x5782c44495dc - <alloc[2182bb758b4b3781]::vec::Vec<u8> as core[df12db4294e9bfd3]::io::write::Write>::write_fmt
[INFO] [stdout]    3:     0x5782c441fbf6 - std[70759c8f55707aa4]::panicking::default_hook::{closure#0}
[INFO] [stdout]    4:     0x5782c443ca49 - std[70759c8f55707aa4]::panicking::default_hook
[INFO] [stdout]    5:     0x5782c42ea050 - test[9d35eded1c95d3be]::test_main_inner::<test[9d35eded1c95d3be]::test_main_static::{closure#0}>::{closure#0}
[INFO] [stdout]    6:     0x5782c443cd72 - std[70759c8f55707aa4]::panicking::panic_with_hook
[INFO] [stdout]    7:     0x5782c441fca2 - std[70759c8f55707aa4]::panicking::panic_handler::{closure#0}
[INFO] [stdout]    8:     0x5782c4418949 - std[70759c8f55707aa4]::sys::backtrace::__rust_end_short_backtrace::<std[70759c8f55707aa4]::panicking::panic_handler::{closure#0}, !>
[INFO] [stdout]    9:     0x5782c4420a8d - __rustc[8fa7c3cbc660c2b3]::rust_begin_unwind
[INFO] [stdout]   10:     0x5782c445c03c - core[df12db4294e9bfd3]::panicking::panic_fmt
[INFO] [stdout]   11:     0x5782c445be12 - core[df12db4294e9bfd3]::result::unwrap_failed
[INFO] [stdout]   12:     0x5782c426e4bb - scryfall[9c49b1495daf6924]::search::tests::rarity_comparison_buffered::{closure#0}
[INFO] [stdout]   13:     0x5782c42856f3 - <tokio[f3c6410f8d38f65f]::runtime::scheduler::current_thread::Context>::enter::<core[df12db4294e9bfd3]::task::poll::Poll<()>, <tokio[f3c6410f8d38f65f]::runtime::scheduler::current_thread::CoreGuard>::block_on<core[df12db4294e9bfd3]::pin::Pin<&mut core[df12db4294e9bfd3]::pin::Pin<&mut dyn core[df12db4294e9bfd3]::future::future::Future<Output = ()>>>>::{closure#0}::{closure#0}>
[INFO] [stdout]   14:     0x5782c42a20bc - <tokio[f3c6410f8d38f65f]::runtime::context::scoped::Scoped<tokio[f3c6410f8d38f65f]::runtime::scheduler::Context>>::set::<<tokio[f3c6410f8d38f65f]::runtime::scheduler::current_thread::CoreGuard>::enter<<tokio[f3c6410f8d38f65f]::runtime::scheduler::current_thread::CoreGuard>::block_on<core[df12db4294e9bfd3]::pin::Pin<&mut core[df12db4294e9bfd3]::pin::Pin<&mut dyn core[df12db4294e9bfd3]::future::future::Future<Output = ()>>>>::{closure#0}, core[df12db4294e9bfd3]::option::Option<()>>::{closure#0}, (alloc[2182bb758b4b3781]::boxed::Box<tokio[f3c6410f8d38f65f]::runtime::scheduler::current_thread::Core>, core[df12db4294e9bfd3]::option::Option<()>)>
[INFO] [stdout]   15:     0x5782c4285d67 - <tokio[f3c6410f8d38f65f]::runtime::scheduler::current_thread::CoreGuard>::block_on::<core[df12db4294e9bfd3]::pin::Pin<&mut core[df12db4294e9bfd3]::pin::Pin<&mut dyn core[df12db4294e9bfd3]::future::future::Future<Output = ()>>>>
[INFO] [stdout]   16:     0x5782c427b35d - tokio[f3c6410f8d38f65f]::runtime::context::runtime::enter_runtime::<<tokio[f3c6410f8d38f65f]::runtime::scheduler::current_thread::CurrentThread>::block_on<core[df12db4294e9bfd3]::pin::Pin<&mut dyn core[df12db4294e9bfd3]::future::future::Future<Output = ()>>>::{closure#0}, ()>
[INFO] [stdout]   17:     0x5782c429a2b5 - <tokio[f3c6410f8d38f65f]::runtime::runtime::Runtime>::block_on::<core[df12db4294e9bfd3]::pin::Pin<&mut dyn core[df12db4294e9bfd3]::future::future::Future<Output = ()>>>
[INFO] [stdout]   18:     0x5782c4275d5b - scryfall[9c49b1495daf6924]::search::tests::rarity_comparison_buffered
[INFO] [stdout]   19:     0x5782c42d37e9 - <scryfall[9c49b1495daf6924]::search::tests::rarity_comparison_buffered::{closure#0} as core[df12db4294e9bfd3]::ops::function::FnOnce<()>>::call_once
[INFO] [stdout]   20:     0x5782c42dd33b - test[9d35eded1c95d3be]::__rust_begin_short_backtrace::<core[df12db4294e9bfd3]::result::Result<(), alloc[2182bb758b4b3781]::string::String>, fn() -> core[df12db4294e9bfd3]::result::Result<(), alloc[2182bb758b4b3781]::string::String>>
[INFO] [stdout]   21:     0x5782c42ea9a5 - test[9d35eded1c95d3be]::run_test::{closure#0}
[INFO] [stdout]   22:     0x5782c42e4264 - std[70759c8f55707aa4]::sys::backtrace::__rust_begin_short_backtrace::<test[9d35eded1c95d3be]::run_test::{closure#1}, ()>
[INFO] [stdout]   23:     0x5782c42edb02 - <std[70759c8f55707aa4]::thread::lifecycle::spawn_unchecked<test[9d35eded1c95d3be]::run_test::{closure#1}, ()>::{closure#1} as core[df12db4294e9bfd3]::ops::function::FnOnce<()>>::call_once::{shim:vtable#0}
[INFO] [stdout]   24:     0x5782c4443fc9 - <std[70759c8f55707aa4]::sys::thread::unix::Thread>::new::thread_start
[INFO] [stdout]   25:     0x726df1e82dfa - <unknown>
[INFO] [stdout]   26:     0x726df1f163d4 - clone
[INFO] [stdout]   27:                0x0 - <unknown>
[INFO] [stdout] 
[INFO] [stdout] ---- search::tests::basic_search stdout ----
[INFO] [stdout] 
[INFO] [stdout] thread 'search::tests::basic_search' (2388) panicked at src/search.rs:148:14:
[INFO] [stdout] called `Result::unwrap()` on an `Err` value: ReqwestError { error: reqwest::Error { kind: Request, url: "https://api.scryfall.com/cards/search/?unique=prints&page=1&q=%28name%3A%22lightning%22+AND+name%3A%22helix%22+AND+cmc%3D2%29", source: hyper_util::client::legacy::Error(Connect, ConnectError("dns error", Custom { kind: Uncategorized, error: "failed to lookup address information: Temporary failure in name resolution" })) }, url: Url { scheme: "https", cannot_be_a_base: false, username: "", password: None, host: Some(Domain("api.scryfall.com")), port: None, path: "/cards/search/", query: Some("unique=prints&page=1&q=%28name%3A%22lightning%22+AND+name%3A%22helix%22+AND+cmc%3D2%29"), fragment: None } }
[INFO] [stdout] stack backtrace:
[INFO] [stdout]    0:     0x5782c4444aa1 - <<std[70759c8f55707aa4]::sys::backtrace::BacktraceLock>::print::DisplayBacktrace as core[df12db4294e9bfd3]::fmt::Display>::fmt
[INFO] [stdout]    1:     0x5782c445b8da - core[df12db4294e9bfd3]::fmt::write
[INFO] [stdout]    2:     0x5782c44495dc - <alloc[2182bb758b4b3781]::vec::Vec<u8> as core[df12db4294e9bfd3]::io::write::Write>::write_fmt
[INFO] [stdout]    3:     0x5782c441fbf6 - std[70759c8f55707aa4]::panicking::default_hook::{closure#0}
[INFO] [stdout]    4:     0x5782c443ca49 - std[70759c8f55707aa4]::panicking::default_hook
[INFO] [stdout]    5:     0x5782c42ea050 - test[9d35eded1c95d3be]::test_main_inner::<test[9d35eded1c95d3be]::test_main_static::{closure#0}>::{closure#0}
[INFO] [stdout]    6:     0x5782c443cd72 - std[70759c8f55707aa4]::panicking::panic_with_hook
[INFO] [stdout]    7:     0x5782c441fca2 - std[70759c8f55707aa4]::panicking::panic_handler::{closure#0}
[INFO] [stdout]    8:     0x5782c4418949 - std[70759c8f55707aa4]::sys::backtrace::__rust_end_short_backtrace::<std[70759c8f55707aa4]::panicking::panic_handler::{closure#0}, !>
[INFO] [stdout]    9:     0x5782c4420a8d - __rustc[8fa7c3cbc660c2b3]::rust_begin_unwind
[INFO] [stdout]   10:     0x5782c445c03c - core[df12db4294e9bfd3]::panicking::panic_fmt
[INFO] [stdout]   11:     0x5782c445be12 - core[df12db4294e9bfd3]::result::unwrap_failed
[INFO] [stdout]   12:     0x5782c426b740 - scryfall[9c49b1495daf6924]::search::tests::basic_search::{closure#0}
[INFO] [stdout]   13:     0x5782c42856f3 - <tokio[f3c6410f8d38f65f]::runtime::scheduler::current_thread::Context>::enter::<core[df12db4294e9bfd3]::task::poll::Poll<()>, <tokio[f3c6410f8d38f65f]::runtime::scheduler::current_thread::CoreGuard>::block_on<core[df12db4294e9bfd3]::pin::Pin<&mut core[df12db4294e9bfd3]::pin::Pin<&mut dyn core[df12db4294e9bfd3]::future::future::Future<Output = ()>>>>::{closure#0}::{closure#0}>
[INFO] [stdout]   14:     0x5782c42a20bc - <tokio[f3c6410f8d38f65f]::runtime::context::scoped::Scoped<tokio[f3c6410f8d38f65f]::runtime::scheduler::Context>>::set::<<tokio[f3c6410f8d38f65f]::runtime::scheduler::current_thread::CoreGuard>::enter<<tokio[f3c6410f8d38f65f]::runtime::scheduler::current_thread::CoreGuard>::block_on<core[df12db4294e9bfd3]::pin::Pin<&mut core[df12db4294e9bfd3]::pin::Pin<&mut dyn core[df12db4294e9bfd3]::future::future::Future<Output = ()>>>>::{closure#0}, core[df12db4294e9bfd3]::option::Option<()>>::{closure#0}, (alloc[2182bb758b4b3781]::boxed::Box<tokio[f3c6410f8d38f65f]::runtime::scheduler::current_thread::Core>, core[df12db4294e9bfd3]::option::Option<()>)>
[INFO] [stdout]   15:     0x5782c4285d67 - <tokio[f3c6410f8d38f65f]::runtime::scheduler::current_thread::CoreGuard>::block_on::<core[df12db4294e9bfd3]::pin::Pin<&mut core[df12db4294e9bfd3]::pin::Pin<&mut dyn core[df12db4294e9bfd3]::future::future::Future<Output = ()>>>>
[INFO] [stdout]   16:     0x5782c427b35d - tokio[f3c6410f8d38f65f]::runtime::context::runtime::enter_runtime::<<tokio[f3c6410f8d38f65f]::runtime::scheduler::current_thread::CurrentThread>::block_on<core[df12db4294e9bfd3]::pin::Pin<&mut dyn core[df12db4294e9bfd3]::future::future::Future<Output = ()>>>::{closure#0}, ()>
[INFO] [stdout]   17:     0x5782c429a2b5 - <tokio[f3c6410f8d38f65f]::runtime::runtime::Runtime>::block_on::<core[df12db4294e9bfd3]::pin::Pin<&mut dyn core[df12db4294e9bfd3]::future::future::Future<Output = ()>>>
[INFO] [stdout]   18:     0x5782c42753eb - scryfall[9c49b1495daf6924]::search::tests::basic_search
[INFO] [stdout]   19:     0x5782c42d3729 - <scryfall[9c49b1495daf6924]::search::tests::basic_search::{closure#0} as core[df12db4294e9bfd3]::ops::function::FnOnce<()>>::call_once
[INFO] [stdout]   20:     0x5782c42dd33b - test[9d35eded1c95d3be]::__rust_begin_short_backtrace::<core[df12db4294e9bfd3]::result::Result<(), alloc[2182bb758b4b3781]::string::String>, fn() -> core[df12db4294e9bfd3]::result::Result<(), alloc[2182bb758b4b3781]::string::String>>
[INFO] [stdout]   21:     0x5782c42ea9a5 - test[9d35eded1c95d3be]::run_test::{closure#0}
[INFO] [stdout]   22:     0x5782c42e4264 - std[70759c8f55707aa4]::sys::backtrace::__rust_begin_short_backtrace::<test[9d35eded1c95d3be]::run_test::{closure#1}, ()>
[INFO] [stdout]   23:     0x5782c42edb02 - <std[70759c8f55707aa4]::thread::lifecycle::spawn_unchecked<test[9d35eded1c95d3be]::run_test::{closure#1}, ()>::{closure#1} as core[df12db4294e9bfd3]::ops::function::FnOnce<()>>::call_once::{shim:vtable#0}
[INFO] [stdout]   24:     0x5782c4443fc9 - <std[70759c8f55707aa4]::sys::thread::unix::Thread>::new::thread_start
[INFO] [stdout]   25:     0x726df1e82dfa - <unknown>
[INFO] [stdout]   26:     0x726df1f163d4 - clone
[INFO] [stdout]   27:                0x0 - <unknown>
[INFO] [stdout] 
[INFO] [stdout] ---- search::query::tests::even_power stdout ----
[INFO] [stdout] Error: ReqwestError { error: reqwest::Error { kind: Request, url: "https://api.scryfall.com/cards/search/?order=power&dir=desc&page=1&q=%28type%3A%22Creature%22+AND+-is%3Afunny%29", source: hyper_util::client::legacy::Error(Connect, ConnectError("dns error", Custom { kind: Uncategorized, error: "failed to lookup address information: Temporary failure in name resolution" })) }, url: Url { scheme: "https", cannot_be_a_base: false, username: "", password: None, host: Some(Domain("api.scryfall.com")), port: None, path: "/cards/search/", query: Some("order=power&dir=desc&page=1&q=%28type%3A%22Creature%22+AND+-is%3Afunny%29"), fragment: None } }
[INFO] [stdout] 
[INFO] [stdout] ---- search::tests::rarity_comparison stdout ----
[INFO] [stdout] 
[INFO] [stdout] thread 'search::tests::rarity_comparison' (2396) panicked at src/search.rs:263:14:
[INFO] [stdout] called `Result::unwrap()` on an `Err` value: ReqwestError { error: reqwest::Error { kind: Request, url: "https://api.scryfall.com/cards/search/?page=1&q=rarity%3Emythic", source: hyper_util::client::legacy::Error(Connect, ConnectError("dns error", Custom { kind: Uncategorized, error: "failed to lookup address information: Temporary failure in name resolution" })) }, url: Url { scheme: "https", cannot_be_a_base: false, username: "", password: None, host: Some(Domain("api.scryfall.com")), port: None, path: "/cards/search/", query: Some("page=1&q=rarity%3Emythic"), fragment: None } }
[INFO] [stdout] stack backtrace:
[INFO] [stdout]    0:     0x5782c4444aa1 - <<std[70759c8f55707aa4]::sys::backtrace::BacktraceLock>::print::DisplayBacktrace as core[df12db4294e9bfd3]::fmt::Display>::fmt
[INFO] [stdout]    1:     0x5782c445b8da - core[df12db4294e9bfd3]::fmt::write
[INFO] [stdout]    2:     0x5782c44495dc - <alloc[2182bb758b4b3781]::vec::Vec<u8> as core[df12db4294e9bfd3]::io::write::Write>::write_fmt
[INFO] [stdout]    3:     0x5782c441fbf6 - std[70759c8f55707aa4]::panicking::default_hook::{closure#0}
[INFO] [stdout]    4:     0x5782c443ca49 - std[70759c8f55707aa4]::panicking::default_hook
[INFO] [stdout]    5:     0x5782c42ea050 - test[9d35eded1c95d3be]::test_main_inner::<test[9d35eded1c95d3be]::test_main_static::{closure#0}>::{closure#0}
[INFO] [stdout]    6:     0x5782c443cd72 - std[70759c8f55707aa4]::panicking::panic_with_hook
[INFO] [stdout]    7:     0x5782c441fca2 - std[70759c8f55707aa4]::panicking::panic_handler::{closure#0}
[INFO] [stdout]    8:     0x5782c4418949 - std[70759c8f55707aa4]::sys::backtrace::__rust_end_short_backtrace::<std[70759c8f55707aa4]::panicking::panic_handler::{closure#0}, !>
[INFO] [stdout]    9:     0x5782c4420a8d - __rustc[8fa7c3cbc660c2b3]::rust_begin_unwind
[INFO] [stdout]   10:     0x5782c445c03c - core[df12db4294e9bfd3]::panicking::panic_fmt
[INFO] [stdout]   11:     0x5782c445be12 - core[df12db4294e9bfd3]::result::unwrap_failed
[INFO] [stdout]   12:     0x5782c426c9a2 - scryfall[9c49b1495daf6924]::search::tests::rarity_comparison::{closure#0}
[INFO] [stdout]   13:     0x5782c42856f3 - <tokio[f3c6410f8d38f65f]::runtime::scheduler::current_thread::Context>::enter::<core[df12db4294e9bfd3]::task::poll::Poll<()>, <tokio[f3c6410f8d38f65f]::runtime::scheduler::current_thread::CoreGuard>::block_on<core[df12db4294e9bfd3]::pin::Pin<&mut core[df12db4294e9bfd3]::pin::Pin<&mut dyn core[df12db4294e9bfd3]::future::future::Future<Output = ()>>>>::{closure#0}::{closure#0}>
[INFO] [stdout]   14:     0x5782c42a20bc - <tokio[f3c6410f8d38f65f]::runtime::context::scoped::Scoped<tokio[f3c6410f8d38f65f]::runtime::scheduler::Context>>::set::<<tokio[f3c6410f8d38f65f]::runtime::scheduler::current_thread::CoreGuard>::enter<<tokio[f3c6410f8d38f65f]::runtime::scheduler::current_thread::CoreGuard>::block_on<core[df12db4294e9bfd3]::pin::Pin<&mut core[df12db4294e9bfd3]::pin::Pin<&mut dyn core[df12db4294e9bfd3]::future::future::Future<Output = ()>>>>::{closure#0}, core[df12db4294e9bfd3]::option::Option<()>>::{closure#0}, (alloc[2182bb758b4b3781]::boxed::Box<tokio[f3c6410f8d38f65f]::runtime::scheduler::current_thread::Core>, core[df12db4294e9bfd3]::option::Option<()>)>
[INFO] [stdout]   15:     0x5782c4285d67 - <tokio[f3c6410f8d38f65f]::runtime::scheduler::current_thread::CoreGuard>::block_on::<core[df12db4294e9bfd3]::pin::Pin<&mut core[df12db4294e9bfd3]::pin::Pin<&mut dyn core[df12db4294e9bfd3]::future::future::Future<Output = ()>>>>
[INFO] [stdout]   16:     0x5782c427b35d - tokio[f3c6410f8d38f65f]::runtime::context::runtime::enter_runtime::<<tokio[f3c6410f8d38f65f]::runtime::scheduler::current_thread::CurrentThread>::block_on<core[df12db4294e9bfd3]::pin::Pin<&mut dyn core[df12db4294e9bfd3]::future::future::Future<Output = ()>>>::{closure#0}, ()>
[INFO] [stdout]   17:     0x5782c429a2b5 - <tokio[f3c6410f8d38f65f]::runtime::runtime::Runtime>::block_on::<core[df12db4294e9bfd3]::pin::Pin<&mut dyn core[df12db4294e9bfd3]::future::future::Future<Output = ()>>>
[INFO] [stdout]   18:     0x5782c42756cb - scryfall[9c49b1495daf6924]::search::tests::rarity_comparison
[INFO] [stdout]   19:     0x5782c42d3769 - <scryfall[9c49b1495daf6924]::search::tests::rarity_comparison::{closure#0} as core[df12db4294e9bfd3]::ops::function::FnOnce<()>>::call_once
[INFO] [stdout]   20:     0x5782c42dd33b - test[9d35eded1c95d3be]::__rust_begin_short_backtrace::<core[df12db4294e9bfd3]::result::Result<(), alloc[2182bb758b4b3781]::string::String>, fn() -> core[df12db4294e9bfd3]::result::Result<(), alloc[2182bb758b4b3781]::string::String>>
[INFO] [stdout]   21:     0x5782c42ea9a5 - test[9d35eded1c95d3be]::run_test::{closure#0}
[INFO] [stdout]   22:     0x5782c42e4264 - std[70759c8f55707aa4]::sys::backtrace::__rust_begin_short_backtrace::<test[9d35eded1c95d3be]::run_test::{closure#1}, ()>
[INFO] [stdout]   23:     0x5782c42edb02 - <std[70759c8f55707aa4]::thread::lifecycle::spawn_unchecked<test[9d35eded1c95d3be]::run_test::{closure#1}, ()>::{closure#1} as core[df12db4294e9bfd3]::ops::function::FnOnce<()>>::call_once::{shim:vtable#0}
[INFO] [stdout]   24:     0x5782c4443fc9 - <std[70759c8f55707aa4]::sys::thread::unix::Thread>::new::thread_start
[INFO] [stdout]   25:     0x726df1e82dfa - <unknown>
[INFO] [stdout]   26:     0x726df1f163d4 - clone
[INFO] [stdout]   27:                0x0 - <unknown>
[INFO] [stdout] 
[INFO] [stdout] ---- search::query::tests::even_power_buffered stdout ----
[INFO] [stdout] Error: ReqwestError { error: reqwest::Error { kind: Request, url: "https://api.scryfall.com/cards/search/?order=power&dir=desc&page=1&q=%28type%3A%22Creature%22+AND+-is%3Afunny%29", source: hyper_util::client::legacy::Error(Connect, ConnectError("dns error", Custom { kind: Uncategorized, error: "failed to lookup address information: Temporary failure in name resolution" })) }, url: Url { scheme: "https", cannot_be_a_base: false, username: "", password: None, host: Some(Domain("api.scryfall.com")), port: None, path: "/cards/search/", query: Some("order=power&dir=desc&page=1&q=%28type%3A%22Creature%22+AND+-is%3Afunny%29"), fragment: None } }
[INFO] [stdout] 
[INFO] [stdout] ---- search::tests::basic_search_buffered stdout ----
[INFO] [stdout] 
[INFO] [stdout] thread 'search::tests::basic_search_buffered' (2389) panicked at src/search.rs:172:14:
[INFO] [stdout] called `Result::unwrap()` on an `Err` value: ReqwestError { error: reqwest::Error { kind: Request, url: "https://api.scryfall.com/cards/search/?unique=prints&page=1&q=%28name%3A%22lightning%22+AND+name%3A%22helix%22+AND+cmc%3D2%29", source: hyper_util::client::legacy::Error(Connect, ConnectError("dns error", Custom { kind: Uncategorized, error: "failed to lookup address information: Temporary failure in name resolution" })) }, url: Url { scheme: "https", cannot_be_a_base: false, username: "", password: None, host: Some(Domain("api.scryfall.com")), port: None, path: "/cards/search/", query: Some("unique=prints&page=1&q=%28name%3A%22lightning%22+AND+name%3A%22helix%22+AND+cmc%3D2%29"), fragment: None } }
[INFO] [stdout] stack backtrace:
[INFO] [stdout]    0:     0x5782c4444aa1 - <<std[70759c8f55707aa4]::sys::backtrace::BacktraceLock>::print::DisplayBacktrace as core[df12db4294e9bfd3]::fmt::Display>::fmt
[INFO] [stdout]    1:     0x5782c445b8da - core[df12db4294e9bfd3]::fmt::write
[INFO] [stdout]    2:     0x5782c44495dc - <alloc[2182bb758b4b3781]::vec::Vec<u8> as core[df12db4294e9bfd3]::io::write::Write>::write_fmt
[INFO] [stdout]    3:     0x5782c441fbf6 - std[70759c8f55707aa4]::panicking::default_hook::{closure#0}
[INFO] [stdout]    4:     0x5782c443ca49 - std[70759c8f55707aa4]::panicking::default_hook
[INFO] [stdout]    5:     0x5782c42ea050 - test[9d35eded1c95d3be]::test_main_inner::<test[9d35eded1c95d3be]::test_main_static::{closure#0}>::{closure#0}
[INFO] [stdout]    6:     0x5782c443cd72 - std[70759c8f55707aa4]::panicking::panic_with_hook
[INFO] [stdout]    7:     0x5782c441fca2 - std[70759c8f55707aa4]::panicking::panic_handler::{closure#0}
[INFO] [stdout]    8:     0x5782c4418949 - std[70759c8f55707aa4]::sys::backtrace::__rust_end_short_backtrace::<std[70759c8f55707aa4]::panicking::panic_handler::{closure#0}, !>
[INFO] [stdout]    9:     0x5782c4420a8d - __rustc[8fa7c3cbc660c2b3]::rust_begin_unwind
[INFO] [stdout]   10:     0x5782c445c03c - core[df12db4294e9bfd3]::panicking::panic_fmt
[INFO] [stdout]   11:     0x5782c445be12 - core[df12db4294e9bfd3]::result::unwrap_failed
[INFO] [stdout]   12:     0x5782c426d2f6 - scryfall[9c49b1495daf6924]::search::tests::basic_search_buffered::{closure#0}
[INFO] [stdout]   13:     0x5782c42856f3 - <tokio[f3c6410f8d38f65f]::runtime::scheduler::current_thread::Context>::enter::<core[df12db4294e9bfd3]::task::poll::Poll<()>, <tokio[f3c6410f8d38f65f]::runtime::scheduler::current_thread::CoreGuard>::block_on<core[df12db4294e9bfd3]::pin::Pin<&mut core[df12db4294e9bfd3]::pin::Pin<&mut dyn core[df12db4294e9bfd3]::future::future::Future<Output = ()>>>>::{closure#0}::{closure#0}>
[INFO] [stdout]   14:     0x5782c42a20bc - <tokio[f3c6410f8d38f65f]::runtime::context::scoped::Scoped<tokio[f3c6410f8d38f65f]::runtime::scheduler::Context>>::set::<<tokio[f3c6410f8d38f65f]::runtime::scheduler::current_thread::CoreGuard>::enter<<tokio[f3c6410f8d38f65f]::runtime::scheduler::current_thread::CoreGuard>::block_on<core[df12db4294e9bfd3]::pin::Pin<&mut core[df12db4294e9bfd3]::pin::Pin<&mut dyn core[df12db4294e9bfd3]::future::future::Future<Output = ()>>>>::{closure#0}, core[df12db4294e9bfd3]::option::Option<()>>::{closure#0}, (alloc[2182bb758b4b3781]::boxed::Box<tokio[f3c6410f8d38f65f]::runtime::scheduler::current_thread::Core>, core[df12db4294e9bfd3]::option::Option<()>)>
[INFO] [stdout]   15:     0x5782c4285d67 - <tokio[f3c6410f8d38f65f]::runtime::scheduler::current_thread::CoreGuard>::block_on::<core[df12db4294e9bfd3]::pin::Pin<&mut core[df12db4294e9bfd3]::pin::Pin<&mut dyn core[df12db4294e9bfd3]::future::future::Future<Output = ()>>>>
[INFO] [stdout]   16:     0x5782c427b35d - tokio[f3c6410f8d38f65f]::runtime::context::runtime::enter_runtime::<<tokio[f3c6410f8d38f65f]::runtime::scheduler::current_thread::CurrentThread>::block_on<core[df12db4294e9bfd3]::pin::Pin<&mut dyn core[df12db4294e9bfd3]::future::future::Future<Output = ()>>>::{closure#0}, ()>
[INFO] [stdout]   17:     0x5782c429a2b5 - <tokio[f3c6410f8d38f65f]::runtime::runtime::Runtime>::block_on::<core[df12db4294e9bfd3]::pin::Pin<&mut dyn core[df12db4294e9bfd3]::future::future::Future<Output = ()>>>
[INFO] [stdout]   18:     0x5782c427581b - scryfall[9c49b1495daf6924]::search::tests::basic_search_buffered
[INFO] [stdout]   19:     0x5782c42d3789 - <scryfall[9c49b1495daf6924]::search::tests::basic_search_buffered::{closure#0} as core[df12db4294e9bfd3]::ops::function::FnOnce<()>>::call_once
[INFO] [stdout]   20:     0x5782c42dd33b - test[9d35eded1c95d3be]::__rust_begin_short_backtrace::<core[df12db4294e9bfd3]::result::Result<(), alloc[2182bb758b4b3781]::string::String>, fn() -> core[df12db4294e9bfd3]::result::Result<(), alloc[2182bb758b4b3781]::string::String>>
[INFO] [stdout]   21:     0x5782c42ea9a5 - test[9d35eded1c95d3be]::run_test::{closure#0}
[INFO] [stdout]   22:     0x5782c42e4264 - std[70759c8f55707aa4]::sys::backtrace::__rust_begin_short_backtrace::<test[9d35eded1c95d3be]::run_test::{closure#1}, ()>
[INFO] [stdout]   23:     0x5782c42edb02 - <std[70759c8f55707aa4]::thread::lifecycle::spawn_unchecked<test[9d35eded1c95d3be]::run_test::{closure#1}, ()>::{closure#1} as core[df12db4294e9bfd3]::ops::function::FnOnce<()>>::call_once::{shim:vtable#0}
[INFO] [stdout]   24:     0x5782c4443fc9 - <std[70759c8f55707aa4]::sys::thread::unix::Thread>::new::thread_start
[INFO] [stdout]   25:     0x726df1e82dfa - <unknown>
[INFO] [stdout]   26:     0x726df1f163d4 - clone
[INFO] [stdout]   27:                0x0 - <unknown>
[INFO] [stdout] 
[INFO] [stdout] 
[INFO] [stdout] failures:
[INFO] [stdout]     search::query::tests::even_power
[INFO] [stdout]     search::query::tests::even_power_buffered
[INFO] [stdout]     search::tests::basic_search
[INFO] [stdout]     search::tests::basic_search_buffered
[INFO] [stdout]     search::tests::finds_alpha_lotus
[INFO] [stdout]     search::tests::finds_alpha_lotus_buffered
[INFO] [stdout]     search::tests::numeric_property_comparison
[INFO] [stdout]     search::tests::numeric_property_comparison_buffered
[INFO] [stdout]     search::tests::random_works_with_search_options
[INFO] [stdout]     search::tests::rarity_comparison
[INFO] [stdout]     search::tests::rarity_comparison_buffered
[INFO] [stdout] 
[INFO] [stdout] test result: FAILED. 16 passed; 11 failed; 11 ignored; 0 measured; 0 filtered out; finished in 0.18s
[INFO] [stdout] 
[INFO] [stderr] error: test failed, to rerun pass `--lib`
[INFO] running `Command { std: "docker" "inspect" "c3105da34bfa3f136471e7ddd8990f635840bf07c89c5795d8fe82280c63abd9", kill_on_drop: false }`
[INFO] running `Command { std: "docker" "rm" "-f" "c3105da34bfa3f136471e7ddd8990f635840bf07c89c5795d8fe82280c63abd9", kill_on_drop: false }`
[INFO] [stdout] c3105da34bfa3f136471e7ddd8990f635840bf07c89c5795d8fe82280c63abd9
