[INFO] fetching crate scry-sai-viz 3.3.0...
[INFO] testing scry-sai-viz-3.3.0 against 1.99.0-beta.8+cargoflags=--release for beta-release-1.100-2
[INFO] extracting crate scry-sai-viz 3.3.0 into /workspace/builds/worker-2-tc1/source
[INFO] started tweaking crates.io crate scry-sai-viz 3.3.0
[INFO] finished tweaking crates.io crate scry-sai-viz 3.3.0
[INFO] tweaked toml for crates.io crate scry-sai-viz 3.3.0 written to /workspace/builds/worker-2-tc1/source/Cargo.toml
[INFO] validating manifest of crates.io crate scry-sai-viz 3.3.0 on toolchain 1.99.0-beta.8
[INFO] running `Command { std: CARGO_HOME="/workspace/cargo-home" RUSTUP_HOME="/workspace/rustup-home" "/workspace/cargo-home/bin/cargo" "+1.99.0-beta.8" "metadata" "--manifest-path" "Cargo.toml" "--no-deps", kill_on_drop: false }`
[INFO] crate crates.io crate scry-sai-viz 3.3.0 already has a lockfile, it will not be regenerated
[INFO] running `Command { std: CARGO_HOME="/workspace/cargo-home" RUSTUP_HOME="/workspace/rustup-home" "/workspace/cargo-home/bin/cargo" "+1.99.0-beta.8" "fetch" "--manifest-path" "Cargo.toml", kill_on_drop: false }`
[INFO] [stderr]     Updating crates.io index
[INFO] [stderr]  Downloading crates ...
[INFO] [stderr]   Downloaded wat v1.258.0
[INFO] [stderr]   Downloaded scry-sai-core v3.3.0
[INFO] [stderr]   Downloaded scry-sai-provenance v3.3.0
[INFO] [stderr]   Downloaded scry-sai-handle v3.3.0
[INFO] [stderr]   Downloaded scry-sai-taint v3.3.0
[INFO] [stderr]   Downloaded scry-sai-segment v3.3.0
[INFO] [stderr]   Downloaded scry-sai-octagon v3.3.0
[INFO] [stderr]   Downloaded scry-sai-poly v3.3.0
[INFO] [stderr]   Downloaded scry-sai-float v3.3.0
[INFO] [stderr]   Downloaded scry-sai-pentagon v3.3.0
[INFO] [stderr]   Downloaded scry-sai-bits v3.3.0
[INFO] [stderr]   Downloaded scry-sai-interval v3.3.0
[INFO] [stderr]   Downloaded wast v258.0.0
[INFO] [stderr]   Downloaded wasmparser v0.252.0
[INFO] running `Command { std: "docker" "create" "-v" "/var/lib/crater-agent-workspace/builds/worker-2-tc1/source:/opt/rustwide/workdir:ro,Z" "-v" "/var/lib/crater-agent-workspace/builds/worker-2-tc1/target:/opt/rustwide/target:rw,Z" "-v" "/var/lib/crater-agent-workspace/cargo-home:/opt/rustwide/cargo-home:ro,Z" "-v" "/var/lib/crater-agent-workspace/rustup-home:/opt/rustwide/rustup-home:ro,Z" "-m" "1610612736" "--network" "none" "ghcr.io/rust-lang/crates-build-env/linux@sha256:77db811e55d90add9212f6832c23229e3de5f1c1f9905e8cb07319ea15df73ac" "sleep" "infinity", kill_on_drop: false }`
[INFO] [stdout] a10e2f94666e8947f4a06f5cec8cbee97c45ad978cea0b9da5da29c877d93983
[INFO] running `Command { std: "docker" "start" "a10e2f94666e8947f4a06f5cec8cbee97c45ad978cea0b9da5da29c877d93983", kill_on_drop: false }`
[INFO] running `Command { std: "docker" "inspect" "a10e2f94666e8947f4a06f5cec8cbee97c45ad978cea0b9da5da29c877d93983", kill_on_drop: false }`
[INFO] running `Command { std: "docker" "exec" "-e" "SOURCE_DIR=/opt/rustwide/workdir" "-e" "CARGO_HOME=/opt/rustwide/cargo-home" "-e" "RUSTUP_HOME=/opt/rustwide/rustup-home" "-e" "CARGO_TARGET_DIR=/opt/rustwide/target" "-w" "/opt/rustwide/workdir" "--user" "0:0" "a10e2f94666e8947f4a06f5cec8cbee97c45ad978cea0b9da5da29c877d93983" "/opt/rustwide/cargo-home/bin/cargo" "+1.99.0-beta.8" "metadata" "--no-deps" "--format-version=1", kill_on_drop: false }`
[INFO] running `Command { std: "docker" "inspect" "a10e2f94666e8947f4a06f5cec8cbee97c45ad978cea0b9da5da29c877d93983", kill_on_drop: false }`
[INFO] running `Command { std: "docker" "exec" "-e" "SOURCE_DIR=/opt/rustwide/workdir" "-e" "CARGO_HOME=/opt/rustwide/cargo-home" "-e" "RUSTUP_HOME=/opt/rustwide/rustup-home" "-e" "CARGO_TARGET_DIR=/opt/rustwide/target" "-e" "CARGO_INCREMENTAL=0" "-e" "RUST_BACKTRACE=full" "-e" "RUSTFLAGS=--cap-lints=warn" "-e" "RUSTDOCFLAGS=--cap-lints=warn" "-w" "/opt/rustwide/workdir" "--user" "0:0" "a10e2f94666e8947f4a06f5cec8cbee97c45ad978cea0b9da5da29c877d93983" "/opt/rustwide/cargo-home/bin/cargo" "+1.99.0-beta.8" "build" "--frozen" "--message-format=json" "--release", kill_on_drop: false }`
[INFO] [stderr]    Compiling generic-array v0.14.7
[INFO] [stderr]    Compiling wasm-encoder v0.258.0
[INFO] [stderr]    Compiling bitflags v2.11.1
[INFO] [stderr]    Compiling scry-sai-interval v3.3.0
[INFO] [stderr]    Compiling cpp_demangle v0.5.1
[INFO] [stderr]    Compiling bumpalo v3.20.3
[INFO] [stderr]    Compiling memchr v2.8.1
[INFO] [stderr]    Compiling scry-sai-taint v3.3.0
[INFO] [stderr]    Compiling scry-sai-provenance v3.3.0
[INFO] [stderr]    Compiling scry-sai-poly v3.3.0
[INFO] [stderr]    Compiling scry-sai-pentagon v3.3.0
[INFO] [stderr]    Compiling scry-sai-octagon v3.3.0
[INFO] [stderr]    Compiling scry-sai-handle v3.3.0
[INFO] [stderr]    Compiling scry-sai-float v3.3.0
[INFO] [stderr]    Compiling scry-sai-bits v3.3.0
[INFO] [stderr]    Compiling scry-sai-segment v3.3.0
[INFO] [stderr]    Compiling wasmparser v0.252.0
[INFO] [stderr]    Compiling crypto-common v0.1.7
[INFO] [stderr]    Compiling block-buffer v0.10.4
[INFO] [stderr]    Compiling digest v0.10.7
[INFO] [stderr]    Compiling sha2 v0.10.9
[INFO] [stderr]    Compiling wast v258.0.0
[INFO] [stderr]    Compiling scry-sai-core v3.3.0
[INFO] [stderr]    Compiling wat v1.258.0
[INFO] [stderr]    Compiling scry-sai-viz v3.3.0 (/opt/rustwide/workdir)
[INFO] [stderr]     Finished `release` profile [optimized] target(s) in 36.43s
[INFO] running `Command { std: "docker" "inspect" "a10e2f94666e8947f4a06f5cec8cbee97c45ad978cea0b9da5da29c877d93983", kill_on_drop: false }`
[INFO] running `Command { std: "docker" "exec" "-e" "SOURCE_DIR=/opt/rustwide/workdir" "-e" "CARGO_HOME=/opt/rustwide/cargo-home" "-e" "RUSTUP_HOME=/opt/rustwide/rustup-home" "-e" "CARGO_TARGET_DIR=/opt/rustwide/target" "-e" "CARGO_INCREMENTAL=0" "-e" "RUST_BACKTRACE=full" "-e" "RUSTFLAGS=--cap-lints=warn" "-e" "RUSTDOCFLAGS=--cap-lints=warn" "-w" "/opt/rustwide/workdir" "--user" "0:0" "a10e2f94666e8947f4a06f5cec8cbee97c45ad978cea0b9da5da29c877d93983" "/opt/rustwide/cargo-home/bin/cargo" "+1.99.0-beta.8" "test" "--frozen" "--no-run" "--message-format=json" "--release", kill_on_drop: false }`
[INFO] [stderr]    Compiling scry-sai-viz v3.3.0 (/opt/rustwide/workdir)
[INFO] [stderr]     Finished `release` profile [optimized] target(s) in 5.37s
[INFO] running `Command { std: "docker" "inspect" "a10e2f94666e8947f4a06f5cec8cbee97c45ad978cea0b9da5da29c877d93983", kill_on_drop: false }`
[INFO] running `Command { std: "docker" "exec" "-e" "SOURCE_DIR=/opt/rustwide/workdir" "-e" "CARGO_HOME=/opt/rustwide/cargo-home" "-e" "RUSTUP_HOME=/opt/rustwide/rustup-home" "-e" "CARGO_TARGET_DIR=/opt/rustwide/target" "-e" "CARGO_INCREMENTAL=0" "-e" "RUST_BACKTRACE=full" "-e" "RUSTFLAGS=--cap-lints=warn" "-e" "RUSTDOCFLAGS=--cap-lints=warn" "-w" "/opt/rustwide/workdir" "--user" "0:0" "a10e2f94666e8947f4a06f5cec8cbee97c45ad978cea0b9da5da29c877d93983" "/opt/rustwide/cargo-home/bin/cargo" "+1.99.0-beta.8" "test" "--frozen" "--release", kill_on_drop: false }`
[INFO] [stderr]     Finished `release` profile [optimized] target(s) in 0.04s
[INFO] [stderr]      Running unittests src/lib.rs (/opt/rustwide/target/release/deps/scry_viz-e3d9523d003942be)
[INFO] [stdout] 
[INFO] [stdout] running 46 tests
[INFO] [stdout] test tests::feat065_verify_feed_reports_the_adjudicated_distribution ... ok
[INFO] [stdout] test tests::demangled_generic_name_is_escaped ... ok
[INFO] [stdout] test tests::delta_carries_build_local ... ok
[INFO] [stdout] test tests::escapes_untrusted_text ... ok
[INFO] [stdout] test tests::demangles_rust_legacy_v0_and_leaves_plain ... ok
[INFO] [stdout] test tests::callgraph_diagram_handles_no_resolved_edges ... ok
[INFO] [stdout] test tests::feat072_anchor_survives_an_edit_in_an_unrelated_function ... ok
[INFO] [stdout] test tests::feat071_scope_reaches_the_feed_as_data_from_the_same_source_as_the_page ... ok
[INFO] [stdout] test tests::feat072_delta_of_a_module_with_itself_reports_no_change ... ok
[INFO] [stdout] test tests::feat072_delta_of_known_different_modules_is_non_empty ... ok
[INFO] [stdout] test tests::existing_panels_still_render ... ok
[INFO] [stdout] test tests::feat068_guidance_json_carries_a_schema_version_and_the_identity_keys ... ok
[INFO] [stdout] test tests::check_wellformed_flags_an_inverted_interval ... ok
[INFO] [stdout] test tests::feat072_ordinal_stable_requires_a_singleton_domain ... ok
[INFO] [stdout] test tests::feat072_region_shift_is_not_certified_as_identity_held ... ok
[INFO] [stdout] test tests::feat090_delta_json_carries_identity_moved_count_and_v5_schema ... ok
[INFO] [stdout] test tests::feat090_mixed_site_accumulates_conjunctively ... ok
[INFO] [stdout] test tests::function_names_html_escaped ... ok
[INFO] [stdout] test tests::feat072_moved_rows_reconcile_with_the_summary_counts ... ok
[INFO] [stdout] test tests::guidance_json_carries_ident_survives_own_edit_and_v4_schema ... ok
[INFO] [stdout] test tests::guidance_html_collapses_boilerplate_but_keeps_faults ... ok
[INFO] [stdout] test tests::guidance_html_marks_only_idents_that_move_on_their_own_edit ... ok
[INFO] [stdout] test tests::guidance_html_marks_build_local_ids_only ... ok
[INFO] [stdout] test tests::feat090_identity_moved_count_licenses_nothing_and_counts_precisely ... ok
[INFO] [stdout] test tests::guidance_json_is_well_formed_and_carries_advisories ... ok
[INFO] [stdout] test tests::feat090_delta_rows_differ_on_ident_survives_own_edit ... ok
[INFO] [stdout] test tests::feat090_delta_page_discloses_identity_moved_bucket ... ok
[INFO] [stdout] test tests::feat072_delta_page_makes_no_verdict_claim ... ok
[INFO] [stdout] test tests::index_links_entries_and_escapes ... ok
[INFO] [stdout] test tests::guidance_json_carries_id_build_local_and_a_versioned_schema ... ok
[INFO] [stdout] test tests::hero_and_scope_copy_finalized ... ok
[INFO] [stdout] test tests::index_escapes_untrusted_entry_fields ... ok
[INFO] [stdout] test tests::guidance_json_escapes_control_and_quote_chars ... ok
[INFO] [stdout] test tests::renders_empty_operand_stack_honestly ... ok
[INFO] [stdout] test tests::renders_function_names_kinds_and_grouped_points ... ok
[INFO] [stdout] test tests::renders_operand_stack_constants ... ok
[INFO] [stdout] test tests::renders_memory_content_cell ... ok
[INFO] [stdout] test tests::renders_taint_findings_when_present ... ok
[INFO] [stdout] test tests::renders_callgraph_diagram_svg_and_mermaid ... ok
[INFO] [stdout] test tests::check_wellformed_passes_on_real_module ... FAILED
[INFO] [stdout] test tests::all_flat_sections_capped_page_stays_small ... ok
[INFO] [stdout] test tests::feat072_advisory_rows_are_addressable_by_stable_id ... ok
[INFO] [stdout] test tests::long_name_uses_ellipsis_class_with_hover ... ok
[INFO] [stdout] test tests::no_panic_on_empty_module ... ok
[INFO] [stdout] test tests::no_taint_or_provenance_section_when_absent ... ok
[INFO] [stderr] error: test failed, to rerun pass `--lib`
[INFO] [stdout] test tests::points_section_is_capped_and_page_stays_small ... ok
[INFO] [stdout] 
[INFO] [stdout] failures:
[INFO] [stdout] 
[INFO] [stdout] ---- tests::check_wellformed_passes_on_real_module stdout ----
[INFO] [stdout] 
[INFO] [stdout] thread 'tests::check_wellformed_passes_on_real_module' (582) panicked at src/lib.rs:2195:44:
[INFO] [stdout] assemble fixture: Error { kind: Io { err: Os { code: 2, kind: NotFound, message: "No such file or directory" }, file: Some("/opt/rustwide/workdir/../scry-analyzer/test-fixtures/fixture-11-var-bound.wat") } }
[INFO] [stdout] stack backtrace:
[INFO] [stdout]    0:     0x58cf401e3491 - <<std[70759c8f55707aa4]::sys::backtrace::BacktraceLock>::print::DisplayBacktrace as core[df12db4294e9bfd3]::fmt::Display>::fmt
[INFO] [stdout]    1:     0x58cf401f9d7a - core[df12db4294e9bfd3]::fmt::write
[INFO] [stdout]    2:     0x58cf401e79dc - <alloc[2182bb758b4b3781]::vec::Vec<u8> as core[df12db4294e9bfd3]::io::write::Write>::write_fmt
[INFO] [stdout]    3:     0x58cf401bf6c6 - std[70759c8f55707aa4]::panicking::default_hook::{closure#0}
[INFO] [stdout]    4:     0x58cf401db8b9 - std[70759c8f55707aa4]::panicking::default_hook
[INFO] [stdout]    5:     0x58cf401047f0 - test[9d35eded1c95d3be]::test_main_inner::<test[9d35eded1c95d3be]::test_main_static::{closure#0}>::{closure#0}
[INFO] [stdout]    6:     0x58cf401dba72 - std[70759c8f55707aa4]::panicking::panic_with_hook
[INFO] [stdout]    7:     0x58cf401bf772 - std[70759c8f55707aa4]::panicking::panic_handler::{closure#0}
[INFO] [stdout]    8:     0x58cf401b8339 - std[70759c8f55707aa4]::sys::backtrace::__rust_end_short_backtrace::<std[70759c8f55707aa4]::panicking::panic_handler::{closure#0}, !>
[INFO] [stdout]    9:     0x58cf401c036d - __rustc[8fa7c3cbc660c2b3]::rust_begin_unwind
[INFO] [stdout]   10:     0x58cf401fa4dc - core[df12db4294e9bfd3]::panicking::panic_fmt
[INFO] [stdout]   11:     0x58cf401fa2b2 - core[df12db4294e9bfd3]::result::unwrap_failed
[INFO] [stdout]   12:     0x58cf3ffc332f - scry_viz[1580be23a8ea4354]::tests::check_wellformed_passes_on_real_module
[INFO] [stdout]   13:     0x58cf3ffaf0f9 - <scry_viz[1580be23a8ea4354]::tests::check_wellformed_passes_on_real_module::{closure#0} as core[df12db4294e9bfd3]::ops::function::FnOnce<()>>::call_once
[INFO] [stdout]   14:     0x58cf400f7adb - test[9d35eded1c95d3be]::__rust_begin_short_backtrace::<core[df12db4294e9bfd3]::result::Result<(), alloc[2182bb758b4b3781]::string::String>, fn() -> core[df12db4294e9bfd3]::result::Result<(), alloc[2182bb758b4b3781]::string::String>>
[INFO] [stdout]   15:     0x58cf40105145 - test[9d35eded1c95d3be]::run_test::{closure#0}
[INFO] [stdout]   16:     0x58cf400fea04 - std[70759c8f55707aa4]::sys::backtrace::__rust_begin_short_backtrace::<test[9d35eded1c95d3be]::run_test::{closure#1}, ()>
[INFO] [stdout]   17:     0x58cf401082a2 - <std[70759c8f55707aa4]::thread::lifecycle::spawn_unchecked<test[9d35eded1c95d3be]::run_test::{closure#1}, ()>::{closure#1} as core[df12db4294e9bfd3]::ops::function::FnOnce<()>>::call_once::{shim:vtable#0}
[INFO] [stdout]   18:     0x58cf401e2a49 - <std[70759c8f55707aa4]::sys::thread::unix::Thread>::new::thread_start
[INFO] [stdout]   19:     0x7942e6fa1dfa - <unknown>
[INFO] [stdout]   20:     0x7942e70353d4 - clone
[INFO] [stdout]   21:                0x0 - <unknown>
[INFO] [stdout] 
[INFO] [stdout] 
[INFO] [stdout] failures:
[INFO] [stdout]     tests::check_wellformed_passes_on_real_module
[INFO] [stdout] 
[INFO] [stdout] test result: FAILED. 45 passed; 1 failed; 0 ignored; 0 measured; 0 filtered out; finished in 0.10s
[INFO] [stdout] 
[INFO] running `Command { std: "docker" "inspect" "a10e2f94666e8947f4a06f5cec8cbee97c45ad978cea0b9da5da29c877d93983", kill_on_drop: false }`
[INFO] running `Command { std: "docker" "rm" "-f" "a10e2f94666e8947f4a06f5cec8cbee97c45ad978cea0b9da5da29c877d93983", kill_on_drop: false }`
[INFO] [stdout] a10e2f94666e8947f4a06f5cec8cbee97c45ad978cea0b9da5da29c877d93983
