[INFO] fetching crate scrubkit-core 0.1.2...
[INFO] testing scrubkit-core-0.1.2 against 1.100.0-beta.1+cargoflags=--release for beta-release-1.100-2
[INFO] extracting crate scrubkit-core 0.1.2 into /workspace/builds/worker-0-tc2/source
[INFO] started tweaking crates.io crate scrubkit-core 0.1.2
[INFO] finished tweaking crates.io crate scrubkit-core 0.1.2
[INFO] tweaked toml for crates.io crate scrubkit-core 0.1.2 written to /workspace/builds/worker-0-tc2/source/Cargo.toml
[INFO] validating manifest of crates.io crate scrubkit-core 0.1.2 on toolchain 1.100.0-beta.1
[INFO] running `Command { std: CARGO_HOME="/workspace/cargo-home" RUSTUP_HOME="/workspace/rustup-home" "/workspace/cargo-home/bin/cargo" "+1.100.0-beta.1" "metadata" "--manifest-path" "Cargo.toml" "--no-deps", kill_on_drop: false }`
[INFO] crate crates.io crate scrubkit-core 0.1.2 already has a lockfile, it will not be regenerated
[INFO] running `Command { std: CARGO_HOME="/workspace/cargo-home" RUSTUP_HOME="/workspace/rustup-home" "/workspace/cargo-home/bin/cargo" "+1.100.0-beta.1" "fetch" "--manifest-path" "Cargo.toml", kill_on_drop: false }`
[INFO] [stderr] warning: `package.homepage` is redundant with `package.repository`
[INFO] [stderr]   --> Cargo.toml:25:12
[INFO] [stderr]    |
[INFO] [stderr] 25 | homepage = "https://github.com/seahorse-byte/scrubkit.git"
[INFO] [stderr]    |            ^^^^^^^^^^^^^^^^^^^^^^^^^^^^^^^^^^^^^^^^^^^^^^^
[INFO] [stderr] ...
[INFO] [stderr] 30 | repository = "https://github.com/seahorse-byte/scrubkit.git"
[INFO] [stderr]    |              -----------------------------------------------
[INFO] [stderr]    |
[INFO] [stderr]    = note: `cargo::redundant_homepage` is set to `warn` by default
[INFO] [stderr] help: consider removing `package.homepage`
[INFO] [stderr] warning: `scrubkit-core` (manifest) generated 1 warning
[INFO] running `Command { std: "docker" "create" "-v" "/var/lib/crater-agent-workspace/builds/worker-0-tc2/source:/opt/rustwide/workdir:ro,Z" "-v" "/var/lib/crater-agent-workspace/builds/worker-0-tc2/target:/opt/rustwide/target:rw,Z" "-v" "/var/lib/crater-agent-workspace/cargo-home:/opt/rustwide/cargo-home:ro,Z" "-v" "/var/lib/crater-agent-workspace/rustup-home:/opt/rustwide/rustup-home:ro,Z" "-m" "1610612736" "--network" "none" "ghcr.io/rust-lang/crates-build-env/linux@sha256:77db811e55d90add9212f6832c23229e3de5f1c1f9905e8cb07319ea15df73ac" "sleep" "infinity", kill_on_drop: false }`
[INFO] [stdout] bf0a2d3e4db4f86c1e2de5932bb482e215fbe6ad84a7e2b79bbb0ab5887a42fb
[INFO] running `Command { std: "docker" "start" "bf0a2d3e4db4f86c1e2de5932bb482e215fbe6ad84a7e2b79bbb0ab5887a42fb", kill_on_drop: false }`
[INFO] running `Command { std: "docker" "inspect" "bf0a2d3e4db4f86c1e2de5932bb482e215fbe6ad84a7e2b79bbb0ab5887a42fb", kill_on_drop: false }`
[INFO] running `Command { std: "docker" "exec" "-e" "SOURCE_DIR=/opt/rustwide/workdir" "-e" "CARGO_HOME=/opt/rustwide/cargo-home" "-e" "RUSTUP_HOME=/opt/rustwide/rustup-home" "-e" "CARGO_TARGET_DIR=/opt/rustwide/target" "-w" "/opt/rustwide/workdir" "--user" "0:0" "bf0a2d3e4db4f86c1e2de5932bb482e215fbe6ad84a7e2b79bbb0ab5887a42fb" "/opt/rustwide/cargo-home/bin/cargo" "+1.100.0-beta.1" "metadata" "--no-deps" "--format-version=1", kill_on_drop: false }`
[INFO] running `Command { std: "docker" "inspect" "bf0a2d3e4db4f86c1e2de5932bb482e215fbe6ad84a7e2b79bbb0ab5887a42fb", kill_on_drop: false }`
[INFO] running `Command { std: "docker" "exec" "-e" "SOURCE_DIR=/opt/rustwide/workdir" "-e" "CARGO_HOME=/opt/rustwide/cargo-home" "-e" "RUSTUP_HOME=/opt/rustwide/rustup-home" "-e" "CARGO_TARGET_DIR=/opt/rustwide/target" "-e" "CARGO_INCREMENTAL=0" "-e" "RUST_BACKTRACE=full" "-e" "RUSTFLAGS=--cap-lints=warn" "-e" "RUSTDOCFLAGS=--cap-lints=warn" "-w" "/opt/rustwide/workdir" "--user" "0:0" "bf0a2d3e4db4f86c1e2de5932bb482e215fbe6ad84a7e2b79bbb0ab5887a42fb" "/opt/rustwide/cargo-home/bin/cargo" "+1.100.0-beta.1" "build" "--frozen" "--message-format=json" "--release", kill_on_drop: false }`
[INFO] [stderr] warning: `package.homepage` is redundant with `package.repository`
[INFO] [stderr]   --> Cargo.toml:25:12
[INFO] [stderr]    |
[INFO] [stderr] 25 | homepage = "https://github.com/seahorse-byte/scrubkit.git"
[INFO] [stderr]    |            ^^^^^^^^^^^^^^^^^^^^^^^^^^^^^^^^^^^^^^^^^^^^^^^
[INFO] [stderr] ...
[INFO] [stderr] 30 | repository = "https://github.com/seahorse-byte/scrubkit.git"
[INFO] [stderr]    |              -----------------------------------------------
[INFO] [stderr]    |
[INFO] [stderr]    = note: `cargo::redundant_homepage` is set to `warn` by default
[INFO] [stderr] help: consider removing `package.homepage`
[INFO] [stderr] warning: `scrubkit-core` (manifest) generated 1 warning
[INFO] [stderr]    Compiling proc-macro2 v1.0.101
[INFO] [stderr]    Compiling libm v0.2.15
[INFO] [stderr]    Compiling memchr v2.7.5
[INFO] [stderr]    Compiling simd-adler32 v0.3.7
[INFO] [stderr]    Compiling thiserror v2.0.16
[INFO] [stderr]    Compiling regex-syntax v0.8.6
[INFO] [stderr]    Compiling iana-time-zone v0.1.63
[INFO] [stderr]    Compiling num-traits v0.2.19
[INFO] [stderr]    Compiling crc32fast v1.5.0
[INFO] [stderr]    Compiling miniz_oxide v0.8.9
[INFO] [stderr]    Compiling fdeflate v0.3.7
[INFO] [stderr]    Compiling quote v1.0.40
[INFO] [stderr]    Compiling syn v2.0.106
[INFO] [stderr]    Compiling aho-corasick v1.1.3
[INFO] [stderr]    Compiling nom v7.1.3
[INFO] [stderr]    Compiling flate2 v1.1.2
[INFO] [stderr]    Compiling png v0.17.16
[INFO] [stderr]    Compiling geo-types v0.7.17
[INFO] [stderr]    Compiling chrono v0.4.41
[INFO] [stderr]    Compiling iso6709parse v0.1.2
[INFO] [stderr]    Compiling regex-automata v0.4.10
[INFO] [stderr]    Compiling thiserror-impl v2.0.16
[INFO] [stderr]    Compiling tracing-attributes v0.1.30
[INFO] [stderr]    Compiling thiserror-impl v1.0.69
[INFO] [stderr]    Compiling tracing v0.1.41
[INFO] [stderr]    Compiling thiserror v1.0.69
[INFO] [stderr]    Compiling regex v1.11.2
[INFO] [stderr]    Compiling nom-exif v2.5.4
[INFO] [stderr]    Compiling scrubkit-core v0.1.2 (/opt/rustwide/workdir)
[INFO] [stderr]     Finished `release` profile [optimized] target(s) in 39.60s
[INFO] running `Command { std: "docker" "inspect" "bf0a2d3e4db4f86c1e2de5932bb482e215fbe6ad84a7e2b79bbb0ab5887a42fb", kill_on_drop: false }`
[INFO] running `Command { std: "docker" "exec" "-e" "SOURCE_DIR=/opt/rustwide/workdir" "-e" "CARGO_HOME=/opt/rustwide/cargo-home" "-e" "RUSTUP_HOME=/opt/rustwide/rustup-home" "-e" "CARGO_TARGET_DIR=/opt/rustwide/target" "-e" "CARGO_INCREMENTAL=0" "-e" "RUST_BACKTRACE=full" "-e" "RUSTFLAGS=--cap-lints=warn" "-e" "RUSTDOCFLAGS=--cap-lints=warn" "-w" "/opt/rustwide/workdir" "--user" "0:0" "bf0a2d3e4db4f86c1e2de5932bb482e215fbe6ad84a7e2b79bbb0ab5887a42fb" "/opt/rustwide/cargo-home/bin/cargo" "+1.100.0-beta.1" "test" "--frozen" "--no-run" "--message-format=json" "--release", kill_on_drop: false }`
[INFO] [stderr] warning: `package.homepage` is redundant with `package.repository`
[INFO] [stderr]   --> Cargo.toml:25:12
[INFO] [stderr]    |
[INFO] [stderr] 25 | homepage = "https://github.com/seahorse-byte/scrubkit.git"
[INFO] [stderr]    |            ^^^^^^^^^^^^^^^^^^^^^^^^^^^^^^^^^^^^^^^^^^^^^^^
[INFO] [stderr] ...
[INFO] [stderr] 30 | repository = "https://github.com/seahorse-byte/scrubkit.git"
[INFO] [stderr]    |              -----------------------------------------------
[INFO] [stderr]    |
[INFO] [stderr]    = note: `cargo::redundant_homepage` is set to `warn` by default
[INFO] [stderr] help: consider removing `package.homepage`
[INFO] [stderr] warning: `scrubkit-core` (manifest) generated 1 warning
[INFO] [stderr]    Compiling scrubkit-core v0.1.2 (/opt/rustwide/workdir)
[INFO] [stderr]     Finished `release` profile [optimized] target(s) in 1.96s
[INFO] running `Command { std: "docker" "inspect" "bf0a2d3e4db4f86c1e2de5932bb482e215fbe6ad84a7e2b79bbb0ab5887a42fb", kill_on_drop: false }`
[INFO] running `Command { std: "docker" "exec" "-e" "SOURCE_DIR=/opt/rustwide/workdir" "-e" "CARGO_HOME=/opt/rustwide/cargo-home" "-e" "RUSTUP_HOME=/opt/rustwide/rustup-home" "-e" "CARGO_TARGET_DIR=/opt/rustwide/target" "-e" "CARGO_INCREMENTAL=0" "-e" "RUST_BACKTRACE=full" "-e" "RUSTFLAGS=--cap-lints=warn" "-e" "RUSTDOCFLAGS=--cap-lints=warn" "-w" "/opt/rustwide/workdir" "--user" "0:0" "bf0a2d3e4db4f86c1e2de5932bb482e215fbe6ad84a7e2b79bbb0ab5887a42fb" "/opt/rustwide/cargo-home/bin/cargo" "+1.100.0-beta.1" "test" "--frozen" "--release", kill_on_drop: false }`
[INFO] [stderr] warning: `package.homepage` is redundant with `package.repository`
[INFO] [stderr]   --> Cargo.toml:25:12
[INFO] [stderr]    |
[INFO] [stderr] 25 | homepage = "https://github.com/seahorse-byte/scrubkit.git"
[INFO] [stderr]    |            ^^^^^^^^^^^^^^^^^^^^^^^^^^^^^^^^^^^^^^^^^^^^^^^
[INFO] [stderr] ...
[INFO] [stderr] 30 | repository = "https://github.com/seahorse-byte/scrubkit.git"
[INFO] [stderr]    |              -----------------------------------------------
[INFO] [stderr]    |
[INFO] [stderr]    = note: `cargo::redundant_homepage` is set to `warn` by default
[INFO] [stderr] help: consider removing `package.homepage`
[INFO] [stderr] warning: `scrubkit-core` (manifest) generated 1 warning
[INFO] [stderr]     Finished `release` profile [optimized] target(s) in 0.08s
[INFO] [stderr]      Running unittests src/lib.rs (/opt/rustwide/target/release/build/scrubkit-core/31be30e7d3a2421d/out/scrubkit_core-31be30e7d3a2421d)
[INFO] [stdout] 
[INFO] [stdout] running 9 tests
[INFO] [stdout] test jpeg::tests::scrub_removes_exif_segment_and_reports_it ... ok
[INFO] [stdout] test jpeg::tests::new_jpeg_scrubber_works ... ok
[INFO] [stdout] test jpeg::tests::_calculate_correct_without_exif_for_209_byte_input ... ok
[INFO] [stdout] test jpeg::tests::_debug_test_jpeg_length ... ok
[INFO] [stdout] test jpeg::tests::view_metadata_on_jpeg_without_exif_returns_empty ... ok
[INFO] [stdout] test jpeg::tests::scrub_on_jpeg_without_exif_does_nothing ... ok
[INFO] [stdout] test png::tests::scrub_removes_png_text_chunk ... FAILED
[INFO] [stdout] test png::tests::view_metadata_finds_png_text_chunk ... FAILED
[INFO] [stdout] test jpeg::tests::view_metadata_finds_exif_data ... ok
[INFO] [stdout] 
[INFO] [stdout] failures:
[INFO] [stdout] 
[INFO] [stdout] ---- png::tests::scrub_removes_png_text_chunk stdout ----
[INFO] [stdout] 
[INFO] [stdout] thread 'png::tests::scrub_removes_png_text_chunk' (809) panicked at src/png.rs:118:74:
[INFO] [stdout] called `Result::unwrap()` on an `Err` value: UnsupportedFileType("Not a valid PNG file.")
[INFO] [stdout] stack backtrace:
[INFO] [stdout]    0:     0x64ee470e2741 - <<std[617be2ca0a6fd877]::sys::backtrace::BacktraceLock>::print::DisplayBacktrace as core[a373ad73a504971]::fmt::Display>::fmt
[INFO] [stdout]    1:     0x64ee470f873a - core[a373ad73a504971]::fmt::write
[INFO] [stdout]    2:     0x64ee470e6a0c - <alloc[2e1b2a31b91974c5]::vec::Vec<u8> as core[a373ad73a504971]::io::write::Write>::write_fmt
[INFO] [stdout]    3:     0x64ee470bea16 - std[617be2ca0a6fd877]::panicking::default_hook::{closure#0}
[INFO] [stdout]    4:     0x64ee470dac49 - std[617be2ca0a6fd877]::panicking::default_hook
[INFO] [stdout]    5:     0x64ee4704ceb0 - test[aada8e7e76ba119b]::test_main_inner::{closure#0}
[INFO] [stdout]    6:     0x64ee470dae02 - std[617be2ca0a6fd877]::panicking::panic_with_hook
[INFO] [stdout]    7:     0x64ee470beac2 - std[617be2ca0a6fd877]::panicking::panic_handler::{closure#0}
[INFO] [stdout]    8:     0x64ee470b77a9 - std[617be2ca0a6fd877]::sys::backtrace::__rust_end_short_backtrace::<std[617be2ca0a6fd877]::panicking::panic_handler::{closure#0}, !>
[INFO] [stdout]    9:     0x64ee470bf6cd - __rustc[ea4f61d10b84890b]::rust_begin_unwind
[INFO] [stdout]   10:     0x64ee470f8e9c - core[a373ad73a504971]::panicking::panic_fmt
[INFO] [stdout]   11:     0x64ee470f8c72 - core[a373ad73a504971]::result::unwrap_failed
[INFO] [stdout]   12:     0x64ee4701def0 - <scrubkit_core[f4647a3fba51d39]::png::tests::scrub_removes_png_text_chunk::{closure#0} as core[a373ad73a504971]::ops::function::FnOnce<()>>::call_once
[INFO] [stdout]   13:     0x64ee470402fb - test[aada8e7e76ba119b]::__rust_begin_short_backtrace::<core[a373ad73a504971]::result::Result<(), alloc[2e1b2a31b91974c5]::string::String>, fn() -> core[a373ad73a504971]::result::Result<(), alloc[2e1b2a31b91974c5]::string::String>>
[INFO] [stdout]   14:     0x64ee4704d4d5 - test[aada8e7e76ba119b]::run_test::{closure#0}
[INFO] [stdout]   15:     0x64ee47046dc4 - std[617be2ca0a6fd877]::sys::backtrace::__rust_begin_short_backtrace::<test[aada8e7e76ba119b]::run_test::{closure#1}, ()>
[INFO] [stdout]   16:     0x64ee47050562 - <std[617be2ca0a6fd877]::thread::lifecycle::spawn_unchecked<test[aada8e7e76ba119b]::run_test::{closure#1}, ()>::{closure#1} as core[a373ad73a504971]::ops::function::FnOnce<()>>::call_once::{shim:vtable#0}
[INFO] [stdout]   17:     0x64ee470e1f6f - <std[617be2ca0a6fd877]::sys::thread::unix::Thread>::new::thread_start
[INFO] [stdout]   18:     0x737ee2327dfa - <unknown>
[INFO] [stdout]   19:     0x737ee23bb3d4 - clone
[INFO] [stdout]   20:                0x0 - <unknown>
[INFO] [stdout] 
[INFO] [stdout] ---- png::tests::view_metadata_finds_png_text_chunk stdout ----
[INFO] [stdout] 
[INFO] [stdout] thread 'png::tests::view_metadata_finds_png_text_chunk' (810) panicked at src/png.rs:109:74:
[INFO] [stdout] called `Result::unwrap()` on an `Err` value: UnsupportedFileType("Not a valid PNG file.")
[INFO] [stdout] stack backtrace:
[INFO] [stdout]    0:     0x64ee470e2741 - <<std[617be2ca0a6fd877]::sys::backtrace::BacktraceLock>::print::DisplayBacktrace as core[a373ad73a504971]::fmt::Display>::fmt
[INFO] [stdout]    1:     0x64ee470f873a - core[a373ad73a504971]::fmt::write
[INFO] [stdout]    2:     0x64ee470e6a0c - <alloc[2e1b2a31b91974c5]::vec::Vec<u8> as core[a373ad73a504971]::io::write::Write>::write_fmt
[INFO] [stdout]    3:     0x64ee470bea16 - std[617be2ca0a6fd877]::panicking::default_hook::{closure#0}
[INFO] [stdout]    4:     0x64ee470dac49 - std[617be2ca0a6fd877]::panicking::default_hook
[INFO] [stdout]    5:     0x64ee4704ceb0 - test[aada8e7e76ba119b]::test_main_inner::{closure#0}
[INFO] [stdout]    6:     0x64ee470dae02 - std[617be2ca0a6fd877]::panicking::panic_with_hook
[INFO] [stdout]    7:     0x64ee470beac2 - std[617be2ca0a6fd877]::panicking::panic_handler::{closure#0}
[INFO] [stdout]    8:     0x64ee470b77a9 - std[617be2ca0a6fd877]::sys::backtrace::__rust_end_short_backtrace::<std[617be2ca0a6fd877]::panicking::panic_handler::{closure#0}, !>
[INFO] [stdout]    9:     0x64ee470bf6cd - __rustc[ea4f61d10b84890b]::rust_begin_unwind
[INFO] [stdout]   10:     0x64ee470f8e9c - core[a373ad73a504971]::panicking::panic_fmt
[INFO] [stdout]   11:     0x64ee470f8c72 - core[a373ad73a504971]::result::unwrap_failed
[INFO] [stdout]   12:     0x64ee4701e337 - <scrubkit_core[f4647a3fba51d39]::png::tests::view_metadata_finds_png_text_chunk::{closure#0} as core[a373ad73a504971]::ops::function::FnOnce<()>>::call_once
[INFO] [stdout]   13:     0x64ee470402fb - test[aada8e7e76ba119b]::__rust_begin_short_backtrace::<core[a373ad73a504971]::result::Result<(), alloc[2e1b2a31b91974c5]::string::String>, fn() -> core[a373ad73a504971]::result::Result<(), alloc[2e1b2a31b91974c5]::string::String>>
[INFO] [stdout]   14:     0x64ee4704d4d5 - test[aada8e7e76ba119b]::run_test::{closure#0}
[INFO] [stdout]   15:     0x64ee47046dc4 - std[617be2ca0a6fd877]::sys::backtrace::__rust_begin_short_backtrace::<test[aada8e7e76ba119b]::run_test::{closure#1}, ()>
[INFO] [stdout]   16:     0x64ee47050562 - <std[617be2ca0a6fd877]::thread::lifecycle::spawn_unchecked<test[aada8e7e76ba119b]::run_test::{closure#1}, ()>::{closure#1} as core[a373ad73a504971]::ops::function::FnOnce<()>>::call_once::{shim:vtable#0}
[INFO] [stdout]   17:     0x64ee470e1f6f - <std[617be2ca0a6fd877]::sys::thread::unix::Thread>::new::thread_start
[INFO] [stdout]   18:     0x737ee2327dfa - <unknown>
[INFO] [stdout]   19:     0x737ee23bb3d4 - clone
[INFO] [stdout]   20:                0x0 - <unknown>
[INFO] [stdout] 
[INFO] [stdout] 
[INFO] [stdout] failures:
[INFO] [stdout]     png::tests::scrub_removes_png_text_chunk
[INFO] [stdout]     png::tests::view_metadata_finds_png_text_chunk
[INFO] [stdout] 
[INFO] [stdout] test result: FAILED. 7 passed; 2 failed; 0 ignored; 0 measured; 0 filtered out; finished in 0.01s
[INFO] [stdout] 
[INFO] [stderr] error: test failed, to rerun pass `--lib`
[INFO] running `Command { std: "docker" "inspect" "bf0a2d3e4db4f86c1e2de5932bb482e215fbe6ad84a7e2b79bbb0ab5887a42fb", kill_on_drop: false }`
[INFO] running `Command { std: "docker" "rm" "-f" "bf0a2d3e4db4f86c1e2de5932bb482e215fbe6ad84a7e2b79bbb0ab5887a42fb", kill_on_drop: false }`
[INFO] [stdout] bf0a2d3e4db4f86c1e2de5932bb482e215fbe6ad84a7e2b79bbb0ab5887a42fb
