[INFO] fetching crate scriptty 0.1.0...
[INFO] testing scriptty-0.1.0 against 1.100.0-beta.1+cargoflags=--release for beta-release-1.100-2
[INFO] extracting crate scriptty 0.1.0 into /workspace/builds/worker-0-tc2/source
[INFO] started tweaking crates.io crate scriptty 0.1.0
[INFO] removed 0 missing tests
[INFO] finished tweaking crates.io crate scriptty 0.1.0
[INFO] tweaked toml for crates.io crate scriptty 0.1.0 written to /workspace/builds/worker-0-tc2/source/Cargo.toml
[INFO] validating manifest of crates.io crate scriptty 0.1.0 on toolchain 1.100.0-beta.1
[INFO] running `Command { std: CARGO_HOME="/workspace/cargo-home" RUSTUP_HOME="/workspace/rustup-home" "/workspace/cargo-home/bin/cargo" "+1.100.0-beta.1" "metadata" "--manifest-path" "Cargo.toml" "--no-deps", kill_on_drop: false }`
[INFO] crate crates.io crate scriptty 0.1.0 already has a lockfile, it will not be regenerated
[INFO] running `Command { std: CARGO_HOME="/workspace/cargo-home" RUSTUP_HOME="/workspace/rustup-home" "/workspace/cargo-home/bin/cargo" "+1.100.0-beta.1" "fetch" "--manifest-path" "Cargo.toml", kill_on_drop: false }`
[INFO] running `Command { std: "docker" "create" "-v" "/var/lib/crater-agent-workspace/builds/worker-0-tc2/source:/opt/rustwide/workdir:ro,Z" "-v" "/var/lib/crater-agent-workspace/builds/worker-0-tc2/target:/opt/rustwide/target:rw,Z" "-v" "/var/lib/crater-agent-workspace/cargo-home:/opt/rustwide/cargo-home:ro,Z" "-v" "/var/lib/crater-agent-workspace/rustup-home:/opt/rustwide/rustup-home:ro,Z" "-m" "1610612736" "--network" "none" "ghcr.io/rust-lang/crates-build-env/linux@sha256:77db811e55d90add9212f6832c23229e3de5f1c1f9905e8cb07319ea15df73ac" "sleep" "infinity", kill_on_drop: false }`
[INFO] [stdout] a5466321d03ab4d320f165c66f0198100cb734ea27a51a1ac798f7f1bc72c8f0
[INFO] running `Command { std: "docker" "start" "a5466321d03ab4d320f165c66f0198100cb734ea27a51a1ac798f7f1bc72c8f0", kill_on_drop: false }`
[INFO] running `Command { std: "docker" "inspect" "a5466321d03ab4d320f165c66f0198100cb734ea27a51a1ac798f7f1bc72c8f0", kill_on_drop: false }`
[INFO] running `Command { std: "docker" "exec" "-e" "SOURCE_DIR=/opt/rustwide/workdir" "-e" "CARGO_HOME=/opt/rustwide/cargo-home" "-e" "RUSTUP_HOME=/opt/rustwide/rustup-home" "-e" "CARGO_TARGET_DIR=/opt/rustwide/target" "-w" "/opt/rustwide/workdir" "--user" "0:0" "a5466321d03ab4d320f165c66f0198100cb734ea27a51a1ac798f7f1bc72c8f0" "/opt/rustwide/cargo-home/bin/cargo" "+1.100.0-beta.1" "metadata" "--no-deps" "--format-version=1", kill_on_drop: false }`
[INFO] running `Command { std: "docker" "inspect" "a5466321d03ab4d320f165c66f0198100cb734ea27a51a1ac798f7f1bc72c8f0", kill_on_drop: false }`
[INFO] running `Command { std: "docker" "exec" "-e" "SOURCE_DIR=/opt/rustwide/workdir" "-e" "CARGO_HOME=/opt/rustwide/cargo-home" "-e" "RUSTUP_HOME=/opt/rustwide/rustup-home" "-e" "CARGO_TARGET_DIR=/opt/rustwide/target" "-e" "CARGO_INCREMENTAL=0" "-e" "RUST_BACKTRACE=full" "-e" "RUSTFLAGS=--cap-lints=warn" "-e" "RUSTDOCFLAGS=--cap-lints=warn" "-w" "/opt/rustwide/workdir" "--user" "0:0" "a5466321d03ab4d320f165c66f0198100cb734ea27a51a1ac798f7f1bc72c8f0" "/opt/rustwide/cargo-home/bin/cargo" "+1.100.0-beta.1" "build" "--frozen" "--message-format=json" "--release", kill_on_drop: false }`
[INFO] [stderr]    Compiling libc v0.2.178
[INFO] [stderr]    Compiling zerocopy v0.8.31
[INFO] [stderr]    Compiling anyhow v1.0.100
[INFO] [stderr]    Compiling memoffset v0.6.5
[INFO] [stderr]    Compiling clap_lex v0.7.6
[INFO] [stderr]    Compiling anstream v0.6.21
[INFO] [stderr]    Compiling syn v2.0.111
[INFO] [stderr]    Compiling clap_builder v4.5.53
[INFO] [stderr]    Compiling serial-core v0.4.0
[INFO] [stderr]    Compiling ioctl-rs v0.1.6
[INFO] [stderr]    Compiling termios v0.2.2
[INFO] [stderr]    Compiling getrandom v0.2.16
[INFO] [stderr]    Compiling parking_lot_core v0.9.12
[INFO] [stderr]    Compiling signal-hook-registry v1.4.7
[INFO] [stderr]    Compiling nix v0.25.1
[INFO] [stderr]    Compiling socket2 v0.6.1
[INFO] [stderr]    Compiling mio v1.1.1
[INFO] [stderr]    Compiling rand_core v0.6.4
[INFO] [stderr]    Compiling serial-unix v0.4.0
[INFO] [stderr]    Compiling parking_lot v0.12.5
[INFO] [stderr]    Compiling ppv-lite86 v0.2.21
[INFO] [stderr]    Compiling serial v0.4.0
[INFO] [stderr]    Compiling rand_chacha v0.3.1
[INFO] [stderr]    Compiling rand v0.8.5
[INFO] [stderr]    Compiling thiserror-impl v1.0.69
[INFO] [stderr]    Compiling clap_derive v4.5.49
[INFO] [stderr]    Compiling tokio-macros v2.6.0
[INFO] [stderr]    Compiling async-trait v0.1.89
[INFO] [stderr]    Compiling tokio v1.48.0
[INFO] [stderr]    Compiling thiserror v1.0.69
[INFO] [stderr]    Compiling filedescriptor v0.8.3
[INFO] [stderr]    Compiling clap v4.5.53
[INFO] [stderr]    Compiling portable-pty v0.8.1
[INFO] [stderr]    Compiling scriptty v0.1.0 (/opt/rustwide/workdir)
[INFO] [stderr]     Finished `release` profile [optimized] target(s) in 21.26s
[INFO] running `Command { std: "docker" "inspect" "a5466321d03ab4d320f165c66f0198100cb734ea27a51a1ac798f7f1bc72c8f0", kill_on_drop: false }`
[INFO] running `Command { std: "docker" "exec" "-e" "SOURCE_DIR=/opt/rustwide/workdir" "-e" "CARGO_HOME=/opt/rustwide/cargo-home" "-e" "RUSTUP_HOME=/opt/rustwide/rustup-home" "-e" "CARGO_TARGET_DIR=/opt/rustwide/target" "-e" "CARGO_INCREMENTAL=0" "-e" "RUST_BACKTRACE=full" "-e" "RUSTFLAGS=--cap-lints=warn" "-e" "RUSTDOCFLAGS=--cap-lints=warn" "-w" "/opt/rustwide/workdir" "--user" "0:0" "a5466321d03ab4d320f165c66f0198100cb734ea27a51a1ac798f7f1bc72c8f0" "/opt/rustwide/cargo-home/bin/cargo" "+1.100.0-beta.1" "test" "--frozen" "--no-run" "--message-format=json" "--release", kill_on_drop: false }`
[INFO] [stderr]    Compiling scriptty v0.1.0 (/opt/rustwide/workdir)
[INFO] [stderr]     Finished `release` profile [optimized] target(s) in 1.42s
[INFO] running `Command { std: "docker" "inspect" "a5466321d03ab4d320f165c66f0198100cb734ea27a51a1ac798f7f1bc72c8f0", kill_on_drop: false }`
[INFO] running `Command { std: "docker" "exec" "-e" "SOURCE_DIR=/opt/rustwide/workdir" "-e" "CARGO_HOME=/opt/rustwide/cargo-home" "-e" "RUSTUP_HOME=/opt/rustwide/rustup-home" "-e" "CARGO_TARGET_DIR=/opt/rustwide/target" "-e" "CARGO_INCREMENTAL=0" "-e" "RUST_BACKTRACE=full" "-e" "RUSTFLAGS=--cap-lints=warn" "-e" "RUSTDOCFLAGS=--cap-lints=warn" "-w" "/opt/rustwide/workdir" "--user" "0:0" "a5466321d03ab4d320f165c66f0198100cb734ea27a51a1ac798f7f1bc72c8f0" "/opt/rustwide/cargo-home/bin/cargo" "+1.100.0-beta.1" "test" "--frozen" "--release", kill_on_drop: false }`
[INFO] [stderr]     Finished `release` profile [optimized] target(s) in 0.09s
[INFO] [stderr]      Running unittests src/lib.rs (/opt/rustwide/target/release/build/scriptty/806ac71e20ef3e12/out/scriptty-806ac71e20ef3e12)
[INFO] [stdout] 
[INFO] [stdout] running 49 tests
[INFO] [stdout] test commands::expect::tests::test_parse_custom_timeout ... ok
[INFO] [stdout] test commands::key_press::tests::test_alt_left ... ok
[INFO] [stdout] test commands::expect::tests::test_parse_ms_timeout ... ok
[INFO] [stdout] test commands::key_press::tests::test_ctrl_c ... ok
[INFO] [stdout] test commands::key_press::tests::test_ctrl_f5 ... ok
[INFO] [stdout] test commands::key_press::tests::test_ctrl_d ... ok
[INFO] [stdout] test commands::expect::tests::test_parse_default_timeout ... ok
[INFO] [stdout] test commands::key_press::tests::test_alt_enter ... ok
[INFO] [stdout] test commands::key_press::tests::test_ctrl_alt_left ... ok
[INFO] [stdout] test commands::expect::tests::test_parse_unclosed_quote ... ok
[INFO] [stdout] test commands::key_press::tests::test_ctrl_home ... ok
[INFO] [stdout] test commands::key_press::tests::test_backspace ... ok
[INFO] [stdout] test commands::key_press::tests::test_up ... ok
[INFO] [stdout] test commands::key_press::tests::test_ctrl_page_down ... ok
[INFO] [stderr]      Running unittests src/main.rs (/opt/rustwide/target/release/build/scriptty/d921333e2e9025a8/out/scriptty-d921333e2e9025a8)
[INFO] [stdout] test commands::expect::tests::test_parse_missing_quote ... ok
[INFO] [stdout] test commands::show::tests::test_parse ... ok
[INFO] [stdout] test commands::key_press::tests::test_enter ... ok
[INFO] [stdout] test commands::key_press::tests::test_home ... ok
[INFO] [stdout] test commands::type_text::tests::test_custom_timing ... ok
[INFO] [stdout] test commands::key_press::tests::test_ctrl_up ... ok
[INFO] [stdout] test commands::key_press::tests::test_delete ... ok
[INFO] [stdout] test commands::key_press::tests::test_empty_key ... ok
[INFO] [stdout] test commands::key_press::tests::test_page_up ... ok
[INFO] [stdout] test commands::key_press::tests::test_f1 ... ok
[INFO] [stdout] test commands::key_press::tests::test_shift_tab ... ok
[INFO] [stdout] test commands::key_press::tests::test_unknown_key ... ok
[INFO] [stdout] test commands::show::tests::test_parse_unclosed_quote ... ok
[INFO] [stdout] test commands::type_text::tests::test_parse ... ok
[INFO] [stdout] test commands::type_text::tests::test_parse_escaped_quotes ... ok
[INFO] [stdout] test commands::wait::tests::test_parse_fractional ... ok
[INFO] [stdout] test commands::type_text::tests::test_parse_newline_escape ... ok
[INFO] [stdout] test commands::wait::tests::test_parse_millis ... ok
[INFO] [stdout] test commands::send_input::tests::test_data_content ... ok
[INFO] [stdout] test commands::send_input::tests::test_parse ... ok
[INFO] [stdout] test parser::tests::test_parse_str ... ok
[INFO] [stdout] test commands::type_text::tests::test_default_timing ... ok
[INFO] [stdout] test parser::tests::test_parse_key_command ... ok
[INFO] [stdout] test commands::wait::tests::test_parse_seconds ... ok
[INFO] [stdout] test parser::tests::test_parse_invalid_duration ... ok
[INFO] [stdout] test commands::wait::tests::test_parse_invalid ... ok
[INFO] [stdout] test parser::tests::test_parse_all_commands ... ok
[INFO] [stdout] test parser::tests::test_parse_duration ... ok
[INFO] [stdout] test parser::tests::test_strip_inline_comments ... ok
[INFO] [stdout] test parser::tests::test_parse_comments_only ... ok
[INFO] [stdout] test parser::tests::test_parse_empty_lines ... ok
[INFO] [stdout] test parser::tests::test_parse_with_inline_comments ... ok
[INFO] [stdout] test parser::tests::test_parse_invalid_command ... ok
[INFO] [stdout] test parser::tests::test_parse_unclosed_quote ... ok
[INFO] [stdout] test parser::tests::test_parse_quoted_string ... ok
[INFO] [stdout] 
[INFO] [stdout] test result: ok. 49 passed; 0 failed; 0 ignored; 0 measured; 0 filtered out; finished in 0.01s
[INFO] [stdout] 
[INFO] [stderr]      Running tests/integration_test.rs (/opt/rustwide/target/release/build/scriptty/3db5fe8be52b4e71/out/integration_test-3db5fe8be52b4e71)
[INFO] [stdout] 
[INFO] [stdout] running 0 tests
[INFO] [stdout] 
[INFO] [stdout] test result: ok. 0 passed; 0 failed; 0 ignored; 0 measured; 0 filtered out; finished in 0.00s
[INFO] [stdout] 
[INFO] [stdout] 
[INFO] [stdout] running 6 tests
[INFO] [stdout] test test_invalid_script ... ok
[INFO] [stdout] test test_basic_script_execution ... ok
[INFO] [stdout] test test_comment_handling ... FAILED
[INFO] [stdout] test test_expect_command ... FAILED
[INFO] [stdout] test test_send_command ... FAILED
[INFO] [stdout] test test_expect_timeout ... ok
[INFO] [stdout] 
[INFO] [stdout] failures:
[INFO] [stdout] 
[INFO] [stdout] ---- test_comment_handling stdout ----
[INFO] [stdout] 
[INFO] [stdout] thread 'test_comment_handling' (987) panicked at tests/integration_test.rs:218:5:
[INFO] [stdout] scriptty failed with stderr: Error: Failed to execute script
[INFO] [stdout] 
[INFO] [stdout] Caused by:
[INFO] [stdout]     Timeout waiting for pattern: '$'
[INFO] [stdout] 
[INFO] [stdout] Stack backtrace:
[INFO] [stdout]    0: <anyhow::Error>::msg::<alloc::string::String>
[INFO] [stdout]    1: <scriptty::commands::expect::Expect as scriptty::command::ScripttyCommand>::execute::{closure#0}
[INFO] [stdout]    2: <tokio::runtime::park::CachedParkThread>::block_on::<scriptty::main::{closure#0}>
[INFO] [stdout]    3: tokio::runtime::context::runtime::enter_runtime::<<tokio::runtime::scheduler::multi_thread::MultiThread>::block_on<scriptty::main::{closure#0}>::{closure#0}, core::result::Result<(), anyhow::Error>>
[INFO] [stdout]    4: <tokio::runtime::runtime::Runtime>::block_on::<scriptty::main::{closure#0}>
[INFO] [stdout]    5: scriptty::main
[INFO] [stdout]    6: std::sys::backtrace::__rust_begin_short_backtrace::<fn() -> core::result::Result<(), anyhow::Error>, core::result::Result<(), anyhow::Error>>
[INFO] [stdout]    7: std::rt::lang_start::<core::result::Result<(), anyhow::Error>>::{closure#0}
[INFO] [stdout]    8: std::rt::lang_start_internal
[INFO] [stdout]    9: main
[INFO] [stdout]   10: <unknown>
[INFO] [stdout]   11: __libc_start_main
[INFO] [stdout]   12: _start
[INFO] [stdout] 
[INFO] [stdout] stack backtrace:
[INFO] [stdout]    0:     0x5b5e2410f6d1 - <<std[617be2ca0a6fd877]::sys::backtrace::BacktraceLock>::print::DisplayBacktrace as core[a373ad73a504971]::fmt::Display>::fmt
[INFO] [stdout]    1:     0x5b5e2412362a - core[a373ad73a504971]::fmt::write
[INFO] [stdout]    2:     0x5b5e241138ec - <alloc[2e1b2a31b91974c5]::vec::Vec<u8> as core[a373ad73a504971]::io::write::Write>::write_fmt
[INFO] [stdout]    3:     0x5b5e240eb776 - std[617be2ca0a6fd877]::panicking::default_hook::{closure#0}
[INFO] [stdout]    4:     0x5b5e24107aa9 - std[617be2ca0a6fd877]::panicking::default_hook
[INFO] [stdout]    5:     0x5b5e240a3fa0 - test[aada8e7e76ba119b]::test_main_inner::{closure#0}
[INFO] [stdout]    6:     0x5b5e24107c62 - std[617be2ca0a6fd877]::panicking::panic_with_hook
[INFO] [stdout]    7:     0x5b5e240eb822 - std[617be2ca0a6fd877]::panicking::panic_handler::{closure#0}
[INFO] [stdout]    8:     0x5b5e240e4489 - std[617be2ca0a6fd877]::sys::backtrace::__rust_end_short_backtrace::<std[617be2ca0a6fd877]::panicking::panic_handler::{closure#0}, !>
[INFO] [stdout]    9:     0x5b5e240ec42d - __rustc[ea4f61d10b84890b]::rust_begin_unwind
[INFO] [stdout]   10:     0x5b5e24123d5c - core[a373ad73a504971]::panicking::panic_fmt
[INFO] [stdout]   11:     0x5b5e24096ed0 - <integration_test[365f4ed9fbce9cd8]::test_comment_handling::{closure#0} as core[a373ad73a504971]::ops::function::FnOnce<()>>::call_once
[INFO] [stdout]   12:     0x5b5e240973eb - test[aada8e7e76ba119b]::__rust_begin_short_backtrace::<core[a373ad73a504971]::result::Result<(), alloc[2e1b2a31b91974c5]::string::String>, fn() -> core[a373ad73a504971]::result::Result<(), alloc[2e1b2a31b91974c5]::string::String>>
[INFO] [stdout]   13:     0x5b5e240a45c5 - test[aada8e7e76ba119b]::run_test::{closure#0}
[INFO] [stdout]   14:     0x5b5e2409deb4 - std[617be2ca0a6fd877]::sys::backtrace::__rust_begin_short_backtrace::<test[aada8e7e76ba119b]::run_test::{closure#1}, ()>
[INFO] [stdout]   15:     0x5b5e240a7652 - <std[617be2ca0a6fd877]::thread::lifecycle::spawn_unchecked<test[aada8e7e76ba119b]::run_test::{closure#1}, ()>::{closure#1} as core[a373ad73a504971]::ops::function::FnOnce<()>>::call_once::{shim:vtable#0}
[INFO] [stdout]   16:     0x5b5e2410ed4f - <std[617be2ca0a6fd877]::sys::thread::unix::Thread>::new::thread_start
[INFO] [stdout]   17:     0x78993b894dfa - <unknown>
[INFO] [stdout]   18:     0x78993b9283d4 - clone
[INFO] [stdout]   19:                0x0 - <unknown>
[INFO] [stdout] 
[INFO] [stdout] ---- test_expect_command stdout ----
[INFO] [stdout] 
[INFO] [stdout] thread 'test_expect_command' (988) panicked at tests/integration_test.rs:73:5:
[INFO] [stdout] scriptty failed with stderr: Error: Failed to execute script
[INFO] [stdout] 
[INFO] [stdout] Caused by:
[INFO] [stdout]     Timeout waiting for pattern: '$'
[INFO] [stdout] 
[INFO] [stdout] Stack backtrace:
[INFO] [stdout]    0: <anyhow::Error>::msg::<alloc::string::String>
[INFO] [stdout]    1: <scriptty::commands::expect::Expect as scriptty::command::ScripttyCommand>::execute::{closure#0}
[INFO] [stdout]    2: <tokio::runtime::park::CachedParkThread>::block_on::<scriptty::main::{closure#0}>
[INFO] [stdout]    3: tokio::runtime::context::runtime::enter_runtime::<<tokio::runtime::scheduler::multi_thread::MultiThread>::block_on<scriptty::main::{closure#0}>::{closure#0}, core::result::Result<(), anyhow::Error>>
[INFO] [stdout]    4: <tokio::runtime::runtime::Runtime>::block_on::<scriptty::main::{closure#0}>
[INFO] [stdout]    5: scriptty::main
[INFO] [stdout]    6: std::sys::backtrace::__rust_begin_short_backtrace::<fn() -> core::result::Result<(), anyhow::Error>, core::result::Result<(), anyhow::Error>>
[INFO] [stdout]    7: std::rt::lang_start::<core::result::Result<(), anyhow::Error>>::{closure#0}
[INFO] [stdout]    8: std::rt::lang_start_internal
[INFO] [stdout]    9: main
[INFO] [stdout]   10: <unknown>
[INFO] [stdout]   11: __libc_start_main
[INFO] [stdout]   12: _start
[INFO] [stdout] 
[INFO] [stdout] stack backtrace:
[INFO] [stdout]    0:     0x5b5e2410f6d1 - <<std[617be2ca0a6fd877]::sys::backtrace::BacktraceLock>::print::DisplayBacktrace as core[a373ad73a504971]::fmt::Display>::fmt
[INFO] [stdout]    1:     0x5b5e2412362a - core[a373ad73a504971]::fmt::write
[INFO] [stdout]    2:     0x5b5e241138ec - <alloc[2e1b2a31b91974c5]::vec::Vec<u8> as core[a373ad73a504971]::io::write::Write>::write_fmt
[INFO] [stdout]    3:     0x5b5e240eb776 - std[617be2ca0a6fd877]::panicking::default_hook::{closure#0}
[INFO] [stdout]    4:     0x5b5e24107aa9 - std[617be2ca0a6fd877]::panicking::default_hook
[INFO] [stdout]    5:     0x5b5e240a3fa0 - test[aada8e7e76ba119b]::test_main_inner::{closure#0}
[INFO] [stdout]    6:     0x5b5e24107c62 - std[617be2ca0a6fd877]::panicking::panic_with_hook
[INFO] [stdout]    7:     0x5b5e240eb822 - std[617be2ca0a6fd877]::panicking::panic_handler::{closure#0}
[INFO] [stdout]    8:     0x5b5e240e4489 - std[617be2ca0a6fd877]::sys::backtrace::__rust_end_short_backtrace::<std[617be2ca0a6fd877]::panicking::panic_handler::{closure#0}, !>
[INFO] [stdout]    9:     0x5b5e240ec42d - __rustc[ea4f61d10b84890b]::rust_begin_unwind
[INFO] [stdout]   10:     0x5b5e24123d5c - core[a373ad73a504971]::panicking::panic_fmt
[INFO] [stdout]   11:     0x5b5e240963df - <integration_test[365f4ed9fbce9cd8]::test_expect_command::{closure#0} as core[a373ad73a504971]::ops::function::FnOnce<()>>::call_once
[INFO] [stdout]   12:     0x5b5e240973eb - test[aada8e7e76ba119b]::__rust_begin_short_backtrace::<core[a373ad73a504971]::result::Result<(), alloc[2e1b2a31b91974c5]::string::String>, fn() -> core[a373ad73a504971]::result::Result<(), alloc[2e1b2a31b91974c5]::string::String>>
[INFO] [stdout]   13:     0x5b5e240a45c5 - test[aada8e7e76ba119b]::run_test::{closure#0}
[INFO] [stdout]   14:     0x5b5e2409deb4 - std[617be2ca0a6fd877]::sys::backtrace::__rust_begin_short_backtrace::<test[aada8e7e76ba119b]::run_test::{closure#1}, ()>
[INFO] [stdout]   15:     0x5b5e240a7652 - <std[617be2ca0a6fd877]::thread::lifecycle::spawn_unchecked<test[aada8e7e76ba119b]::run_test::{closure#1}, ()>::{closure#1} as core[a373ad73a504971]::ops::function::FnOnce<()>>::call_once::{shim:vtable#0}
[INFO] [stdout]   16:     0x5b5e2410ed4f - <std[617be2ca0a6fd877]::sys::thread::unix::Thread>::new::thread_start
[INFO] [stdout]   17:     0x78993b894dfa - <unknown>
[INFO] [stdout]   18:     0x78993b9283d4 - clone
[INFO] [stdout]   19:                0x0 - <unknown>
[INFO] [stdout] 
[INFO] [stdout] ---- test_send_command stdout ----
[INFO] [stdout] 
[INFO] [stdout] thread 'test_send_command' (991) panicked at tests/integration_test.rs:112:5:
[INFO] [stdout] scriptty failed with stderr: Error: Failed to execute script
[INFO] [stdout] 
[INFO] [stdout] Caused by:
[INFO] [stdout]     Timeout waiting for pattern: '$'
[INFO] [stdout] 
[INFO] [stdout] Stack backtrace:
[INFO] [stdout]    0: <anyhow::Error>::msg::<alloc::string::String>
[INFO] [stdout]    1: <scriptty::commands::expect::Expect as scriptty::command::ScripttyCommand>::execute::{closure#0}
[INFO] [stdout]    2: <tokio::runtime::park::CachedParkThread>::block_on::<scriptty::main::{closure#0}>
[INFO] [stdout]    3: tokio::runtime::context::runtime::enter_runtime::<<tokio::runtime::scheduler::multi_thread::MultiThread>::block_on<scriptty::main::{closure#0}>::{closure#0}, core::result::Result<(), anyhow::Error>>
[INFO] [stdout]    4: <tokio::runtime::runtime::Runtime>::block_on::<scriptty::main::{closure#0}>
[INFO] [stdout]    5: scriptty::main
[INFO] [stdout]    6: std::sys::backtrace::__rust_begin_short_backtrace::<fn() -> core::result::Result<(), anyhow::Error>, core::result::Result<(), anyhow::Error>>
[INFO] [stdout]    7: std::rt::lang_start::<core::result::Result<(), anyhow::Error>>::{closure#0}
[INFO] [stdout]    8: std::rt::lang_start_internal
[INFO] [stdout]    9: main
[INFO] [stdout]   10: <unknown>
[INFO] [stdout]   11: __libc_start_main
[INFO] [stdout]   12: _start
[INFO] [stdout] 
[INFO] [stdout] stack backtrace:
[INFO] [stdout]    0:     0x5b5e2410f6d1 - <<std[617be2ca0a6fd877]::sys::backtrace::BacktraceLock>::print::DisplayBacktrace as core[a373ad73a504971]::fmt::Display>::fmt
[INFO] [stdout]    1:     0x5b5e2412362a - core[a373ad73a504971]::fmt::write
[INFO] [stdout]    2:     0x5b5e241138ec - <alloc[2e1b2a31b91974c5]::vec::Vec<u8> as core[a373ad73a504971]::io::write::Write>::write_fmt
[INFO] [stdout]    3:     0x5b5e240eb776 - std[617be2ca0a6fd877]::panicking::default_hook::{closure#0}
[INFO] [stdout]    4:     0x5b5e24107aa9 - std[617be2ca0a6fd877]::panicking::default_hook
[INFO] [stdout]    5:     0x5b5e240a3fa0 - test[aada8e7e76ba119b]::test_main_inner::{closure#0}
[INFO] [stdout]    6:     0x5b5e24107c62 - std[617be2ca0a6fd877]::panicking::panic_with_hook
[INFO] [stdout]    7:     0x5b5e240eb822 - std[617be2ca0a6fd877]::panicking::panic_handler::{closure#0}
[INFO] [stdout]    8:     0x5b5e240e4489 - std[617be2ca0a6fd877]::sys::backtrace::__rust_end_short_backtrace::<std[617be2ca0a6fd877]::panicking::panic_handler::{closure#0}, !>
[INFO] [stdout]    9:     0x5b5e240ec42d - __rustc[ea4f61d10b84890b]::rust_begin_unwind
[INFO] [stdout]   10:     0x5b5e24123d5c - core[a373ad73a504971]::panicking::panic_fmt
[INFO] [stdout]   11:     0x5b5e24095ff0 - <integration_test[365f4ed9fbce9cd8]::test_send_command::{closure#0} as core[a373ad73a504971]::ops::function::FnOnce<()>>::call_once
[INFO] [stdout]   12:     0x5b5e240973eb - test[aada8e7e76ba119b]::__rust_begin_short_backtrace::<core[a373ad73a504971]::result::Result<(), alloc[2e1b2a31b91974c5]::string::String>, fn() -> core[a373ad73a504971]::result::Result<(), alloc[2e1b2a31b91974c5]::string::String>>
[INFO] [stdout]   13:     0x5b5e240a45c5 - test[aada8e7e76ba119b]::run_test::{closure#0}
[INFO] [stdout]   14:     0x5b5e2409deb4 - std[617be2ca0a6fd877]::sys::backtrace::__rust_begin_short_backtrace::<test[aada8e7e76ba119b]::run_test::{closure#1}, ()>
[INFO] [stdout]   15:     0x5b5e240a7652 - <std[617be2ca0a6fd877]::thread::lifecycle::spawn_unchecked<test[aada8e7e76ba119b]::run_test::{closure#1}, ()>::{closure#1} as core[a373ad73a504971]::ops::function::FnOnce<()>>::call_once::{shim:vtable#0}
[INFO] [stdout]   16:     0x5b5e2410ed4f - <std[617be2ca0a6fd877]::sys::thread::unix::Thread>::new::thread_start
[INFO] [stdout]   17:     0x78993b894dfa - <unknown>
[INFO] [stdout]   18:     0x78993b9283d4 - clone
[INFO] [stdout]   19:                0x0 - <unknown>
[INFO] [stdout] 
[INFO] [stdout] 
[INFO] [stdout] failures:
[INFO] [stdout]     test_comment_handling
[INFO] [stdout]     test_expect_command
[INFO] [stdout]     test_send_command
[INFO] [stdout] 
[INFO] [stdout] test result: FAILED. 3 passed; 3 failed; 0 ignored; 0 measured; 0 filtered out; finished in 5.15s
[INFO] [stdout] 
[INFO] [stderr] error: test failed, to rerun pass `--test integration_test`
[INFO] running `Command { std: "docker" "inspect" "a5466321d03ab4d320f165c66f0198100cb734ea27a51a1ac798f7f1bc72c8f0", kill_on_drop: false }`
[INFO] running `Command { std: "docker" "rm" "-f" "a5466321d03ab4d320f165c66f0198100cb734ea27a51a1ac798f7f1bc72c8f0", kill_on_drop: false }`
[INFO] [stdout] a5466321d03ab4d320f165c66f0198100cb734ea27a51a1ac798f7f1bc72c8f0
