[INFO] fetching crate screeps-rust-api 0.1.1...
[INFO] testing screeps-rust-api-0.1.1 against 1.100.0-beta.1+cargoflags=--release for beta-release-1.100-2
[INFO] extracting crate screeps-rust-api 0.1.1 into /workspace/builds/worker-4-tc2/source
[INFO] started tweaking crates.io crate screeps-rust-api 0.1.1
[INFO] removed 0 missing examples
[INFO] finished tweaking crates.io crate screeps-rust-api 0.1.1
[INFO] tweaked toml for crates.io crate screeps-rust-api 0.1.1 written to /workspace/builds/worker-4-tc2/source/Cargo.toml
[INFO] validating manifest of crates.io crate screeps-rust-api 0.1.1 on toolchain 1.100.0-beta.1
[INFO] running `Command { std: CARGO_HOME="/workspace/cargo-home" RUSTUP_HOME="/workspace/rustup-home" "/workspace/cargo-home/bin/cargo" "+1.100.0-beta.1" "metadata" "--manifest-path" "Cargo.toml" "--no-deps", kill_on_drop: false }`
[INFO] crate crates.io crate screeps-rust-api 0.1.1 already has a lockfile, it will not be regenerated
[INFO] running `Command { std: CARGO_HOME="/workspace/cargo-home" RUSTUP_HOME="/workspace/rustup-home" "/workspace/cargo-home/bin/cargo" "+1.100.0-beta.1" "fetch" "--manifest-path" "Cargo.toml", kill_on_drop: false }`
[INFO] [stderr] warning: `package.homepage` is redundant with `package.repository`
[INFO] [stderr]   --> Cargo.toml:46:12
[INFO] [stderr]    |
[INFO] [stderr] 46 | homepage = "https://github.com/lovezhangchuangxin/screeps-rust-api"
[INFO] [stderr]    |            ^^^^^^^^^^^^^^^^^^^^^^^^^^^^^^^^^^^^^^^^^^^^^^^^^^^^^^^^
[INFO] [stderr] ...
[INFO] [stderr] 50 | repository = "https://github.com/lovezhangchuangxin/screeps-rust-api"
[INFO] [stderr]    |              --------------------------------------------------------
[INFO] [stderr]    |
[INFO] [stderr]    = note: `cargo::redundant_homepage` is set to `warn` by default
[INFO] [stderr] help: consider removing `package.homepage`
[INFO] [stderr] warning: `screeps-rust-api` (manifest) generated 1 warning
[INFO] running `Command { std: "docker" "create" "-v" "/var/lib/crater-agent-workspace/builds/worker-4-tc2/source:/opt/rustwide/workdir:ro,Z" "-v" "/var/lib/crater-agent-workspace/builds/worker-4-tc2/target:/opt/rustwide/target:rw,Z" "-v" "/var/lib/crater-agent-workspace/cargo-home:/opt/rustwide/cargo-home:ro,Z" "-v" "/var/lib/crater-agent-workspace/rustup-home:/opt/rustwide/rustup-home:ro,Z" "-m" "1610612736" "--network" "none" "ghcr.io/rust-lang/crates-build-env/linux@sha256:77db811e55d90add9212f6832c23229e3de5f1c1f9905e8cb07319ea15df73ac" "sleep" "infinity", kill_on_drop: false }`
[INFO] [stdout] 53cbd09aca2c76d543232128cd45ff07cabdee580be105c3885b2df5f376e36d
[INFO] running `Command { std: "docker" "start" "53cbd09aca2c76d543232128cd45ff07cabdee580be105c3885b2df5f376e36d", kill_on_drop: false }`
[INFO] running `Command { std: "docker" "inspect" "53cbd09aca2c76d543232128cd45ff07cabdee580be105c3885b2df5f376e36d", kill_on_drop: false }`
[INFO] running `Command { std: "docker" "exec" "-e" "SOURCE_DIR=/opt/rustwide/workdir" "-e" "CARGO_HOME=/opt/rustwide/cargo-home" "-e" "RUSTUP_HOME=/opt/rustwide/rustup-home" "-e" "CARGO_TARGET_DIR=/opt/rustwide/target" "-w" "/opt/rustwide/workdir" "--user" "0:0" "53cbd09aca2c76d543232128cd45ff07cabdee580be105c3885b2df5f376e36d" "/opt/rustwide/cargo-home/bin/cargo" "+1.100.0-beta.1" "metadata" "--no-deps" "--format-version=1", kill_on_drop: false }`
[INFO] running `Command { std: "docker" "inspect" "53cbd09aca2c76d543232128cd45ff07cabdee580be105c3885b2df5f376e36d", kill_on_drop: false }`
[INFO] running `Command { std: "docker" "exec" "-e" "SOURCE_DIR=/opt/rustwide/workdir" "-e" "CARGO_HOME=/opt/rustwide/cargo-home" "-e" "RUSTUP_HOME=/opt/rustwide/rustup-home" "-e" "CARGO_TARGET_DIR=/opt/rustwide/target" "-e" "CARGO_INCREMENTAL=0" "-e" "RUST_BACKTRACE=full" "-e" "RUSTFLAGS=--cap-lints=warn" "-e" "RUSTDOCFLAGS=--cap-lints=warn" "-w" "/opt/rustwide/workdir" "--user" "0:0" "53cbd09aca2c76d543232128cd45ff07cabdee580be105c3885b2df5f376e36d" "/opt/rustwide/cargo-home/bin/cargo" "+1.100.0-beta.1" "build" "--frozen" "--message-format=json" "--release", kill_on_drop: false }`
[INFO] [stderr] warning: `package.homepage` is redundant with `package.repository`
[INFO] [stderr]   --> Cargo.toml:46:12
[INFO] [stderr]    |
[INFO] [stderr] 46 | homepage = "https://github.com/lovezhangchuangxin/screeps-rust-api"
[INFO] [stderr]    |            ^^^^^^^^^^^^^^^^^^^^^^^^^^^^^^^^^^^^^^^^^^^^^^^^^^^^^^^^
[INFO] [stderr] ...
[INFO] [stderr] 50 | repository = "https://github.com/lovezhangchuangxin/screeps-rust-api"
[INFO] [stderr]    |              --------------------------------------------------------
[INFO] [stderr]    |
[INFO] [stderr]    = note: `cargo::redundant_homepage` is set to `warn` by default
[INFO] [stderr] help: consider removing `package.homepage`
[INFO] [stderr] warning: `screeps-rust-api` (manifest) generated 1 warning
[INFO] [stderr]    Compiling proc-macro2 v1.0.101
[INFO] [stderr]    Compiling quote v1.0.41
[INFO] [stderr]    Compiling unicode-ident v1.0.20
[INFO] [stderr]    Compiling libc v0.2.177
[INFO] [stderr]    Compiling stable_deref_trait v1.2.1
[INFO] [stderr]    Compiling find-msvc-tools v0.1.4
[INFO] [stderr]    Compiling litemap v0.8.0
[INFO] [stderr]    Compiling writeable v0.6.1
[INFO] [stderr]    Compiling icu_normalizer_data v2.0.0
[INFO] [stderr]    Compiling icu_properties_data v2.0.1
[INFO] [stderr]    Compiling tracing-core v0.1.34
[INFO] [stderr]    Compiling http-body v1.0.1
[INFO] [stderr]    Compiling futures-task v0.3.31
[INFO] [stderr]    Compiling hashbrown v0.16.0
[INFO] [stderr]    Compiling openssl v0.10.74
[INFO] [stderr]    Compiling log v0.4.28
[INFO] [stderr]    Compiling sync_wrapper v1.0.2
[INFO] [stderr]    Compiling serde_json v1.0.145
[INFO] [stderr]    Compiling ipnet v2.11.0
[INFO] [stderr]    Compiling futures-util v0.3.31
[INFO] [stderr]    Compiling http-body-util v0.1.3
[INFO] [stderr]    Compiling thiserror v2.0.17
[INFO] [stderr]    Compiling cc v1.2.41
[INFO] [stderr]    Compiling iri-string v0.7.8
[INFO] [stderr]    Compiling rustls-pki-types v1.12.0
[INFO] [stderr]    Compiling tracing v0.1.41
[INFO] [stderr]    Compiling syn v2.0.107
[INFO] [stderr]    Compiling indexmap v2.12.0
[INFO] [stderr]    Compiling parking_lot_core v0.9.12
[INFO] [stderr]    Compiling socket2 v0.6.1
[INFO] [stderr]    Compiling signal-hook-registry v1.4.6
[INFO] [stderr]    Compiling mio v1.1.0
[INFO] [stderr]    Compiling parking_lot v0.12.5
[INFO] [stderr]    Compiling openssl-sys v0.9.110
[INFO] [stderr]    Compiling native-tls v0.2.14
[INFO] [stderr]    Compiling synstructure v0.13.2
[INFO] [stderr]    Compiling zerofrom-derive v0.1.6
[INFO] [stderr]    Compiling yoke-derive v0.8.0
[INFO] [stderr]    Compiling zerovec-derive v0.11.1
[INFO] [stderr]    Compiling displaydoc v0.2.5
[INFO] [stderr]    Compiling tokio-macros v2.6.0
[INFO] [stderr]    Compiling openssl-macros v0.1.1
[INFO] [stderr]    Compiling serde_derive v1.0.228
[INFO] [stderr]    Compiling thiserror-impl v2.0.17
[INFO] [stderr]    Compiling tokio v1.48.0
[INFO] [stderr]    Compiling zerofrom v0.1.6
[INFO] [stderr]    Compiling yoke v0.8.0
[INFO] [stderr]    Compiling zerotrie v0.2.2
[INFO] [stderr]    Compiling zerovec v0.11.4
[INFO] [stderr]    Compiling tinystr v0.8.1
[INFO] [stderr]    Compiling potential_utf v0.1.3
[INFO] [stderr]    Compiling icu_collections v2.0.0
[INFO] [stderr]    Compiling icu_locale_core v2.0.0
[INFO] [stderr]    Compiling serde v1.0.228
[INFO] [stderr]    Compiling icu_provider v2.0.0
[INFO] [stderr]    Compiling icu_normalizer v2.0.0
[INFO] [stderr]    Compiling icu_properties v2.0.1
[INFO] [stderr]    Compiling serde_urlencoded v0.7.1
[INFO] [stderr]    Compiling idna_adapter v1.2.1
[INFO] [stderr]    Compiling idna v1.1.0
[INFO] [stderr]    Compiling url v2.5.7
[INFO] [stderr]    Compiling tokio-util v0.7.16
[INFO] [stderr]    Compiling tokio-native-tls v0.3.1
[INFO] [stderr]    Compiling tower v0.5.2
[INFO] [stderr]    Compiling h2 v0.4.12
[INFO] [stderr]    Compiling tower-http v0.6.6
[INFO] [stderr]    Compiling hyper v1.7.0
[INFO] [stderr]    Compiling hyper-util v0.1.17
[INFO] [stderr]    Compiling hyper-tls v0.6.0
[INFO] [stderr]    Compiling reqwest v0.12.24
[INFO] [stderr]    Compiling screeps-rust-api v0.1.1 (/opt/rustwide/workdir)
[INFO] [stderr]     Finished `release` profile [optimized] target(s) in 1m 00s
[INFO] running `Command { std: "docker" "inspect" "53cbd09aca2c76d543232128cd45ff07cabdee580be105c3885b2df5f376e36d", kill_on_drop: false }`
[INFO] running `Command { std: "docker" "exec" "-e" "SOURCE_DIR=/opt/rustwide/workdir" "-e" "CARGO_HOME=/opt/rustwide/cargo-home" "-e" "RUSTUP_HOME=/opt/rustwide/rustup-home" "-e" "CARGO_TARGET_DIR=/opt/rustwide/target" "-e" "CARGO_INCREMENTAL=0" "-e" "RUST_BACKTRACE=full" "-e" "RUSTFLAGS=--cap-lints=warn" "-e" "RUSTDOCFLAGS=--cap-lints=warn" "-w" "/opt/rustwide/workdir" "--user" "0:0" "53cbd09aca2c76d543232128cd45ff07cabdee580be105c3885b2df5f376e36d" "/opt/rustwide/cargo-home/bin/cargo" "+1.100.0-beta.1" "test" "--frozen" "--no-run" "--message-format=json" "--release", kill_on_drop: false }`
[INFO] [stderr] warning: `package.homepage` is redundant with `package.repository`
[INFO] [stderr]   --> Cargo.toml:46:12
[INFO] [stderr]    |
[INFO] [stderr] 46 | homepage = "https://github.com/lovezhangchuangxin/screeps-rust-api"
[INFO] [stderr]    |            ^^^^^^^^^^^^^^^^^^^^^^^^^^^^^^^^^^^^^^^^^^^^^^^^^^^^^^^^
[INFO] [stderr] ...
[INFO] [stderr] 50 | repository = "https://github.com/lovezhangchuangxin/screeps-rust-api"
[INFO] [stderr]    |              --------------------------------------------------------
[INFO] [stderr]    |
[INFO] [stderr]    = note: `cargo::redundant_homepage` is set to `warn` by default
[INFO] [stderr] help: consider removing `package.homepage`
[INFO] [stderr] warning: `screeps-rust-api` (manifest) generated 1 warning
[INFO] [stderr]    Compiling futures-channel v0.3.31
[INFO] [stderr]    Compiling memchr v2.7.6
[INFO] [stderr]    Compiling futures-macro v0.3.31
[INFO] [stderr]    Compiling hyper v1.7.0
[INFO] [stderr]    Compiling serde_json v1.0.145
[INFO] [stderr]    Compiling futures-util v0.3.31
[INFO] [stderr]    Compiling hyper-util v0.1.17
[INFO] [stderr]    Compiling tower v0.5.2
[INFO] [stderr]    Compiling futures-executor v0.3.31
[INFO] [stderr]    Compiling futures v0.3.31
[INFO] [stderr]    Compiling tower-http v0.6.6
[INFO] [stderr]    Compiling hyper-tls v0.6.0
[INFO] [stderr]    Compiling reqwest v0.12.24
[INFO] [stderr]    Compiling screeps-rust-api v0.1.1 (/opt/rustwide/workdir)
[INFO] [stderr]     Finished `release` profile [optimized] target(s) in 46.37s
[INFO] running `Command { std: "docker" "inspect" "53cbd09aca2c76d543232128cd45ff07cabdee580be105c3885b2df5f376e36d", kill_on_drop: false }`
[INFO] running `Command { std: "docker" "exec" "-e" "SOURCE_DIR=/opt/rustwide/workdir" "-e" "CARGO_HOME=/opt/rustwide/cargo-home" "-e" "RUSTUP_HOME=/opt/rustwide/rustup-home" "-e" "CARGO_TARGET_DIR=/opt/rustwide/target" "-e" "CARGO_INCREMENTAL=0" "-e" "RUST_BACKTRACE=full" "-e" "RUSTFLAGS=--cap-lints=warn" "-e" "RUSTDOCFLAGS=--cap-lints=warn" "-w" "/opt/rustwide/workdir" "--user" "0:0" "53cbd09aca2c76d543232128cd45ff07cabdee580be105c3885b2df5f376e36d" "/opt/rustwide/cargo-home/bin/cargo" "+1.100.0-beta.1" "test" "--frozen" "--release", kill_on_drop: false }`
[INFO] [stderr] warning: `package.homepage` is redundant with `package.repository`
[INFO] [stderr]   --> Cargo.toml:46:12
[INFO] [stderr]    |
[INFO] [stderr] 46 | homepage = "https://github.com/lovezhangchuangxin/screeps-rust-api"
[INFO] [stderr]    |            ^^^^^^^^^^^^^^^^^^^^^^^^^^^^^^^^^^^^^^^^^^^^^^^^^^^^^^^^
[INFO] [stderr] ...
[INFO] [stderr] 50 | repository = "https://github.com/lovezhangchuangxin/screeps-rust-api"
[INFO] [stderr]    |              --------------------------------------------------------
[INFO] [stderr]    |
[INFO] [stderr]    = note: `cargo::redundant_homepage` is set to `warn` by default
[INFO] [stderr] help: consider removing `package.homepage`
[INFO] [stderr] warning: `screeps-rust-api` (manifest) generated 1 warning
[INFO] [stderr]     Finished `release` profile [optimized] target(s) in 0.17s
[INFO] [stderr]      Running unittests src/lib.rs (/opt/rustwide/target/release/build/screeps-rust-api/e9804571f07008bc/out/screeps_rust_api-e9804571f07008bc)
[INFO] [stdout] 
[INFO] [stdout] running 14 tests
[INFO] [stdout] test http_client::tests::test_auth ... ok
[INFO] [stdout] test api::tests::test_get_my_name ... FAILED
[INFO] [stdout] test api::tests::test_get_user_info_by_id ... FAILED
[INFO] [stdout] test api::tests::test_get_my_info ... FAILED
[INFO] [stdout] test api::tests::test_get_room_status ... FAILED
[INFO] [stdout] test http_client::tests::test_build_url ... ok
[INFO] [stdout] test http_client::tests::test_build_headers ... ok
[INFO] [stdout] test api::tests::test_get_room_terrain_encoded ... FAILED
[INFO] [stdout] test api::tests::test_get_user_info_by_name ... FAILED
[INFO] [stdout] test api::tests::test_get_shard_time ... FAILED
[INFO] [stdout] test api::tests::test_get_shards ... FAILED
[INFO] [stdout] test api::tests::test_get_room_objects ... FAILED
[INFO] [stdout] test api::tests::test_get_room_terrain ... FAILED
[INFO] [stdout] test api::tests::test_get_user_rooms ... FAILED
[INFO] [stdout] 
[INFO] [stdout] failures:
[INFO] [stdout] 
[INFO] [stdout] ---- api::tests::test_get_my_name stdout ----
[INFO] [stdout] SCREEPS_EMAIL not set, using placeholder
[INFO] [stdout] SCREEPS_PASSWORD not set, using placeholder
[INFO] [stdout] SCREEPS_TOKEN not set, using empty string
[INFO] [stdout] No authentication credentials found in environment variables
[INFO] [stdout] 
[INFO] [stdout] thread 'api::tests::test_get_my_name' (1901) panicked at src/api.rs:158:43:
[INFO] [stdout] called `Option::unwrap()` on a `None` value
[INFO] [stdout] stack backtrace:
[INFO] [stdout]    0:     0x647ac22c6091 - <<std[617be2ca0a6fd877]::sys::backtrace::BacktraceLock>::print::DisplayBacktrace as core[a373ad73a504971]::fmt::Display>::fmt
[INFO] [stdout]    1:     0x647ac22dbd1a - core[a373ad73a504971]::fmt::write
[INFO] [stdout]    2:     0x647ac22ca9fc - <alloc[2e1b2a31b91974c5]::vec::Vec<u8> as core[a373ad73a504971]::io::write::Write>::write_fmt
[INFO] [stdout]    3:     0x647ac22a0df6 - std[617be2ca0a6fd877]::panicking::default_hook::{closure#0}
[INFO] [stdout]    4:     0x647ac22bdda9 - std[617be2ca0a6fd877]::panicking::default_hook
[INFO] [stdout]    5:     0x647ac210db60 - test[aada8e7e76ba119b]::test_main_inner::{closure#0}
[INFO] [stdout]    6:     0x647ac22be0d2 - std[617be2ca0a6fd877]::panicking::panic_with_hook
[INFO] [stdout]    7:     0x647ac22a0ed4 - std[617be2ca0a6fd877]::panicking::panic_handler::{closure#0}
[INFO] [stdout]    8:     0x647ac2299899 - std[617be2ca0a6fd877]::sys::backtrace::__rust_end_short_backtrace::<std[617be2ca0a6fd877]::panicking::panic_handler::{closure#0}, !>
[INFO] [stdout]    9:     0x647ac22a1d3d - __rustc[ea4f61d10b84890b]::rust_begin_unwind
[INFO] [stdout]   10:     0x647ac22dc47c - core[a373ad73a504971]::panicking::panic_fmt
[INFO] [stdout]   11:     0x647ac22dc442 - core[a373ad73a504971]::panicking::panic
[INFO] [stdout]   12:     0x647ac22dc1f9 - core[a373ad73a504971]::option::unwrap_failed
[INFO] [stdout]   13:     0x647ac20cd521 - screeps_rust_api[c758c568af5a6a95]::api::tests::test_get_my_name::{closure#0}
[INFO] [stdout]   14:     0x647ac20f073b - <tokio[7acd2af79bddef58]::runtime::scheduler::current_thread::CurrentThread>::block_on::<core[a373ad73a504971]::pin::Pin<&mut dyn core[a373ad73a504971]::future::future::Future<Output = ()>>>
[INFO] [stdout]   15:     0x647ac20f1902 - <tokio[7acd2af79bddef58]::runtime::runtime::Runtime>::block_on::<core[a373ad73a504971]::pin::Pin<&mut dyn core[a373ad73a504971]::future::future::Future<Output = ()>>>
[INFO] [stdout]   16:     0x647ac20d639e - <screeps_rust_api[c758c568af5a6a95]::api::tests::test_get_my_name::{closure#0} as core[a373ad73a504971]::ops::function::FnOnce<()>>::call_once
[INFO] [stdout]   17:     0x647ac2100fab - test[aada8e7e76ba119b]::__rust_begin_short_backtrace::<core[a373ad73a504971]::result::Result<(), alloc[2e1b2a31b91974c5]::string::String>, fn() -> core[a373ad73a504971]::result::Result<(), alloc[2e1b2a31b91974c5]::string::String>>
[INFO] [stdout]   18:     0x647ac210e185 - test[aada8e7e76ba119b]::run_test::{closure#0}
[INFO] [stdout]   19:     0x647ac2107a74 - std[617be2ca0a6fd877]::sys::backtrace::__rust_begin_short_backtrace::<test[aada8e7e76ba119b]::run_test::{closure#1}, ()>
[INFO] [stdout]   20:     0x647ac2111212 - <std[617be2ca0a6fd877]::thread::lifecycle::spawn_unchecked<test[aada8e7e76ba119b]::run_test::{closure#1}, ()>::{closure#1} as core[a373ad73a504971]::ops::function::FnOnce<()>>::call_once::{shim:vtable#0}
[INFO] [stdout]   21:     0x647ac22c553f - <std[617be2ca0a6fd877]::sys::thread::unix::Thread>::new::thread_start
[INFO] [stderr] error: test failed, to rerun pass `--lib`
[INFO] [stdout]   22:     0x76c38421adfa - <unknown>
[INFO] [stdout]   23:     0x76c3842ae3d4 - clone
[INFO] [stdout]   24:                0x0 - <unknown>
[INFO] [stdout] 
[INFO] [stdout] ---- api::tests::test_get_user_info_by_id stdout ----
[INFO] [stdout] SCREEPS_EMAIL not set, using placeholder
[INFO] [stdout] SCREEPS_PASSWORD not set, using placeholder
[INFO] [stdout] SCREEPS_TOKEN not set, using empty string
[INFO] [stdout] No authentication credentials found in environment variables
[INFO] [stdout] 
[INFO] [stdout] thread 'api::tests::test_get_user_info_by_id' (1908) panicked at src/api.rs:165:43:
[INFO] [stdout] called `Option::unwrap()` on a `None` value
[INFO] [stdout] stack backtrace:
[INFO] [stdout]    0:     0x647ac22c6091 - <<std[617be2ca0a6fd877]::sys::backtrace::BacktraceLock>::print::DisplayBacktrace as core[a373ad73a504971]::fmt::Display>::fmt
[INFO] [stdout]    1:     0x647ac22dbd1a - core[a373ad73a504971]::fmt::write
[INFO] [stdout]    2:     0x647ac22ca9fc - <alloc[2e1b2a31b91974c5]::vec::Vec<u8> as core[a373ad73a504971]::io::write::Write>::write_fmt
[INFO] [stdout]    3:     0x647ac22a0df6 - std[617be2ca0a6fd877]::panicking::default_hook::{closure#0}
[INFO] [stdout]    4:     0x647ac22bdda9 - std[617be2ca0a6fd877]::panicking::default_hook
[INFO] [stdout]    5:     0x647ac210db60 - test[aada8e7e76ba119b]::test_main_inner::{closure#0}
[INFO] [stdout]    6:     0x647ac22be0d2 - std[617be2ca0a6fd877]::panicking::panic_with_hook
[INFO] [stdout]    7:     0x647ac22a0ed4 - std[617be2ca0a6fd877]::panicking::panic_handler::{closure#0}
[INFO] [stdout]    8:     0x647ac2299899 - std[617be2ca0a6fd877]::sys::backtrace::__rust_end_short_backtrace::<std[617be2ca0a6fd877]::panicking::panic_handler::{closure#0}, !>
[INFO] [stdout]    9:     0x647ac22a1d3d - __rustc[ea4f61d10b84890b]::rust_begin_unwind
[INFO] [stdout]   10:     0x647ac22dc47c - core[a373ad73a504971]::panicking::panic_fmt
[INFO] [stdout]   11:     0x647ac22dc442 - core[a373ad73a504971]::panicking::panic
[INFO] [stdout]   12:     0x647ac22dc1f9 - core[a373ad73a504971]::option::unwrap_failed
[INFO] [stdout]   13:     0x647ac20d44ae - screeps_rust_api[c758c568af5a6a95]::api::tests::test_get_user_info_by_id::{closure#0}
[INFO] [stdout]   14:     0x647ac20f073b - <tokio[7acd2af79bddef58]::runtime::scheduler::current_thread::CurrentThread>::block_on::<core[a373ad73a504971]::pin::Pin<&mut dyn core[a373ad73a504971]::future::future::Future<Output = ()>>>
[INFO] [stdout]   15:     0x647ac20f1902 - <tokio[7acd2af79bddef58]::runtime::runtime::Runtime>::block_on::<core[a373ad73a504971]::pin::Pin<&mut dyn core[a373ad73a504971]::future::future::Future<Output = ()>>>
[INFO] [stdout]   16:     0x647ac20d6bde - <screeps_rust_api[c758c568af5a6a95]::api::tests::test_get_user_info_by_id::{closure#0} as core[a373ad73a504971]::ops::function::FnOnce<()>>::call_once
[INFO] [stdout]   17:     0x647ac2100fab - test[aada8e7e76ba119b]::__rust_begin_short_backtrace::<core[a373ad73a504971]::result::Result<(), alloc[2e1b2a31b91974c5]::string::String>, fn() -> core[a373ad73a504971]::result::Result<(), alloc[2e1b2a31b91974c5]::string::String>>
[INFO] [stdout]   18:     0x647ac210e185 - test[aada8e7e76ba119b]::run_test::{closure#0}
[INFO] [stdout]   19:     0x647ac2107a74 - std[617be2ca0a6fd877]::sys::backtrace::__rust_begin_short_backtrace::<test[aada8e7e76ba119b]::run_test::{closure#1}, ()>
[INFO] [stdout]   20:     0x647ac2111212 - <std[617be2ca0a6fd877]::thread::lifecycle::spawn_unchecked<test[aada8e7e76ba119b]::run_test::{closure#1}, ()>::{closure#1} as core[a373ad73a504971]::ops::function::FnOnce<()>>::call_once::{shim:vtable#0}
[INFO] [stdout]   21:     0x647ac22c553f - <std[617be2ca0a6fd877]::sys::thread::unix::Thread>::new::thread_start
[INFO] [stdout]   22:     0x76c38421adfa - <unknown>
[INFO] [stdout]   23:     0x76c3842ae3d4 - clone
[INFO] [stdout]   24:                0x0 - <unknown>
[INFO] [stdout] 
[INFO] [stdout] ---- api::tests::test_get_my_info stdout ----
[INFO] [stdout] SCREEPS_EMAIL not set, using placeholder
[INFO] [stdout] SCREEPS_PASSWORD not set, using placeholder
[INFO] [stdout] SCREEPS_TOKEN not set, using empty string
[INFO] [stdout] No authentication credentials found in environment variables
[INFO] [stdout] 
[INFO] [stdout] thread 'api::tests::test_get_my_info' (1900) panicked at src/api.rs:150:43:
[INFO] [stdout] called `Option::unwrap()` on a `None` value
[INFO] [stdout] stack backtrace:
[INFO] [stdout]    0:     0x647ac22c6091 - <<std[617be2ca0a6fd877]::sys::backtrace::BacktraceLock>::print::DisplayBacktrace as core[a373ad73a504971]::fmt::Display>::fmt
[INFO] [stdout]    1:     0x647ac22dbd1a - core[a373ad73a504971]::fmt::write
[INFO] [stdout]    2:     0x647ac22ca9fc - <alloc[2e1b2a31b91974c5]::vec::Vec<u8> as core[a373ad73a504971]::io::write::Write>::write_fmt
[INFO] [stdout]    3:     0x647ac22a0df6 - std[617be2ca0a6fd877]::panicking::default_hook::{closure#0}
[INFO] [stdout]    4:     0x647ac22bdda9 - std[617be2ca0a6fd877]::panicking::default_hook
[INFO] [stdout]    5:     0x647ac210db60 - test[aada8e7e76ba119b]::test_main_inner::{closure#0}
[INFO] [stdout]    6:     0x647ac22be0d2 - std[617be2ca0a6fd877]::panicking::panic_with_hook
[INFO] [stdout]    7:     0x647ac22a0ed4 - std[617be2ca0a6fd877]::panicking::panic_handler::{closure#0}
[INFO] [stdout]    8:     0x647ac2299899 - std[617be2ca0a6fd877]::sys::backtrace::__rust_end_short_backtrace::<std[617be2ca0a6fd877]::panicking::panic_handler::{closure#0}, !>
[INFO] [stdout]    9:     0x647ac22a1d3d - __rustc[ea4f61d10b84890b]::rust_begin_unwind
[INFO] [stdout]   10:     0x647ac22dc47c - core[a373ad73a504971]::panicking::panic_fmt
[INFO] [stdout]   11:     0x647ac22dc442 - core[a373ad73a504971]::panicking::panic
[INFO] [stdout]   12:     0x647ac22dc1f9 - core[a373ad73a504971]::option::unwrap_failed
[INFO] [stdout]   13:     0x647ac20cbe0e - screeps_rust_api[c758c568af5a6a95]::api::tests::test_get_my_info::{closure#0}
[INFO] [stdout]   14:     0x647ac20f073b - <tokio[7acd2af79bddef58]::runtime::scheduler::current_thread::CurrentThread>::block_on::<core[a373ad73a504971]::pin::Pin<&mut dyn core[a373ad73a504971]::future::future::Future<Output = ()>>>
[INFO] [stdout]   15:     0x647ac20f1902 - <tokio[7acd2af79bddef58]::runtime::runtime::Runtime>::block_on::<core[a373ad73a504971]::pin::Pin<&mut dyn core[a373ad73a504971]::future::future::Future<Output = ()>>>
[INFO] [stdout]   16:     0x647ac20d623e - <screeps_rust_api[c758c568af5a6a95]::api::tests::test_get_my_info::{closure#0} as core[a373ad73a504971]::ops::function::FnOnce<()>>::call_once
[INFO] [stdout]   17:     0x647ac2100fab - test[aada8e7e76ba119b]::__rust_begin_short_backtrace::<core[a373ad73a504971]::result::Result<(), alloc[2e1b2a31b91974c5]::string::String>, fn() -> core[a373ad73a504971]::result::Result<(), alloc[2e1b2a31b91974c5]::string::String>>
[INFO] [stdout]   18:     0x647ac210e185 - test[aada8e7e76ba119b]::run_test::{closure#0}
[INFO] [stdout]   19:     0x647ac2107a74 - std[617be2ca0a6fd877]::sys::backtrace::__rust_begin_short_backtrace::<test[aada8e7e76ba119b]::run_test::{closure#1}, ()>
[INFO] [stdout]   20:     0x647ac2111212 - <std[617be2ca0a6fd877]::thread::lifecycle::spawn_unchecked<test[aada8e7e76ba119b]::run_test::{closure#1}, ()>::{closure#1} as core[a373ad73a504971]::ops::function::FnOnce<()>>::call_once::{shim:vtable#0}
[INFO] [stdout]   21:     0x647ac22c553f - <std[617be2ca0a6fd877]::sys::thread::unix::Thread>::new::thread_start
[INFO] [stdout]   22:     0x76c38421adfa - <unknown>
[INFO] [stdout]   23:     0x76c3842ae3d4 - clone
[INFO] [stdout]   24:                0x0 - <unknown>
[INFO] [stdout] 
[INFO] [stdout] ---- api::tests::test_get_room_status stdout ----
[INFO] [stdout] SCREEPS_EMAIL not set, using placeholder
[INFO] [stdout] SCREEPS_PASSWORD not set, using placeholder
[INFO] [stdout] SCREEPS_TOKEN not set, using empty string
[INFO] [stdout] No authentication credentials found in environment variables
[INFO] [stdout] 
[INFO] [stdout] thread 'api::tests::test_get_room_status' (1903) panicked at src/api.rs:221:43:
[INFO] [stdout] called `Option::unwrap()` on a `None` value
[INFO] [stdout] stack backtrace:
[INFO] [stdout]    0:     0x647ac22c6091 - <<std[617be2ca0a6fd877]::sys::backtrace::BacktraceLock>::print::DisplayBacktrace as core[a373ad73a504971]::fmt::Display>::fmt
[INFO] [stdout]    1:     0x647ac22dbd1a - core[a373ad73a504971]::fmt::write
[INFO] [stdout]    2:     0x647ac22ca9fc - <alloc[2e1b2a31b91974c5]::vec::Vec<u8> as core[a373ad73a504971]::io::write::Write>::write_fmt
[INFO] [stdout]    3:     0x647ac22a0df6 - std[617be2ca0a6fd877]::panicking::default_hook::{closure#0}
[INFO] [stdout]    4:     0x647ac22bdda9 - std[617be2ca0a6fd877]::panicking::default_hook
[INFO] [stdout]    5:     0x647ac210db60 - test[aada8e7e76ba119b]::test_main_inner::{closure#0}
[INFO] [stdout]    6:     0x647ac22be0d2 - std[617be2ca0a6fd877]::panicking::panic_with_hook
[INFO] [stdout]    7:     0x647ac22a0ed4 - std[617be2ca0a6fd877]::panicking::panic_handler::{closure#0}
[INFO] [stdout]    8:     0x647ac2299899 - std[617be2ca0a6fd877]::sys::backtrace::__rust_end_short_backtrace::<std[617be2ca0a6fd877]::panicking::panic_handler::{closure#0}, !>
[INFO] [stdout]    9:     0x647ac22a1d3d - __rustc[ea4f61d10b84890b]::rust_begin_unwind
[INFO] [stdout]   10:     0x647ac22dc47c - core[a373ad73a504971]::panicking::panic_fmt
[INFO] [stdout]   11:     0x647ac22dc442 - core[a373ad73a504971]::panicking::panic
[INFO] [stdout]   12:     0x647ac22dc1f9 - core[a373ad73a504971]::option::unwrap_failed
[INFO] [stdout]   13:     0x647ac20d1358 - screeps_rust_api[c758c568af5a6a95]::api::tests::test_get_room_status::{closure#0}
[INFO] [stdout]   14:     0x647ac20f073b - <tokio[7acd2af79bddef58]::runtime::scheduler::current_thread::CurrentThread>::block_on::<core[a373ad73a504971]::pin::Pin<&mut dyn core[a373ad73a504971]::future::future::Future<Output = ()>>>
[INFO] [stdout]   15:     0x647ac20f1902 - <tokio[7acd2af79bddef58]::runtime::runtime::Runtime>::block_on::<core[a373ad73a504971]::pin::Pin<&mut dyn core[a373ad73a504971]::future::future::Future<Output = ()>>>
[INFO] [stdout]   16:     0x647ac20d67be - <screeps_rust_api[c758c568af5a6a95]::api::tests::test_get_room_status::{closure#0} as core[a373ad73a504971]::ops::function::FnOnce<()>>::call_once
[INFO] [stdout]   17:     0x647ac2100fab - test[aada8e7e76ba119b]::__rust_begin_short_backtrace::<core[a373ad73a504971]::result::Result<(), alloc[2e1b2a31b91974c5]::string::String>, fn() -> core[a373ad73a504971]::result::Result<(), alloc[2e1b2a31b91974c5]::string::String>>
[INFO] [stdout]   18:     0x647ac210e185 - test[aada8e7e76ba119b]::run_test::{closure#0}
[INFO] [stdout]   19:     0x647ac2107a74 - std[617be2ca0a6fd877]::sys::backtrace::__rust_begin_short_backtrace::<test[aada8e7e76ba119b]::run_test::{closure#1}, ()>
[INFO] [stdout]   20:     0x647ac2111212 - <std[617be2ca0a6fd877]::thread::lifecycle::spawn_unchecked<test[aada8e7e76ba119b]::run_test::{closure#1}, ()>::{closure#1} as core[a373ad73a504971]::ops::function::FnOnce<()>>::call_once::{shim:vtable#0}
[INFO] [stdout]   21:     0x647ac22c553f - <std[617be2ca0a6fd877]::sys::thread::unix::Thread>::new::thread_start
[INFO] [stdout]   22:     0x76c38421adfa - <unknown>
[INFO] [stdout]   23:     0x76c3842ae3d4 - clone
[INFO] [stdout]   24:                0x0 - <unknown>
[INFO] [stdout] 
[INFO] [stdout] ---- api::tests::test_get_room_terrain_encoded stdout ----
[INFO] [stdout] 
[INFO] [stdout] thread 'api::tests::test_get_room_terrain_encoded' (1905) panicked at src/api.rs:215:14:
[INFO] [stdout] called `Result::unwrap()` on an `Err` value: Http(reqwest::Error { kind: Request, url: "https://screeps.com/api/game/room-terrain?room=E13S13&shard=shard3&encoded=true", source: hyper_util::client::legacy::Error(Connect, ConnectError("dns error", Custom { kind: Uncategorized, error: "failed to lookup address information: Temporary failure in name resolution" })) })
[INFO] [stdout] stack backtrace:
[INFO] [stdout]    0:     0x647ac22c6091 - <<std[617be2ca0a6fd877]::sys::backtrace::BacktraceLock>::print::DisplayBacktrace as core[a373ad73a504971]::fmt::Display>::fmt
[INFO] [stdout]    1:     0x647ac22dbd1a - core[a373ad73a504971]::fmt::write
[INFO] [stdout]    2:     0x647ac22ca9fc - <alloc[2e1b2a31b91974c5]::vec::Vec<u8> as core[a373ad73a504971]::io::write::Write>::write_fmt
[INFO] [stdout]    3:     0x647ac22a0df6 - std[617be2ca0a6fd877]::panicking::default_hook::{closure#0}
[INFO] [stdout]    4:     0x647ac22bdda9 - std[617be2ca0a6fd877]::panicking::default_hook
[INFO] [stdout]    5:     0x647ac210db60 - test[aada8e7e76ba119b]::test_main_inner::{closure#0}
[INFO] [stdout]    6:     0x647ac22be0d2 - std[617be2ca0a6fd877]::panicking::panic_with_hook
[INFO] [stdout]    7:     0x647ac22a0ea2 - std[617be2ca0a6fd877]::panicking::panic_handler::{closure#0}
[INFO] [stdout]    8:     0x647ac2299899 - std[617be2ca0a6fd877]::sys::backtrace::__rust_end_short_backtrace::<std[617be2ca0a6fd877]::panicking::panic_handler::{closure#0}, !>
[INFO] [stdout]    9:     0x647ac22a1d3d - __rustc[ea4f61d10b84890b]::rust_begin_unwind
[INFO] [stdout]   10:     0x647ac22dc47c - core[a373ad73a504971]::panicking::panic_fmt
[INFO] [stdout]   11:     0x647ac22dc252 - core[a373ad73a504971]::result::unwrap_failed
[INFO] [stdout]   12:     0x647ac20d5bca - screeps_rust_api[c758c568af5a6a95]::api::tests::test_get_room_terrain_encoded::{closure#0}
[INFO] [stdout]   13:     0x647ac20f073b - <tokio[7acd2af79bddef58]::runtime::scheduler::current_thread::CurrentThread>::block_on::<core[a373ad73a504971]::pin::Pin<&mut dyn core[a373ad73a504971]::future::future::Future<Output = ()>>>
[INFO] [stdout]   14:     0x647ac20f1902 - <tokio[7acd2af79bddef58]::runtime::runtime::Runtime>::block_on::<core[a373ad73a504971]::pin::Pin<&mut dyn core[a373ad73a504971]::future::future::Future<Output = ()>>>
[INFO] [stdout]   15:     0x647ac20d6e9e - <screeps_rust_api[c758c568af5a6a95]::api::tests::test_get_room_terrain_encoded::{closure#0} as core[a373ad73a504971]::ops::function::FnOnce<()>>::call_once
[INFO] [stdout]   16:     0x647ac2100fab - test[aada8e7e76ba119b]::__rust_begin_short_backtrace::<core[a373ad73a504971]::result::Result<(), alloc[2e1b2a31b91974c5]::string::String>, fn() -> core[a373ad73a504971]::result::Result<(), alloc[2e1b2a31b91974c5]::string::String>>
[INFO] [stdout]   17:     0x647ac210e185 - test[aada8e7e76ba119b]::run_test::{closure#0}
[INFO] [stdout]   18:     0x647ac2107a74 - std[617be2ca0a6fd877]::sys::backtrace::__rust_begin_short_backtrace::<test[aada8e7e76ba119b]::run_test::{closure#1}, ()>
[INFO] [stdout]   19:     0x647ac2111212 - <std[617be2ca0a6fd877]::thread::lifecycle::spawn_unchecked<test[aada8e7e76ba119b]::run_test::{closure#1}, ()>::{closure#1} as core[a373ad73a504971]::ops::function::FnOnce<()>>::call_once::{shim:vtable#0}
[INFO] [stdout]   20:     0x647ac22c553f - <std[617be2ca0a6fd877]::sys::thread::unix::Thread>::new::thread_start
[INFO] [stdout]   21:     0x76c38421adfa - <unknown>
[INFO] [stdout]   22:     0x76c3842ae3d4 - clone
[INFO] [stdout]   23:                0x0 - <unknown>
[INFO] [stdout] 
[INFO] [stdout] ---- api::tests::test_get_user_info_by_name stdout ----
[INFO] [stdout] 
[INFO] [stdout] thread 'api::tests::test_get_user_info_by_name' (1909) panicked at src/api.rs:176:67:
[INFO] [stdout] called `Result::unwrap()` on an `Err` value: Http(reqwest::Error { kind: Request, url: "https://screeps.com/api/user/find?username=keqing", source: hyper_util::client::legacy::Error(Connect, ConnectError("dns error", Custom { kind: Uncategorized, error: "failed to lookup address information: Temporary failure in name resolution" })) })
[INFO] [stdout] stack backtrace:
[INFO] [stdout]    0:     0x647ac22c6091 - <<std[617be2ca0a6fd877]::sys::backtrace::BacktraceLock>::print::DisplayBacktrace as core[a373ad73a504971]::fmt::Display>::fmt
[INFO] [stdout]    1:     0x647ac22dbd1a - core[a373ad73a504971]::fmt::write
[INFO] [stdout]    2:     0x647ac22ca9fc - <alloc[2e1b2a31b91974c5]::vec::Vec<u8> as core[a373ad73a504971]::io::write::Write>::write_fmt
[INFO] [stdout]    3:     0x647ac22a0df6 - std[617be2ca0a6fd877]::panicking::default_hook::{closure#0}
[INFO] [stdout]    4:     0x647ac22bdda9 - std[617be2ca0a6fd877]::panicking::default_hook
[INFO] [stdout]    5:     0x647ac210db60 - test[aada8e7e76ba119b]::test_main_inner::{closure#0}
[INFO] [stdout]    6:     0x647ac22be0d2 - std[617be2ca0a6fd877]::panicking::panic_with_hook
[INFO] [stdout]    7:     0x647ac22a0ea2 - std[617be2ca0a6fd877]::panicking::panic_handler::{closure#0}
[INFO] [stdout]    8:     0x647ac2299899 - std[617be2ca0a6fd877]::sys::backtrace::__rust_end_short_backtrace::<std[617be2ca0a6fd877]::panicking::panic_handler::{closure#0}, !>
[INFO] [stdout]    9:     0x647ac22a1d3d - __rustc[ea4f61d10b84890b]::rust_begin_unwind
[INFO] [stdout]   10:     0x647ac22dc47c - core[a373ad73a504971]::panicking::panic_fmt
[INFO] [stdout]   11:     0x647ac22dc252 - core[a373ad73a504971]::result::unwrap_failed
[INFO] [stdout]   12:     0x647ac20d4ab4 - screeps_rust_api[c758c568af5a6a95]::api::tests::test_get_user_info_by_name::{closure#0}
[INFO] [stdout]   13:     0x647ac20f073b - <tokio[7acd2af79bddef58]::runtime::scheduler::current_thread::CurrentThread>::block_on::<core[a373ad73a504971]::pin::Pin<&mut dyn core[a373ad73a504971]::future::future::Future<Output = ()>>>
[INFO] [stdout]   14:     0x647ac20f1902 - <tokio[7acd2af79bddef58]::runtime::runtime::Runtime>::block_on::<core[a373ad73a504971]::pin::Pin<&mut dyn core[a373ad73a504971]::future::future::Future<Output = ()>>>
[INFO] [stdout]   15:     0x647ac20d6d3e - <screeps_rust_api[c758c568af5a6a95]::api::tests::test_get_user_info_by_name::{closure#0} as core[a373ad73a504971]::ops::function::FnOnce<()>>::call_once
[INFO] [stdout]   16:     0x647ac2100fab - test[aada8e7e76ba119b]::__rust_begin_short_backtrace::<core[a373ad73a504971]::result::Result<(), alloc[2e1b2a31b91974c5]::string::String>, fn() -> core[a373ad73a504971]::result::Result<(), alloc[2e1b2a31b91974c5]::string::String>>
[INFO] [stdout]   17:     0x647ac210e185 - test[aada8e7e76ba119b]::run_test::{closure#0}
[INFO] [stdout]   18:     0x647ac2107a74 - std[617be2ca0a6fd877]::sys::backtrace::__rust_begin_short_backtrace::<test[aada8e7e76ba119b]::run_test::{closure#1}, ()>
[INFO] [stdout]   19:     0x647ac2111212 - <std[617be2ca0a6fd877]::thread::lifecycle::spawn_unchecked<test[aada8e7e76ba119b]::run_test::{closure#1}, ()>::{closure#1} as core[a373ad73a504971]::ops::function::FnOnce<()>>::call_once::{shim:vtable#0}
[INFO] [stdout]   20:     0x647ac22c553f - <std[617be2ca0a6fd877]::sys::thread::unix::Thread>::new::thread_start
[INFO] [stdout]   21:     0x76c38421adfa - <unknown>
[INFO] [stdout]   22:     0x76c3842ae3d4 - clone
[INFO] [stdout]   23:                0x0 - <unknown>
[INFO] [stdout] 
[INFO] [stdout] ---- api::tests::test_get_shard_time stdout ----
[INFO] [stdout] 
[INFO] [stdout] thread 'api::tests::test_get_shard_time' (1906) panicked at src/api.rs:236:60:
[INFO] [stdout] called `Result::unwrap()` on an `Err` value: Http(reqwest::Error { kind: Request, url: "https://screeps.com/api/game/time?shard=shard3", source: hyper_util::client::legacy::Error(Connect, ConnectError("dns error", Custom { kind: Uncategorized, error: "failed to lookup address information: Temporary failure in name resolution" })) })
[INFO] [stdout] stack backtrace:
[INFO] [stdout]    0:     0x647ac22c6091 - <<std[617be2ca0a6fd877]::sys::backtrace::BacktraceLock>::print::DisplayBacktrace as core[a373ad73a504971]::fmt::Display>::fmt
[INFO] [stdout]    1:     0x647ac22dbd1a - core[a373ad73a504971]::fmt::write
[INFO] [stdout]    2:     0x647ac22ca9fc - <alloc[2e1b2a31b91974c5]::vec::Vec<u8> as core[a373ad73a504971]::io::write::Write>::write_fmt
[INFO] [stdout]    3:     0x647ac22a0df6 - std[617be2ca0a6fd877]::panicking::default_hook::{closure#0}
[INFO] [stdout]    4:     0x647ac22bdda9 - std[617be2ca0a6fd877]::panicking::default_hook
[INFO] [stdout]    5:     0x647ac210db60 - test[aada8e7e76ba119b]::test_main_inner::{closure#0}
[INFO] [stdout]    6:     0x647ac22be0d2 - std[617be2ca0a6fd877]::panicking::panic_with_hook
[INFO] [stdout]    7:     0x647ac22a0ea2 - std[617be2ca0a6fd877]::panicking::panic_handler::{closure#0}
[INFO] [stdout]    8:     0x647ac2299899 - std[617be2ca0a6fd877]::sys::backtrace::__rust_end_short_backtrace::<std[617be2ca0a6fd877]::panicking::panic_handler::{closure#0}, !>
[INFO] [stdout]    9:     0x647ac22a1d3d - __rustc[ea4f61d10b84890b]::rust_begin_unwind
[INFO] [stdout]   10:     0x647ac22dc47c - core[a373ad73a504971]::panicking::panic_fmt
[INFO] [stdout]   11:     0x647ac22dc252 - core[a373ad73a504971]::result::unwrap_failed
[INFO] [stdout]   12:     0x647ac20ce894 - screeps_rust_api[c758c568af5a6a95]::api::tests::test_get_shard_time::{closure#0}
[INFO] [stdout]   13:     0x647ac20f073b - <tokio[7acd2af79bddef58]::runtime::scheduler::current_thread::CurrentThread>::block_on::<core[a373ad73a504971]::pin::Pin<&mut dyn core[a373ad73a504971]::future::future::Future<Output = ()>>>
[INFO] [stdout]   14:     0x647ac20f1902 - <tokio[7acd2af79bddef58]::runtime::runtime::Runtime>::block_on::<core[a373ad73a504971]::pin::Pin<&mut dyn core[a373ad73a504971]::future::future::Future<Output = ()>>>
[INFO] [stdout]   15:     0x647ac20d64fe - <screeps_rust_api[c758c568af5a6a95]::api::tests::test_get_shard_time::{closure#0} as core[a373ad73a504971]::ops::function::FnOnce<()>>::call_once
[INFO] [stdout]   16:     0x647ac2100fab - test[aada8e7e76ba119b]::__rust_begin_short_backtrace::<core[a373ad73a504971]::result::Result<(), alloc[2e1b2a31b91974c5]::string::String>, fn() -> core[a373ad73a504971]::result::Result<(), alloc[2e1b2a31b91974c5]::string::String>>
[INFO] [stdout]   17:     0x647ac210e185 - test[aada8e7e76ba119b]::run_test::{closure#0}
[INFO] [stdout]   18:     0x647ac2107a74 - std[617be2ca0a6fd877]::sys::backtrace::__rust_begin_short_backtrace::<test[aada8e7e76ba119b]::run_test::{closure#1}, ()>
[INFO] [stdout]   19:     0x647ac2111212 - <std[617be2ca0a6fd877]::thread::lifecycle::spawn_unchecked<test[aada8e7e76ba119b]::run_test::{closure#1}, ()>::{closure#1} as core[a373ad73a504971]::ops::function::FnOnce<()>>::call_once::{shim:vtable#0}
[INFO] [stdout]   20:     0x647ac22c553f - <std[617be2ca0a6fd877]::sys::thread::unix::Thread>::new::thread_start
[INFO] [stdout]   21:     0x76c38421adfa - <unknown>
[INFO] [stdout]   22:     0x76c3842ae3d4 - clone
[INFO] [stdout]   23:                0x0 - <unknown>
[INFO] [stdout] 
[INFO] [stdout] ---- api::tests::test_get_shards stdout ----
[INFO] [stdout] 
[INFO] [stdout] thread 'api::tests::test_get_shards' (1907) panicked at src/api.rs:229:46:
[INFO] [stdout] called `Result::unwrap()` on an `Err` value: Http(reqwest::Error { kind: Request, url: "https://screeps.com/api/game/shards/info", source: hyper_util::client::legacy::Error(Connect, ConnectError("dns error", Custom { kind: Uncategorized, error: "failed to lookup address information: Temporary failure in name resolution" })) })
[INFO] [stdout] stack backtrace:
[INFO] [stdout]    0:     0x647ac22c6091 - <<std[617be2ca0a6fd877]::sys::backtrace::BacktraceLock>::print::DisplayBacktrace as core[a373ad73a504971]::fmt::Display>::fmt
[INFO] [stdout]    1:     0x647ac22dbd1a - core[a373ad73a504971]::fmt::write
[INFO] [stdout]    2:     0x647ac22ca9fc - <alloc[2e1b2a31b91974c5]::vec::Vec<u8> as core[a373ad73a504971]::io::write::Write>::write_fmt
[INFO] [stdout]    3:     0x647ac22a0df6 - std[617be2ca0a6fd877]::panicking::default_hook::{closure#0}
[INFO] [stdout]    4:     0x647ac22bdda9 - std[617be2ca0a6fd877]::panicking::default_hook
[INFO] [stdout]    5:     0x647ac210db60 - test[aada8e7e76ba119b]::test_main_inner::{closure#0}
[INFO] [stdout]    6:     0x647ac22be0d2 - std[617be2ca0a6fd877]::panicking::panic_with_hook
[INFO] [stdout]    7:     0x647ac22a0ea2 - std[617be2ca0a6fd877]::panicking::panic_handler::{closure#0}
[INFO] [stdout]    8:     0x647ac2299899 - std[617be2ca0a6fd877]::sys::backtrace::__rust_end_short_backtrace::<std[617be2ca0a6fd877]::panicking::panic_handler::{closure#0}, !>
[INFO] [stdout]    9:     0x647ac22a1d3d - __rustc[ea4f61d10b84890b]::rust_begin_unwind
[INFO] [stdout]   10:     0x647ac22dc47c - core[a373ad73a504971]::panicking::panic_fmt
[INFO] [stdout]   11:     0x647ac22dc252 - core[a373ad73a504971]::result::unwrap_failed
[INFO] [stdout]   12:     0x647ac20ca8b8 - screeps_rust_api[c758c568af5a6a95]::api::tests::test_get_shards::{closure#0}
[INFO] [stdout]   13:     0x647ac20f073b - <tokio[7acd2af79bddef58]::runtime::scheduler::current_thread::CurrentThread>::block_on::<core[a373ad73a504971]::pin::Pin<&mut dyn core[a373ad73a504971]::future::future::Future<Output = ()>>>
[INFO] [stdout]   14:     0x647ac20f1902 - <tokio[7acd2af79bddef58]::runtime::runtime::Runtime>::block_on::<core[a373ad73a504971]::pin::Pin<&mut dyn core[a373ad73a504971]::future::future::Future<Output = ()>>>
[INFO] [stdout]   15:     0x647ac20d60de - <screeps_rust_api[c758c568af5a6a95]::api::tests::test_get_shards::{closure#0} as core[a373ad73a504971]::ops::function::FnOnce<()>>::call_once
[INFO] [stdout]   16:     0x647ac2100fab - test[aada8e7e76ba119b]::__rust_begin_short_backtrace::<core[a373ad73a504971]::result::Result<(), alloc[2e1b2a31b91974c5]::string::String>, fn() -> core[a373ad73a504971]::result::Result<(), alloc[2e1b2a31b91974c5]::string::String>>
[INFO] [stdout]   17:     0x647ac210e185 - test[aada8e7e76ba119b]::run_test::{closure#0}
[INFO] [stdout]   18:     0x647ac2107a74 - std[617be2ca0a6fd877]::sys::backtrace::__rust_begin_short_backtrace::<test[aada8e7e76ba119b]::run_test::{closure#1}, ()>
[INFO] [stdout]   19:     0x647ac2111212 - <std[617be2ca0a6fd877]::thread::lifecycle::spawn_unchecked<test[aada8e7e76ba119b]::run_test::{closure#1}, ()>::{closure#1} as core[a373ad73a504971]::ops::function::FnOnce<()>>::call_once::{shim:vtable#0}
[INFO] [stdout]   20:     0x647ac22c553f - <std[617be2ca0a6fd877]::sys::thread::unix::Thread>::new::thread_start
[INFO] [stdout]   21:     0x76c38421adfa - <unknown>
[INFO] [stdout]   22:     0x76c3842ae3d4 - clone
[INFO] [stdout]   23:                0x0 - <unknown>
[INFO] [stdout] 
[INFO] [stdout] ---- api::tests::test_get_room_objects stdout ----
[INFO] [stdout] 
[INFO] [stdout] thread 'api::tests::test_get_room_objects' (1902) panicked at src/api.rs:198:25:
[INFO] [stdout] HTTP request failed: error sending request for url (https://screeps.com/api/game/room-objects?room=E13S13&shard=shard3)
[INFO] [stdout] stack backtrace:
[INFO] [stdout]    0:     0x647ac22c6091 - <<std[617be2ca0a6fd877]::sys::backtrace::BacktraceLock>::print::DisplayBacktrace as core[a373ad73a504971]::fmt::Display>::fmt
[INFO] [stdout]    1:     0x647ac22dbd1a - core[a373ad73a504971]::fmt::write
[INFO] [stdout]    2:     0x647ac22ca9fc - <alloc[2e1b2a31b91974c5]::vec::Vec<u8> as core[a373ad73a504971]::io::write::Write>::write_fmt
[INFO] [stdout]    3:     0x647ac22a0df6 - std[617be2ca0a6fd877]::panicking::default_hook::{closure#0}
[INFO] [stdout]    4:     0x647ac22bdda9 - std[617be2ca0a6fd877]::panicking::default_hook
[INFO] [stdout]    5:     0x647ac210db60 - test[aada8e7e76ba119b]::test_main_inner::{closure#0}
[INFO] [stdout]    6:     0x647ac22be0d2 - std[617be2ca0a6fd877]::panicking::panic_with_hook
[INFO] [stdout]    7:     0x647ac22a0ea2 - std[617be2ca0a6fd877]::panicking::panic_handler::{closure#0}
[INFO] [stdout]    8:     0x647ac2299899 - std[617be2ca0a6fd877]::sys::backtrace::__rust_end_short_backtrace::<std[617be2ca0a6fd877]::panicking::panic_handler::{closure#0}, !>
[INFO] [stdout]    9:     0x647ac22a1d3d - __rustc[ea4f61d10b84890b]::rust_begin_unwind
[INFO] [stdout]   10:     0x647ac22dc47c - core[a373ad73a504971]::panicking::panic_fmt
[INFO] [stdout]   11:     0x647ac20c896e - core[a373ad73a504971]::panicking::panic_display::<screeps_rust_api[c758c568af5a6a95]::error::ScreepsError>
[INFO] [stdout]   12:     0x647ac20d27db - screeps_rust_api[c758c568af5a6a95]::api::tests::test_get_room_objects::{closure#0}
[INFO] [stdout]   13:     0x647ac20f073b - <tokio[7acd2af79bddef58]::runtime::scheduler::current_thread::CurrentThread>::block_on::<core[a373ad73a504971]::pin::Pin<&mut dyn core[a373ad73a504971]::future::future::Future<Output = ()>>>
[INFO] [stdout]   14:     0x647ac20f1902 - <tokio[7acd2af79bddef58]::runtime::runtime::Runtime>::block_on::<core[a373ad73a504971]::pin::Pin<&mut dyn core[a373ad73a504971]::future::future::Future<Output = ()>>>
[INFO] [stdout]   15:     0x647ac20d691e - <screeps_rust_api[c758c568af5a6a95]::api::tests::test_get_room_objects::{closure#0} as core[a373ad73a504971]::ops::function::FnOnce<()>>::call_once
[INFO] [stdout]   16:     0x647ac2100fab - test[aada8e7e76ba119b]::__rust_begin_short_backtrace::<core[a373ad73a504971]::result::Result<(), alloc[2e1b2a31b91974c5]::string::String>, fn() -> core[a373ad73a504971]::result::Result<(), alloc[2e1b2a31b91974c5]::string::String>>
[INFO] [stdout]   17:     0x647ac210e185 - test[aada8e7e76ba119b]::run_test::{closure#0}
[INFO] [stdout]   18:     0x647ac2107a74 - std[617be2ca0a6fd877]::sys::backtrace::__rust_begin_short_backtrace::<test[aada8e7e76ba119b]::run_test::{closure#1}, ()>
[INFO] [stdout]   19:     0x647ac2111212 - <std[617be2ca0a6fd877]::thread::lifecycle::spawn_unchecked<test[aada8e7e76ba119b]::run_test::{closure#1}, ()>::{closure#1} as core[a373ad73a504971]::ops::function::FnOnce<()>>::call_once::{shim:vtable#0}
[INFO] [stdout]   20:     0x647ac22c553f - <std[617be2ca0a6fd877]::sys::thread::unix::Thread>::new::thread_start
[INFO] [stdout]   21:     0x76c38421adfa - <unknown>
[INFO] [stdout]   22:     0x76c3842ae3d4 - clone
[INFO] [stdout]   23:                0x0 - <unknown>
[INFO] [stdout] 
[INFO] [stdout] ---- api::tests::test_get_room_terrain stdout ----
[INFO] [stdout] 
[INFO] [stdout] thread 'api::tests::test_get_room_terrain' (1904) panicked at src/api.rs:205:75:
[INFO] [stdout] called `Result::unwrap()` on an `Err` value: Http(reqwest::Error { kind: Request, url: "https://screeps.com/api/game/room-terrain?room=E21N19&shard=shard0", source: hyper_util::client::legacy::Error(Connect, ConnectError("dns error", Custom { kind: Uncategorized, error: "failed to lookup address information: Temporary failure in name resolution" })) })
[INFO] [stdout] stack backtrace:
[INFO] [stdout]    0:     0x647ac22c6091 - <<std[617be2ca0a6fd877]::sys::backtrace::BacktraceLock>::print::DisplayBacktrace as core[a373ad73a504971]::fmt::Display>::fmt
[INFO] [stdout]    1:     0x647ac22dbd1a - core[a373ad73a504971]::fmt::write
[INFO] [stdout]    2:     0x647ac22ca9fc - <alloc[2e1b2a31b91974c5]::vec::Vec<u8> as core[a373ad73a504971]::io::write::Write>::write_fmt
[INFO] [stdout]    3:     0x647ac22a0df6 - std[617be2ca0a6fd877]::panicking::default_hook::{closure#0}
[INFO] [stdout]    4:     0x647ac22bdda9 - std[617be2ca0a6fd877]::panicking::default_hook
[INFO] [stdout]    5:     0x647ac210db60 - test[aada8e7e76ba119b]::test_main_inner::{closure#0}
[INFO] [stdout]    6:     0x647ac22be0d2 - std[617be2ca0a6fd877]::panicking::panic_with_hook
[INFO] [stdout]    7:     0x647ac22a0ea2 - std[617be2ca0a6fd877]::panicking::panic_handler::{closure#0}
[INFO] [stdout]    8:     0x647ac2299899 - std[617be2ca0a6fd877]::sys::backtrace::__rust_end_short_backtrace::<std[617be2ca0a6fd877]::panicking::panic_handler::{closure#0}, !>
[INFO] [stdout]    9:     0x647ac22a1d3d - __rustc[ea4f61d10b84890b]::rust_begin_unwind
[INFO] [stdout]   10:     0x647ac22dc47c - core[a373ad73a504971]::panicking::panic_fmt
[INFO] [stdout]   11:     0x647ac22dc252 - core[a373ad73a504971]::result::unwrap_failed
[INFO] [stdout]   12:     0x647ac20d3a32 - screeps_rust_api[c758c568af5a6a95]::api::tests::test_get_room_terrain::{closure#0}
[INFO] [stdout]   13:     0x647ac20f073b - <tokio[7acd2af79bddef58]::runtime::scheduler::current_thread::CurrentThread>::block_on::<core[a373ad73a504971]::pin::Pin<&mut dyn core[a373ad73a504971]::future::future::Future<Output = ()>>>
[INFO] [stdout]   14:     0x647ac20f1902 - <tokio[7acd2af79bddef58]::runtime::runtime::Runtime>::block_on::<core[a373ad73a504971]::pin::Pin<&mut dyn core[a373ad73a504971]::future::future::Future<Output = ()>>>
[INFO] [stdout]   15:     0x647ac20d6a7e - <screeps_rust_api[c758c568af5a6a95]::api::tests::test_get_room_terrain::{closure#0} as core[a373ad73a504971]::ops::function::FnOnce<()>>::call_once
[INFO] [stdout]   16:     0x647ac2100fab - test[aada8e7e76ba119b]::__rust_begin_short_backtrace::<core[a373ad73a504971]::result::Result<(), alloc[2e1b2a31b91974c5]::string::String>, fn() -> core[a373ad73a504971]::result::Result<(), alloc[2e1b2a31b91974c5]::string::String>>
[INFO] [stdout]   17:     0x647ac210e185 - test[aada8e7e76ba119b]::run_test::{closure#0}
[INFO] [stdout]   18:     0x647ac2107a74 - std[617be2ca0a6fd877]::sys::backtrace::__rust_begin_short_backtrace::<test[aada8e7e76ba119b]::run_test::{closure#1}, ()>
[INFO] [stdout]   19:     0x647ac2111212 - <std[617be2ca0a6fd877]::thread::lifecycle::spawn_unchecked<test[aada8e7e76ba119b]::run_test::{closure#1}, ()>::{closure#1} as core[a373ad73a504971]::ops::function::FnOnce<()>>::call_once::{shim:vtable#0}
[INFO] [stdout]   20:     0x647ac22c553f - <std[617be2ca0a6fd877]::sys::thread::unix::Thread>::new::thread_start
[INFO] [stdout]   21:     0x76c38421adfa - <unknown>
[INFO] [stdout]   22:     0x76c3842ae3d4 - clone
[INFO] [stdout]   23:                0x0 - <unknown>
[INFO] [stdout] 
[INFO] [stdout] ---- api::tests::test_get_user_rooms stdout ----
[INFO] [stdout] 
[INFO] [stdout] thread 'api::tests::test_get_user_rooms' (1910) panicked at src/api.rs:186:14:
[INFO] [stdout] called `Result::unwrap()` on an `Err` value: Http(reqwest::Error { kind: Request, url: "https://screeps.com/api/user/rooms?id=61f26f882181b7ba48c7015c", source: hyper_util::client::legacy::Error(Connect, ConnectError("dns error", Custom { kind: Uncategorized, error: "failed to lookup address information: Temporary failure in name resolution" })) })
[INFO] [stdout] stack backtrace:
[INFO] [stdout]    0:     0x647ac22c6091 - <<std[617be2ca0a6fd877]::sys::backtrace::BacktraceLock>::print::DisplayBacktrace as core[a373ad73a504971]::fmt::Display>::fmt
[INFO] [stdout]    1:     0x647ac22dbd1a - core[a373ad73a504971]::fmt::write
[INFO] [stdout]    2:     0x647ac22ca9fc - <alloc[2e1b2a31b91974c5]::vec::Vec<u8> as core[a373ad73a504971]::io::write::Write>::write_fmt
[INFO] [stdout]    3:     0x647ac22a0df6 - std[617be2ca0a6fd877]::panicking::default_hook::{closure#0}
[INFO] [stdout]    4:     0x647ac22bdda9 - std[617be2ca0a6fd877]::panicking::default_hook
[INFO] [stdout]    5:     0x647ac210db60 - test[aada8e7e76ba119b]::test_main_inner::{closure#0}
[INFO] [stdout]    6:     0x647ac22be0d2 - std[617be2ca0a6fd877]::panicking::panic_with_hook
[INFO] [stdout]    7:     0x647ac22a0ea2 - std[617be2ca0a6fd877]::panicking::panic_handler::{closure#0}
[INFO] [stdout]    8:     0x647ac2299899 - std[617be2ca0a6fd877]::sys::backtrace::__rust_end_short_backtrace::<std[617be2ca0a6fd877]::panicking::panic_handler::{closure#0}, !>
[INFO] [stdout]    9:     0x647ac22a1d3d - __rustc[ea4f61d10b84890b]::rust_begin_unwind
[INFO] [stdout]   10:     0x647ac22dc47c - core[a373ad73a504971]::panicking::panic_fmt
[INFO] [stdout]   11:     0x647ac22dc252 - core[a373ad73a504971]::result::unwrap_failed
[INFO] [stdout]   12:     0x647ac20cfc3f - screeps_rust_api[c758c568af5a6a95]::api::tests::test_get_user_rooms::{closure#0}
[INFO] [stdout]   13:     0x647ac20f073b - <tokio[7acd2af79bddef58]::runtime::scheduler::current_thread::CurrentThread>::block_on::<core[a373ad73a504971]::pin::Pin<&mut dyn core[a373ad73a504971]::future::future::Future<Output = ()>>>
[INFO] [stdout]   14:     0x647ac20f1902 - <tokio[7acd2af79bddef58]::runtime::runtime::Runtime>::block_on::<core[a373ad73a504971]::pin::Pin<&mut dyn core[a373ad73a504971]::future::future::Future<Output = ()>>>
[INFO] [stdout]   15:     0x647ac20d665e - <screeps_rust_api[c758c568af5a6a95]::api::tests::test_get_user_rooms::{closure#0} as core[a373ad73a504971]::ops::function::FnOnce<()>>::call_once
[INFO] [stdout]   16:     0x647ac2100fab - test[aada8e7e76ba119b]::__rust_begin_short_backtrace::<core[a373ad73a504971]::result::Result<(), alloc[2e1b2a31b91974c5]::string::String>, fn() -> core[a373ad73a504971]::result::Result<(), alloc[2e1b2a31b91974c5]::string::String>>
[INFO] [stdout]   17:     0x647ac210e185 - test[aada8e7e76ba119b]::run_test::{closure#0}
[INFO] [stdout]   18:     0x647ac2107a74 - std[617be2ca0a6fd877]::sys::backtrace::__rust_begin_short_backtrace::<test[aada8e7e76ba119b]::run_test::{closure#1}, ()>
[INFO] [stdout]   19:     0x647ac2111212 - <std[617be2ca0a6fd877]::thread::lifecycle::spawn_unchecked<test[aada8e7e76ba119b]::run_test::{closure#1}, ()>::{closure#1} as core[a373ad73a504971]::ops::function::FnOnce<()>>::call_once::{shim:vtable#0}
[INFO] [stdout]   20:     0x647ac22c553f - <std[617be2ca0a6fd877]::sys::thread::unix::Thread>::new::thread_start
[INFO] [stdout]   21:     0x76c38421adfa - <unknown>
[INFO] [stdout]   22:     0x76c3842ae3d4 - clone
[INFO] [stdout]   23:                0x0 - <unknown>
[INFO] [stdout] 
[INFO] [stdout] 
[INFO] [stdout] failures:
[INFO] [stdout]     api::tests::test_get_my_info
[INFO] [stdout]     api::tests::test_get_my_name
[INFO] [stdout]     api::tests::test_get_room_objects
[INFO] [stdout]     api::tests::test_get_room_status
[INFO] [stdout]     api::tests::test_get_room_terrain
[INFO] [stdout]     api::tests::test_get_room_terrain_encoded
[INFO] [stdout]     api::tests::test_get_shard_time
[INFO] [stdout]     api::tests::test_get_shards
[INFO] [stdout]     api::tests::test_get_user_info_by_id
[INFO] [stdout]     api::tests::test_get_user_info_by_name
[INFO] [stdout]     api::tests::test_get_user_rooms
[INFO] [stdout] 
[INFO] [stdout] test result: FAILED. 3 passed; 11 failed; 0 ignored; 0 measured; 0 filtered out; finished in 0.16s
[INFO] [stdout] 
[INFO] running `Command { std: "docker" "inspect" "53cbd09aca2c76d543232128cd45ff07cabdee580be105c3885b2df5f376e36d", kill_on_drop: false }`
[INFO] running `Command { std: "docker" "rm" "-f" "53cbd09aca2c76d543232128cd45ff07cabdee580be105c3885b2df5f376e36d", kill_on_drop: false }`
[INFO] [stdout] 53cbd09aca2c76d543232128cd45ff07cabdee580be105c3885b2df5f376e36d
