[INFO] fetching crate screen_printer 0.2.7...
[INFO] testing screen_printer-0.2.7 against 1.100.0-beta.1+cargoflags=--release for beta-release-1.100-2
[INFO] extracting crate screen_printer 0.2.7 into /workspace/builds/worker-4-tc2/source
[INFO] started tweaking crates.io crate screen_printer 0.2.7
[INFO] finished tweaking crates.io crate screen_printer 0.2.7
[INFO] tweaked toml for crates.io crate screen_printer 0.2.7 written to /workspace/builds/worker-4-tc2/source/Cargo.toml
[INFO] validating manifest of crates.io crate screen_printer 0.2.7 on toolchain 1.100.0-beta.1
[INFO] running `Command { std: CARGO_HOME="/workspace/cargo-home" RUSTUP_HOME="/workspace/rustup-home" "/workspace/cargo-home/bin/cargo" "+1.100.0-beta.1" "metadata" "--manifest-path" "Cargo.toml" "--no-deps", kill_on_drop: false }`
[INFO] crate crates.io crate screen_printer 0.2.7 already has a lockfile, it will not be regenerated
[INFO] running `Command { std: CARGO_HOME="/workspace/cargo-home" RUSTUP_HOME="/workspace/rustup-home" "/workspace/cargo-home/bin/cargo" "+1.100.0-beta.1" "fetch" "--manifest-path" "Cargo.toml", kill_on_drop: false }`
[INFO] running `Command { std: "docker" "create" "-v" "/var/lib/crater-agent-workspace/builds/worker-4-tc2/source:/opt/rustwide/workdir:ro,Z" "-v" "/var/lib/crater-agent-workspace/builds/worker-4-tc2/target:/opt/rustwide/target:rw,Z" "-v" "/var/lib/crater-agent-workspace/cargo-home:/opt/rustwide/cargo-home:ro,Z" "-v" "/var/lib/crater-agent-workspace/rustup-home:/opt/rustwide/rustup-home:ro,Z" "-m" "1610612736" "--network" "none" "ghcr.io/rust-lang/crates-build-env/linux@sha256:77db811e55d90add9212f6832c23229e3de5f1c1f9905e8cb07319ea15df73ac" "sleep" "infinity", kill_on_drop: false }`
[INFO] [stdout] 2fef3461fc3c9a775ed59438f619424ea91e76f8390ca517455d8afd659a111f
[INFO] running `Command { std: "docker" "start" "2fef3461fc3c9a775ed59438f619424ea91e76f8390ca517455d8afd659a111f", kill_on_drop: false }`
[INFO] running `Command { std: "docker" "inspect" "2fef3461fc3c9a775ed59438f619424ea91e76f8390ca517455d8afd659a111f", kill_on_drop: false }`
[INFO] running `Command { std: "docker" "exec" "-e" "SOURCE_DIR=/opt/rustwide/workdir" "-e" "CARGO_HOME=/opt/rustwide/cargo-home" "-e" "RUSTUP_HOME=/opt/rustwide/rustup-home" "-e" "CARGO_TARGET_DIR=/opt/rustwide/target" "-w" "/opt/rustwide/workdir" "--user" "0:0" "2fef3461fc3c9a775ed59438f619424ea91e76f8390ca517455d8afd659a111f" "/opt/rustwide/cargo-home/bin/cargo" "+1.100.0-beta.1" "metadata" "--no-deps" "--format-version=1", kill_on_drop: false }`
[INFO] running `Command { std: "docker" "inspect" "2fef3461fc3c9a775ed59438f619424ea91e76f8390ca517455d8afd659a111f", kill_on_drop: false }`
[INFO] running `Command { std: "docker" "exec" "-e" "SOURCE_DIR=/opt/rustwide/workdir" "-e" "CARGO_HOME=/opt/rustwide/cargo-home" "-e" "RUSTUP_HOME=/opt/rustwide/rustup-home" "-e" "CARGO_TARGET_DIR=/opt/rustwide/target" "-e" "CARGO_INCREMENTAL=0" "-e" "RUST_BACKTRACE=full" "-e" "RUSTFLAGS=--cap-lints=warn" "-e" "RUSTDOCFLAGS=--cap-lints=warn" "-w" "/opt/rustwide/workdir" "--user" "0:0" "2fef3461fc3c9a775ed59438f619424ea91e76f8390ca517455d8afd659a111f" "/opt/rustwide/cargo-home/bin/cargo" "+1.100.0-beta.1" "build" "--frozen" "--message-format=json" "--release", kill_on_drop: false }`
[INFO] [stderr]    Compiling proc-macro2 v1.0.66
[INFO] [stderr]    Compiling unicode-ident v1.0.11
[INFO] [stderr]    Compiling libc v0.2.137
[INFO] [stderr]    Compiling thiserror v1.0.49
[INFO] [stderr]    Compiling numtoa v0.1.0
[INFO] [stderr]    Compiling log v0.4.19
[INFO] [stderr]    Compiling quote v1.0.32
[INFO] [stderr]    Compiling termion v2.0.1
[INFO] [stderr]    Compiling syn v2.0.27
[INFO] [stderr]    Compiling thiserror-impl v1.0.49
[INFO] [stderr]    Compiling screen_printer v0.2.7 (/opt/rustwide/workdir)
[INFO] [stdout] warning: method `move_to_origin` is never used
[INFO] [stdout]    --> src/dynamic_printer.rs:156:6
[INFO] [stdout]     |
[INFO] [stdout] 141 | trait DynamicPrinterMethods {
[INFO] [stdout]     |       --------------------- method in this trait
[INFO] [stdout] ...
[INFO] [stdout] 156 |   fn move_to_origin(&self) -> Result<(), PrintingError>;
[INFO] [stdout]     |      ^^^^^^^^^^^^^^
[INFO] [stdout]     |
[INFO] [stdout]     = note: `#[warn(dead_code)]` (part of `#[warn(unused)]`) on by default
[INFO] [stdout] 
[INFO] [stdout] 
[INFO] [stdout] warning: trait `VecMethods` is never used
[INFO] [stdout]    --> src/dynamic_printer.rs:360:7
[INFO] [stdout]     |
[INFO] [stdout] 360 | trait VecMethods<T> {
[INFO] [stdout]     |       ^^^^^^^^^^
[INFO] [stdout] 
[INFO] [stdout] 
[INFO] [stderr] warning: unused dependency `log`
[INFO] [stderr]  --> Cargo.toml:1:15
[INFO] [stderr]   |
[INFO] [stderr] 1 | [dependencies.log]
[INFO] [stderr]   |               ^^^^
[INFO] [stderr]   |
[INFO] [stderr]   = note: `cargo::unused_dependencies` is set to `warn` by default
[INFO] [stderr] help: consider removing the dependency on `log`
[INFO] [stderr] warning: `screen_printer` (manifest) generated 1 warning
[INFO] [stderr]     Finished `release` profile [optimized] target(s) in 5.50s
[INFO] running `Command { std: "docker" "inspect" "2fef3461fc3c9a775ed59438f619424ea91e76f8390ca517455d8afd659a111f", kill_on_drop: false }`
[INFO] running `Command { std: "docker" "exec" "-e" "SOURCE_DIR=/opt/rustwide/workdir" "-e" "CARGO_HOME=/opt/rustwide/cargo-home" "-e" "RUSTUP_HOME=/opt/rustwide/rustup-home" "-e" "CARGO_TARGET_DIR=/opt/rustwide/target" "-e" "CARGO_INCREMENTAL=0" "-e" "RUST_BACKTRACE=full" "-e" "RUSTFLAGS=--cap-lints=warn" "-e" "RUSTDOCFLAGS=--cap-lints=warn" "-w" "/opt/rustwide/workdir" "--user" "0:0" "2fef3461fc3c9a775ed59438f619424ea91e76f8390ca517455d8afd659a111f" "/opt/rustwide/cargo-home/bin/cargo" "+1.100.0-beta.1" "test" "--frozen" "--no-run" "--message-format=json" "--release", kill_on_drop: false }`
[INFO] [stderr]    Compiling autocfg v1.1.0
[INFO] [stderr]    Compiling serde v1.0.176
[INFO] [stderr]    Compiling serde_derive v1.0.176
[INFO] [stderr]    Compiling parking_lot_core v0.9.8
[INFO] [stderr]    Compiling anyhow v1.0.72
[INFO] [stderr]    Compiling serde_json v1.0.104
[INFO] [stderr]    Compiling destructure_traitobject v0.2.0
[INFO] [stderr]    Compiling smallvec v1.11.0
[INFO] [stderr]    Compiling iana-time-zone v0.1.57
[INFO] [stderr]    Compiling getrandom v0.2.8
[INFO] [stderr]    Compiling time v0.1.45
[INFO] [stderr]    Compiling thread-id v4.1.0
[INFO] [stderr]    Compiling arc-swap v1.6.0
[INFO] [stderr]    Compiling humantime v2.1.0
[INFO] [stderr]    Compiling syn v1.0.109
[INFO] [stderr]    Compiling log-mdc v0.1.0
[INFO] [stderr]    Compiling unsafe-any-ors v1.0.0
[INFO] [stderr]    Compiling typemap-ors v1.0.0
[INFO] [stderr]    Compiling rand_core v0.6.4
[INFO] [stderr]    Compiling num-traits v0.2.16
[INFO] [stderr]    Compiling indexmap v1.9.3
[INFO] [stderr]    Compiling lock_api v0.4.10
[INFO] [stderr]    Compiling rand_chacha v0.3.1
[INFO] [stderr]    Compiling rand v0.8.5
[INFO] [stderr]    Compiling parking_lot v0.12.1
[INFO] [stderr]    Compiling ordered-float v2.10.0
[INFO] [stderr]    Compiling chrono v0.4.26
[INFO] [stderr]    Compiling derivative v2.2.0
[INFO] [stderr]    Compiling log v0.4.19
[INFO] [stderr]    Compiling serde-value v0.7.0
[INFO] [stderr]    Compiling serde_yaml v0.8.26
[INFO] [stderr]    Compiling screen_printer v0.2.7 (/opt/rustwide/workdir)
[INFO] [stdout] warning: method `move_to_origin` is never used
[INFO] [stdout]    --> src/dynamic_printer.rs:156:6
[INFO] [stdout]     |
[INFO] [stdout] 141 | trait DynamicPrinterMethods {
[INFO] [stdout]     |       --------------------- method in this trait
[INFO] [stdout] ...
[INFO] [stdout] 156 |   fn move_to_origin(&self) -> Result<(), PrintingError>;
[INFO] [stdout]     |      ^^^^^^^^^^^^^^
[INFO] [stdout]     |
[INFO] [stdout]     = note: `#[warn(dead_code)]` (part of `#[warn(unused)]`) on by default
[INFO] [stdout] 
[INFO] [stdout] 
[INFO] [stdout] warning: trait `VecMethods` is never used
[INFO] [stdout]    --> src/dynamic_printer.rs:360:7
[INFO] [stdout]     |
[INFO] [stdout] 360 | trait VecMethods<T> {
[INFO] [stdout]     |       ^^^^^^^^^^
[INFO] [stdout] 
[INFO] [stdout] 
[INFO] [stderr]    Compiling log4rs v1.2.0
[INFO] [stdout] warning: method `move_to_origin` is never used
[INFO] [stdout]    --> src/dynamic_printer.rs:156:6
[INFO] [stdout]     |
[INFO] [stdout] 141 | trait DynamicPrinterMethods {
[INFO] [stdout]     |       --------------------- method in this trait
[INFO] [stdout] ...
[INFO] [stdout] 156 |   fn move_to_origin(&self) -> Result<(), PrintingError>;
[INFO] [stdout]     |      ^^^^^^^^^^^^^^
[INFO] [stdout]     |
[INFO] [stdout]     = note: `#[warn(dead_code)]` (part of `#[warn(unused)]`) on by default
[INFO] [stdout] 
[INFO] [stdout] 
[INFO] [stdout] warning: trait `VecMethods` is never used
[INFO] [stdout]    --> src/dynamic_printer.rs:360:7
[INFO] [stdout]     |
[INFO] [stdout] 360 | trait VecMethods<T> {
[INFO] [stdout]     |       ^^^^^^^^^^
[INFO] [stdout] 
[INFO] [stdout] 
[INFO] [stderr] warning: unused dependency `log`
[INFO] [stderr]  --> Cargo.toml:1:15
[INFO] [stderr]   |
[INFO] [stderr] 1 | [dependencies.log]
[INFO] [stderr]   |               ^^^^
[INFO] [stderr]   |
[INFO] [stderr]   = note: `cargo::unused_dependencies` is set to `warn` by default
[INFO] [stderr] help: consider removing the dependency on `log`
[INFO] [stderr] warning: `screen_printer` (manifest) generated 1 warning
[INFO] [stderr]     Finished `release` profile [optimized] target(s) in 19.96s
[INFO] running `Command { std: "docker" "inspect" "2fef3461fc3c9a775ed59438f619424ea91e76f8390ca517455d8afd659a111f", kill_on_drop: false }`
[INFO] running `Command { std: "docker" "exec" "-e" "SOURCE_DIR=/opt/rustwide/workdir" "-e" "CARGO_HOME=/opt/rustwide/cargo-home" "-e" "RUSTUP_HOME=/opt/rustwide/rustup-home" "-e" "CARGO_TARGET_DIR=/opt/rustwide/target" "-e" "CARGO_INCREMENTAL=0" "-e" "RUST_BACKTRACE=full" "-e" "RUSTFLAGS=--cap-lints=warn" "-e" "RUSTDOCFLAGS=--cap-lints=warn" "-w" "/opt/rustwide/workdir" "--user" "0:0" "2fef3461fc3c9a775ed59438f619424ea91e76f8390ca517455d8afd659a111f" "/opt/rustwide/cargo-home/bin/cargo" "+1.100.0-beta.1" "test" "--frozen" "--release", kill_on_drop: false }`
[INFO] [stderr] warning: method `move_to_origin` is never used
[INFO] [stderr]    --> src/dynamic_printer.rs:156:6
[INFO] [stderr]     |
[INFO] [stderr] 141 | trait DynamicPrinterMethods {
[INFO] [stderr]     |       --------------------- method in this trait
[INFO] [stderr] ...
[INFO] [stderr] 156 |   fn move_to_origin(&self) -> Result<(), PrintingError>;
[INFO] [stderr]     |      ^^^^^^^^^^^^^^
[INFO] [stderr]     |
[INFO] [stderr]     = note: `#[warn(dead_code)]` (part of `#[warn(unused)]`) on by default
[INFO] [stderr] 
[INFO] [stderr] warning: trait `VecMethods` is never used
[INFO] [stderr]    --> src/dynamic_printer.rs:360:7
[INFO] [stderr]     |
[INFO] [stderr] 360 | trait VecMethods<T> {
[INFO] [stderr]     |       ^^^^^^^^^^
[INFO] [stderr] 
[INFO] [stderr] warning: `screen_printer` (lib) generated 2 warnings
[INFO] [stderr] warning: `screen_printer` (lib test) generated 2 warnings (2 duplicates)
[INFO] [stderr] warning: unused dependency `log`
[INFO] [stderr]  --> Cargo.toml:1:15
[INFO] [stderr]   |
[INFO] [stderr] 1 | [dependencies.log]
[INFO] [stderr]   |               ^^^^
[INFO] [stderr]   |
[INFO] [stderr]   = note: `cargo::unused_dependencies` is set to `warn` by default
[INFO] [stderr] help: consider removing the dependency on `log`
[INFO] [stderr] warning: `screen_printer` (manifest) generated 1 warning
[INFO] [stderr]     Finished `release` profile [optimized] target(s) in 0.10s
[INFO] [stderr]      Running unittests src/lib.rs (/opt/rustwide/target/release/build/screen_printer/bd34663546648a35/out/screen_printer-bd34663546648a35)
[INFO] [stdout] 
[INFO] [stdout] running 23 tests
[INFO] [stdout] test dynamic_printer::tests::get_origin_from_printing_potision_tests::x_left_position ... FAILED
[INFO] [stdout] test dynamic_printer::tests::get_origin_from_printing_potision_tests::y_custom_position ... FAILED
[INFO] [stdout] test dynamic_printer::tests::get_printable_difference_logic::three_pixel_difference::first_two_pixels_together ... FAILED
[INFO] [stdout] test dynamic_printer::tests::get_printable_difference_logic::three_pixel_difference::different_pixels_are_together ... FAILED
[INFO] [stdout] test dynamic_printer::tests::get_origin_from_printing_potision_tests::y_middle_position ... FAILED
[INFO] [stdout] test dynamic_printer::tests::get_origin_from_printing_potision_tests::y_bottom_position ... FAILED
[INFO] [stdout] test dynamic_printer::tests::get_printable_difference_logic::four_pixel_difference::split_pixel_pairs ... FAILED
[INFO] [stdout] test dynamic_printer::tests::get_printable_difference_logic::four_pixel_difference::different_pixels_are_together ... FAILED
[INFO] [stdout] test dynamic_printer::tests::get_printable_difference_logic::four_pixel_difference::all_pixels_split ... FAILED
[INFO] [stdout] test dynamic_printer::tests::get_printable_difference_logic::entire_grid_difference ... FAILED
[INFO] [stdout] test dynamic_printer::tests::get_origin_from_printing_potision_tests::x_middle_position ... FAILED
[INFO] [stdout] test dynamic_printer::tests::get_printable_difference_logic::three_pixel_difference::last_two_pixels_together ... FAILED
[INFO] [stdout] test dynamic_printer::tests::get_printable_difference_logic::two_pixel_difference::different_pixels_are_apart ... FAILED
[INFO] [stdout] test dynamic_printer::tests::get_printable_difference_logic::two_pixel_difference::different_pixels_are_together ... FAILED
[INFO] [stdout] test dynamic_printer::tests::get_printable_difference_logic::one_pixel_difference ... FAILED
[INFO] [stdout] test dynamic_printer::tests::get_printable_difference_logic::two_pixel_difference::different_pixels_are_together_right_after_newline ... FAILED
[INFO] [stdout] test dynamic_printer::tests::get_origin_from_printing_potision_tests::x_custom_position ... FAILED
[INFO] [stdout] test dynamic_printer::tests::get_printable_difference_logic::two_pixel_difference::different_pixels_touch_last_index ... FAILED
[INFO] [stdout] test dynamic_printer::tests::get_origin_from_printing_potision_tests::y_top_position ... FAILED
[INFO] [stdout] test dynamic_printer::tests::get_printable_difference_logic::two_pixel_difference::different_pixels_are_together_split_by_newline ... FAILED
[INFO] [stdout] test dynamic_printer::tests::get_printable_difference_logic::two_pixel_difference::different_pixels_are_together_right_before_newline ... FAILED
[INFO] [stdout] test dynamic_printer::tests::get_printable_difference_logic::three_pixel_difference::last_two_pixels_together_split_by_newline ... FAILED
[INFO] [stdout] test dynamic_printer::tests::get_origin_from_printing_potision_tests::x_right_position ... FAILED
[INFO] [stdout] 
[INFO] [stdout] failures:
[INFO] [stdout] 
[INFO] [stdout] ---- dynamic_printer::tests::get_origin_from_printing_potision_tests::x_left_position stdout ----
[INFO] [stdout] 
[INFO] [stdout] thread 'dynamic_printer::tests::get_origin_from_printing_potision_tests::x_left_position' (1262) panicked at src/dynamic_printer/tests.rs:405:80:
[INFO] [stdout] called `Result::unwrap()` on an `Err` value: FailedToGetTerminalDimensions("Inappropriate ioctl for device (os error 25)")
[INFO] [stdout] stack backtrace:
[INFO] [stdout]    0:     0x594b1d8a1861 - <<std[617be2ca0a6fd877]::sys::backtrace::BacktraceLock>::print::DisplayBacktrace as core[a373ad73a504971]::fmt::Display>::fmt
[INFO] [stdout]    1:     0x594b1d8b585a - core[a373ad73a504971]::fmt::write
[INFO] [stdout]    2:     0x594b1d8a5a7c - <alloc[2e1b2a31b91974c5]::vec::Vec<u8> as core[a373ad73a504971]::io::write::Write>::write_fmt
[INFO] [stdout]    3:     0x594b1d87dcc6 - std[617be2ca0a6fd877]::panicking::default_hook::{closure#0}
[INFO] [stdout]    4:     0x594b1d899ef9 - std[617be2ca0a6fd877]::panicking::default_hook
[INFO] [stdout]    5:     0x594b1d8365a0 - test[aada8e7e76ba119b]::test_main_inner::{closure#0}
[INFO] [stdout]    6:     0x594b1d89a0b2 - std[617be2ca0a6fd877]::panicking::panic_with_hook
[INFO] [stdout]    7:     0x594b1d87dd72 - std[617be2ca0a6fd877]::panicking::panic_handler::{closure#0}
[INFO] [stdout]    8:     0x594b1d876a89 - std[617be2ca0a6fd877]::sys::backtrace::__rust_end_short_backtrace::<std[617be2ca0a6fd877]::panicking::panic_handler::{closure#0}, !>
[INFO] [stdout]    9:     0x594b1d87e97d - __rustc[ea4f61d10b84890b]::rust_begin_unwind
[INFO] [stdout]   10:     0x594b1d8b5f8c - core[a373ad73a504971]::panicking::panic_fmt
[INFO] [stdout]   11:     0x594b1d8b5d62 - core[a373ad73a504971]::result::unwrap_failed
[INFO] [stdout]   12:     0x594b1d829093 - <screen_printer[176cef3ada3db285]::dynamic_printer::tests::get_origin_from_printing_potision_tests::x_left_position::{closure#0} as core[a373ad73a504971]::ops::function::FnOnce<()>>::call_once
[INFO] [stdout]   13:     0x594b1d8299eb - test[aada8e7e76ba119b]::__rust_begin_short_backtrace::<core[a373ad73a504971]::result::Result<(), alloc[2e1b2a31b91974c5]::string::String>, fn() -> core[a373ad73a504971]::result::Result<(), alloc[2e1b2a31b91974c5]::string::String>>
[INFO] [stdout]   14:     0x594b1d836bc5 - test[aada8e7e76ba119b]::run_test::{closure#0}
[INFO] [stdout]   15:     0x594b1d8304b4 - std[617be2ca0a6fd877]::sys::backtrace::__rust_begin_short_backtrace::<test[aada8e7e76ba119b]::run_test::{closure#1}, ()>
[INFO] [stdout]   16:     0x594b1d839c52 - <std[617be2ca0a6fd877]::thread::lifecycle::spawn_unchecked<test[aada8e7e76ba119b]::run_test::{closure#1}, ()>::{closure#1} as core[a373ad73a504971]::ops::function::FnOnce<()>>::call_once::{shim:vtable#0}
[INFO] [stdout]   17:     0x594b1d8a10bf - <std[617be2ca0a6fd877]::sys::thread::unix::Thread>::new::thread_start
[INFO] [stdout]   18:     0x7c8c53f13dfa - <unknown>
[INFO] [stdout]   19:     0x7c8c53fa73d4 - clone
[INFO] [stdout]   20:                0x0 - <unknown>
[INFO] [stdout] 
[INFO] [stdout] ---- dynamic_printer::tests::get_origin_from_printing_potision_tests::y_custom_position stdout ----
[INFO] [stdout] 
[INFO] [stdout] thread 'dynamic_printer::tests::get_origin_from_printing_potision_tests::y_custom_position' (1266) panicked at src/dynamic_printer/tests.rs:505:80:
[INFO] [stdout] called `Result::unwrap()` on an `Err` value: FailedToGetTerminalDimensions("Inappropriate ioctl for device (os error 25)")
[INFO] [stdout] stack backtrace:
[INFO] [stdout]    0:     0x594b1d8a1861 - <<std[617be2ca0a6fd877]::sys::backtrace::BacktraceLock>::print::DisplayBacktrace as core[a373ad73a504971]::fmt::Display>::fmt
[INFO] [stdout]    1:     0x594b1d8b585a - core[a373ad73a504971]::fmt::write
[INFO] [stdout]    2:     0x594b1d8a5a7c - <alloc[2e1b2a31b91974c5]::vec::Vec<u8> as core[a373ad73a504971]::io::write::Write>::write_fmt
[INFO] [stdout]    3:     0x594b1d87dcc6 - std[617be2ca0a6fd877]::panicking::default_hook::{closure#0}
[INFO] [stdout]    4:     0x594b1d899ef9 - std[617be2ca0a6fd877]::panicking::default_hook
[INFO] [stdout]    5:     0x594b1d8365a0 - test[aada8e7e76ba119b]::test_main_inner::{closure#0}
[INFO] [stdout]    6:     0x594b1d89a0b2 - std[617be2ca0a6fd877]::panicking::panic_with_hook
[INFO] [stdout]    7:     0x594b1d87dd72 - std[617be2ca0a6fd877]::panicking::panic_handler::{closure#0}
[INFO] [stdout]    8:     0x594b1d876a89 - std[617be2ca0a6fd877]::sys::backtrace::__rust_end_short_backtrace::<std[617be2ca0a6fd877]::panicking::panic_handler::{closure#0}, !>
[INFO] [stdout]    9:     0x594b1d87e97d - __rustc[ea4f61d10b84890b]::rust_begin_unwind
[INFO] [stdout]   10:     0x594b1d8b5f8c - core[a373ad73a504971]::panicking::panic_fmt
[INFO] [stdout]   11:     0x594b1d8b5d62 - core[a373ad73a504971]::result::unwrap_failed
[INFO] [stdout]   12:     0x594b1d8296c3 - <screen_printer[176cef3ada3db285]::dynamic_printer::tests::get_origin_from_printing_potision_tests::y_custom_position::{closure#0} as core[a373ad73a504971]::ops::function::FnOnce<()>>::call_once
[INFO] [stdout]   13:     0x594b1d8299eb - test[aada8e7e76ba119b]::__rust_begin_short_backtrace::<core[a373ad73a504971]::result::Result<(), alloc[2e1b2a31b91974c5]::string::String>, fn() -> core[a373ad73a504971]::result::Result<(), alloc[2e1b2a31b91974c5]::string::String>>
[INFO] [stdout]   14:     0x594b1d836bc5 - test[aada8e7e76ba119b]::run_test::{closure#0}
[INFO] [stdout]   15:     0x594b1d8304b4 - std[617be2ca0a6fd877]::sys::backtrace::__rust_begin_short_backtrace::<test[aada8e7e76ba119b]::run_test::{closure#1}, ()>
[INFO] [stdout]   16:     0x594b1d839c52 - <std[617be2ca0a6fd877]::thread::lifecycle::spawn_unchecked<test[aada8e7e76ba119b]::run_test::{closure#1}, ()>::{closure#1} as core[a373ad73a504971]::ops::function::FnOnce<()>>::call_once::{shim:vtable#0}
[INFO] [stdout]   17:     0x594b1d8a10bf - <std[617be2ca0a6fd877]::sys::thread::unix::Thread>::new::thread_start
[INFO] [stdout]   18:     0x7c8c53f13dfa - <unknown>
[INFO] [stdout]   19:     0x7c8c53fa73d4 - clone
[INFO] [stdout]   20:                0x0 - <unknown>
[INFO] [stdout] 
[INFO] [stdout] ---- dynamic_printer::tests::get_printable_difference_logic::three_pixel_difference::first_two_pixels_together stdout ----
[INFO] [stdout] 
[INFO] [stdout] thread 'dynamic_printer::tests::get_printable_difference_logic::three_pixel_difference::first_two_pixels_together' (1275) panicked at src/dynamic_printer/tests.rs:550:64:
[INFO] [stdout] called `Result::unwrap()` on an `Err` value: FailedToGetTerminalDimensions("Inappropriate ioctl for device (os error 25)")
[INFO] [stdout] stack backtrace:
[INFO] [stdout]    0:     0x594b1d8a1861 - <<std[617be2ca0a6fd877]::sys::backtrace::BacktraceLock>::print::DisplayBacktrace as core[a373ad73a504971]::fmt::Display>::fmt
[INFO] [stdout]    1:     0x594b1d8b585a - core[a373ad73a504971]::fmt::write
[INFO] [stdout]    2:     0x594b1d8a5a7c - <alloc[2e1b2a31b91974c5]::vec::Vec<u8> as core[a373ad73a504971]::io::write::Write>::write_fmt
[INFO] [stdout]    3:     0x594b1d87dcc6 - std[617be2ca0a6fd877]::panicking::default_hook::{closure#0}
[INFO] [stdout]    4:     0x594b1d899ef9 - std[617be2ca0a6fd877]::panicking::default_hook
[INFO] [stdout]    5:     0x594b1d8365a0 - test[aada8e7e76ba119b]::test_main_inner::{closure#0}
[INFO] [stdout]    6:     0x594b1d89a0b2 - std[617be2ca0a6fd877]::panicking::panic_with_hook
[INFO] [stdout]    7:     0x594b1d87dd72 - std[617be2ca0a6fd877]::panicking::panic_handler::{closure#0}
[INFO] [stdout]    8:     0x594b1d876a89 - std[617be2ca0a6fd877]::sys::backtrace::__rust_end_short_backtrace::<std[617be2ca0a6fd877]::panicking::panic_handler::{closure#0}, !>
[INFO] [stdout]    9:     0x594b1d87e97d - __rustc[ea4f61d10b84890b]::rust_begin_unwind
[INFO] [stdout]   10:     0x594b1d8b5f8c - core[a373ad73a504971]::panicking::panic_fmt
[INFO] [stdout]   11:     0x594b1d8b5d62 - core[a373ad73a504971]::result::unwrap_failed
[INFO] [stdout]   12:     0x594b1d82302d - screen_printer[176cef3ada3db285]::dynamic_printer::tests::get_preassigned_printer
[INFO] [stdout]   13:     0x594b1d82758e - <screen_printer[176cef3ada3db285]::dynamic_printer::tests::get_printable_difference_logic::three_pixel_difference::first_two_pixels_together::{closure#0} as core[a373ad73a504971]::ops::function::FnOnce<()>>::call_once
[INFO] [stdout]   14:     0x594b1d8299eb - test[aada8e7e76ba119b]::__rust_begin_short_backtrace::<core[a373ad73a504971]::result::Result<(), alloc[2e1b2a31b91974c5]::string::String>, fn() -> core[a373ad73a504971]::result::Result<(), alloc[2e1b2a31b91974c5]::string::String>>
[INFO] [stdout]   15:     0x594b1d836bc5 - test[aada8e7e76ba119b]::run_test::{closure#0}
[INFO] [stdout]   16:     0x594b1d8304b4 - std[617be2ca0a6fd877]::sys::backtrace::__rust_begin_short_backtrace::<test[aada8e7e76ba119b]::run_test::{closure#1}, ()>
[INFO] [stdout]   17:     0x594b1d839c52 - <std[617be2ca0a6fd877]::thread::lifecycle::spawn_unchecked<test[aada8e7e76ba119b]::run_test::{closure#1}, ()>::{closure#1} as core[a373ad73a504971]::ops::function::FnOnce<()>>::call_once::{shim:vtable#0}
[INFO] [stdout]   18:     0x594b1d8a10bf - <std[617be2ca0a6fd877]::sys::thread::unix::Thread>::new::thread_start
[INFO] [stdout]   19:     0x7c8c53f13dfa - <unknown>
[INFO] [stdout]   20:     0x7c8c53fa73d4 - clone
[INFO] [stdout]   21:                0x0 - <unknown>
[INFO] [stdout] 
[INFO] [stdout] ---- dynamic_printer::tests::get_printable_difference_logic::three_pixel_difference::different_pixels_are_together stdout ----
[INFO] [stdout] 
[INFO] [stdout] thread 'dynamic_printer::tests::get_printable_difference_logic::three_pixel_difference::different_pixels_are_together' (1274) panicked at src/dynamic_printer/tests.rs:550:64:
[INFO] [stdout] called `Result::unwrap()` on an `Err` value: FailedToGetTerminalDimensions("Inappropriate ioctl for device (os error 25)")
[INFO] [stdout] stack backtrace:
[INFO] [stdout]    0:     0x594b1d8a1861 - <<std[617be2ca0a6fd877]::sys::backtrace::BacktraceLock>::print::DisplayBacktrace as core[a373ad73a504971]::fmt::Display>::fmt
[INFO] [stdout]    1:     0x594b1d8b585a - core[a373ad73a504971]::fmt::write
[INFO] [stdout]    2:     0x594b1d8a5a7c - <alloc[2e1b2a31b91974c5]::vec::Vec<u8> as core[a373ad73a504971]::io::write::Write>::write_fmt
[INFO] [stdout]    3:     0x594b1d87dcc6 - std[617be2ca0a6fd877]::panicking::default_hook::{closure#0}
[INFO] [stdout]    4:     0x594b1d899ef9 - std[617be2ca0a6fd877]::panicking::default_hook
[INFO] [stdout]    5:     0x594b1d8365a0 - test[aada8e7e76ba119b]::test_main_inner::{closure#0}
[INFO] [stdout]    6:     0x594b1d89a0b2 - std[617be2ca0a6fd877]::panicking::panic_with_hook
[INFO] [stdout]    7:     0x594b1d87dd72 - std[617be2ca0a6fd877]::panicking::panic_handler::{closure#0}
[INFO] [stdout]    8:     0x594b1d876a89 - std[617be2ca0a6fd877]::sys::backtrace::__rust_end_short_backtrace::<std[617be2ca0a6fd877]::panicking::panic_handler::{closure#0}, !>
[INFO] [stdout]    9:     0x594b1d87e97d - __rustc[ea4f61d10b84890b]::rust_begin_unwind
[INFO] [stdout]   10:     0x594b1d8b5f8c - core[a373ad73a504971]::panicking::panic_fmt
[INFO] [stdout]   11:     0x594b1d8b5d62 - core[a373ad73a504971]::result::unwrap_failed
[INFO] [stdout]   12:     0x594b1d82302d - screen_printer[176cef3ada3db285]::dynamic_printer::tests::get_preassigned_printer
[INFO] [stdout]   13:     0x594b1d827a4b - <screen_printer[176cef3ada3db285]::dynamic_printer::tests::get_printable_difference_logic::three_pixel_difference::different_pixels_are_together::{closure#0} as core[a373ad73a504971]::ops::function::FnOnce<()>>::call_once
[INFO] [stdout]   14:     0x594b1d8299eb - test[aada8e7e76ba119b]::__rust_begin_short_backtrace::<core[a373ad73a504971]::result::Result<(), alloc[2e1b2a31b91974c5]::string::String>, fn() -> core[a373ad73a504971]::result::Result<(), alloc[2e1b2a31b91974c5]::string::String>>
[INFO] [stdout]   15:     0x594b1d836bc5 - test[aada8e7e76ba119b]::run_test::{closure#0}
[INFO] [stdout]   16:     0x594b1d8304b4 - std[617be2ca0a6fd877]::sys::backtrace::__rust_begin_short_backtrace::<test[aada8e7e76ba119b]::run_test::{closure#1}, ()>
[INFO] [stdout]   17:     0x594b1d839c52 - <std[617be2ca0a6fd877]::thread::lifecycle::spawn_unchecked<test[aada8e7e76ba119b]::run_test::{closure#1}, ()>::{closure#1} as core[a373ad73a504971]::ops::function::FnOnce<()>>::call_once::{shim:vtable#0}
[INFO] [stdout]   18:     0x594b1d8a10bf - <std[617be2ca0a6fd877]::sys::thread::unix::Thread>::new::thread_start
[INFO] [stdout]   19:     0x7c8c53f13dfa - <unknown>
[INFO] [stdout]   20:     0x7c8c53fa73d4 - clone
[INFO] [stdout]   21:                0x0 - <unknown>
[INFO] [stdout] 
[INFO] [stdout] ---- dynamic_printer::tests::get_origin_from_printing_potision_tests::y_middle_position stdout ----
[INFO] [stdout] 
[INFO] [stdout] thread 'dynamic_printer::tests::get_origin_from_printing_potision_tests::y_middle_position' (1267) panicked at src/dynamic_printer/tests.rs:471:80:
[INFO] [stdout] called `Result::unwrap()` on an `Err` value: FailedToGetTerminalDimensions("Inappropriate ioctl for device (os error 25)")
[INFO] [stdout] stack backtrace:
[INFO] [stdout]    0:     0x594b1d8a1861 - <<std[617be2ca0a6fd877]::sys::backtrace::BacktraceLock>::print::DisplayBacktrace as core[a373ad73a504971]::fmt::Display>::fmt
[INFO] [stdout]    1:     0x594b1d8b585a - core[a373ad73a504971]::fmt::write
[INFO] [stdout]    2:     0x594b1d8a5a7c - <alloc[2e1b2a31b91974c5]::vec::Vec<u8> as core[a373ad73a504971]::io::write::Write>::write_fmt
[INFO] [stdout]    3:     0x594b1d87dcc6 - std[617be2ca0a6fd877]::panicking::default_hook::{closure#0}
[INFO] [stdout]    4:     0x594b1d899ef9 - std[617be2ca0a6fd877]::panicking::default_hook
[INFO] [stdout]    5:     0x594b1d8365a0 - test[aada8e7e76ba119b]::test_main_inner::{closure#0}
[INFO] [stdout]    6:     0x594b1d89a0b2 - std[617be2ca0a6fd877]::panicking::panic_with_hook
[INFO] [stdout]    7:     0x594b1d87dd72 - std[617be2ca0a6fd877]::panicking::panic_handler::{closure#0}
[INFO] [stdout]    8:     0x594b1d876a89 - std[617be2ca0a6fd877]::sys::backtrace::__rust_end_short_backtrace::<std[617be2ca0a6fd877]::panicking::panic_handler::{closure#0}, !>
[INFO] [stdout]    9:     0x594b1d87e97d - __rustc[ea4f61d10b84890b]::rust_begin_unwind
[INFO] [stdout]   10:     0x594b1d8b5f8c - core[a373ad73a504971]::panicking::panic_fmt
[INFO] [stdout]   11:     0x594b1d8b5d62 - core[a373ad73a504971]::result::unwrap_failed
[INFO] [stdout]   12:     0x594b1d829857 - <screen_printer[176cef3ada3db285]::dynamic_printer::tests::get_origin_from_printing_potision_tests::y_middle_position::{closure#0} as core[a373ad73a504971]::ops::function::FnOnce<()>>::call_once
[INFO] [stdout]   13:     0x594b1d8299eb - test[aada8e7e76ba119b]::__rust_begin_short_backtrace::<core[a373ad73a504971]::result::Result<(), alloc[2e1b2a31b91974c5]::string::String>, fn() -> core[a373ad73a504971]::result::Result<(), alloc[2e1b2a31b91974c5]::string::String>>
[INFO] [stdout]   14:     0x594b1d836bc5 - test[aada8e7e76ba119b]::run_test::{closure#0}
[INFO] [stdout]   15:     0x594b1d8304b4 - std[617be2ca0a6fd877]::sys::backtrace::__rust_begin_short_backtrace::<test[aada8e7e76ba119b]::run_test::{closure#1}, ()>
[INFO] [stdout]   16:     0x594b1d839c52 - <std[617be2ca0a6fd877]::thread::lifecycle::spawn_unchecked<test[aada8e7e76ba119b]::run_test::{closure#1}, ()>::{closure#1} as core[a373ad73a504971]::ops::function::FnOnce<()>>::call_once::{shim:vtable#0}
[INFO] [stdout]   17:     0x594b1d8a10bf - <std[617be2ca0a6fd877]::sys::thread::unix::Thread>::new::thread_start
[INFO] [stdout]   18:     0x7c8c53f13dfa - <unknown>
[INFO] [stdout]   19:     0x7c8c53fa73d4 - clone
[INFO] [stdout]   20:                0x0 - <unknown>
[INFO] [stdout] 
[INFO] [stdout] ---- dynamic_printer::tests::get_origin_from_printing_potision_tests::y_bottom_position stdout ----
[INFO] [stdout] 
[INFO] [stdout] thread 'dynamic_printer::tests::get_origin_from_printing_potision_tests::y_bottom_position' (1265) panicked at src/dynamic_printer/tests.rs:489:80:
[INFO] [stdout] called `Result::unwrap()` on an `Err` value: FailedToGetTerminalDimensions("Inappropriate ioctl for device (os error 25)")
[INFO] [stdout] stack backtrace:
[INFO] [stdout]    0:     0x594b1d8a1861 - <<std[617be2ca0a6fd877]::sys::backtrace::BacktraceLock>::print::DisplayBacktrace as core[a373ad73a504971]::fmt::Display>::fmt
[INFO] [stdout]    1:     0x594b1d8b585a - core[a373ad73a504971]::fmt::write
[INFO] [stdout]    2:     0x594b1d8a5a7c - <alloc[2e1b2a31b91974c5]::vec::Vec<u8> as core[a373ad73a504971]::io::write::Write>::write_fmt
[INFO] [stdout]    3:     0x594b1d87dcc6 - std[617be2ca0a6fd877]::panicking::default_hook::{closure#0}
[INFO] [stdout]    4:     0x594b1d899ef9 - std[617be2ca0a6fd877]::panicking::default_hook
[INFO] [stdout]    5:     0x594b1d8365a0 - test[aada8e7e76ba119b]::test_main_inner::{closure#0}
[INFO] [stdout]    6:     0x594b1d89a0b2 - std[617be2ca0a6fd877]::panicking::panic_with_hook
[INFO] [stdout]    7:     0x594b1d87dd72 - std[617be2ca0a6fd877]::panicking::panic_handler::{closure#0}
[INFO] [stdout]    8:     0x594b1d876a89 - std[617be2ca0a6fd877]::sys::backtrace::__rust_end_short_backtrace::<std[617be2ca0a6fd877]::panicking::panic_handler::{closure#0}, !>
[INFO] [stdout]    9:     0x594b1d87e97d - __rustc[ea4f61d10b84890b]::rust_begin_unwind
[INFO] [stdout]   10:     0x594b1d8b5f8c - core[a373ad73a504971]::panicking::panic_fmt
[INFO] [stdout]   11:     0x594b1d8b5d62 - core[a373ad73a504971]::result::unwrap_failed
[INFO] [stdout]   12:     0x594b1d8295ca - <screen_printer[176cef3ada3db285]::dynamic_printer::tests::get_origin_from_printing_potision_tests::y_bottom_position::{closure#0} as core[a373ad73a504971]::ops::function::FnOnce<()>>::call_once
[INFO] [stdout]   13:     0x594b1d8299eb - test[aada8e7e76ba119b]::__rust_begin_short_backtrace::<core[a373ad73a504971]::result::Result<(), alloc[2e1b2a31b91974c5]::string::String>, fn() -> core[a373ad73a504971]::result::Result<(), alloc[2e1b2a31b91974c5]::string::String>>
[INFO] [stdout]   14:     0x594b1d836bc5 - test[aada8e7e76ba119b]::run_test::{closure#0}
[INFO] [stdout]   15:     0x594b1d8304b4 - std[617be2ca0a6fd877]::sys::backtrace::__rust_begin_short_backtrace::<test[aada8e7e76ba119b]::run_test::{closure#1}, ()>
[INFO] [stdout]   16:     0x594b1d839c52 - <std[617be2ca0a6fd877]::thread::lifecycle::spawn_unchecked<test[aada8e7e76ba119b]::run_test::{closure#1}, ()>::{closure#1} as core[a373ad73a504971]::ops::function::FnOnce<()>>::call_once::{shim:vtable#0}
[INFO] [stdout]   17:     0x594b1d8a10bf - <std[617be2ca0a6fd877]::sys::thread::unix::Thread>::new::thread_start
[INFO] [stdout]   18:     0x7c8c53f13dfa - <unknown>
[INFO] [stdout]   19:     0x7c8c53fa73d4 - clone
[INFO] [stdout]   20:                0x0 - <unknown>
[INFO] [stdout] 
[INFO] [stdout] ---- dynamic_printer::tests::get_printable_difference_logic::four_pixel_difference::split_pixel_pairs stdout ----
[INFO] [stdout] 
[INFO] [stdout] thread 'dynamic_printer::tests::get_printable_difference_logic::four_pixel_difference::split_pixel_pairs' (1272) panicked at src/dynamic_printer/tests.rs:550:64:
[INFO] [stdout] called `Result::unwrap()` on an `Err` value: FailedToGetTerminalDimensions("Inappropriate ioctl for device (os error 25)")
[INFO] [stdout] stack backtrace:
[INFO] [stdout]    0:     0x594b1d8a1861 - <<std[617be2ca0a6fd877]::sys::backtrace::BacktraceLock>::print::DisplayBacktrace as core[a373ad73a504971]::fmt::Display>::fmt
[INFO] [stdout]    1:     0x594b1d8b585a - core[a373ad73a504971]::fmt::write
[INFO] [stdout]    2:     0x594b1d8a5a7c - <alloc[2e1b2a31b91974c5]::vec::Vec<u8> as core[a373ad73a504971]::io::write::Write>::write_fmt
[INFO] [stdout]    3:     0x594b1d87dcc6 - std[617be2ca0a6fd877]::panicking::default_hook::{closure#0}
[INFO] [stdout]    4:     0x594b1d899ef9 - std[617be2ca0a6fd877]::panicking::default_hook
[INFO] [stdout]    5:     0x594b1d8365a0 - test[aada8e7e76ba119b]::test_main_inner::{closure#0}
[INFO] [stdout]    6:     0x594b1d89a0b2 - std[617be2ca0a6fd877]::panicking::panic_with_hook
[INFO] [stdout]    7:     0x594b1d87dd72 - std[617be2ca0a6fd877]::panicking::panic_handler::{closure#0}
[INFO] [stdout]    8:     0x594b1d876a89 - std[617be2ca0a6fd877]::sys::backtrace::__rust_end_short_backtrace::<std[617be2ca0a6fd877]::panicking::panic_handler::{closure#0}, !>
[INFO] [stdout]    9:     0x594b1d87e97d - __rustc[ea4f61d10b84890b]::rust_begin_unwind
[INFO] [stdout]   10:     0x594b1d8b5f8c - core[a373ad73a504971]::panicking::panic_fmt
[INFO] [stdout]   11:     0x594b1d8b5d62 - core[a373ad73a504971]::result::unwrap_failed
[INFO] [stdout]   12:     0x594b1d82302d - screen_printer[176cef3ada3db285]::dynamic_printer::tests::get_preassigned_printer
[INFO] [stdout]   13:     0x594b1d82683e - <screen_printer[176cef3ada3db285]::dynamic_printer::tests::get_printable_difference_logic::four_pixel_difference::split_pixel_pairs::{closure#0} as core[a373ad73a504971]::ops::function::FnOnce<()>>::call_once
[INFO] [stdout]   14:     0x594b1d8299eb - test[aada8e7e76ba119b]::__rust_begin_short_backtrace::<core[a373ad73a504971]::result::Result<(), alloc[2e1b2a31b91974c5]::string::String>, fn() -> core[a373ad73a504971]::result::Result<(), alloc[2e1b2a31b91974c5]::string::String>>
[INFO] [stdout]   15:     0x594b1d836bc5 - test[aada8e7e76ba119b]::run_test::{closure#0}
[INFO] [stdout]   16:     0x594b1d8304b4 - std[617be2ca0a6fd877]::sys::backtrace::__rust_begin_short_backtrace::<test[aada8e7e76ba119b]::run_test::{closure#1}, ()>
[INFO] [stdout]   17:     0x594b1d839c52 - <std[617be2ca0a6fd877]::thread::lifecycle::spawn_unchecked<test[aada8e7e76ba119b]::run_test::{closure#1}, ()>::{closure#1} as core[a373ad73a504971]::ops::function::FnOnce<()>>::call_once::{shim:vtable#0}
[INFO] [stdout]   18:     0x594b1d8a10bf - <std[617be2ca0a6fd877]::sys::thread::unix::Thread>::new::thread_start
[INFO] [stdout]   19:     0x7c8c53f13dfa - <unknown>
[INFO] [stdout]   20:     0x7c8c53fa73d4 - clone
[INFO] [stdout]   21:                0x0 - <unknown>
[INFO] [stdout] 
[INFO] [stdout] ---- dynamic_printer::tests::get_printable_difference_logic::four_pixel_difference::different_pixels_are_together stdout ----
[INFO] [stdout] 
[INFO] [stdout] thread 'dynamic_printer::tests::get_printable_difference_logic::four_pixel_difference::different_pixels_are_together' (1271) panicked at src/dynamic_printer/tests.rs:550:64:
[INFO] [stdout] called `Result::unwrap()` on an `Err` value: FailedToGetTerminalDimensions("Inappropriate ioctl for device (os error 25)")
[INFO] [stdout] stack backtrace:
[INFO] [stdout]    0:     0x594b1d8a1861 - <<std[617be2ca0a6fd877]::sys::backtrace::BacktraceLock>::print::DisplayBacktrace as core[a373ad73a504971]::fmt::Display>::fmt
[INFO] [stdout]    1:     0x594b1d8b585a - core[a373ad73a504971]::fmt::write
[INFO] [stdout]    2:     0x594b1d8a5a7c - <alloc[2e1b2a31b91974c5]::vec::Vec<u8> as core[a373ad73a504971]::io::write::Write>::write_fmt
[INFO] [stdout]    3:     0x594b1d87dcc6 - std[617be2ca0a6fd877]::panicking::default_hook::{closure#0}
[INFO] [stdout]    4:     0x594b1d899ef9 - std[617be2ca0a6fd877]::panicking::default_hook
[INFO] [stdout]    5:     0x594b1d8365a0 - test[aada8e7e76ba119b]::test_main_inner::{closure#0}
[INFO] [stdout]    6:     0x594b1d89a0b2 - std[617be2ca0a6fd877]::panicking::panic_with_hook
[INFO] [stdout]    7:     0x594b1d87dd72 - std[617be2ca0a6fd877]::panicking::panic_handler::{closure#0}
[INFO] [stdout]    8:     0x594b1d876a89 - std[617be2ca0a6fd877]::sys::backtrace::__rust_end_short_backtrace::<std[617be2ca0a6fd877]::panicking::panic_handler::{closure#0}, !>
[INFO] [stdout]    9:     0x594b1d87e97d - __rustc[ea4f61d10b84890b]::rust_begin_unwind
[INFO] [stdout]   10:     0x594b1d8b5f8c - core[a373ad73a504971]::panicking::panic_fmt
[INFO] [stdout]   11:     0x594b1d8b5d62 - core[a373ad73a504971]::result::unwrap_failed
[INFO] [stdout]   12:     0x594b1d82302d - screen_printer[176cef3ada3db285]::dynamic_printer::tests::get_preassigned_printer
[INFO] [stdout]   13:     0x594b1d826d0b - <screen_printer[176cef3ada3db285]::dynamic_printer::tests::get_printable_difference_logic::four_pixel_difference::different_pixels_are_together::{closure#0} as core[a373ad73a504971]::ops::function::FnOnce<()>>::call_once
[INFO] [stdout]   14:     0x594b1d8299eb - test[aada8e7e76ba119b]::__rust_begin_short_backtrace::<core[a373ad73a504971]::result::Result<(), alloc[2e1b2a31b91974c5]::string::String>, fn() -> core[a373ad73a504971]::result::Result<(), alloc[2e1b2a31b91974c5]::string::String>>
[INFO] [stdout]   15:     0x594b1d836bc5 - test[aada8e7e76ba119b]::run_test::{closure#0}
[INFO] [stdout]   16:     0x594b1d8304b4 - std[617be2ca0a6fd877]::sys::backtrace::__rust_begin_short_backtrace::<test[aada8e7e76ba119b]::run_test::{closure#1}, ()>
[INFO] [stdout]   17:     0x594b1d839c52 - <std[617be2ca0a6fd877]::thread::lifecycle::spawn_unchecked<test[aada8e7e76ba119b]::run_test::{closure#1}, ()>::{closure#1} as core[a373ad73a504971]::ops::function::FnOnce<()>>::call_once::{shim:vtable#0}
[INFO] [stdout]   18:     0x594b1d8a10bf - <std[617be2ca0a6fd877]::sys::thread::unix::Thread>::new::thread_start
[INFO] [stdout]   19:     0x7c8c53f13dfa - <unknown>
[INFO] [stdout]   20:     0x7c8c53fa73d4 - clone
[INFO] [stdout]   21:                0x0 - <unknown>
[INFO] [stdout] 
[INFO] [stdout] ---- dynamic_printer::tests::get_printable_difference_logic::four_pixel_difference::all_pixels_split stdout ----
[INFO] [stdout] 
[INFO] [stdout] thread 'dynamic_printer::tests::get_printable_difference_logic::four_pixel_difference::all_pixels_split' (1270) panicked at src/dynamic_printer/tests.rs:550:64:
[INFO] [stdout] called `Result::unwrap()` on an `Err` value: FailedToGetTerminalDimensions("Inappropriate ioctl for device (os error 25)")
[INFO] [stdout] stack backtrace:
[INFO] [stdout]    0:     0x594b1d8a1861 - <<std[617be2ca0a6fd877]::sys::backtrace::BacktraceLock>::print::DisplayBacktrace as core[a373ad73a504971]::fmt::Display>::fmt
[INFO] [stdout]    1:     0x594b1d8b585a - core[a373ad73a504971]::fmt::write
[INFO] [stdout]    2:     0x594b1d8a5a7c - <alloc[2e1b2a31b91974c5]::vec::Vec<u8> as core[a373ad73a504971]::io::write::Write>::write_fmt
[INFO] [stdout]    3:     0x594b1d87dcc6 - std[617be2ca0a6fd877]::panicking::default_hook::{closure#0}
[INFO] [stdout]    4:     0x594b1d899ef9 - std[617be2ca0a6fd877]::panicking::default_hook
[INFO] [stdout]    5:     0x594b1d8365a0 - test[aada8e7e76ba119b]::test_main_inner::{closure#0}
[INFO] [stdout]    6:     0x594b1d89a0b2 - std[617be2ca0a6fd877]::panicking::panic_with_hook
[INFO] [stdout]    7:     0x594b1d87dd72 - std[617be2ca0a6fd877]::panicking::panic_handler::{closure#0}
[INFO] [stdout]    8:     0x594b1d876a89 - std[617be2ca0a6fd877]::sys::backtrace::__rust_end_short_backtrace::<std[617be2ca0a6fd877]::panicking::panic_handler::{closure#0}, !>
[INFO] [stdout]    9:     0x594b1d87e97d - __rustc[ea4f61d10b84890b]::rust_begin_unwind
[INFO] [stdout]   10:     0x594b1d8b5f8c - core[a373ad73a504971]::panicking::panic_fmt
[INFO] [stdout]   11:     0x594b1d8b5d62 - core[a373ad73a504971]::result::unwrap_failed
[INFO] [stdout]   12:     0x594b1d82302d - screen_printer[176cef3ada3db285]::dynamic_printer::tests::get_preassigned_printer
[INFO] [stdout]   13:     0x594b1d82617e - <screen_printer[176cef3ada3db285]::dynamic_printer::tests::get_printable_difference_logic::four_pixel_difference::all_pixels_split::{closure#0} as core[a373ad73a504971]::ops::function::FnOnce<()>>::call_once
[INFO] [stdout]   14:     0x594b1d8299eb - test[aada8e7e76ba119b]::__rust_begin_short_backtrace::<core[a373ad73a504971]::result::Result<(), alloc[2e1b2a31b91974c5]::string::String>, fn() -> core[a373ad73a504971]::result::Result<(), alloc[2e1b2a31b91974c5]::string::String>>
[INFO] [stdout]   15:     0x594b1d836bc5 - test[aada8e7e76ba119b]::run_test::{closure#0}
[INFO] [stdout]   16:     0x594b1d8304b4 - std[617be2ca0a6fd877]::sys::backtrace::__rust_begin_short_backtrace::<test[aada8e7e76ba119b]::run_test::{closure#1}, ()>
[INFO] [stdout]   17:     0x594b1d839c52 - <std[617be2ca0a6fd877]::thread::lifecycle::spawn_unchecked<test[aada8e7e76ba119b]::run_test::{closure#1}, ()>::{closure#1} as core[a373ad73a504971]::ops::function::FnOnce<()>>::call_once::{shim:vtable#0}
[INFO] [stdout]   18:     0x594b1d8a10bf - <std[617be2ca0a6fd877]::sys::thread::unix::Thread>::new::thread_start
[INFO] [stdout]   19:     0x7c8c53f13dfa - <unknown>
[INFO] [stdout]   20:     0x7c8c53fa73d4 - clone
[INFO] [stdout]   21:                0x0 - <unknown>
[INFO] [stdout] 
[INFO] [stdout] ---- dynamic_printer::tests::get_printable_difference_logic::entire_grid_difference stdout ----
[INFO] [stdout] 
[INFO] [stdout] thread 'dynamic_printer::tests::get_printable_difference_logic::entire_grid_difference' (1269) panicked at src/dynamic_printer/tests.rs:550:64:
[INFO] [stdout] called `Result::unwrap()` on an `Err` value: FailedToGetTerminalDimensions("Inappropriate ioctl for device (os error 25)")
[INFO] [stdout] stack backtrace:
[INFO] [stdout]    0:     0x594b1d8a1861 - <<std[617be2ca0a6fd877]::sys::backtrace::BacktraceLock>::print::DisplayBacktrace as core[a373ad73a504971]::fmt::Display>::fmt
[INFO] [stdout]    1:     0x594b1d8b585a - core[a373ad73a504971]::fmt::write
[INFO] [stdout]    2:     0x594b1d8a5a7c - <alloc[2e1b2a31b91974c5]::vec::Vec<u8> as core[a373ad73a504971]::io::write::Write>::write_fmt
[INFO] [stdout]    3:     0x594b1d87dcc6 - std[617be2ca0a6fd877]::panicking::default_hook::{closure#0}
[INFO] [stdout]    4:     0x594b1d899ef9 - std[617be2ca0a6fd877]::panicking::default_hook
[INFO] [stdout]    5:     0x594b1d8365a0 - test[aada8e7e76ba119b]::test_main_inner::{closure#0}
[INFO] [stdout]    6:     0x594b1d89a0b2 - std[617be2ca0a6fd877]::panicking::panic_with_hook
[INFO] [stdout]    7:     0x594b1d87dd72 - std[617be2ca0a6fd877]::panicking::panic_handler::{closure#0}
[INFO] [stdout]    8:     0x594b1d876a89 - std[617be2ca0a6fd877]::sys::backtrace::__rust_end_short_backtrace::<std[617be2ca0a6fd877]::panicking::panic_handler::{closure#0}, !>
[INFO] [stdout]    9:     0x594b1d87e97d - __rustc[ea4f61d10b84890b]::rust_begin_unwind
[INFO] [stdout]   10:     0x594b1d8b5f8c - core[a373ad73a504971]::panicking::panic_fmt
[INFO] [stdout]   11:     0x594b1d8b5d62 - core[a373ad73a504971]::result::unwrap_failed
[INFO] [stdout]   12:     0x594b1d82302d - screen_printer[176cef3ada3db285]::dynamic_printer::tests::get_preassigned_printer
[INFO] [stdout]   13:     0x594b1d825d5b - <screen_printer[176cef3ada3db285]::dynamic_printer::tests::get_printable_difference_logic::entire_grid_difference::{closure#0} as core[a373ad73a504971]::ops::function::FnOnce<()>>::call_once
[INFO] [stdout]   14:     0x594b1d8299eb - test[aada8e7e76ba119b]::__rust_begin_short_backtrace::<core[a373ad73a504971]::result::Result<(), alloc[2e1b2a31b91974c5]::string::String>, fn() -> core[a373ad73a504971]::result::Result<(), alloc[2e1b2a31b91974c5]::string::String>>
[INFO] [stdout]   15:     0x594b1d836bc5 - test[aada8e7e76ba119b]::run_test::{closure#0}
[INFO] [stdout]   16:     0x594b1d8304b4 - std[617be2ca0a6fd877]::sys::backtrace::__rust_begin_short_backtrace::<test[aada8e7e76ba119b]::run_test::{closure#1}, ()>
[INFO] [stdout]   17:     0x594b1d839c52 - <std[617be2ca0a6fd877]::thread::lifecycle::spawn_unchecked<test[aada8e7e76ba119b]::run_test::{closure#1}, ()>::{closure#1} as core[a373ad73a504971]::ops::function::FnOnce<()>>::call_once::{shim:vtable#0}
[INFO] [stdout]   18:     0x594b1d8a10bf - <std[617be2ca0a6fd877]::sys::thread::unix::Thread>::new::thread_start
[INFO] [stdout]   19:     0x7c8c53f13dfa - <unknown>
[INFO] [stdout]   20:     0x7c8c53fa73d4 - clone
[INFO] [stdout]   21:                0x0 - <unknown>
[INFO] [stdout] 
[INFO] [stdout] ---- dynamic_printer::tests::get_origin_from_printing_potision_tests::x_middle_position stdout ----
[INFO] [stdout] 
[INFO] [stdout] thread 'dynamic_printer::tests::get_origin_from_printing_potision_tests::x_middle_position' (1263) panicked at src/dynamic_printer/tests.rs:421:80:
[INFO] [stdout] called `Result::unwrap()` on an `Err` value: FailedToGetTerminalDimensions("Inappropriate ioctl for device (os error 25)")
[INFO] [stdout] stack backtrace:
[INFO] [stdout]    0:     0x594b1d8a1861 - <<std[617be2ca0a6fd877]::sys::backtrace::BacktraceLock>::print::DisplayBacktrace as core[a373ad73a504971]::fmt::Display>::fmt
[INFO] [stdout]    1:     0x594b1d8b585a - core[a373ad73a504971]::fmt::write
[INFO] [stdout]    2:     0x594b1d8a5a7c - <alloc[2e1b2a31b91974c5]::vec::Vec<u8> as core[a373ad73a504971]::io::write::Write>::write_fmt
[INFO] [stdout]    3:     0x594b1d87dcc6 - std[617be2ca0a6fd877]::panicking::default_hook::{closure#0}
[INFO] [stdout]    4:     0x594b1d899ef9 - std[617be2ca0a6fd877]::panicking::default_hook
[INFO] [stdout]    5:     0x594b1d8365a0 - test[aada8e7e76ba119b]::test_main_inner::{closure#0}
[INFO] [stdout]    6:     0x594b1d89a0b2 - std[617be2ca0a6fd877]::panicking::panic_with_hook
[INFO] [stdout]    7:     0x594b1d87dd72 - std[617be2ca0a6fd877]::panicking::panic_handler::{closure#0}
[INFO] [stdout]    8:     0x594b1d876a89 - std[617be2ca0a6fd877]::sys::backtrace::__rust_end_short_backtrace::<std[617be2ca0a6fd877]::panicking::panic_handler::{closure#0}, !>
[INFO] [stdout]    9:     0x594b1d87e97d - __rustc[ea4f61d10b84890b]::rust_begin_unwind
[INFO] [stdout]   10:     0x594b1d8b5f8c - core[a373ad73a504971]::panicking::panic_fmt
[INFO] [stdout]   11:     0x594b1d8b5d62 - core[a373ad73a504971]::result::unwrap_failed
[INFO] [stdout]   12:     0x594b1d8294a7 - <screen_printer[176cef3ada3db285]::dynamic_printer::tests::get_origin_from_printing_potision_tests::x_middle_position::{closure#0} as core[a373ad73a504971]::ops::function::FnOnce<()>>::call_once
[INFO] [stdout]   13:     0x594b1d8299eb - test[aada8e7e76ba119b]::__rust_begin_short_backtrace::<core[a373ad73a504971]::result::Result<(), alloc[2e1b2a31b91974c5]::string::String>, fn() -> core[a373ad73a504971]::result::Result<(), alloc[2e1b2a31b91974c5]::string::String>>
[INFO] [stdout]   14:     0x594b1d836bc5 - test[aada8e7e76ba119b]::run_test::{closure#0}
[INFO] [stdout]   15:     0x594b1d8304b4 - std[617be2ca0a6fd877]::sys::backtrace::__rust_begin_short_backtrace::<test[aada8e7e76ba119b]::run_test::{closure#1}, ()>
[INFO] [stdout]   16:     0x594b1d839c52 - <std[617be2ca0a6fd877]::thread::lifecycle::spawn_unchecked<test[aada8e7e76ba119b]::run_test::{closure#1}, ()>::{closure#1} as core[a373ad73a504971]::ops::function::FnOnce<()>>::call_once::{shim:vtable#0}
[INFO] [stdout]   17:     0x594b1d8a10bf - <std[617be2ca0a6fd877]::sys::thread::unix::Thread>::new::thread_start
[INFO] [stdout]   18:     0x7c8c53f13dfa - <unknown>
[INFO] [stdout]   19:     0x7c8c53fa73d4 - clone
[INFO] [stdout]   20:                0x0 - <unknown>
[INFO] [stdout] 
[INFO] [stdout] ---- dynamic_printer::tests::get_printable_difference_logic::three_pixel_difference::last_two_pixels_together stdout ----
[INFO] [stdout] 
[INFO] [stdout] thread 'dynamic_printer::tests::get_printable_difference_logic::three_pixel_difference::last_two_pixels_together' (1276) panicked at src/dynamic_printer/tests.rs:550:64:
[INFO] [stdout] called `Result::unwrap()` on an `Err` value: FailedToGetTerminalDimensions("Inappropriate ioctl for device (os error 25)")
[INFO] [stdout] stack backtrace:
[INFO] [stdout]    0:     0x594b1d8a1861 - <<std[617be2ca0a6fd877]::sys::backtrace::BacktraceLock>::print::DisplayBacktrace as core[a373ad73a504971]::fmt::Display>::fmt
[INFO] [stdout]    1:     0x594b1d8b585a - core[a373ad73a504971]::fmt::write
[INFO] [stdout]    2:     0x594b1d8a5a7c - <alloc[2e1b2a31b91974c5]::vec::Vec<u8> as core[a373ad73a504971]::io::write::Write>::write_fmt
[INFO] [stdout]    3:     0x594b1d87dcc6 - std[617be2ca0a6fd877]::panicking::default_hook::{closure#0}
[INFO] [stdout]    4:     0x594b1d899ef9 - std[617be2ca0a6fd877]::panicking::default_hook
[INFO] [stdout]    5:     0x594b1d8365a0 - test[aada8e7e76ba119b]::test_main_inner::{closure#0}
[INFO] [stdout]    6:     0x594b1d89a0b2 - std[617be2ca0a6fd877]::panicking::panic_with_hook
[INFO] [stdout]    7:     0x594b1d87dd72 - std[617be2ca0a6fd877]::panicking::panic_handler::{closure#0}
[INFO] [stdout]    8:     0x594b1d876a89 - std[617be2ca0a6fd877]::sys::backtrace::__rust_end_short_backtrace::<std[617be2ca0a6fd877]::panicking::panic_handler::{closure#0}, !>
[INFO] [stdout]    9:     0x594b1d87e97d - __rustc[ea4f61d10b84890b]::rust_begin_unwind
[INFO] [stdout]   10:     0x594b1d8b5f8c - core[a373ad73a504971]::panicking::panic_fmt
[INFO] [stdout]   11:     0x594b1d8b5d62 - core[a373ad73a504971]::result::unwrap_failed
[INFO] [stdout]   12:     0x594b1d82302d - screen_printer[176cef3ada3db285]::dynamic_printer::tests::get_preassigned_printer
[INFO] [stdout]   13:     0x594b1d8270ce - <screen_printer[176cef3ada3db285]::dynamic_printer::tests::get_printable_difference_logic::three_pixel_difference::last_two_pixels_together::{closure#0} as core[a373ad73a504971]::ops::function::FnOnce<()>>::call_once
[INFO] [stdout]   14:     0x594b1d8299eb - test[aada8e7e76ba119b]::__rust_begin_short_backtrace::<core[a373ad73a504971]::result::Result<(), alloc[2e1b2a31b91974c5]::string::String>, fn() -> core[a373ad73a504971]::result::Result<(), alloc[2e1b2a31b91974c5]::string::String>>
[INFO] [stdout]   15:     0x594b1d836bc5 - test[aada8e7e76ba119b]::run_test::{closure#0}
[INFO] [stdout]   16:     0x594b1d8304b4 - std[617be2ca0a6fd877]::sys::backtrace::__rust_begin_short_backtrace::<test[aada8e7e76ba119b]::run_test::{closure#1}, ()>
[INFO] [stdout]   17:     0x594b1d839c52 - <std[617be2ca0a6fd877]::thread::lifecycle::spawn_unchecked<test[aada8e7e76ba119b]::run_test::{closure#1}, ()>::{closure#1} as core[a373ad73a504971]::ops::function::FnOnce<()>>::call_once::{shim:vtable#0}
[INFO] [stdout]   18:     0x594b1d8a10bf - <std[617be2ca0a6fd877]::sys::thread::unix::Thread>::new::thread_start
[INFO] [stdout]   19:     0x7c8c53f13dfa - <unknown>
[INFO] [stdout]   20:     0x7c8c53fa73d4 - clone
[INFO] [stdout]   21:                0x0 - <unknown>
[INFO] [stdout] 
[INFO] [stdout] ---- dynamic_printer::tests::get_printable_difference_logic::two_pixel_difference::different_pixels_are_apart stdout ----
[INFO] [stdout] 
[INFO] [stdout] thread 'dynamic_printer::tests::get_printable_difference_logic::two_pixel_difference::different_pixels_are_apart' (1278) panicked at src/dynamic_printer/tests.rs:550:64:
[INFO] [stdout] called `Result::unwrap()` on an `Err` value: FailedToGetTerminalDimensions("Inappropriate ioctl for device (os error 25)")
[INFO] [stdout] stack backtrace:
[INFO] [stdout]    0:     0x594b1d8a1861 - <<std[617be2ca0a6fd877]::sys::backtrace::BacktraceLock>::print::DisplayBacktrace as core[a373ad73a504971]::fmt::Display>::fmt
[INFO] [stdout]    1:     0x594b1d8b585a - core[a373ad73a504971]::fmt::write
[INFO] [stdout]    2:     0x594b1d8a5a7c - <alloc[2e1b2a31b91974c5]::vec::Vec<u8> as core[a373ad73a504971]::io::write::Write>::write_fmt
[INFO] [stdout]    3:     0x594b1d87dcc6 - std[617be2ca0a6fd877]::panicking::default_hook::{closure#0}
[INFO] [stdout]    4:     0x594b1d899ef9 - std[617be2ca0a6fd877]::panicking::default_hook
[INFO] [stdout]    5:     0x594b1d8365a0 - test[aada8e7e76ba119b]::test_main_inner::{closure#0}
[INFO] [stdout]    6:     0x594b1d89a0b2 - std[617be2ca0a6fd877]::panicking::panic_with_hook
[INFO] [stdout]    7:     0x594b1d87dd72 - std[617be2ca0a6fd877]::panicking::panic_handler::{closure#0}
[INFO] [stdout]    8:     0x594b1d876a89 - std[617be2ca0a6fd877]::sys::backtrace::__rust_end_short_backtrace::<std[617be2ca0a6fd877]::panicking::panic_handler::{closure#0}, !>
[INFO] [stdout]    9:     0x594b1d87e97d - __rustc[ea4f61d10b84890b]::rust_begin_unwind
[INFO] [stdout]   10:     0x594b1d8b5f8c - core[a373ad73a504971]::panicking::panic_fmt
[INFO] [stdout]   11:     0x594b1d8b5d62 - core[a373ad73a504971]::result::unwrap_failed
[INFO] [stdout]   12:     0x594b1d82302d - screen_printer[176cef3ada3db285]::dynamic_printer::tests::get_preassigned_printer
[INFO] [stdout]   13:     0x594b1d823afe - <screen_printer[176cef3ada3db285]::dynamic_printer::tests::get_printable_difference_logic::two_pixel_difference::different_pixels_are_apart::{closure#0} as core[a373ad73a504971]::ops::function::FnOnce<()>>::call_once
[INFO] [stdout]   14:     0x594b1d8299eb - test[aada8e7e76ba119b]::__rust_begin_short_backtrace::<core[a373ad73a504971]::result::Result<(), alloc[2e1b2a31b91974c5]::string::String>, fn() -> core[a373ad73a504971]::result::Result<(), alloc[2e1b2a31b91974c5]::string::String>>
[INFO] [stdout]   15:     0x594b1d836bc5 - test[aada8e7e76ba119b]::run_test::{closure#0}
[INFO] [stdout]   16:     0x594b1d8304b4 - std[617be2ca0a6fd877]::sys::backtrace::__rust_begin_short_backtrace::<test[aada8e7e76ba119b]::run_test::{closure#1}, ()>
[INFO] [stdout]   17:     0x594b1d839c52 - <std[617be2ca0a6fd877]::thread::lifecycle::spawn_unchecked<test[aada8e7e76ba119b]::run_test::{closure#1}, ()>::{closure#1} as core[a373ad73a504971]::ops::function::FnOnce<()>>::call_once::{shim:vtable#0}
[INFO] [stdout]   18:     0x594b1d8a10bf - <std[617be2ca0a6fd877]::sys::thread::unix::Thread>::new::thread_start
[INFO] [stdout]   19:     0x7c8c53f13dfa - <unknown>
[INFO] [stdout]   20:     0x7c8c53fa73d4 - clone
[INFO] [stdout]   21:                0x0 - <unknown>
[INFO] [stdout] 
[INFO] [stdout] ---- dynamic_printer::tests::get_printable_difference_logic::two_pixel_difference::different_pixels_are_together stdout ----
[INFO] [stdout] 
[INFO] [stdout] thread 'dynamic_printer::tests::get_printable_difference_logic::two_pixel_difference::different_pixels_are_together' (1279) panicked at src/dynamic_printer/tests.rs:550:64:
[INFO] [stdout] called `Result::unwrap()` on an `Err` value: FailedToGetTerminalDimensions("Inappropriate ioctl for device (os error 25)")
[INFO] [stdout] stack backtrace:
[INFO] [stdout]    0:     0x594b1d8a1861 - <<std[617be2ca0a6fd877]::sys::backtrace::BacktraceLock>::print::DisplayBacktrace as core[a373ad73a504971]::fmt::Display>::fmt
[INFO] [stdout]    1:     0x594b1d8b585a - core[a373ad73a504971]::fmt::write
[INFO] [stdout]    2:     0x594b1d8a5a7c - <alloc[2e1b2a31b91974c5]::vec::Vec<u8> as core[a373ad73a504971]::io::write::Write>::write_fmt
[INFO] [stdout]    3:     0x594b1d87dcc6 - std[617be2ca0a6fd877]::panicking::default_hook::{closure#0}
[INFO] [stdout]    4:     0x594b1d899ef9 - std[617be2ca0a6fd877]::panicking::default_hook
[INFO] [stdout]    5:     0x594b1d8365a0 - test[aada8e7e76ba119b]::test_main_inner::{closure#0}
[INFO] [stdout]    6:     0x594b1d89a0b2 - std[617be2ca0a6fd877]::panicking::panic_with_hook
[INFO] [stdout]    7:     0x594b1d87dd72 - std[617be2ca0a6fd877]::panicking::panic_handler::{closure#0}
[INFO] [stdout]    8:     0x594b1d876a89 - std[617be2ca0a6fd877]::sys::backtrace::__rust_end_short_backtrace::<std[617be2ca0a6fd877]::panicking::panic_handler::{closure#0}, !>
[INFO] [stdout]    9:     0x594b1d87e97d - __rustc[ea4f61d10b84890b]::rust_begin_unwind
[INFO] [stdout]   10:     0x594b1d8b5f8c - core[a373ad73a504971]::panicking::panic_fmt
[INFO] [stdout]   11:     0x594b1d8b5d62 - core[a373ad73a504971]::result::unwrap_failed
[INFO] [stdout]   12:     0x594b1d82302d - screen_printer[176cef3ada3db285]::dynamic_printer::tests::get_preassigned_printer
[INFO] [stdout]   13:     0x594b1d823fab - <screen_printer[176cef3ada3db285]::dynamic_printer::tests::get_printable_difference_logic::two_pixel_difference::different_pixels_are_together::{closure#0} as core[a373ad73a504971]::ops::function::FnOnce<()>>::call_once
[INFO] [stdout]   14:     0x594b1d8299eb - test[aada8e7e76ba119b]::__rust_begin_short_backtrace::<core[a373ad73a504971]::result::Result<(), alloc[2e1b2a31b91974c5]::string::String>, fn() -> core[a373ad73a504971]::result::Result<(), alloc[2e1b2a31b91974c5]::string::String>>
[INFO] [stdout]   15:     0x594b1d836bc5 - test[aada8e7e76ba119b]::run_test::{closure#0}
[INFO] [stdout]   16:     0x594b1d8304b4 - std[617be2ca0a6fd877]::sys::backtrace::__rust_begin_short_backtrace::<test[aada8e7e76ba119b]::run_test::{closure#1}, ()>
[INFO] [stdout]   17:     0x594b1d839c52 - <std[617be2ca0a6fd877]::thread::lifecycle::spawn_unchecked<test[aada8e7e76ba119b]::run_test::{closure#1}, ()>::{closure#1} as core[a373ad73a504971]::ops::function::FnOnce<()>>::call_once::{shim:vtable#0}
[INFO] [stdout]   18:     0x594b1d8a10bf - <std[617be2ca0a6fd877]::sys::thread::unix::Thread>::new::thread_start
[INFO] [stdout]   19:     0x7c8c53f13dfa - <unknown>
[INFO] [stdout]   20:     0x7c8c53fa73d4 - clone
[INFO] [stdout]   21:                0x0 - <unknown>
[INFO] [stdout] 
[INFO] [stdout] ---- dynamic_printer::tests::get_printable_difference_logic::one_pixel_difference stdout ----
[INFO] [stdout] 
[INFO] [stdout] thread 'dynamic_printer::tests::get_printable_difference_logic::one_pixel_difference' (1273) panicked at src/dynamic_printer/tests.rs:550:64:
[INFO] [stdout] called `Result::unwrap()` on an `Err` value: FailedToGetTerminalDimensions("Inappropriate ioctl for device (os error 25)")
[INFO] [stdout] stack backtrace:
[INFO] [stdout]    0:     0x594b1d8a1861 - <<std[617be2ca0a6fd877]::sys::backtrace::BacktraceLock>::print::DisplayBacktrace as core[a373ad73a504971]::fmt::Display>::fmt
[INFO] [stdout]    1:     0x594b1d8b585a - core[a373ad73a504971]::fmt::write
[INFO] [stdout]    2:     0x594b1d8a5a7c - <alloc[2e1b2a31b91974c5]::vec::Vec<u8> as core[a373ad73a504971]::io::write::Write>::write_fmt
[INFO] [stdout]    3:     0x594b1d87dcc6 - std[617be2ca0a6fd877]::panicking::default_hook::{closure#0}
[INFO] [stdout]    4:     0x594b1d899ef9 - std[617be2ca0a6fd877]::panicking::default_hook
[INFO] [stdout]    5:     0x594b1d8365a0 - test[aada8e7e76ba119b]::test_main_inner::{closure#0}
[INFO] [stdout]    6:     0x594b1d89a0b2 - std[617be2ca0a6fd877]::panicking::panic_with_hook
[INFO] [stdout]    7:     0x594b1d87dd72 - std[617be2ca0a6fd877]::panicking::panic_handler::{closure#0}
[INFO] [stdout]    8:     0x594b1d876a89 - std[617be2ca0a6fd877]::sys::backtrace::__rust_end_short_backtrace::<std[617be2ca0a6fd877]::panicking::panic_handler::{closure#0}, !>
[INFO] [stdout]    9:     0x594b1d87e97d - __rustc[ea4f61d10b84890b]::rust_begin_unwind
[INFO] [stdout]   10:     0x594b1d8b5f8c - core[a373ad73a504971]::panicking::panic_fmt
[INFO] [stdout]   11:     0x594b1d8b5d62 - core[a373ad73a504971]::result::unwrap_failed
[INFO] [stdout]   12:     0x594b1d82302d - screen_printer[176cef3ada3db285]::dynamic_printer::tests::get_preassigned_printer
[INFO] [stdout]   13:     0x594b1d8259bb - <screen_printer[176cef3ada3db285]::dynamic_printer::tests::get_printable_difference_logic::one_pixel_difference::{closure#0} as core[a373ad73a504971]::ops::function::FnOnce<()>>::call_once
[INFO] [stdout]   14:     0x594b1d8299eb - test[aada8e7e76ba119b]::__rust_begin_short_backtrace::<core[a373ad73a504971]::result::Result<(), alloc[2e1b2a31b91974c5]::string::String>, fn() -> core[a373ad73a504971]::result::Result<(), alloc[2e1b2a31b91974c5]::string::String>>
[INFO] [stdout]   15:     0x594b1d836bc5 - test[aada8e7e76ba119b]::run_test::{closure#0}
[INFO] [stdout]   16:     0x594b1d8304b4 - std[617be2ca0a6fd877]::sys::backtrace::__rust_begin_short_backtrace::<test[aada8e7e76ba119b]::run_test::{closure#1}, ()>
[INFO] [stdout]   17:     0x594b1d839c52 - <std[617be2ca0a6fd877]::thread::lifecycle::spawn_unchecked<test[aada8e7e76ba119b]::run_test::{closure#1}, ()>::{closure#1} as core[a373ad73a504971]::ops::function::FnOnce<()>>::call_once::{shim:vtable#0}
[INFO] [stdout]   18:     0x594b1d8a10bf - <std[617be2ca0a6fd877]::sys::thread::unix::Thread>::new::thread_start
[INFO] [stdout]   19:     0x7c8c53f13dfa - <unknown>
[INFO] [stdout]   20:     0x7c8c53fa73d4 - clone
[INFO] [stdout]   21:                0x0 - <unknown>
[INFO] [stdout] 
[INFO] [stdout] ---- dynamic_printer::tests::get_printable_difference_logic::two_pixel_difference::different_pixels_are_together_right_after_newline stdout ----
[INFO] [stdout] 
[INFO] [stderr] error: test failed, to rerun pass `--lib`
[INFO] [stdout] thread 'dynamic_printer::tests::get_printable_difference_logic::two_pixel_difference::different_pixels_are_together_right_after_newline' (1280) panicked at src/dynamic_printer/tests.rs:550:64:
[INFO] [stdout] called `Result::unwrap()` on an `Err` value: FailedToGetTerminalDimensions("Inappropriate ioctl for device (os error 25)")
[INFO] [stdout] stack backtrace:
[INFO] [stdout]    0:     0x594b1d8a1861 - <<std[617be2ca0a6fd877]::sys::backtrace::BacktraceLock>::print::DisplayBacktrace as core[a373ad73a504971]::fmt::Display>::fmt
[INFO] [stdout]    1:     0x594b1d8b585a - core[a373ad73a504971]::fmt::write
[INFO] [stdout]    2:     0x594b1d8a5a7c - <alloc[2e1b2a31b91974c5]::vec::Vec<u8> as core[a373ad73a504971]::io::write::Write>::write_fmt
[INFO] [stdout]    3:     0x594b1d87dcc6 - std[617be2ca0a6fd877]::panicking::default_hook::{closure#0}
[INFO] [stdout]    4:     0x594b1d899ef9 - std[617be2ca0a6fd877]::panicking::default_hook
[INFO] [stdout]    5:     0x594b1d8365a0 - test[aada8e7e76ba119b]::test_main_inner::{closure#0}
[INFO] [stdout]    6:     0x594b1d89a0b2 - std[617be2ca0a6fd877]::panicking::panic_with_hook
[INFO] [stdout]    7:     0x594b1d87dd72 - std[617be2ca0a6fd877]::panicking::panic_handler::{closure#0}
[INFO] [stdout]    8:     0x594b1d876a89 - std[617be2ca0a6fd877]::sys::backtrace::__rust_end_short_backtrace::<std[617be2ca0a6fd877]::panicking::panic_handler::{closure#0}, !>
[INFO] [stdout]    9:     0x594b1d87e97d - __rustc[ea4f61d10b84890b]::rust_begin_unwind
[INFO] [stdout]   10:     0x594b1d8b5f8c - core[a373ad73a504971]::panicking::panic_fmt
[INFO] [stdout]   11:     0x594b1d8b5d62 - core[a373ad73a504971]::result::unwrap_failed
[INFO] [stdout]   12:     0x594b1d82302d - screen_printer[176cef3ada3db285]::dynamic_printer::tests::get_preassigned_printer
[INFO] [stdout]   13:     0x594b1d824a8b - <screen_printer[176cef3ada3db285]::dynamic_printer::tests::get_printable_difference_logic::two_pixel_difference::different_pixels_are_together_right_after_newline::{closure#0} as core[a373ad73a504971]::ops::function::FnOnce<()>>::call_once
[INFO] [stdout]   14:     0x594b1d8299eb - test[aada8e7e76ba119b]::__rust_begin_short_backtrace::<core[a373ad73a504971]::result::Result<(), alloc[2e1b2a31b91974c5]::string::String>, fn() -> core[a373ad73a504971]::result::Result<(), alloc[2e1b2a31b91974c5]::string::String>>
[INFO] [stdout]   15:     0x594b1d836bc5 - test[aada8e7e76ba119b]::run_test::{closure#0}
[INFO] [stdout]   16:     0x594b1d8304b4 - std[617be2ca0a6fd877]::sys::backtrace::__rust_begin_short_backtrace::<test[aada8e7e76ba119b]::run_test::{closure#1}, ()>
[INFO] [stdout]   17:     0x594b1d839c52 - <std[617be2ca0a6fd877]::thread::lifecycle::spawn_unchecked<test[aada8e7e76ba119b]::run_test::{closure#1}, ()>::{closure#1} as core[a373ad73a504971]::ops::function::FnOnce<()>>::call_once::{shim:vtable#0}
[INFO] [stdout]   18:     0x594b1d8a10bf - <std[617be2ca0a6fd877]::sys::thread::unix::Thread>::new::thread_start
[INFO] [stdout]   19:     0x7c8c53f13dfa - <unknown>
[INFO] [stdout]   20:     0x7c8c53fa73d4 - clone
[INFO] [stdout]   21:                0x0 - <unknown>
[INFO] [stdout] 
[INFO] [stdout] ---- dynamic_printer::tests::get_origin_from_printing_potision_tests::x_custom_position stdout ----
[INFO] [stdout] 
[INFO] [stdout] thread 'dynamic_printer::tests::get_origin_from_printing_potision_tests::x_custom_position' (1261) panicked at src/dynamic_printer/tests.rs:524:80:
[INFO] [stdout] called `Result::unwrap()` on an `Err` value: FailedToGetTerminalDimensions("Inappropriate ioctl for device (os error 25)")
[INFO] [stdout] stack backtrace:
[INFO] [stdout]    0:     0x594b1d8a1861 - <<std[617be2ca0a6fd877]::sys::backtrace::BacktraceLock>::print::DisplayBacktrace as core[a373ad73a504971]::fmt::Display>::fmt
[INFO] [stdout]    1:     0x594b1d8b585a - core[a373ad73a504971]::fmt::write
[INFO] [stdout]    2:     0x594b1d8a5a7c - <alloc[2e1b2a31b91974c5]::vec::Vec<u8> as core[a373ad73a504971]::io::write::Write>::write_fmt
[INFO] [stdout]    3:     0x594b1d87dcc6 - std[617be2ca0a6fd877]::panicking::default_hook::{closure#0}
[INFO] [stdout]    4:     0x594b1d899ef9 - std[617be2ca0a6fd877]::panicking::default_hook
[INFO] [stdout]    5:     0x594b1d8365a0 - test[aada8e7e76ba119b]::test_main_inner::{closure#0}
[INFO] [stdout]    6:     0x594b1d89a0b2 - std[617be2ca0a6fd877]::panicking::panic_with_hook
[INFO] [stdout]    7:     0x594b1d87dd72 - std[617be2ca0a6fd877]::panicking::panic_handler::{closure#0}
[INFO] [stdout]    8:     0x594b1d876a89 - std[617be2ca0a6fd877]::sys::backtrace::__rust_end_short_backtrace::<std[617be2ca0a6fd877]::panicking::panic_handler::{closure#0}, !>
[INFO] [stdout]    9:     0x594b1d87e97d - __rustc[ea4f61d10b84890b]::rust_begin_unwind
[INFO] [stdout]   10:     0x594b1d8b5f8c - core[a373ad73a504971]::panicking::panic_fmt
[INFO] [stdout]   11:     0x594b1d8b5d62 - core[a373ad73a504971]::result::unwrap_failed
[INFO] [stdout]   12:     0x594b1d8292cd - <screen_printer[176cef3ada3db285]::dynamic_printer::tests::get_origin_from_printing_potision_tests::x_custom_position::{closure#0} as core[a373ad73a504971]::ops::function::FnOnce<()>>::call_once
[INFO] [stdout]   13:     0x594b1d8299eb - test[aada8e7e76ba119b]::__rust_begin_short_backtrace::<core[a373ad73a504971]::result::Result<(), alloc[2e1b2a31b91974c5]::string::String>, fn() -> core[a373ad73a504971]::result::Result<(), alloc[2e1b2a31b91974c5]::string::String>>
[INFO] [stdout]   14:     0x594b1d836bc5 - test[aada8e7e76ba119b]::run_test::{closure#0}
[INFO] [stdout]   15:     0x594b1d8304b4 - std[617be2ca0a6fd877]::sys::backtrace::__rust_begin_short_backtrace::<test[aada8e7e76ba119b]::run_test::{closure#1}, ()>
[INFO] [stdout]   16:     0x594b1d839c52 - <std[617be2ca0a6fd877]::thread::lifecycle::spawn_unchecked<test[aada8e7e76ba119b]::run_test::{closure#1}, ()>::{closure#1} as core[a373ad73a504971]::ops::function::FnOnce<()>>::call_once::{shim:vtable#0}
[INFO] [stdout]   17:     0x594b1d8a10bf - <std[617be2ca0a6fd877]::sys::thread::unix::Thread>::new::thread_start
[INFO] [stdout]   18:     0x7c8c53f13dfa - <unknown>
[INFO] [stdout]   19:     0x7c8c53fa73d4 - clone
[INFO] [stdout]   20:                0x0 - <unknown>
[INFO] [stdout] 
[INFO] [stdout] ---- dynamic_printer::tests::get_printable_difference_logic::two_pixel_difference::different_pixels_touch_last_index stdout ----
[INFO] [stdout] 
[INFO] [stdout] thread 'dynamic_printer::tests::get_printable_difference_logic::two_pixel_difference::different_pixels_touch_last_index' (1283) panicked at src/dynamic_printer/tests.rs:550:64:
[INFO] [stdout] called `Result::unwrap()` on an `Err` value: FailedToGetTerminalDimensions("Inappropriate ioctl for device (os error 25)")
[INFO] [stdout] stack backtrace:
[INFO] [stdout]    0:     0x594b1d8a1861 - <<std[617be2ca0a6fd877]::sys::backtrace::BacktraceLock>::print::DisplayBacktrace as core[a373ad73a504971]::fmt::Display>::fmt
[INFO] [stdout]    1:     0x594b1d8b585a - core[a373ad73a504971]::fmt::write
[INFO] [stdout]    2:     0x594b1d8a5a7c - <alloc[2e1b2a31b91974c5]::vec::Vec<u8> as core[a373ad73a504971]::io::write::Write>::write_fmt
[INFO] [stdout]    3:     0x594b1d87dcc6 - std[617be2ca0a6fd877]::panicking::default_hook::{closure#0}
[INFO] [stdout]    4:     0x594b1d899ef9 - std[617be2ca0a6fd877]::panicking::default_hook
[INFO] [stdout]    5:     0x594b1d8365a0 - test[aada8e7e76ba119b]::test_main_inner::{closure#0}
[INFO] [stdout]    6:     0x594b1d89a0b2 - std[617be2ca0a6fd877]::panicking::panic_with_hook
[INFO] [stdout]    7:     0x594b1d87dd72 - std[617be2ca0a6fd877]::panicking::panic_handler::{closure#0}
[INFO] [stdout]    8:     0x594b1d876a89 - std[617be2ca0a6fd877]::sys::backtrace::__rust_end_short_backtrace::<std[617be2ca0a6fd877]::panicking::panic_handler::{closure#0}, !>
[INFO] [stdout]    9:     0x594b1d87e97d - __rustc[ea4f61d10b84890b]::rust_begin_unwind
[INFO] [stdout]   10:     0x594b1d8b5f8c - core[a373ad73a504971]::panicking::panic_fmt
[INFO] [stdout]   11:     0x594b1d8b5d62 - core[a373ad73a504971]::result::unwrap_failed
[INFO] [stdout]   12:     0x594b1d82302d - screen_printer[176cef3ada3db285]::dynamic_printer::tests::get_preassigned_printer
[INFO] [stdout]   13:     0x594b1d82434b - <screen_printer[176cef3ada3db285]::dynamic_printer::tests::get_printable_difference_logic::two_pixel_difference::different_pixels_touch_last_index::{closure#0} as core[a373ad73a504971]::ops::function::FnOnce<()>>::call_once
[INFO] [stdout]   14:     0x594b1d8299eb - test[aada8e7e76ba119b]::__rust_begin_short_backtrace::<core[a373ad73a504971]::result::Result<(), alloc[2e1b2a31b91974c5]::string::String>, fn() -> core[a373ad73a504971]::result::Result<(), alloc[2e1b2a31b91974c5]::string::String>>
[INFO] [stdout]   15:     0x594b1d836bc5 - test[aada8e7e76ba119b]::run_test::{closure#0}
[INFO] [stdout]   16:     0x594b1d8304b4 - std[617be2ca0a6fd877]::sys::backtrace::__rust_begin_short_backtrace::<test[aada8e7e76ba119b]::run_test::{closure#1}, ()>
[INFO] [stdout]   17:     0x594b1d839c52 - <std[617be2ca0a6fd877]::thread::lifecycle::spawn_unchecked<test[aada8e7e76ba119b]::run_test::{closure#1}, ()>::{closure#1} as core[a373ad73a504971]::ops::function::FnOnce<()>>::call_once::{shim:vtable#0}
[INFO] [stdout]   18:     0x594b1d8a10bf - <std[617be2ca0a6fd877]::sys::thread::unix::Thread>::new::thread_start
[INFO] [stdout]   19:     0x7c8c53f13dfa - <unknown>
[INFO] [stdout]   20:     0x7c8c53fa73d4 - clone
[INFO] [stdout]   21:                0x0 - <unknown>
[INFO] [stdout] 
[INFO] [stdout] ---- dynamic_printer::tests::get_origin_from_printing_potision_tests::y_top_position stdout ----
[INFO] [stdout] 
[INFO] [stdout] thread 'dynamic_printer::tests::get_origin_from_printing_potision_tests::y_top_position' (1268) panicked at src/dynamic_printer/tests.rs:455:80:
[INFO] [stdout] called `Result::unwrap()` on an `Err` value: FailedToGetTerminalDimensions("Inappropriate ioctl for device (os error 25)")
[INFO] [stdout] stack backtrace:
[INFO] [stdout]    0:     0x594b1d8a1861 - <<std[617be2ca0a6fd877]::sys::backtrace::BacktraceLock>::print::DisplayBacktrace as core[a373ad73a504971]::fmt::Display>::fmt
[INFO] [stdout]    1:     0x594b1d8b585a - core[a373ad73a504971]::fmt::write
[INFO] [stdout]    2:     0x594b1d8a5a7c - <alloc[2e1b2a31b91974c5]::vec::Vec<u8> as core[a373ad73a504971]::io::write::Write>::write_fmt
[INFO] [stdout]    3:     0x594b1d87dcc6 - std[617be2ca0a6fd877]::panicking::default_hook::{closure#0}
[INFO] [stdout]    4:     0x594b1d899ef9 - std[617be2ca0a6fd877]::panicking::default_hook
[INFO] [stdout]    5:     0x594b1d8365a0 - test[aada8e7e76ba119b]::test_main_inner::{closure#0}
[INFO] [stdout]    6:     0x594b1d89a0b2 - std[617be2ca0a6fd877]::panicking::panic_with_hook
[INFO] [stdout]    7:     0x594b1d87dd72 - std[617be2ca0a6fd877]::panicking::panic_handler::{closure#0}
[INFO] [stdout]    8:     0x594b1d876a89 - std[617be2ca0a6fd877]::sys::backtrace::__rust_end_short_backtrace::<std[617be2ca0a6fd877]::panicking::panic_handler::{closure#0}, !>
[INFO] [stdout]    9:     0x594b1d87e97d - __rustc[ea4f61d10b84890b]::rust_begin_unwind
[INFO] [stdout]   10:     0x594b1d8b5f8c - core[a373ad73a504971]::panicking::panic_fmt
[INFO] [stdout]   11:     0x594b1d8b5d62 - core[a373ad73a504971]::result::unwrap_failed
[INFO] [stdout]   12:     0x594b1d828fd3 - <screen_printer[176cef3ada3db285]::dynamic_printer::tests::get_origin_from_printing_potision_tests::y_top_position::{closure#0} as core[a373ad73a504971]::ops::function::FnOnce<()>>::call_once
[INFO] [stdout]   13:     0x594b1d8299eb - test[aada8e7e76ba119b]::__rust_begin_short_backtrace::<core[a373ad73a504971]::result::Result<(), alloc[2e1b2a31b91974c5]::string::String>, fn() -> core[a373ad73a504971]::result::Result<(), alloc[2e1b2a31b91974c5]::string::String>>
[INFO] [stdout]   14:     0x594b1d836bc5 - test[aada8e7e76ba119b]::run_test::{closure#0}
[INFO] [stdout]   15:     0x594b1d8304b4 - std[617be2ca0a6fd877]::sys::backtrace::__rust_begin_short_backtrace::<test[aada8e7e76ba119b]::run_test::{closure#1}, ()>
[INFO] [stdout]   16:     0x594b1d839c52 - <std[617be2ca0a6fd877]::thread::lifecycle::spawn_unchecked<test[aada8e7e76ba119b]::run_test::{closure#1}, ()>::{closure#1} as core[a373ad73a504971]::ops::function::FnOnce<()>>::call_once::{shim:vtable#0}
[INFO] [stdout]   17:     0x594b1d8a10bf - <std[617be2ca0a6fd877]::sys::thread::unix::Thread>::new::thread_start
[INFO] [stdout]   18:     0x7c8c53f13dfa - <unknown>
[INFO] [stdout]   19:     0x7c8c53fa73d4 - clone
[INFO] [stdout]   20:                0x0 - <unknown>
[INFO] [stdout] 
[INFO] [stdout] ---- dynamic_printer::tests::get_printable_difference_logic::two_pixel_difference::different_pixels_are_together_split_by_newline stdout ----
[INFO] [stdout] 
[INFO] [stdout] thread 'dynamic_printer::tests::get_printable_difference_logic::two_pixel_difference::different_pixels_are_together_split_by_newline' (1282) panicked at src/dynamic_printer/tests.rs:550:64:
[INFO] [stdout] called `Result::unwrap()` on an `Err` value: FailedToGetTerminalDimensions("Inappropriate ioctl for device (os error 25)")
[INFO] [stdout] stack backtrace:
[INFO] [stdout]    0:     0x594b1d8a1861 - <<std[617be2ca0a6fd877]::sys::backtrace::BacktraceLock>::print::DisplayBacktrace as core[a373ad73a504971]::fmt::Display>::fmt
[INFO] [stdout]    1:     0x594b1d8b585a - core[a373ad73a504971]::fmt::write
[INFO] [stdout]    2:     0x594b1d8a5a7c - <alloc[2e1b2a31b91974c5]::vec::Vec<u8> as core[a373ad73a504971]::io::write::Write>::write_fmt
[INFO] [stdout]    3:     0x594b1d87dcc6 - std[617be2ca0a6fd877]::panicking::default_hook::{closure#0}
[INFO] [stdout]    4:     0x594b1d899ef9 - std[617be2ca0a6fd877]::panicking::default_hook
[INFO] [stdout]    5:     0x594b1d8365a0 - test[aada8e7e76ba119b]::test_main_inner::{closure#0}
[INFO] [stdout]    6:     0x594b1d89a0b2 - std[617be2ca0a6fd877]::panicking::panic_with_hook
[INFO] [stdout]    7:     0x594b1d87dd72 - std[617be2ca0a6fd877]::panicking::panic_handler::{closure#0}
[INFO] [stdout]    8:     0x594b1d876a89 - std[617be2ca0a6fd877]::sys::backtrace::__rust_end_short_backtrace::<std[617be2ca0a6fd877]::panicking::panic_handler::{closure#0}, !>
[INFO] [stdout]    9:     0x594b1d87e97d - __rustc[ea4f61d10b84890b]::rust_begin_unwind
[INFO] [stdout]   10:     0x594b1d8b5f8c - core[a373ad73a504971]::panicking::panic_fmt
[INFO] [stdout]   11:     0x594b1d8b5d62 - core[a373ad73a504971]::result::unwrap_failed
[INFO] [stdout]   12:     0x594b1d82302d - screen_printer[176cef3ada3db285]::dynamic_printer::tests::get_preassigned_printer
[INFO] [stdout]   13:     0x594b1d8246eb - <screen_printer[176cef3ada3db285]::dynamic_printer::tests::get_printable_difference_logic::two_pixel_difference::different_pixels_are_together_split_by_newline::{closure#0} as core[a373ad73a504971]::ops::function::FnOnce<()>>::call_once
[INFO] [stdout]   14:     0x594b1d8299eb - test[aada8e7e76ba119b]::__rust_begin_short_backtrace::<core[a373ad73a504971]::result::Result<(), alloc[2e1b2a31b91974c5]::string::String>, fn() -> core[a373ad73a504971]::result::Result<(), alloc[2e1b2a31b91974c5]::string::String>>
[INFO] [stdout]   15:     0x594b1d836bc5 - test[aada8e7e76ba119b]::run_test::{closure#0}
[INFO] [stdout]   16:     0x594b1d8304b4 - std[617be2ca0a6fd877]::sys::backtrace::__rust_begin_short_backtrace::<test[aada8e7e76ba119b]::run_test::{closure#1}, ()>
[INFO] [stdout]   17:     0x594b1d839c52 - <std[617be2ca0a6fd877]::thread::lifecycle::spawn_unchecked<test[aada8e7e76ba119b]::run_test::{closure#1}, ()>::{closure#1} as core[a373ad73a504971]::ops::function::FnOnce<()>>::call_once::{shim:vtable#0}
[INFO] [stdout]   18:     0x594b1d8a10bf - <std[617be2ca0a6fd877]::sys::thread::unix::Thread>::new::thread_start
[INFO] [stdout]   19:     0x7c8c53f13dfa - <unknown>
[INFO] [stdout]   20:     0x7c8c53fa73d4 - clone
[INFO] [stdout]   21:                0x0 - <unknown>
[INFO] [stdout] 
[INFO] [stdout] ---- dynamic_printer::tests::get_printable_difference_logic::two_pixel_difference::different_pixels_are_together_right_before_newline stdout ----
[INFO] [stdout] 
[INFO] [stdout] thread 'dynamic_printer::tests::get_printable_difference_logic::two_pixel_difference::different_pixels_are_together_right_before_newline' (1281) panicked at src/dynamic_printer/tests.rs:550:64:
[INFO] [stdout] called `Result::unwrap()` on an `Err` value: FailedToGetTerminalDimensions("Inappropriate ioctl for device (os error 25)")
[INFO] [stdout] stack backtrace:
[INFO] [stdout]    0:     0x594b1d8a1861 - <<std[617be2ca0a6fd877]::sys::backtrace::BacktraceLock>::print::DisplayBacktrace as core[a373ad73a504971]::fmt::Display>::fmt
[INFO] [stdout]    1:     0x594b1d8b585a - core[a373ad73a504971]::fmt::write
[INFO] [stdout]    2:     0x594b1d8a5a7c - <alloc[2e1b2a31b91974c5]::vec::Vec<u8> as core[a373ad73a504971]::io::write::Write>::write_fmt
[INFO] [stdout]    3:     0x594b1d87dcc6 - std[617be2ca0a6fd877]::panicking::default_hook::{closure#0}
[INFO] [stdout]    4:     0x594b1d899ef9 - std[617be2ca0a6fd877]::panicking::default_hook
[INFO] [stdout]    5:     0x594b1d8365a0 - test[aada8e7e76ba119b]::test_main_inner::{closure#0}
[INFO] [stdout]    6:     0x594b1d89a0b2 - std[617be2ca0a6fd877]::panicking::panic_with_hook
[INFO] [stdout]    7:     0x594b1d87dd72 - std[617be2ca0a6fd877]::panicking::panic_handler::{closure#0}
[INFO] [stdout]    8:     0x594b1d876a89 - std[617be2ca0a6fd877]::sys::backtrace::__rust_end_short_backtrace::<std[617be2ca0a6fd877]::panicking::panic_handler::{closure#0}, !>
[INFO] [stdout]    9:     0x594b1d87e97d - __rustc[ea4f61d10b84890b]::rust_begin_unwind
[INFO] [stdout]   10:     0x594b1d8b5f8c - core[a373ad73a504971]::panicking::panic_fmt
[INFO] [stdout]   11:     0x594b1d8b5d62 - core[a373ad73a504971]::result::unwrap_failed
[INFO] [stdout]   12:     0x594b1d82302d - screen_printer[176cef3ada3db285]::dynamic_printer::tests::get_preassigned_printer
[INFO] [stdout]   13:     0x594b1d824e2b - <screen_printer[176cef3ada3db285]::dynamic_printer::tests::get_printable_difference_logic::two_pixel_difference::different_pixels_are_together_right_before_newline::{closure#0} as core[a373ad73a504971]::ops::function::FnOnce<()>>::call_once
[INFO] [stdout]   14:     0x594b1d8299eb - test[aada8e7e76ba119b]::__rust_begin_short_backtrace::<core[a373ad73a504971]::result::Result<(), alloc[2e1b2a31b91974c5]::string::String>, fn() -> core[a373ad73a504971]::result::Result<(), alloc[2e1b2a31b91974c5]::string::String>>
[INFO] [stdout]   15:     0x594b1d836bc5 - test[aada8e7e76ba119b]::run_test::{closure#0}
[INFO] [stdout]   16:     0x594b1d8304b4 - std[617be2ca0a6fd877]::sys::backtrace::__rust_begin_short_backtrace::<test[aada8e7e76ba119b]::run_test::{closure#1}, ()>
[INFO] [stdout]   17:     0x594b1d839c52 - <std[617be2ca0a6fd877]::thread::lifecycle::spawn_unchecked<test[aada8e7e76ba119b]::run_test::{closure#1}, ()>::{closure#1} as core[a373ad73a504971]::ops::function::FnOnce<()>>::call_once::{shim:vtable#0}
[INFO] [stdout]   18:     0x594b1d8a10bf - <std[617be2ca0a6fd877]::sys::thread::unix::Thread>::new::thread_start
[INFO] [stdout]   19:     0x7c8c53f13dfa - <unknown>
[INFO] [stdout]   20:     0x7c8c53fa73d4 - clone
[INFO] [stdout]   21:                0x0 - <unknown>
[INFO] [stdout] 
[INFO] [stdout] ---- dynamic_printer::tests::get_printable_difference_logic::three_pixel_difference::last_two_pixels_together_split_by_newline stdout ----
[INFO] [stdout] 
[INFO] [stdout] thread 'dynamic_printer::tests::get_printable_difference_logic::three_pixel_difference::last_two_pixels_together_split_by_newline' (1277) panicked at src/dynamic_printer/tests.rs:550:64:
[INFO] [stdout] called `Result::unwrap()` on an `Err` value: FailedToGetTerminalDimensions("Inappropriate ioctl for device (os error 25)")
[INFO] [stdout] stack backtrace:
[INFO] [stdout]    0:     0x594b1d8a1861 - <<std[617be2ca0a6fd877]::sys::backtrace::BacktraceLock>::print::DisplayBacktrace as core[a373ad73a504971]::fmt::Display>::fmt
[INFO] [stdout]    1:     0x594b1d8b585a - core[a373ad73a504971]::fmt::write
[INFO] [stdout]    2:     0x594b1d8a5a7c - <alloc[2e1b2a31b91974c5]::vec::Vec<u8> as core[a373ad73a504971]::io::write::Write>::write_fmt
[INFO] [stdout]    3:     0x594b1d87dcc6 - std[617be2ca0a6fd877]::panicking::default_hook::{closure#0}
[INFO] [stdout]    4:     0x594b1d899ef9 - std[617be2ca0a6fd877]::panicking::default_hook
[INFO] [stdout]    5:     0x594b1d8365a0 - test[aada8e7e76ba119b]::test_main_inner::{closure#0}
[INFO] [stdout]    6:     0x594b1d89a0b2 - std[617be2ca0a6fd877]::panicking::panic_with_hook
[INFO] [stdout]    7:     0x594b1d87dd72 - std[617be2ca0a6fd877]::panicking::panic_handler::{closure#0}
[INFO] [stdout]    8:     0x594b1d876a89 - std[617be2ca0a6fd877]::sys::backtrace::__rust_end_short_backtrace::<std[617be2ca0a6fd877]::panicking::panic_handler::{closure#0}, !>
[INFO] [stdout]    9:     0x594b1d87e97d - __rustc[ea4f61d10b84890b]::rust_begin_unwind
[INFO] [stdout]   10:     0x594b1d8b5f8c - core[a373ad73a504971]::panicking::panic_fmt
[INFO] [stdout]   11:     0x594b1d8b5d62 - core[a373ad73a504971]::result::unwrap_failed
[INFO] [stdout]   12:     0x594b1d82302d - screen_printer[176cef3ada3db285]::dynamic_printer::tests::get_preassigned_printer
[INFO] [stdout]   13:     0x594b1d827dfe - <screen_printer[176cef3ada3db285]::dynamic_printer::tests::get_printable_difference_logic::three_pixel_difference::last_two_pixels_together_split_by_newline::{closure#0} as core[a373ad73a504971]::ops::function::FnOnce<()>>::call_once
[INFO] [stdout]   14:     0x594b1d8299eb - test[aada8e7e76ba119b]::__rust_begin_short_backtrace::<core[a373ad73a504971]::result::Result<(), alloc[2e1b2a31b91974c5]::string::String>, fn() -> core[a373ad73a504971]::result::Result<(), alloc[2e1b2a31b91974c5]::string::String>>
[INFO] [stdout]   15:     0x594b1d836bc5 - test[aada8e7e76ba119b]::run_test::{closure#0}
[INFO] [stdout]   16:     0x594b1d8304b4 - std[617be2ca0a6fd877]::sys::backtrace::__rust_begin_short_backtrace::<test[aada8e7e76ba119b]::run_test::{closure#1}, ()>
[INFO] [stdout]   17:     0x594b1d839c52 - <std[617be2ca0a6fd877]::thread::lifecycle::spawn_unchecked<test[aada8e7e76ba119b]::run_test::{closure#1}, ()>::{closure#1} as core[a373ad73a504971]::ops::function::FnOnce<()>>::call_once::{shim:vtable#0}
[INFO] [stdout]   18:     0x594b1d8a10bf - <std[617be2ca0a6fd877]::sys::thread::unix::Thread>::new::thread_start
[INFO] [stdout]   19:     0x7c8c53f13dfa - <unknown>
[INFO] [stdout]   20:     0x7c8c53fa73d4 - clone
[INFO] [stdout]   21:                0x0 - <unknown>
[INFO] [stdout] 
[INFO] [stdout] ---- dynamic_printer::tests::get_origin_from_printing_potision_tests::x_right_position stdout ----
[INFO] [stdout] 
[INFO] [stdout] thread 'dynamic_printer::tests::get_origin_from_printing_potision_tests::x_right_position' (1264) panicked at src/dynamic_printer/tests.rs:439:80:
[INFO] [stdout] called `Result::unwrap()` on an `Err` value: FailedToGetTerminalDimensions("Inappropriate ioctl for device (os error 25)")
[INFO] [stdout] stack backtrace:
[INFO] [stdout]    0:     0x594b1d8a1861 - <<std[617be2ca0a6fd877]::sys::backtrace::BacktraceLock>::print::DisplayBacktrace as core[a373ad73a504971]::fmt::Display>::fmt
[INFO] [stdout]    1:     0x594b1d8b585a - core[a373ad73a504971]::fmt::write
[INFO] [stdout]    2:     0x594b1d8a5a7c - <alloc[2e1b2a31b91974c5]::vec::Vec<u8> as core[a373ad73a504971]::io::write::Write>::write_fmt
[INFO] [stdout]    3:     0x594b1d87dcc6 - std[617be2ca0a6fd877]::panicking::default_hook::{closure#0}
[INFO] [stdout]    4:     0x594b1d899ef9 - std[617be2ca0a6fd877]::panicking::default_hook
[INFO] [stdout]    5:     0x594b1d8365a0 - test[aada8e7e76ba119b]::test_main_inner::{closure#0}
[INFO] [stdout]    6:     0x594b1d89a0b2 - std[617be2ca0a6fd877]::panicking::panic_with_hook
[INFO] [stdout]    7:     0x594b1d87dd72 - std[617be2ca0a6fd877]::panicking::panic_handler::{closure#0}
[INFO] [stdout]    8:     0x594b1d876a89 - std[617be2ca0a6fd877]::sys::backtrace::__rust_end_short_backtrace::<std[617be2ca0a6fd877]::panicking::panic_handler::{closure#0}, !>
[INFO] [stdout]    9:     0x594b1d87e97d - __rustc[ea4f61d10b84890b]::rust_begin_unwind
[INFO] [stdout]   10:     0x594b1d8b5f8c - core[a373ad73a504971]::panicking::panic_fmt
[INFO] [stdout]   11:     0x594b1d8b5d62 - core[a373ad73a504971]::result::unwrap_failed
[INFO] [stdout]   12:     0x594b1d82917a - <screen_printer[176cef3ada3db285]::dynamic_printer::tests::get_origin_from_printing_potision_tests::x_right_position::{closure#0} as core[a373ad73a504971]::ops::function::FnOnce<()>>::call_once
[INFO] [stdout]   13:     0x594b1d8299eb - test[aada8e7e76ba119b]::__rust_begin_short_backtrace::<core[a373ad73a504971]::result::Result<(), alloc[2e1b2a31b91974c5]::string::String>, fn() -> core[a373ad73a504971]::result::Result<(), alloc[2e1b2a31b91974c5]::string::String>>
[INFO] [stdout]   14:     0x594b1d836bc5 - test[aada8e7e76ba119b]::run_test::{closure#0}
[INFO] [stdout]   15:     0x594b1d8304b4 - std[617be2ca0a6fd877]::sys::backtrace::__rust_begin_short_backtrace::<test[aada8e7e76ba119b]::run_test::{closure#1}, ()>
[INFO] [stdout]   16:     0x594b1d839c52 - <std[617be2ca0a6fd877]::thread::lifecycle::spawn_unchecked<test[aada8e7e76ba119b]::run_test::{closure#1}, ()>::{closure#1} as core[a373ad73a504971]::ops::function::FnOnce<()>>::call_once::{shim:vtable#0}
[INFO] [stdout]   17:     0x594b1d8a10bf - <std[617be2ca0a6fd877]::sys::thread::unix::Thread>::new::thread_start
[INFO] [stdout]   18:     0x7c8c53f13dfa - <unknown>
[INFO] [stdout]   19:     0x7c8c53fa73d4 - clone
[INFO] [stdout]   20:                0x0 - <unknown>
[INFO] [stdout] 
[INFO] [stdout] 
[INFO] [stdout] failures:
[INFO] [stdout]     dynamic_printer::tests::get_origin_from_printing_potision_tests::x_custom_position
[INFO] [stdout]     dynamic_printer::tests::get_origin_from_printing_potision_tests::x_left_position
[INFO] [stdout]     dynamic_printer::tests::get_origin_from_printing_potision_tests::x_middle_position
[INFO] [stdout]     dynamic_printer::tests::get_origin_from_printing_potision_tests::x_right_position
[INFO] [stdout]     dynamic_printer::tests::get_origin_from_printing_potision_tests::y_bottom_position
[INFO] [stdout]     dynamic_printer::tests::get_origin_from_printing_potision_tests::y_custom_position
[INFO] [stdout]     dynamic_printer::tests::get_origin_from_printing_potision_tests::y_middle_position
[INFO] [stdout]     dynamic_printer::tests::get_origin_from_printing_potision_tests::y_top_position
[INFO] [stdout]     dynamic_printer::tests::get_printable_difference_logic::entire_grid_difference
[INFO] [stdout]     dynamic_printer::tests::get_printable_difference_logic::four_pixel_difference::all_pixels_split
[INFO] [stdout]     dynamic_printer::tests::get_printable_difference_logic::four_pixel_difference::different_pixels_are_together
[INFO] [stdout]     dynamic_printer::tests::get_printable_difference_logic::four_pixel_difference::split_pixel_pairs
[INFO] [stdout]     dynamic_printer::tests::get_printable_difference_logic::one_pixel_difference
[INFO] [stdout]     dynamic_printer::tests::get_printable_difference_logic::three_pixel_difference::different_pixels_are_together
[INFO] [stdout]     dynamic_printer::tests::get_printable_difference_logic::three_pixel_difference::first_two_pixels_together
[INFO] [stdout]     dynamic_printer::tests::get_printable_difference_logic::three_pixel_difference::last_two_pixels_together
[INFO] [stdout]     dynamic_printer::tests::get_printable_difference_logic::three_pixel_difference::last_two_pixels_together_split_by_newline
[INFO] [stdout]     dynamic_printer::tests::get_printable_difference_logic::two_pixel_difference::different_pixels_are_apart
[INFO] [stdout]     dynamic_printer::tests::get_printable_difference_logic::two_pixel_difference::different_pixels_are_together
[INFO] [stdout]     dynamic_printer::tests::get_printable_difference_logic::two_pixel_difference::different_pixels_are_together_right_after_newline
[INFO] [stdout]     dynamic_printer::tests::get_printable_difference_logic::two_pixel_difference::different_pixels_are_together_right_before_newline
[INFO] [stdout]     dynamic_printer::tests::get_printable_difference_logic::two_pixel_difference::different_pixels_are_together_split_by_newline
[INFO] [stdout]     dynamic_printer::tests::get_printable_difference_logic::two_pixel_difference::different_pixels_touch_last_index
[INFO] [stdout] 
[INFO] [stdout] test result: FAILED. 0 passed; 23 failed; 0 ignored; 0 measured; 0 filtered out; finished in 0.01s
[INFO] [stdout] 
[INFO] running `Command { std: "docker" "inspect" "2fef3461fc3c9a775ed59438f619424ea91e76f8390ca517455d8afd659a111f", kill_on_drop: false }`
[INFO] running `Command { std: "docker" "rm" "-f" "2fef3461fc3c9a775ed59438f619424ea91e76f8390ca517455d8afd659a111f", kill_on_drop: false }`
[INFO] [stdout] 2fef3461fc3c9a775ed59438f619424ea91e76f8390ca517455d8afd659a111f
