[INFO] fetching crate scraprr 0.1.3...
[INFO] testing scraprr-0.1.3 against 1.100.0-beta.1+cargoflags=--release for beta-release-1.100-2
[INFO] extracting crate scraprr 0.1.3 into /workspace/builds/worker-5-tc2/source
[INFO] started tweaking crates.io crate scraprr 0.1.3
[INFO] removed 0 missing tests
[INFO] finished tweaking crates.io crate scraprr 0.1.3
[INFO] tweaked toml for crates.io crate scraprr 0.1.3 written to /workspace/builds/worker-5-tc2/source/Cargo.toml
[INFO] validating manifest of crates.io crate scraprr 0.1.3 on toolchain 1.100.0-beta.1
[INFO] running `Command { std: CARGO_HOME="/workspace/cargo-home" RUSTUP_HOME="/workspace/rustup-home" "/workspace/cargo-home/bin/cargo" "+1.100.0-beta.1" "metadata" "--manifest-path" "Cargo.toml" "--no-deps", kill_on_drop: false }`
[INFO] crate crates.io crate scraprr 0.1.3 already has a lockfile, it will not be regenerated
[INFO] running `Command { std: CARGO_HOME="/workspace/cargo-home" RUSTUP_HOME="/workspace/rustup-home" "/workspace/cargo-home/bin/cargo" "+1.100.0-beta.1" "fetch" "--manifest-path" "Cargo.toml", kill_on_drop: false }`
[INFO] [stderr] warning: `package.homepage` is redundant with `package.repository`
[INFO] [stderr]   --> Cargo.toml:28:12
[INFO] [stderr]    |
[INFO] [stderr] 28 | homepage = "https://github.com/dariush-g/scraprr"
[INFO] [stderr]    |            ^^^^^^^^^^^^^^^^^^^^^^^^^^^^^^^^^^^^^^
[INFO] [stderr] ...
[INFO] [stderr] 33 | repository = "https://github.com/dariush-g/scraprr"
[INFO] [stderr]    |              --------------------------------------
[INFO] [stderr]    |
[INFO] [stderr]    = note: `cargo::redundant_homepage` is set to `warn` by default
[INFO] [stderr] help: consider removing `package.homepage`
[INFO] [stderr] warning: `scraprr` (manifest) generated 1 warning
[INFO] running `Command { std: "docker" "create" "-v" "/var/lib/crater-agent-workspace/builds/worker-5-tc2/source:/opt/rustwide/workdir:ro,Z" "-v" "/var/lib/crater-agent-workspace/builds/worker-5-tc2/target:/opt/rustwide/target:rw,Z" "-v" "/var/lib/crater-agent-workspace/cargo-home:/opt/rustwide/cargo-home:ro,Z" "-v" "/var/lib/crater-agent-workspace/rustup-home:/opt/rustwide/rustup-home:ro,Z" "-m" "1610612736" "--network" "none" "ghcr.io/rust-lang/crates-build-env/linux@sha256:77db811e55d90add9212f6832c23229e3de5f1c1f9905e8cb07319ea15df73ac" "sleep" "infinity", kill_on_drop: false }`
[INFO] [stdout] 98bfb2f78367538015cb45b5afd0df0074fba7f93e2b2c6a8c93e34bdf88784f
[INFO] running `Command { std: "docker" "start" "98bfb2f78367538015cb45b5afd0df0074fba7f93e2b2c6a8c93e34bdf88784f", kill_on_drop: false }`
[INFO] running `Command { std: "docker" "inspect" "98bfb2f78367538015cb45b5afd0df0074fba7f93e2b2c6a8c93e34bdf88784f", kill_on_drop: false }`
[INFO] running `Command { std: "docker" "exec" "-e" "SOURCE_DIR=/opt/rustwide/workdir" "-e" "CARGO_HOME=/opt/rustwide/cargo-home" "-e" "RUSTUP_HOME=/opt/rustwide/rustup-home" "-e" "CARGO_TARGET_DIR=/opt/rustwide/target" "-w" "/opt/rustwide/workdir" "--user" "0:0" "98bfb2f78367538015cb45b5afd0df0074fba7f93e2b2c6a8c93e34bdf88784f" "/opt/rustwide/cargo-home/bin/cargo" "+1.100.0-beta.1" "metadata" "--no-deps" "--format-version=1", kill_on_drop: false }`
[INFO] running `Command { std: "docker" "inspect" "98bfb2f78367538015cb45b5afd0df0074fba7f93e2b2c6a8c93e34bdf88784f", kill_on_drop: false }`
[INFO] running `Command { std: "docker" "exec" "-e" "SOURCE_DIR=/opt/rustwide/workdir" "-e" "CARGO_HOME=/opt/rustwide/cargo-home" "-e" "RUSTUP_HOME=/opt/rustwide/rustup-home" "-e" "CARGO_TARGET_DIR=/opt/rustwide/target" "-e" "CARGO_INCREMENTAL=0" "-e" "RUST_BACKTRACE=full" "-e" "RUSTFLAGS=--cap-lints=warn" "-e" "RUSTDOCFLAGS=--cap-lints=warn" "-w" "/opt/rustwide/workdir" "--user" "0:0" "98bfb2f78367538015cb45b5afd0df0074fba7f93e2b2c6a8c93e34bdf88784f" "/opt/rustwide/cargo-home/bin/cargo" "+1.100.0-beta.1" "build" "--frozen" "--message-format=json" "--release", kill_on_drop: false }`
[INFO] [stderr] warning: `package.homepage` is redundant with `package.repository`
[INFO] [stderr]   --> Cargo.toml:28:12
[INFO] [stderr]    |
[INFO] [stderr] 28 | homepage = "https://github.com/dariush-g/scraprr"
[INFO] [stderr]    |            ^^^^^^^^^^^^^^^^^^^^^^^^^^^^^^^^^^^^^^
[INFO] [stderr] ...
[INFO] [stderr] 33 | repository = "https://github.com/dariush-g/scraprr"
[INFO] [stderr]    |              --------------------------------------
[INFO] [stderr]    |
[INFO] [stderr]    = note: `cargo::redundant_homepage` is set to `warn` by default
[INFO] [stderr] help: consider removing `package.homepage`
[INFO] [stderr] warning: `scraprr` (manifest) generated 1 warning
[INFO] [stderr]    Compiling target-lexicon v0.13.2
[INFO] [stderr]    Compiling cc v1.2.30
[INFO] [stderr]    Compiling memoffset v0.9.1
[INFO] [stderr]    Compiling syn v2.0.104
[INFO] [stderr]    Compiling indoc v2.0.6
[INFO] [stderr]    Compiling scrapr-bindings v0.1.0
[INFO] [stderr]    Compiling scraprr v0.1.3 (/opt/rustwide/workdir)
[INFO] [stderr]    Compiling pyo3-build-config v0.25.1
[INFO] [stderr]    Compiling openssl-sys v0.9.109
[INFO] [stderr]    Compiling openssl v0.10.73
[INFO] [stderr]    Compiling native-tls v0.2.14
[INFO] [stderr]    Compiling pyo3-ffi v0.25.1
[INFO] [stderr]    Compiling pyo3-macros-backend v0.25.1
[INFO] [stderr]    Compiling pyo3 v0.25.1
[INFO] [stderr]    Compiling openssl-macros v0.1.1
[INFO] [stderr]    Compiling pyo3-macros v0.25.1
[INFO] [stderr]    Compiling scrapr-core v0.1.0
[INFO] [stderr]     Finished `release` profile [optimized] target(s) in 35.59s
[INFO] running `Command { std: "docker" "inspect" "98bfb2f78367538015cb45b5afd0df0074fba7f93e2b2c6a8c93e34bdf88784f", kill_on_drop: false }`
[INFO] running `Command { std: "docker" "exec" "-e" "SOURCE_DIR=/opt/rustwide/workdir" "-e" "CARGO_HOME=/opt/rustwide/cargo-home" "-e" "RUSTUP_HOME=/opt/rustwide/rustup-home" "-e" "CARGO_TARGET_DIR=/opt/rustwide/target" "-e" "CARGO_INCREMENTAL=0" "-e" "RUST_BACKTRACE=full" "-e" "RUSTFLAGS=--cap-lints=warn" "-e" "RUSTDOCFLAGS=--cap-lints=warn" "-w" "/opt/rustwide/workdir" "--user" "0:0" "98bfb2f78367538015cb45b5afd0df0074fba7f93e2b2c6a8c93e34bdf88784f" "/opt/rustwide/cargo-home/bin/cargo" "+1.100.0-beta.1" "test" "--frozen" "--no-run" "--message-format=json" "--release", kill_on_drop: false }`
[INFO] [stderr] warning: `package.homepage` is redundant with `package.repository`
[INFO] [stderr]   --> Cargo.toml:28:12
[INFO] [stderr]    |
[INFO] [stderr] 28 | homepage = "https://github.com/dariush-g/scraprr"
[INFO] [stderr]    |            ^^^^^^^^^^^^^^^^^^^^^^^^^^^^^^^^^^^^^^
[INFO] [stderr] ...
[INFO] [stderr] 33 | repository = "https://github.com/dariush-g/scraprr"
[INFO] [stderr]    |              --------------------------------------
[INFO] [stderr]    |
[INFO] [stderr]    = note: `cargo::redundant_homepage` is set to `warn` by default
[INFO] [stderr] help: consider removing `package.homepage`
[INFO] [stderr] warning: `scraprr` (manifest) generated 1 warning
[INFO] [stderr]    Compiling scraprr v0.1.3 (/opt/rustwide/workdir)
[INFO] [stderr]     Finished `release` profile [optimized] target(s) in 1.14s
[INFO] running `Command { std: "docker" "inspect" "98bfb2f78367538015cb45b5afd0df0074fba7f93e2b2c6a8c93e34bdf88784f", kill_on_drop: false }`
[INFO] running `Command { std: "docker" "exec" "-e" "SOURCE_DIR=/opt/rustwide/workdir" "-e" "CARGO_HOME=/opt/rustwide/cargo-home" "-e" "RUSTUP_HOME=/opt/rustwide/rustup-home" "-e" "CARGO_TARGET_DIR=/opt/rustwide/target" "-e" "CARGO_INCREMENTAL=0" "-e" "RUST_BACKTRACE=full" "-e" "RUSTFLAGS=--cap-lints=warn" "-e" "RUSTDOCFLAGS=--cap-lints=warn" "-w" "/opt/rustwide/workdir" "--user" "0:0" "98bfb2f78367538015cb45b5afd0df0074fba7f93e2b2c6a8c93e34bdf88784f" "/opt/rustwide/cargo-home/bin/cargo" "+1.100.0-beta.1" "test" "--frozen" "--release", kill_on_drop: false }`
[INFO] [stderr] warning: `package.homepage` is redundant with `package.repository`
[INFO] [stderr]   --> Cargo.toml:28:12
[INFO] [stderr]    |
[INFO] [stderr] 28 | homepage = "https://github.com/dariush-g/scraprr"
[INFO] [stderr]    |            ^^^^^^^^^^^^^^^^^^^^^^^^^^^^^^^^^^^^^^
[INFO] [stderr] ...
[INFO] [stderr] 33 | repository = "https://github.com/dariush-g/scraprr"
[INFO] [stderr]    |              --------------------------------------
[INFO] [stderr]    |
[INFO] [stderr]    = note: `cargo::redundant_homepage` is set to `warn` by default
[INFO] [stderr] help: consider removing `package.homepage`
[INFO] [stderr] warning: `scraprr` (manifest) generated 1 warning
[INFO] [stderr]     Finished `release` profile [optimized] target(s) in 0.12s
[INFO] [stderr]      Running unittests src/lib.rs (/opt/rustwide/target/release/build/scraprr/c5c0df544313e89e/out/scraprr-c5c0df544313e89e)
[INFO] [stderr]      Running tests/http.rs (/opt/rustwide/target/release/build/scraprr/9fd92f6d17445803/out/http-9fd92f6d17445803)
[INFO] [stdout] 
[INFO] [stdout] running 0 tests
[INFO] [stdout] 
[INFO] [stdout] test result: ok. 0 passed; 0 failed; 0 ignored; 0 measured; 0 filtered out; finished in 0.00s
[INFO] [stdout] 
[INFO] [stdout] 
[INFO] [stdout] running 2 tests
[INFO] [stdout] test test_extract_tag_ ... ok
[INFO] [stdout] test test_simple_request_ ... FAILED
[INFO] [stdout] 
[INFO] [stdout] failures:
[INFO] [stdout] 
[INFO] [stdout] ---- test_simple_request_ stdout ----
[INFO] [stdout] 
[INFO] [stdout] thread 'test_simple_request_' (763) panicked at tests/http.rs:5:47:
[INFO] [stdout] called `Result::unwrap()` on an `Err` value: Failed to connect: failed to lookup address information: Temporary failure in name resolution
[INFO] [stdout] 
[INFO] [stdout] Stack backtrace:
[INFO] [stdout]    0: <anyhow::Error>::msg::<alloc::string::String>
[INFO] [stdout]    1: anyhow::__private::format_err
[INFO] [stdout]    2: scrapr_core::protocols::fetch_http::{closure#0}
[INFO] [stdout]    3: scrapr_core::protocols::fetch_http
[INFO] [stdout]    4: <http::test_simple_request_::{closure#0} as core::ops::function::FnOnce<()>>::call_once
[INFO] [stdout]    5: test::__rust_begin_short_backtrace::<core::result::Result<(), alloc::string::String>, fn() -> core::result::Result<(), alloc::string::String>>
[INFO] [stdout]    6: test::run_test::{closure#0}
[INFO] [stdout]    7: std::sys::backtrace::__rust_begin_short_backtrace::<test::run_test::{closure#1}, ()>
[INFO] [stdout]    8: <std::thread::lifecycle::spawn_unchecked<test::run_test::{closure#1}, ()>::{closure#1} as core::ops::function::FnOnce<()>>::call_once::{shim:vtable#0}
[INFO] [stdout]    9: <std::sys::thread::unix::Thread>::new::thread_start
[INFO] [stdout]   10: <unknown>
[INFO] [stdout]   11: clone
[INFO] [stdout] stack backtrace:
[INFO] [stdout]    0:     0x567f86f724a1 - <<std[617be2ca0a6fd877]::sys::backtrace::BacktraceLock>::print::DisplayBacktrace as core[a373ad73a504971]::fmt::Display>::fmt
[INFO] [stdout]    1:     0x567f86f87c8a - core[a373ad73a504971]::fmt::write
[INFO] [stdout]    2:     0x567f86f76e7c - <alloc[2e1b2a31b91974c5]::vec::Vec<u8> as core[a373ad73a504971]::io::write::Write>::write_fmt
[INFO] [stdout]    3:     0x567f86f4db96 - std[617be2ca0a6fd877]::panicking::default_hook::{closure#0}
[INFO] [stdout]    4:     0x567f86f6a5f9 - std[617be2ca0a6fd877]::panicking::default_hook
[INFO] [stdout]    5:     0x567f86f01f70 - test[aada8e7e76ba119b]::test_main_inner::{closure#0}
[INFO] [stdout]    6:     0x567f86f6a7b2 - std[617be2ca0a6fd877]::panicking::panic_with_hook
[INFO] [stdout]    7:     0x567f86f4dc42 - std[617be2ca0a6fd877]::panicking::panic_handler::{closure#0}
[INFO] [stdout]    8:     0x567f86f46319 - std[617be2ca0a6fd877]::sys::backtrace::__rust_end_short_backtrace::<std[617be2ca0a6fd877]::panicking::panic_handler::{closure#0}, !>
[INFO] [stdout]    9:     0x567f86f4eb4d - __rustc[ea4f61d10b84890b]::rust_begin_unwind
[INFO] [stdout]   10:     0x567f86f883bc - core[a373ad73a504971]::panicking::panic_fmt
[INFO] [stdout]   11:     0x567f86f88192 - core[a373ad73a504971]::result::unwrap_failed
[INFO] [stdout]   12:     0x567f86ef5311 - <http[c2fa27525b2276dd]::test_simple_request_::{closure#0} as core[a373ad73a504971]::ops::function::FnOnce<()>>::call_once
[INFO] [stdout]   13:     0x567f86ef53bb - test[aada8e7e76ba119b]::__rust_begin_short_backtrace::<core[a373ad73a504971]::result::Result<(), alloc[2e1b2a31b91974c5]::string::String>, fn() -> core[a373ad73a504971]::result::Result<(), alloc[2e1b2a31b91974c5]::string::String>>
[INFO] [stdout]   14:     0x567f86f02595 - test[aada8e7e76ba119b]::run_test::{closure#0}
[INFO] [stdout]   15:     0x567f86efbe84 - std[617be2ca0a6fd877]::sys::backtrace::__rust_begin_short_backtrace::<test[aada8e7e76ba119b]::run_test::{closure#1}, ()>
[INFO] [stdout]   16:     0x567f86f05622 - <std[617be2ca0a6fd877]::thread::lifecycle::spawn_unchecked<test[aada8e7e76ba119b]::run_test::{closure#1}, ()>::{closure#1} as core[a373ad73a504971]::ops::function::FnOnce<()>>::call_once::{shim:vtable#0}
[INFO] [stdout]   17:     0x567f86f717df - <std[617be2ca0a6fd877]::sys::thread::unix::Thread>::new::thread_start
[INFO] [stdout]   18:     0x768121c67dfa - <unknown>
[INFO] [stdout]   19:     0x768121cfb3d4 - clone
[INFO] [stdout]   20:                0x0 - <unknown>
[INFO] [stdout] 
[INFO] [stdout] 
[INFO] [stdout] failures:
[INFO] [stdout]     test_simple_request_
[INFO] [stdout] 
[INFO] [stdout] test result: FAILED. 1 passed; 1 failed; 0 ignored; 0 measured; 0 filtered out; finished in 0.01s
[INFO] [stdout] 
[INFO] [stderr] error: test failed, to rerun pass `--test http`
[INFO] running `Command { std: "docker" "inspect" "98bfb2f78367538015cb45b5afd0df0074fba7f93e2b2c6a8c93e34bdf88784f", kill_on_drop: false }`
[INFO] running `Command { std: "docker" "rm" "-f" "98bfb2f78367538015cb45b5afd0df0074fba7f93e2b2c6a8c93e34bdf88784f", kill_on_drop: false }`
[INFO] [stdout] 98bfb2f78367538015cb45b5afd0df0074fba7f93e2b2c6a8c93e34bdf88784f
