[INFO] fetching crate scraper_forky 0.17.2-rc...
[INFO] testing scraper_forky-0.17.2-rc against 1.100.0-beta.1+cargoflags=--release for beta-release-1.100-2
[INFO] extracting crate scraper_forky 0.17.2-rc into /workspace/builds/worker-6-tc2/source
[INFO] started tweaking crates.io crate scraper_forky 0.17.2-rc
[INFO] finished tweaking crates.io crate scraper_forky 0.17.2-rc
[INFO] tweaked toml for crates.io crate scraper_forky 0.17.2-rc written to /workspace/builds/worker-6-tc2/source/Cargo.toml
[INFO] validating manifest of crates.io crate scraper_forky 0.17.2-rc on toolchain 1.100.0-beta.1
[INFO] running `Command { std: CARGO_HOME="/workspace/cargo-home" RUSTUP_HOME="/workspace/rustup-home" "/workspace/cargo-home/bin/cargo" "+1.100.0-beta.1" "metadata" "--manifest-path" "Cargo.toml" "--no-deps", kill_on_drop: false }`
[INFO] crate crates.io crate scraper_forky 0.17.2-rc already has a lockfile, it will not be regenerated
[INFO] running `Command { std: CARGO_HOME="/workspace/cargo-home" RUSTUP_HOME="/workspace/rustup-home" "/workspace/cargo-home/bin/cargo" "+1.100.0-beta.1" "fetch" "--manifest-path" "Cargo.toml", kill_on_drop: false }`
[INFO] running `Command { std: "docker" "create" "-v" "/var/lib/crater-agent-workspace/builds/worker-6-tc2/source:/opt/rustwide/workdir:ro,Z" "-v" "/var/lib/crater-agent-workspace/builds/worker-6-tc2/target:/opt/rustwide/target:rw,Z" "-v" "/var/lib/crater-agent-workspace/cargo-home:/opt/rustwide/cargo-home:ro,Z" "-v" "/var/lib/crater-agent-workspace/rustup-home:/opt/rustwide/rustup-home:ro,Z" "-m" "1610612736" "--network" "none" "ghcr.io/rust-lang/crates-build-env/linux@sha256:77db811e55d90add9212f6832c23229e3de5f1c1f9905e8cb07319ea15df73ac" "sleep" "infinity", kill_on_drop: false }`
[INFO] [stdout] 3777acf912fee2c16420ef7d8bbd9288dbb43f1964fb275c82b448c6b0b01cc7
[INFO] running `Command { std: "docker" "start" "3777acf912fee2c16420ef7d8bbd9288dbb43f1964fb275c82b448c6b0b01cc7", kill_on_drop: false }`
[INFO] running `Command { std: "docker" "inspect" "3777acf912fee2c16420ef7d8bbd9288dbb43f1964fb275c82b448c6b0b01cc7", kill_on_drop: false }`
[INFO] running `Command { std: "docker" "exec" "-e" "SOURCE_DIR=/opt/rustwide/workdir" "-e" "CARGO_HOME=/opt/rustwide/cargo-home" "-e" "RUSTUP_HOME=/opt/rustwide/rustup-home" "-e" "CARGO_TARGET_DIR=/opt/rustwide/target" "-w" "/opt/rustwide/workdir" "--user" "0:0" "3777acf912fee2c16420ef7d8bbd9288dbb43f1964fb275c82b448c6b0b01cc7" "/opt/rustwide/cargo-home/bin/cargo" "+1.100.0-beta.1" "metadata" "--no-deps" "--format-version=1", kill_on_drop: false }`
[INFO] running `Command { std: "docker" "inspect" "3777acf912fee2c16420ef7d8bbd9288dbb43f1964fb275c82b448c6b0b01cc7", kill_on_drop: false }`
[INFO] running `Command { std: "docker" "exec" "-e" "SOURCE_DIR=/opt/rustwide/workdir" "-e" "CARGO_HOME=/opt/rustwide/cargo-home" "-e" "RUSTUP_HOME=/opt/rustwide/rustup-home" "-e" "CARGO_TARGET_DIR=/opt/rustwide/target" "-e" "CARGO_INCREMENTAL=0" "-e" "RUST_BACKTRACE=full" "-e" "RUSTFLAGS=--cap-lints=warn" "-e" "RUSTDOCFLAGS=--cap-lints=warn" "-w" "/opt/rustwide/workdir" "--user" "0:0" "3777acf912fee2c16420ef7d8bbd9288dbb43f1964fb275c82b448c6b0b01cc7" "/opt/rustwide/cargo-home/bin/cargo" "+1.100.0-beta.1" "build" "--frozen" "--message-format=json" "--release", kill_on_drop: false }`
[INFO] [stderr]    Compiling libc v0.2.147
[INFO] [stderr]    Compiling cfg-if v1.0.0
[INFO] [stderr]    Compiling proc-macro2 v1.0.66
[INFO] [stderr]    Compiling ppv-lite86 v0.2.17
[INFO] [stderr]    Compiling siphasher v0.3.10
[INFO] [stderr]    Compiling syn v1.0.109
[INFO] [stderr]    Compiling getrandom v0.1.16
[INFO] [stderr]    Compiling proc-macro-hack v0.5.20+deprecated
[INFO] [stderr]    Compiling phf_shared v0.10.0
[INFO] [stderr]    Compiling smallvec v1.11.1
[INFO] [stderr]    Compiling lock_api v0.4.10
[INFO] [stderr]    Compiling parking_lot_core v0.9.8
[INFO] [stderr]    Compiling phf_shared v0.8.0
[INFO] [stderr]    Compiling serde v1.0.183
[INFO] [stderr]    Compiling new_debug_unreachable v1.0.4
[INFO] [stderr]    Compiling mac v0.1.1
[INFO] [stderr]    Compiling once_cell v1.18.0
[INFO] [stderr]    Compiling precomputed-hash v0.1.1
[INFO] [stderr]    Compiling futf v0.1.5
[INFO] [stderr]    Compiling dtoa v1.0.9
[INFO] [stderr]    Compiling log v0.4.19
[INFO] [stderr]    Compiling getrandom v0.2.10
[INFO] [stderr]    Compiling rand_core v0.6.4
[INFO] [stderr]    Compiling tendril v0.4.3
[INFO] [stderr]    Compiling quote v1.0.32
[INFO] [stderr]    Compiling rand_core v0.5.1
[INFO] [stderr]    Compiling parking_lot v0.12.1
[INFO] [stderr]    Compiling rand_pcg v0.2.1
[INFO] [stderr]    Compiling rand_chacha v0.2.2
[INFO] [stderr]    Compiling rand_chacha v0.3.1
[INFO] [stderr]    Compiling dtoa-short v0.3.4
[INFO] [stderr]    Compiling syn v2.0.32
[INFO] [stderr]    Compiling ahash v0.8.3
[INFO] [stderr]    Compiling rand v0.7.3
[INFO] [stderr]    Compiling rand v0.8.5
[INFO] [stderr]    Compiling stable_deref_trait v1.2.0
[INFO] [stderr]    Compiling byteorder v1.4.3
[INFO] [stderr]    Compiling convert_case v0.4.0
[INFO] [stderr]    Compiling nodrop v0.1.14
[INFO] [stderr]    Compiling fxhash v0.2.1
[INFO] [stderr]    Compiling servo_arc v0.2.0
[INFO] [stderr]    Compiling phf v0.8.0
[INFO] [stderr]    Compiling unicode-width v0.1.10
[INFO] [stderr]    Compiling getopts v0.2.21
[INFO] [stderr]    Compiling ego-tree v0.6.2
[INFO] [stderr]    Compiling phf_generator v0.10.0
[INFO] [stderr]    Compiling phf_generator v0.8.0
[INFO] [stderr]    Compiling phf_codegen v0.10.0
[INFO] [stderr]    Compiling string_cache_codegen v0.5.2
[INFO] [stderr]    Compiling phf_codegen v0.8.0
[INFO] [stderr]    Compiling selectors v0.24.0
[INFO] [stderr]    Compiling markup5ever v0.11.0
[INFO] [stderr]    Compiling string_cache v0.8.7
[INFO] [stderr]    Compiling phf_macros v0.10.0
[INFO] [stderr]    Compiling cssparser v0.29.6
[INFO] [stderr]    Compiling html5ever v0.26.0
[INFO] [stderr]    Compiling derive_more v0.99.17
[INFO] [stderr]    Compiling phf v0.10.1
[INFO] [stderr]    Compiling cssparser-macros v0.6.1
[INFO] [stderr]    Compiling scraper_forky v0.17.2-rc (/opt/rustwide/workdir)
[INFO] [stdout] warning: unnecessary qualification
[INFO] [stdout]    --> src/element_ref/element.rs:118:25
[INFO] [stdout]     |
[INFO] [stdout] 118 |         F: FnMut(&Self, selectors::matching::ElementSelectorFlags),
[INFO] [stdout]     |                         ^^^^^^^^^^^^^^^^^^^^^^^^^^^^^^^^^^^^^^^^^
[INFO] [stdout]     |
[INFO] [stdout] note: the lint level is defined here
[INFO] [stdout]    --> src/lib.rs:134:5
[INFO] [stdout]     |
[INFO] [stdout] 134 |     unused_qualifications,
[INFO] [stdout]     |     ^^^^^^^^^^^^^^^^^^^^^
[INFO] [stdout] help: remove the unnecessary path segments
[INFO] [stdout]     |
[INFO] [stdout] 118 -         F: FnMut(&Self, selectors::matching::ElementSelectorFlags),
[INFO] [stdout] 118 +         F: FnMut(&Self, matching::ElementSelectorFlags),
[INFO] [stdout]     |
[INFO] [stdout] 
[INFO] [stdout] 
[INFO] [stdout] warning: unnecessary qualification
[INFO] [stdout]    --> src/element_ref/element.rs:114:24
[INFO] [stdout]     |
[INFO] [stdout] 114 |         _context: &mut selectors::matching::MatchingContext<Self::Impl>,
[INFO] [stdout]     |                        ^^^^^^^^^^^^^^^^^^^^^^^^^^^^^^^^^^^^^^^^^^^^^^^^
[INFO] [stdout]     |
[INFO] [stdout] help: remove the unnecessary path segments
[INFO] [stdout]     |
[INFO] [stdout] 114 -         _context: &mut selectors::matching::MatchingContext<Self::Impl>,
[INFO] [stdout] 114 +         _context: &mut matching::MatchingContext<Self::Impl>,
[INFO] [stdout]     |
[INFO] [stdout] 
[INFO] [stdout] 
[INFO] [stdout] warning: unnecessary qualification
[INFO] [stdout]    --> src/html/mod.rs:114:30
[INFO] [stdout]     |
[INFO] [stdout] 114 |             traversal_scope: html5ever::serialize::TraversalScope::IncludeNode,
[INFO] [stdout]     |                              ^^^^^^^^^^^^^^^^^^^^^^^^^^^^^^^^^^^^^^^^^^^^^^^^^
[INFO] [stdout]     |
[INFO] [stdout] help: remove the unnecessary path segments
[INFO] [stdout]     |
[INFO] [stdout] 114 -             traversal_scope: html5ever::serialize::TraversalScope::IncludeNode,
[INFO] [stdout] 114 +             traversal_scope: serialize::TraversalScope::IncludeNode,
[INFO] [stdout]     |
[INFO] [stdout] 
[INFO] [stdout] 
[INFO] [stdout] warning: unnecessary qualification
[INFO] [stdout]    --> src/selector.rs:120:6
[INFO] [stdout]     |
[INFO] [stdout] 120 | impl std::fmt::Display for CssString {
[INFO] [stdout]     |      ^^^^^^^^^^^^^^^^^
[INFO] [stdout]     |
[INFO] [stdout] help: remove the unnecessary path segments
[INFO] [stdout]     |
[INFO] [stdout] 120 - impl std::fmt::Display for CssString {
[INFO] [stdout] 120 + impl fmt::Display for CssString {
[INFO] [stdout]     |
[INFO] [stdout] 
[INFO] [stdout] 
[INFO] [stdout] warning: unnecessary qualification
[INFO] [stdout]    --> src/selector.rs:121:67
[INFO] [stdout]     |
[INFO] [stdout] 121 |     fn fmt(&self, _: &mut core::fmt::Formatter<'_>) -> Result<(), std::fmt::Error> {  Ok(()) }
[INFO] [stdout]     |                                                                   ^^^^^^^^^^^^^^^
[INFO] [stdout]     |
[INFO] [stdout] help: remove the unnecessary path segments
[INFO] [stdout]     |
[INFO] [stdout] 121 -     fn fmt(&self, _: &mut core::fmt::Formatter<'_>) -> Result<(), std::fmt::Error> {  Ok(()) }
[INFO] [stdout] 121 +     fn fmt(&self, _: &mut core::fmt::Formatter<'_>) -> Result<(), fmt::Error> {  Ok(()) }
[INFO] [stdout]     |
[INFO] [stdout] 
[INFO] [stdout] 
[INFO] [stdout] warning: unnecessary qualification
[INFO] [stdout]    --> src/selector.rs:124:6
[INFO] [stdout]     |
[INFO] [stdout] 124 | impl std::fmt::Display for CssLocalName {
[INFO] [stdout]     |      ^^^^^^^^^^^^^^^^^
[INFO] [stdout]     |
[INFO] [stdout] help: remove the unnecessary path segments
[INFO] [stdout]     |
[INFO] [stdout] 124 - impl std::fmt::Display for CssLocalName {
[INFO] [stdout] 124 + impl fmt::Display for CssLocalName {
[INFO] [stdout]     |
[INFO] [stdout] 
[INFO] [stdout] 
[INFO] [stdout] warning: unnecessary qualification
[INFO] [stdout]    --> src/selector.rs:125:67
[INFO] [stdout]     |
[INFO] [stdout] 125 |     fn fmt(&self, _: &mut core::fmt::Formatter<'_>) -> Result<(), std::fmt::Error> { Ok(()) }
[INFO] [stdout]     |                                                                   ^^^^^^^^^^^^^^^
[INFO] [stdout]     |
[INFO] [stdout] help: remove the unnecessary path segments
[INFO] [stdout]     |
[INFO] [stdout] 125 -     fn fmt(&self, _: &mut core::fmt::Formatter<'_>) -> Result<(), std::fmt::Error> { Ok(()) }
[INFO] [stdout] 125 +     fn fmt(&self, _: &mut core::fmt::Formatter<'_>) -> Result<(), fmt::Error> { Ok(()) }
[INFO] [stdout]     |
[INFO] [stdout] 
[INFO] [stdout] 
[INFO] [stdout] warning: hiding a lifetime that's elided elsewhere is confusing
[INFO] [stdout]    --> src/html/mod.rs:100:25
[INFO] [stdout]     |
[INFO] [stdout] 100 |     pub fn root_element(&self) -> ElementRef {
[INFO] [stdout]     |                         ^^^^^     ^^^^^^^^^^ the same lifetime is hidden here
[INFO] [stdout]     |                         |
[INFO] [stdout]     |                         the lifetime is elided here
[INFO] [stdout]     |
[INFO] [stdout]     = help: the same lifetime is referred to in inconsistent ways, making the signature confusing
[INFO] [stdout]     = note: `#[warn(mismatched_lifetime_syntaxes)]` on by default
[INFO] [stdout] help: use `'_` for type paths
[INFO] [stdout]     |
[INFO] [stdout] 100 |     pub fn root_element(&self) -> ElementRef<'_> {
[INFO] [stdout]     |                                             ++++
[INFO] [stdout] 
[INFO] [stdout] 
[INFO] [stdout] warning: hiding a lifetime that's elided elsewhere is confusing
[INFO] [stdout]   --> src/html/tree_sink.rs:46:18
[INFO] [stdout]    |
[INFO] [stdout] 46 |     fn elem_name(&self, target: &Self::Handle) -> ExpandedName {
[INFO] [stdout]    |                  ^^^^^                            ^^^^^^^^^^^^ the same lifetime is hidden here
[INFO] [stdout]    |                  |
[INFO] [stdout]    |                  the lifetime is elided here
[INFO] [stdout]    |
[INFO] [stdout]    = help: the same lifetime is referred to in inconsistent ways, making the signature confusing
[INFO] [stdout] help: use `'_` for type paths
[INFO] [stdout]    |
[INFO] [stdout] 46 |     fn elem_name(&self, target: &Self::Handle) -> ExpandedName<'_> {
[INFO] [stdout]    |                                                               ++++
[INFO] [stdout] 
[INFO] [stdout] 
[INFO] [stdout] warning: hiding a lifetime that's elided elsewhere is confusing
[INFO] [stdout]    --> src/node.rs:283:20
[INFO] [stdout]     |
[INFO] [stdout] 283 |     pub fn classes(&self) -> Classes {
[INFO] [stdout]     |                    ^^^^^     ^^^^^^^ the same lifetime is hidden here
[INFO] [stdout]     |                    |
[INFO] [stdout]     |                    the lifetime is elided here
[INFO] [stdout]     |
[INFO] [stdout]     = help: the same lifetime is referred to in inconsistent ways, making the signature confusing
[INFO] [stdout] help: use `'_` for type paths
[INFO] [stdout]     |
[INFO] [stdout] 283 |     pub fn classes(&self) -> Classes<'_> {
[INFO] [stdout]     |                                     ++++
[INFO] [stdout] 
[INFO] [stdout] 
[INFO] [stdout] warning: hiding a lifetime that's elided elsewhere is confusing
[INFO] [stdout]    --> src/node.rs:310:18
[INFO] [stdout]     |
[INFO] [stdout] 310 |     pub fn attrs(&self) -> Attrs {
[INFO] [stdout]     |                  ^^^^^     ^^^^^ the same lifetime is hidden here
[INFO] [stdout]     |                  |
[INFO] [stdout]     |                  the lifetime is elided here
[INFO] [stdout]     |
[INFO] [stdout]     = help: the same lifetime is referred to in inconsistent ways, making the signature confusing
[INFO] [stdout] help: use `'_` for type paths
[INFO] [stdout]     |
[INFO] [stdout] 310 |     pub fn attrs(&self) -> Attrs<'_> {
[INFO] [stdout]     |                                 ++++
[INFO] [stdout] 
[INFO] [stdout] 
[INFO] [stdout] warning: hiding a lifetime that's elided elsewhere is confusing
[INFO] [stdout]   --> src/selector.rs:29:30
[INFO] [stdout]    |
[INFO] [stdout] 29 |     pub fn parse(selectors: &'_ str) -> Result<Self, SelectorErrorKind> {
[INFO] [stdout]    |                              ^^                      ^^^^^^^^^^^^^^^^^ the same lifetime is hidden here
[INFO] [stdout]    |                              |
[INFO] [stdout]    |                              the lifetime is elided here
[INFO] [stdout]    |
[INFO] [stdout]    = help: the same lifetime is referred to in inconsistent ways, making the signature confusing
[INFO] [stdout] help: use `'_` for type paths
[INFO] [stdout]    |
[INFO] [stdout] 29 |     pub fn parse(selectors: &'_ str) -> Result<Self, SelectorErrorKind<'_>> {
[INFO] [stdout]    |                                                                       ++++
[INFO] [stdout] 
[INFO] [stdout] 
[INFO] [stderr]     Finished `release` profile [optimized] target(s) in 44.13s
[INFO] running `Command { std: "docker" "inspect" "3777acf912fee2c16420ef7d8bbd9288dbb43f1964fb275c82b448c6b0b01cc7", kill_on_drop: false }`
[INFO] running `Command { std: "docker" "exec" "-e" "SOURCE_DIR=/opt/rustwide/workdir" "-e" "CARGO_HOME=/opt/rustwide/cargo-home" "-e" "RUSTUP_HOME=/opt/rustwide/rustup-home" "-e" "CARGO_TARGET_DIR=/opt/rustwide/target" "-e" "CARGO_INCREMENTAL=0" "-e" "RUST_BACKTRACE=full" "-e" "RUSTFLAGS=--cap-lints=warn" "-e" "RUSTDOCFLAGS=--cap-lints=warn" "-w" "/opt/rustwide/workdir" "--user" "0:0" "3777acf912fee2c16420ef7d8bbd9288dbb43f1964fb275c82b448c6b0b01cc7" "/opt/rustwide/cargo-home/bin/cargo" "+1.100.0-beta.1" "test" "--frozen" "--no-run" "--message-format=json" "--release", kill_on_drop: false }`
[INFO] [stdout] warning: unnecessary qualification
[INFO] [stdout]    --> src/element_ref/element.rs:118:25
[INFO] [stdout]     |
[INFO] [stdout] 118 |         F: FnMut(&Self, selectors::matching::ElementSelectorFlags),
[INFO] [stdout]     |                         ^^^^^^^^^^^^^^^^^^^^^^^^^^^^^^^^^^^^^^^^^
[INFO] [stdout]     |
[INFO] [stdout] note: the lint level is defined here
[INFO] [stdout]    --> src/lib.rs:134:5
[INFO] [stdout]     |
[INFO] [stdout] 134 |     unused_qualifications,
[INFO] [stdout]     |     ^^^^^^^^^^^^^^^^^^^^^
[INFO] [stdout] help: remove the unnecessary path segments
[INFO] [stdout]     |
[INFO] [stdout] 118 -         F: FnMut(&Self, selectors::matching::ElementSelectorFlags),
[INFO] [stdout] 118 +         F: FnMut(&Self, matching::ElementSelectorFlags),
[INFO] [stdout]     |
[INFO] [stdout] 
[INFO] [stdout] 
[INFO] [stdout] warning: unnecessary qualification
[INFO] [stdout]    --> src/element_ref/element.rs:114:24
[INFO] [stdout]     |
[INFO] [stdout] 114 |         _context: &mut selectors::matching::MatchingContext<Self::Impl>,
[INFO] [stdout]     |                        ^^^^^^^^^^^^^^^^^^^^^^^^^^^^^^^^^^^^^^^^^^^^^^^^
[INFO] [stdout]     |
[INFO] [stdout] help: remove the unnecessary path segments
[INFO] [stdout]     |
[INFO] [stdout] 114 -         _context: &mut selectors::matching::MatchingContext<Self::Impl>,
[INFO] [stdout] 114 +         _context: &mut matching::MatchingContext<Self::Impl>,
[INFO] [stdout]     |
[INFO] [stdout] 
[INFO] [stdout] 
[INFO] [stdout] warning: unnecessary qualification
[INFO] [stdout]    --> src/html/mod.rs:114:30
[INFO] [stdout]     |
[INFO] [stdout] 114 |             traversal_scope: html5ever::serialize::TraversalScope::IncludeNode,
[INFO] [stdout]     |                              ^^^^^^^^^^^^^^^^^^^^^^^^^^^^^^^^^^^^^^^^^^^^^^^^^
[INFO] [stdout]     |
[INFO] [stdout] help: remove the unnecessary path segments
[INFO] [stdout]     |
[INFO] [stdout] 114 -             traversal_scope: html5ever::serialize::TraversalScope::IncludeNode,
[INFO] [stdout] 114 +             traversal_scope: serialize::TraversalScope::IncludeNode,
[INFO] [stdout]     |
[INFO] [stdout] 
[INFO] [stdout] 
[INFO] [stdout] warning: unnecessary qualification
[INFO] [stdout]    --> src/selector.rs:120:6
[INFO] [stdout]     |
[INFO] [stdout] 120 | impl std::fmt::Display for CssString {
[INFO] [stdout]     |      ^^^^^^^^^^^^^^^^^
[INFO] [stdout]     |
[INFO] [stdout] help: remove the unnecessary path segments
[INFO] [stdout]     |
[INFO] [stdout] 120 - impl std::fmt::Display for CssString {
[INFO] [stdout] 120 + impl fmt::Display for CssString {
[INFO] [stdout]     |
[INFO] [stdout] 
[INFO] [stdout] 
[INFO] [stdout] warning: unnecessary qualification
[INFO] [stdout]    --> src/selector.rs:121:67
[INFO] [stdout]     |
[INFO] [stdout] 121 |     fn fmt(&self, _: &mut core::fmt::Formatter<'_>) -> Result<(), std::fmt::Error> {  Ok(()) }
[INFO] [stdout]     |                                                                   ^^^^^^^^^^^^^^^
[INFO] [stdout]     |
[INFO] [stdout] help: remove the unnecessary path segments
[INFO] [stdout]     |
[INFO] [stdout] 121 -     fn fmt(&self, _: &mut core::fmt::Formatter<'_>) -> Result<(), std::fmt::Error> {  Ok(()) }
[INFO] [stdout] 121 +     fn fmt(&self, _: &mut core::fmt::Formatter<'_>) -> Result<(), fmt::Error> {  Ok(()) }
[INFO] [stdout]     |
[INFO] [stdout] 
[INFO] [stdout] 
[INFO] [stdout] warning: unnecessary qualification
[INFO] [stdout]    --> src/selector.rs:124:6
[INFO] [stdout]     |
[INFO] [stdout] 124 | impl std::fmt::Display for CssLocalName {
[INFO] [stdout]     |      ^^^^^^^^^^^^^^^^^
[INFO] [stdout]     |
[INFO] [stdout] help: remove the unnecessary path segments
[INFO] [stdout]     |
[INFO] [stdout] 124 - impl std::fmt::Display for CssLocalName {
[INFO] [stdout] 124 + impl fmt::Display for CssLocalName {
[INFO] [stdout]     |
[INFO] [stdout] 
[INFO] [stdout] 
[INFO] [stdout] warning: unnecessary qualification
[INFO] [stdout]    --> src/selector.rs:125:67
[INFO] [stdout]     |
[INFO] [stdout] 125 |     fn fmt(&self, _: &mut core::fmt::Formatter<'_>) -> Result<(), std::fmt::Error> { Ok(()) }
[INFO] [stdout]     |                                                                   ^^^^^^^^^^^^^^^
[INFO] [stdout]     |
[INFO] [stdout] help: remove the unnecessary path segments
[INFO] [stdout]     |
[INFO] [stdout] 125 -     fn fmt(&self, _: &mut core::fmt::Formatter<'_>) -> Result<(), std::fmt::Error> { Ok(()) }
[INFO] [stdout] 125 +     fn fmt(&self, _: &mut core::fmt::Formatter<'_>) -> Result<(), fmt::Error> { Ok(()) }
[INFO] [stdout]     |
[INFO] [stdout] 
[INFO] [stdout] 
[INFO] [stdout] warning: hiding a lifetime that's elided elsewhere is confusing
[INFO] [stdout]    --> src/html/mod.rs:100:25
[INFO] [stdout]     |
[INFO] [stdout] 100 |     pub fn root_element(&self) -> ElementRef {
[INFO] [stdout]     |                         ^^^^^     ^^^^^^^^^^ the same lifetime is hidden here
[INFO] [stdout]     |                         |
[INFO] [stdout]     |                         the lifetime is elided here
[INFO] [stdout]     |
[INFO] [stdout]     = help: the same lifetime is referred to in inconsistent ways, making the signature confusing
[INFO] [stdout]     = note: `#[warn(mismatched_lifetime_syntaxes)]` on by default
[INFO] [stdout] help: use `'_` for type paths
[INFO] [stdout]     |
[INFO] [stdout] 100 |     pub fn root_element(&self) -> ElementRef<'_> {
[INFO] [stdout]     |                                             ++++
[INFO] [stdout] 
[INFO] [stdout] 
[INFO] [stdout] warning: hiding a lifetime that's elided elsewhere is confusing
[INFO] [stdout]   --> src/html/tree_sink.rs:46:18
[INFO] [stdout]    |
[INFO] [stdout] 46 |     fn elem_name(&self, target: &Self::Handle) -> ExpandedName {
[INFO] [stdout]    |                  ^^^^^                            ^^^^^^^^^^^^ the same lifetime is hidden here
[INFO] [stdout]    |                  |
[INFO] [stdout]    |                  the lifetime is elided here
[INFO] [stdout]    |
[INFO] [stdout]    = help: the same lifetime is referred to in inconsistent ways, making the signature confusing
[INFO] [stdout] help: use `'_` for type paths
[INFO] [stdout]    |
[INFO] [stdout] 46 |     fn elem_name(&self, target: &Self::Handle) -> ExpandedName<'_> {
[INFO] [stdout]    |                                                               ++++
[INFO] [stdout] 
[INFO] [stdout] 
[INFO] [stdout] warning: hiding a lifetime that's elided elsewhere is confusing
[INFO] [stdout]    --> src/node.rs:283:20
[INFO] [stdout]     |
[INFO] [stdout] 283 |     pub fn classes(&self) -> Classes {
[INFO] [stdout]     |                    ^^^^^     ^^^^^^^ the same lifetime is hidden here
[INFO] [stdout]     |                    |
[INFO] [stdout]     |                    the lifetime is elided here
[INFO] [stdout]     |
[INFO] [stdout]     = help: the same lifetime is referred to in inconsistent ways, making the signature confusing
[INFO] [stdout] help: use `'_` for type paths
[INFO] [stdout]     |
[INFO] [stdout] 283 |     pub fn classes(&self) -> Classes<'_> {
[INFO] [stdout]     |                                     ++++
[INFO] [stdout] 
[INFO] [stdout] 
[INFO] [stdout] warning: hiding a lifetime that's elided elsewhere is confusing
[INFO] [stdout]    --> src/node.rs:310:18
[INFO] [stdout]     |
[INFO] [stdout] 310 |     pub fn attrs(&self) -> Attrs {
[INFO] [stdout]     |                  ^^^^^     ^^^^^ the same lifetime is hidden here
[INFO] [stdout]     |                  |
[INFO] [stdout]     |                  the lifetime is elided here
[INFO] [stdout]     |
[INFO] [stdout]     = help: the same lifetime is referred to in inconsistent ways, making the signature confusing
[INFO] [stdout] help: use `'_` for type paths
[INFO] [stdout]     |
[INFO] [stdout] 310 |     pub fn attrs(&self) -> Attrs<'_> {
[INFO] [stdout]     |                                 ++++
[INFO] [stdout] 
[INFO] [stdout] 
[INFO] [stdout] warning: hiding a lifetime that's elided elsewhere is confusing
[INFO] [stdout]   --> src/selector.rs:29:30
[INFO] [stdout]    |
[INFO] [stdout] 29 |     pub fn parse(selectors: &'_ str) -> Result<Self, SelectorErrorKind> {
[INFO] [stdout]    |                              ^^                      ^^^^^^^^^^^^^^^^^ the same lifetime is hidden here
[INFO] [stdout]    |                              |
[INFO] [stdout]    |                              the lifetime is elided here
[INFO] [stdout]    |
[INFO] [stdout]    = help: the same lifetime is referred to in inconsistent ways, making the signature confusing
[INFO] [stdout] help: use `'_` for type paths
[INFO] [stdout]    |
[INFO] [stdout] 29 |     pub fn parse(selectors: &'_ str) -> Result<Self, SelectorErrorKind<'_>> {
[INFO] [stdout]    |                                                                       ++++
[INFO] [stdout] 
[INFO] [stdout] 
[INFO] [stderr]    Compiling scraper_forky v0.17.2-rc (/opt/rustwide/workdir)
[INFO] [stdout] warning: unnecessary qualification
[INFO] [stdout]    --> src/element_ref/element.rs:118:25
[INFO] [stdout]     |
[INFO] [stdout] 118 |         F: FnMut(&Self, selectors::matching::ElementSelectorFlags),
[INFO] [stdout]     |                         ^^^^^^^^^^^^^^^^^^^^^^^^^^^^^^^^^^^^^^^^^
[INFO] [stdout]     |
[INFO] [stdout] note: the lint level is defined here
[INFO] [stdout]    --> src/lib.rs:134:5
[INFO] [stdout]     |
[INFO] [stdout] 134 |     unused_qualifications,
[INFO] [stdout]     |     ^^^^^^^^^^^^^^^^^^^^^
[INFO] [stdout] help: remove the unnecessary path segments
[INFO] [stdout]     |
[INFO] [stdout] 118 -         F: FnMut(&Self, selectors::matching::ElementSelectorFlags),
[INFO] [stdout] 118 +         F: FnMut(&Self, matching::ElementSelectorFlags),
[INFO] [stdout]     |
[INFO] [stdout] 
[INFO] [stdout] 
[INFO] [stdout] warning: unnecessary qualification
[INFO] [stdout]    --> src/element_ref/element.rs:114:24
[INFO] [stdout]     |
[INFO] [stdout] 114 |         _context: &mut selectors::matching::MatchingContext<Self::Impl>,
[INFO] [stdout]     |                        ^^^^^^^^^^^^^^^^^^^^^^^^^^^^^^^^^^^^^^^^^^^^^^^^
[INFO] [stdout]     |
[INFO] [stdout] help: remove the unnecessary path segments
[INFO] [stdout]     |
[INFO] [stdout] 114 -         _context: &mut selectors::matching::MatchingContext<Self::Impl>,
[INFO] [stdout] 114 +         _context: &mut matching::MatchingContext<Self::Impl>,
[INFO] [stdout]     |
[INFO] [stdout] 
[INFO] [stdout] 
[INFO] [stdout] warning: unnecessary qualification
[INFO] [stdout]    --> src/html/mod.rs:114:30
[INFO] [stdout]     |
[INFO] [stdout] 114 |             traversal_scope: html5ever::serialize::TraversalScope::IncludeNode,
[INFO] [stdout]     |                              ^^^^^^^^^^^^^^^^^^^^^^^^^^^^^^^^^^^^^^^^^^^^^^^^^
[INFO] [stdout]     |
[INFO] [stdout] help: remove the unnecessary path segments
[INFO] [stdout]     |
[INFO] [stdout] 114 -             traversal_scope: html5ever::serialize::TraversalScope::IncludeNode,
[INFO] [stdout] 114 +             traversal_scope: serialize::TraversalScope::IncludeNode,
[INFO] [stdout]     |
[INFO] [stdout] 
[INFO] [stdout] 
[INFO] [stdout] warning: unnecessary qualification
[INFO] [stdout]    --> src/selector.rs:120:6
[INFO] [stdout]     |
[INFO] [stdout] 120 | impl std::fmt::Display for CssString {
[INFO] [stdout]     |      ^^^^^^^^^^^^^^^^^
[INFO] [stdout]     |
[INFO] [stdout] help: remove the unnecessary path segments
[INFO] [stdout]     |
[INFO] [stdout] 120 - impl std::fmt::Display for CssString {
[INFO] [stdout] 120 + impl fmt::Display for CssString {
[INFO] [stdout]     |
[INFO] [stdout] 
[INFO] [stdout] 
[INFO] [stdout] warning: unnecessary qualification
[INFO] [stdout]    --> src/selector.rs:121:67
[INFO] [stdout]     |
[INFO] [stdout] 121 |     fn fmt(&self, _: &mut core::fmt::Formatter<'_>) -> Result<(), std::fmt::Error> {  Ok(()) }
[INFO] [stdout]     |                                                                   ^^^^^^^^^^^^^^^
[INFO] [stdout]     |
[INFO] [stdout] help: remove the unnecessary path segments
[INFO] [stdout]     |
[INFO] [stdout] 121 -     fn fmt(&self, _: &mut core::fmt::Formatter<'_>) -> Result<(), std::fmt::Error> {  Ok(()) }
[INFO] [stdout] 121 +     fn fmt(&self, _: &mut core::fmt::Formatter<'_>) -> Result<(), fmt::Error> {  Ok(()) }
[INFO] [stdout]     |
[INFO] [stdout] 
[INFO] [stdout] 
[INFO] [stdout] warning: unnecessary qualification
[INFO] [stdout]    --> src/selector.rs:124:6
[INFO] [stdout]     |
[INFO] [stdout] 124 | impl std::fmt::Display for CssLocalName {
[INFO] [stdout]     |      ^^^^^^^^^^^^^^^^^
[INFO] [stdout]     |
[INFO] [stdout] help: remove the unnecessary path segments
[INFO] [stdout]     |
[INFO] [stdout] 124 - impl std::fmt::Display for CssLocalName {
[INFO] [stdout] 124 + impl fmt::Display for CssLocalName {
[INFO] [stdout]     |
[INFO] [stdout] 
[INFO] [stdout] 
[INFO] [stdout] warning: unnecessary qualification
[INFO] [stdout]    --> src/selector.rs:125:67
[INFO] [stdout]     |
[INFO] [stdout] 125 |     fn fmt(&self, _: &mut core::fmt::Formatter<'_>) -> Result<(), std::fmt::Error> { Ok(()) }
[INFO] [stdout]     |                                                                   ^^^^^^^^^^^^^^^
[INFO] [stdout]     |
[INFO] [stdout] help: remove the unnecessary path segments
[INFO] [stdout]     |
[INFO] [stdout] 125 -     fn fmt(&self, _: &mut core::fmt::Formatter<'_>) -> Result<(), std::fmt::Error> { Ok(()) }
[INFO] [stdout] 125 +     fn fmt(&self, _: &mut core::fmt::Formatter<'_>) -> Result<(), fmt::Error> { Ok(()) }
[INFO] [stdout]     |
[INFO] [stdout] 
[INFO] [stdout] 
[INFO] [stdout] warning: hiding a lifetime that's elided elsewhere is confusing
[INFO] [stdout]    --> src/html/mod.rs:100:25
[INFO] [stdout]     |
[INFO] [stdout] 100 |     pub fn root_element(&self) -> ElementRef {
[INFO] [stdout]     |                         ^^^^^     ^^^^^^^^^^ the same lifetime is hidden here
[INFO] [stdout]     |                         |
[INFO] [stdout]     |                         the lifetime is elided here
[INFO] [stdout]     |
[INFO] [stdout]     = help: the same lifetime is referred to in inconsistent ways, making the signature confusing
[INFO] [stdout]     = note: `#[warn(mismatched_lifetime_syntaxes)]` on by default
[INFO] [stdout] help: use `'_` for type paths
[INFO] [stdout]     |
[INFO] [stdout] 100 |     pub fn root_element(&self) -> ElementRef<'_> {
[INFO] [stdout]     |                                             ++++
[INFO] [stdout] 
[INFO] [stdout] 
[INFO] [stdout] warning: hiding a lifetime that's elided elsewhere is confusing
[INFO] [stdout]   --> src/html/tree_sink.rs:46:18
[INFO] [stdout]    |
[INFO] [stdout] 46 |     fn elem_name(&self, target: &Self::Handle) -> ExpandedName {
[INFO] [stdout]    |                  ^^^^^                            ^^^^^^^^^^^^ the same lifetime is hidden here
[INFO] [stdout]    |                  |
[INFO] [stdout]    |                  the lifetime is elided here
[INFO] [stdout]    |
[INFO] [stdout]    = help: the same lifetime is referred to in inconsistent ways, making the signature confusing
[INFO] [stdout] help: use `'_` for type paths
[INFO] [stdout]    |
[INFO] [stdout] 46 |     fn elem_name(&self, target: &Self::Handle) -> ExpandedName<'_> {
[INFO] [stdout]    |                                                               ++++
[INFO] [stdout] 
[INFO] [stdout] 
[INFO] [stdout] warning: hiding a lifetime that's elided elsewhere is confusing
[INFO] [stdout]    --> src/node.rs:283:20
[INFO] [stdout]     |
[INFO] [stdout] 283 |     pub fn classes(&self) -> Classes {
[INFO] [stdout]     |                    ^^^^^     ^^^^^^^ the same lifetime is hidden here
[INFO] [stdout]     |                    |
[INFO] [stdout]     |                    the lifetime is elided here
[INFO] [stdout]     |
[INFO] [stdout]     = help: the same lifetime is referred to in inconsistent ways, making the signature confusing
[INFO] [stdout] help: use `'_` for type paths
[INFO] [stdout]     |
[INFO] [stdout] 283 |     pub fn classes(&self) -> Classes<'_> {
[INFO] [stdout]     |                                     ++++
[INFO] [stdout] 
[INFO] [stdout] 
[INFO] [stdout] warning: hiding a lifetime that's elided elsewhere is confusing
[INFO] [stdout]    --> src/node.rs:310:18
[INFO] [stdout]     |
[INFO] [stdout] 310 |     pub fn attrs(&self) -> Attrs {
[INFO] [stdout]     |                  ^^^^^     ^^^^^ the same lifetime is hidden here
[INFO] [stdout]     |                  |
[INFO] [stdout]     |                  the lifetime is elided here
[INFO] [stdout]     |
[INFO] [stdout]     = help: the same lifetime is referred to in inconsistent ways, making the signature confusing
[INFO] [stdout] help: use `'_` for type paths
[INFO] [stdout]     |
[INFO] [stdout] 310 |     pub fn attrs(&self) -> Attrs<'_> {
[INFO] [stdout]     |                                 ++++
[INFO] [stdout] 
[INFO] [stdout] 
[INFO] [stdout] warning: hiding a lifetime that's elided elsewhere is confusing
[INFO] [stdout]   --> src/selector.rs:29:30
[INFO] [stdout]    |
[INFO] [stdout] 29 |     pub fn parse(selectors: &'_ str) -> Result<Self, SelectorErrorKind> {
[INFO] [stdout]    |                              ^^                      ^^^^^^^^^^^^^^^^^ the same lifetime is hidden here
[INFO] [stdout]    |                              |
[INFO] [stdout]    |                              the lifetime is elided here
[INFO] [stdout]    |
[INFO] [stdout]    = help: the same lifetime is referred to in inconsistent ways, making the signature confusing
[INFO] [stdout] help: use `'_` for type paths
[INFO] [stdout]    |
[INFO] [stdout] 29 |     pub fn parse(selectors: &'_ str) -> Result<Self, SelectorErrorKind<'_>> {
[INFO] [stdout]    |                                                                       ++++
[INFO] [stdout] 
[INFO] [stdout] 
[INFO] [stderr]     Finished `release` profile [optimized] target(s) in 8.05s
[INFO] running `Command { std: "docker" "inspect" "3777acf912fee2c16420ef7d8bbd9288dbb43f1964fb275c82b448c6b0b01cc7", kill_on_drop: false }`
[INFO] running `Command { std: "docker" "exec" "-e" "SOURCE_DIR=/opt/rustwide/workdir" "-e" "CARGO_HOME=/opt/rustwide/cargo-home" "-e" "RUSTUP_HOME=/opt/rustwide/rustup-home" "-e" "CARGO_TARGET_DIR=/opt/rustwide/target" "-e" "CARGO_INCREMENTAL=0" "-e" "RUST_BACKTRACE=full" "-e" "RUSTFLAGS=--cap-lints=warn" "-e" "RUSTDOCFLAGS=--cap-lints=warn" "-w" "/opt/rustwide/workdir" "--user" "0:0" "3777acf912fee2c16420ef7d8bbd9288dbb43f1964fb275c82b448c6b0b01cc7" "/opt/rustwide/cargo-home/bin/cargo" "+1.100.0-beta.1" "test" "--frozen" "--release", kill_on_drop: false }`
[INFO] [stderr] warning: unnecessary qualification
[INFO] [stderr]    --> src/element_ref/element.rs:118:25
[INFO] [stderr]     |
[INFO] [stderr] 118 |         F: FnMut(&Self, selectors::matching::ElementSelectorFlags),
[INFO] [stderr]     |                         ^^^^^^^^^^^^^^^^^^^^^^^^^^^^^^^^^^^^^^^^^
[INFO] [stderr]     |
[INFO] [stderr] note: the lint level is defined here
[INFO] [stderr]    --> src/lib.rs:134:5
[INFO] [stderr]     |
[INFO] [stderr] 134 |     unused_qualifications,
[INFO] [stderr]     |     ^^^^^^^^^^^^^^^^^^^^^
[INFO] [stderr] help: remove the unnecessary path segments
[INFO] [stderr]     |
[INFO] [stderr] 118 -         F: FnMut(&Self, selectors::matching::ElementSelectorFlags),
[INFO] [stderr] 118 +         F: FnMut(&Self, matching::ElementSelectorFlags),
[INFO] [stderr]     |
[INFO] [stderr] 
[INFO] [stderr] warning: unnecessary qualification
[INFO] [stderr]    --> src/element_ref/element.rs:114:24
[INFO] [stderr]     |
[INFO] [stderr] 114 |         _context: &mut selectors::matching::MatchingContext<Self::Impl>,
[INFO] [stderr]     |                        ^^^^^^^^^^^^^^^^^^^^^^^^^^^^^^^^^^^^^^^^^^^^^^^^
[INFO] [stderr]     |
[INFO] [stderr] help: remove the unnecessary path segments
[INFO] [stderr]     |
[INFO] [stderr] 114 -         _context: &mut selectors::matching::MatchingContext<Self::Impl>,
[INFO] [stderr] 114 +         _context: &mut matching::MatchingContext<Self::Impl>,
[INFO] [stderr]     |
[INFO] [stderr] 
[INFO] [stderr] warning: unnecessary qualification
[INFO] [stderr]    --> src/html/mod.rs:114:30
[INFO] [stderr]     |
[INFO] [stderr] 114 |             traversal_scope: html5ever::serialize::TraversalScope::IncludeNode,
[INFO] [stderr]     |                              ^^^^^^^^^^^^^^^^^^^^^^^^^^^^^^^^^^^^^^^^^^^^^^^^^
[INFO] [stderr]     |
[INFO] [stderr] help: remove the unnecessary path segments
[INFO] [stderr]     |
[INFO] [stderr] 114 -             traversal_scope: html5ever::serialize::TraversalScope::IncludeNode,
[INFO] [stderr] 114 +             traversal_scope: serialize::TraversalScope::IncludeNode,
[INFO] [stderr]     |
[INFO] [stderr] 
[INFO] [stderr] warning: unnecessary qualification
[INFO] [stderr]    --> src/selector.rs:120:6
[INFO] [stderr]     |
[INFO] [stderr] 120 | impl std::fmt::Display for CssString {
[INFO] [stderr]     |      ^^^^^^^^^^^^^^^^^
[INFO] [stderr]     |
[INFO] [stderr] help: remove the unnecessary path segments
[INFO] [stderr]     |
[INFO] [stderr] 120 - impl std::fmt::Display for CssString {
[INFO] [stderr] 120 + impl fmt::Display for CssString {
[INFO] [stderr]     |
[INFO] [stderr] 
[INFO] [stderr] warning: unnecessary qualification
[INFO] [stderr]    --> src/selector.rs:121:67
[INFO] [stderr]     |
[INFO] [stderr] 121 |     fn fmt(&self, _: &mut core::fmt::Formatter<'_>) -> Result<(), std::fmt::Error> {  Ok(()) }
[INFO] [stderr]     |                                                                   ^^^^^^^^^^^^^^^
[INFO] [stderr]     |
[INFO] [stderr] help: remove the unnecessary path segments
[INFO] [stderr]     |
[INFO] [stderr] 121 -     fn fmt(&self, _: &mut core::fmt::Formatter<'_>) -> Result<(), std::fmt::Error> {  Ok(()) }
[INFO] [stderr] 121 +     fn fmt(&self, _: &mut core::fmt::Formatter<'_>) -> Result<(), fmt::Error> {  Ok(()) }
[INFO] [stderr]     |
[INFO] [stderr] 
[INFO] [stderr] warning: unnecessary qualification
[INFO] [stderr]    --> src/selector.rs:124:6
[INFO] [stderr]     |
[INFO] [stderr] 124 | impl std::fmt::Display for CssLocalName {
[INFO] [stderr]     |      ^^^^^^^^^^^^^^^^^
[INFO] [stderr]     |
[INFO] [stderr] help: remove the unnecessary path segments
[INFO] [stderr]     |
[INFO] [stderr] 124 - impl std::fmt::Display for CssLocalName {
[INFO] [stderr] 124 + impl fmt::Display for CssLocalName {
[INFO] [stderr]     |
[INFO] [stderr] 
[INFO] [stderr] warning: unnecessary qualification
[INFO] [stderr]    --> src/selector.rs:125:67
[INFO] [stderr]     |
[INFO] [stderr] 125 |     fn fmt(&self, _: &mut core::fmt::Formatter<'_>) -> Result<(), std::fmt::Error> { Ok(()) }
[INFO] [stderr]     |                                                                   ^^^^^^^^^^^^^^^
[INFO] [stderr]     |
[INFO] [stderr] help: remove the unnecessary path segments
[INFO] [stderr]     |
[INFO] [stderr] 125 -     fn fmt(&self, _: &mut core::fmt::Formatter<'_>) -> Result<(), std::fmt::Error> { Ok(()) }
[INFO] [stderr] 125 +     fn fmt(&self, _: &mut core::fmt::Formatter<'_>) -> Result<(), fmt::Error> { Ok(()) }
[INFO] [stderr]     |
[INFO] [stderr] 
[INFO] [stderr] warning: hiding a lifetime that's elided elsewhere is confusing
[INFO] [stderr]    --> src/html/mod.rs:100:25
[INFO] [stderr]     |
[INFO] [stderr] 100 |     pub fn root_element(&self) -> ElementRef {
[INFO] [stderr]     |                         ^^^^^     ^^^^^^^^^^ the same lifetime is hidden here
[INFO] [stderr]     |                         |
[INFO] [stderr]     |                         the lifetime is elided here
[INFO] [stderr]     |
[INFO] [stderr]     = help: the same lifetime is referred to in inconsistent ways, making the signature confusing
[INFO] [stderr]     = note: `#[warn(mismatched_lifetime_syntaxes)]` on by default
[INFO] [stderr] help: use `'_` for type paths
[INFO] [stderr]     |
[INFO] [stderr] 100 |     pub fn root_element(&self) -> ElementRef<'_> {
[INFO] [stderr]     |                                             ++++
[INFO] [stderr] 
[INFO] [stderr] warning: hiding a lifetime that's elided elsewhere is confusing
[INFO] [stderr]   --> src/html/tree_sink.rs:46:18
[INFO] [stderr]    |
[INFO] [stderr] 46 |     fn elem_name(&self, target: &Self::Handle) -> ExpandedName {
[INFO] [stderr]    |                  ^^^^^                            ^^^^^^^^^^^^ the same lifetime is hidden here
[INFO] [stderr]    |                  |
[INFO] [stderr]    |                  the lifetime is elided here
[INFO] [stderr]    |
[INFO] [stderr]    = help: the same lifetime is referred to in inconsistent ways, making the signature confusing
[INFO] [stderr] help: use `'_` for type paths
[INFO] [stderr]    |
[INFO] [stderr] 46 |     fn elem_name(&self, target: &Self::Handle) -> ExpandedName<'_> {
[INFO] [stderr]    |                                                               ++++
[INFO] [stderr] 
[INFO] [stderr] warning: hiding a lifetime that's elided elsewhere is confusing
[INFO] [stderr]    --> src/node.rs:283:20
[INFO] [stderr]     |
[INFO] [stderr] 283 |     pub fn classes(&self) -> Classes {
[INFO] [stderr]     |                    ^^^^^     ^^^^^^^ the same lifetime is hidden here
[INFO] [stderr]     |                    |
[INFO] [stderr]     |                    the lifetime is elided here
[INFO] [stderr]     |
[INFO] [stderr]     = help: the same lifetime is referred to in inconsistent ways, making the signature confusing
[INFO] [stderr] help: use `'_` for type paths
[INFO] [stderr]     |
[INFO] [stderr] 283 |     pub fn classes(&self) -> Classes<'_> {
[INFO] [stderr]     |                                     ++++
[INFO] [stderr] 
[INFO] [stderr] warning: hiding a lifetime that's elided elsewhere is confusing
[INFO] [stderr]    --> src/node.rs:310:18
[INFO] [stderr]     |
[INFO] [stderr] 310 |     pub fn attrs(&self) -> Attrs {
[INFO] [stderr]     |                  ^^^^^     ^^^^^ the same lifetime is hidden here
[INFO] [stderr]     |                  |
[INFO] [stderr]     |                  the lifetime is elided here
[INFO] [stderr]     |
[INFO] [stderr]     = help: the same lifetime is referred to in inconsistent ways, making the signature confusing
[INFO] [stderr] help: use `'_` for type paths
[INFO] [stderr]     |
[INFO] [stderr] 310 |     pub fn attrs(&self) -> Attrs<'_> {
[INFO] [stderr]     |                                 ++++
[INFO] [stderr] 
[INFO] [stderr] warning: hiding a lifetime that's elided elsewhere is confusing
[INFO] [stderr]   --> src/selector.rs:29:30
[INFO] [stderr]    |
[INFO] [stderr] 29 |     pub fn parse(selectors: &'_ str) -> Result<Self, SelectorErrorKind> {
[INFO] [stderr]    |                              ^^                      ^^^^^^^^^^^^^^^^^ the same lifetime is hidden here
[INFO] [stderr]    |                              |
[INFO] [stderr]    |                              the lifetime is elided here
[INFO] [stderr]    |
[INFO] [stderr]    = help: the same lifetime is referred to in inconsistent ways, making the signature confusing
[INFO] [stderr] help: use `'_` for type paths
[INFO] [stderr]    |
[INFO] [stderr] 29 |     pub fn parse(selectors: &'_ str) -> Result<Self, SelectorErrorKind<'_>> {
[INFO] [stderr]    |                                                                       ++++
[INFO] [stderr] 
[INFO] [stderr] warning: `scraper_forky` (lib) generated 12 warnings (run `cargo fix --lib -p scraper_forky` to apply 12 suggestions)
[INFO] [stderr] warning: `scraper_forky` (lib test) generated 12 warnings (12 duplicates)
[INFO] [stderr]     Finished `release` profile [optimized] target(s) in 0.10s
[INFO] [stderr]      Running unittests src/lib.rs (/opt/rustwide/target/release/build/scraper_forky/b6a03554475e102d/out/scraper_forky-b6a03554475e102d)
[INFO] [stdout] 
[INFO] [stdout] running 13 tests
[INFO] [stdout] test html::serializable::tests::test_serialize ... ok
[INFO] [stdout] test html::tests::root_element_fragment ... ok
[INFO] [stdout] test html::tests::select_has_a_size_hint ... ok
[INFO] [stdout] test element_ref::tests::test_scope ... FAILED
[INFO] [stdout] test html::tests::root_element_document_comment ... FAILED
[INFO] [stdout] test html::tests::root_element_document_doctype ... FAILED
[INFO] [stdout] test element_ref::element::tests::test_is_link ... FAILED
[INFO] [stdout] test selector::tests::selector_conversions ... ok
[INFO] [stdout] test selector::tests::invalid_selector_conversions - should panic ... ok
[INFO] [stdout] test test::tag_with_newline ... FAILED
[INFO] [stdout] test element_ref::element::tests::test_has_id ... FAILED
[INFO] [stdout] test html::tests::select_is_reversible ... FAILED
[INFO] [stdout] test element_ref::element::tests::test_has_class ... FAILED
[INFO] [stdout] 
[INFO] [stdout] failures:
[INFO] [stdout] 
[INFO] [stdout] ---- element_ref::tests::test_scope stdout ----
[INFO] [stdout] 
[INFO] [stdout] thread 'element_ref::tests::test_scope' (1242) panicked at src/element_ref/mod.rs:164:9:
[INFO] [stdout] assertion `left == right` failed
[INFO] [stdout]   left: "1"
[INFO] [stdout]  right: "3"
[INFO] [stdout] stack backtrace:
[INFO] [stdout]    0:     0x55b12d918ab1 - <<std[617be2ca0a6fd877]::sys::backtrace::BacktraceLock>::print::DisplayBacktrace as core[a373ad73a504971]::fmt::Display>::fmt
[INFO] [stdout]    1:     0x55b12d92db6a - core[a373ad73a504971]::fmt::write
[INFO] [stdout]    2:     0x55b12d91cd7c - <alloc[2e1b2a31b91974c5]::vec::Vec<u8> as core[a373ad73a504971]::io::write::Write>::write_fmt
[INFO] [stdout]    3:     0x55b12d8f4d86 - std[617be2ca0a6fd877]::panicking::default_hook::{closure#0}
[INFO] [stdout]    4:     0x55b12d910fb9 - std[617be2ca0a6fd877]::panicking::default_hook
[INFO] [stdout]    5:     0x55b12d89d590 - test[aada8e7e76ba119b]::test_main_inner::{closure#0}
[INFO] [stdout]    6:     0x55b12d911172 - std[617be2ca0a6fd877]::panicking::panic_with_hook
[INFO] [stdout]    7:     0x55b12d8f4e32 - std[617be2ca0a6fd877]::panicking::panic_handler::{closure#0}
[INFO] [stdout]    8:     0x55b12d8edb19 - std[617be2ca0a6fd877]::sys::backtrace::__rust_end_short_backtrace::<std[617be2ca0a6fd877]::panicking::panic_handler::{closure#0}, !>
[INFO] [stdout]    9:     0x55b12d8f5a3d - __rustc[ea4f61d10b84890b]::rust_begin_unwind
[INFO] [stdout]   10:     0x55b12d92e29c - core[a373ad73a504971]::panicking::panic_fmt
[INFO] [stdout]   11:     0x55b12d92e1b3 - core[a373ad73a504971]::panicking::assert_failed_inner
[INFO] [stdout]   12:     0x55b12d87a6ba - core[a373ad73a504971]::panicking::assert_failed::<alloc[2e1b2a31b91974c5]::string::String, &str>
[INFO] [stdout]   13:     0x55b12d87bf00 - <scraper_forky[3c1dd438cb2cd427]::element_ref::tests::test_scope::{closure#0} as core[a373ad73a504971]::ops::function::FnOnce<()>>::call_once
[INFO] [stdout]   14:     0x55b12d8909db - test[aada8e7e76ba119b]::__rust_begin_short_backtrace::<core[a373ad73a504971]::result::Result<(), alloc[2e1b2a31b91974c5]::string::String>, fn() -> core[a373ad73a504971]::result::Result<(), alloc[2e1b2a31b91974c5]::string::String>>
[INFO] [stdout]   15:     0x55b12d89dbb5 - test[aada8e7e76ba119b]::run_test::{closure#0}
[INFO] [stdout]   16:     0x55b12d8974a4 - std[617be2ca0a6fd877]::sys::backtrace::__rust_begin_short_backtrace::<test[aada8e7e76ba119b]::run_test::{closure#1}, ()>
[INFO] [stdout]   17:     0x55b12d8a0c42 - <std[617be2ca0a6fd877]::thread::lifecycle::spawn_unchecked<test[aada8e7e76ba119b]::run_test::{closure#1}, ()>::{closure#1} as core[a373ad73a504971]::ops::function::FnOnce<()>>::call_once::{shim:vtable#0}
[INFO] [stdout]   18:     0x55b12d9182df - <std[617be2ca0a6fd877]::sys::thread::unix::Thread>::new::thread_start
[INFO] [stdout]   19:     0x7bfe3e5b0dfa - <unknown>
[INFO] [stdout]   20:     0x7bfe3e6443d4 - clone
[INFO] [stdout]   21:                0x0 - <unknown>
[INFO] [stdout] 
[INFO] [stdout] ---- html::tests::root_element_document_comment stdout ----
[INFO] [stdout] 
[INFO] [stdout] thread 'html::tests::root_element_document_comment' (1244) panicked at src/html/mod.rs:203:9:
[INFO] [stdout] assertion `left == right` failed
[INFO] [stdout]   left: "<title>abc</title>"
[INFO] [stdout]  right: "abc"
[INFO] [stdout] stack backtrace:
[INFO] [stdout]    0:     0x55b12d918ab1 - <<std[617be2ca0a6fd877]::sys::backtrace::BacktraceLock>::print::DisplayBacktrace as core[a373ad73a504971]::fmt::Display>::fmt
[INFO] [stdout]    1:     0x55b12d92db6a - core[a373ad73a504971]::fmt::write
[INFO] [stdout]    2:     0x55b12d91cd7c - <alloc[2e1b2a31b91974c5]::vec::Vec<u8> as core[a373ad73a504971]::io::write::Write>::write_fmt
[INFO] [stdout]    3:     0x55b12d8f4d86 - std[617be2ca0a6fd877]::panicking::default_hook::{closure#0}
[INFO] [stdout]    4:     0x55b12d910fb9 - std[617be2ca0a6fd877]::panicking::default_hook
[INFO] [stdout]    5:     0x55b12d89d590 - test[aada8e7e76ba119b]::test_main_inner::{closure#0}
[INFO] [stdout]    6:     0x55b12d911172 - std[617be2ca0a6fd877]::panicking::panic_with_hook
[INFO] [stdout]    7:     0x55b12d8f4e32 - std[617be2ca0a6fd877]::panicking::panic_handler::{closure#0}
[INFO] [stdout]    8:     0x55b12d8edb19 - std[617be2ca0a6fd877]::sys::backtrace::__rust_end_short_backtrace::<std[617be2ca0a6fd877]::panicking::panic_handler::{closure#0}, !>
[INFO] [stdout]    9:     0x55b12d8f5a3d - __rustc[ea4f61d10b84890b]::rust_begin_unwind
[INFO] [stdout]   10:     0x55b12d92e29c - core[a373ad73a504971]::panicking::panic_fmt
[INFO] [stdout]   11:     0x55b12d92e1b3 - core[a373ad73a504971]::panicking::assert_failed_inner
[INFO] [stdout]   12:     0x55b12d87a6ba - core[a373ad73a504971]::panicking::assert_failed::<alloc[2e1b2a31b91974c5]::string::String, &str>
[INFO] [stdout]   13:     0x55b12d8888f5 - <scraper_forky[3c1dd438cb2cd427]::html::tests::root_element_document_comment::{closure#0} as core[a373ad73a504971]::ops::function::FnOnce<()>>::call_once
[INFO] [stdout]   14:     0x55b12d8909db - test[aada8e7e76ba119b]::__rust_begin_short_backtrace::<core[a373ad73a504971]::result::Result<(), alloc[2e1b2a31b91974c5]::string::String>, fn() -> core[a373ad73a504971]::result::Result<(), alloc[2e1b2a31b91974c5]::string::String>>
[INFO] [stdout]   15:     0x55b12d89dbb5 - test[aada8e7e76ba119b]::run_test::{closure#0}
[INFO] [stdout]   16:     0x55b12d8974a4 - std[617be2ca0a6fd877]::sys::backtrace::__rust_begin_short_backtrace::<test[aada8e7e76ba119b]::run_test::{closure#1}, ()>
[INFO] [stdout]   17:     0x55b12d8a0c42 - <std[617be2ca0a6fd877]::thread::lifecycle::spawn_unchecked<test[aada8e7e76ba119b]::run_test::{closure#1}, ()>::{closure#1} as core[a373ad73a504971]::ops::function::FnOnce<()>>::call_once::{shim:vtable#0}
[INFO] [stdout]   18:     0x55b12d9182df - <std[617be2ca0a6fd877]::sys::thread::unix::Thread>::new::thread_start
[INFO] [stdout]   19:     0x7bfe3e5b0dfa - <unknown>
[INFO] [stdout]   20:     0x7bfe3e6443d4 - clone
[INFO] [stdout]   21:                0x0 - <unknown>
[INFO] [stdout] 
[INFO] [stdout] ---- html::tests::root_element_document_doctype stdout ----
[INFO] [stdout] 
[INFO] [stdout] thread 'html::tests::root_element_document_doctype' (1245) panicked at src/html/mod.rs:192:9:
[INFO] [stdout] assertion `left == right` failed
[INFO] [stdout]   left: "<title>abc</title>"
[INFO] [stdout]  right: "abc"
[INFO] [stdout] stack backtrace:
[INFO] [stdout]    0:     0x55b12d918ab1 - <<std[617be2ca0a6fd877]::sys::backtrace::BacktraceLock>::print::DisplayBacktrace as core[a373ad73a504971]::fmt::Display>::fmt
[INFO] [stdout]    1:     0x55b12d92db6a - core[a373ad73a504971]::fmt::write
[INFO] [stdout]    2:     0x55b12d91cd7c - <alloc[2e1b2a31b91974c5]::vec::Vec<u8> as core[a373ad73a504971]::io::write::Write>::write_fmt
[INFO] [stdout]    3:     0x55b12d8f4d86 - std[617be2ca0a6fd877]::panicking::default_hook::{closure#0}
[INFO] [stdout]    4:     0x55b12d910fb9 - std[617be2ca0a6fd877]::panicking::default_hook
[INFO] [stdout]    5:     0x55b12d89d590 - test[aada8e7e76ba119b]::test_main_inner::{closure#0}
[INFO] [stdout]    6:     0x55b12d911172 - std[617be2ca0a6fd877]::panicking::panic_with_hook
[INFO] [stdout]    7:     0x55b12d8f4e32 - std[617be2ca0a6fd877]::panicking::panic_handler::{closure#0}
[INFO] [stdout]    8:     0x55b12d8edb19 - std[617be2ca0a6fd877]::sys::backtrace::__rust_end_short_backtrace::<std[617be2ca0a6fd877]::panicking::panic_handler::{closure#0}, !>
[INFO] [stdout]    9:     0x55b12d8f5a3d - __rustc[ea4f61d10b84890b]::rust_begin_unwind
[INFO] [stdout]   10:     0x55b12d92e29c - core[a373ad73a504971]::panicking::panic_fmt
[INFO] [stdout]   11:     0x55b12d92e1b3 - core[a373ad73a504971]::panicking::assert_failed_inner
[INFO] [stdout]   12:     0x55b12d87a6ba - core[a373ad73a504971]::panicking::assert_failed::<alloc[2e1b2a31b91974c5]::string::String, &str>
[INFO] [stdout]   13:     0x55b12d888ce5 - <scraper_forky[3c1dd438cb2cd427]::html::tests::root_element_document_doctype::{closure#0} as core[a373ad73a504971]::ops::function::FnOnce<()>>::call_once
[INFO] [stdout]   14:     0x55b12d8909db - test[aada8e7e76ba119b]::__rust_begin_short_backtrace::<core[a373ad73a504971]::result::Result<(), alloc[2e1b2a31b91974c5]::string::String>, fn() -> core[a373ad73a504971]::result::Result<(), alloc[2e1b2a31b91974c5]::string::String>>
[INFO] [stdout]   15:     0x55b12d89dbb5 - test[aada8e7e76ba119b]::run_test::{closure#0}
[INFO] [stdout]   16:     0x55b12d8974a4 - std[617be2ca0a6fd877]::sys::backtrace::__rust_begin_short_backtrace::<test[aada8e7e76ba119b]::run_test::{closure#1}, ()>
[INFO] [stdout]   17:     0x55b12d8a0c42 - <std[617be2ca0a6fd877]::thread::lifecycle::spawn_unchecked<test[aada8e7e76ba119b]::run_test::{closure#1}, ()>::{closure#1} as core[a373ad73a504971]::ops::function::FnOnce<()>>::call_once::{shim:vtable#0}
[INFO] [stdout]   18:     0x55b12d9182df - <std[617be2ca0a6fd877]::sys::thread::unix::Thread>::new::thread_start
[INFO] [stdout]   19:     0x7bfe3e5b0dfa - <unknown>
[INFO] [stdout]   20:     0x7bfe3e6443d4 - clone
[INFO] [stdout]   21:                0x0 - <unknown>
[INFO] [stdout] 
[INFO] [stdout] ---- element_ref::element::tests::test_is_link stdout ----
[INFO] [stdout] 
[INFO] [stdout] thread 'element_ref::element::tests::test_is_link' (1241) panicked at src/element_ref/element.rs:198:9:
[INFO] [stdout] assertion failed: element.is_link()
[INFO] [stdout] stack backtrace:
[INFO] [stdout]    0:     0x55b12d918ab1 - <<std[617be2ca0a6fd877]::sys::backtrace::BacktraceLock>::print::DisplayBacktrace as core[a373ad73a504971]::fmt::Display>::fmt
[INFO] [stdout]    1:     0x55b12d92db6a - core[a373ad73a504971]::fmt::write
[INFO] [stdout]    2:     0x55b12d91cd7c - <alloc[2e1b2a31b91974c5]::vec::Vec<u8> as core[a373ad73a504971]::io::write::Write>::write_fmt
[INFO] [stdout]    3:     0x55b12d8f4d86 - std[617be2ca0a6fd877]::panicking::default_hook::{closure#0}
[INFO] [stdout]    4:     0x55b12d910fb9 - std[617be2ca0a6fd877]::panicking::default_hook
[INFO] [stdout]    5:     0x55b12d89d590 - test[aada8e7e76ba119b]::test_main_inner::{closure#0}
[INFO] [stdout]    6:     0x55b12d911172 - std[617be2ca0a6fd877]::panicking::panic_with_hook
[INFO] [stdout]    7:     0x55b12d8f4e64 - std[617be2ca0a6fd877]::panicking::panic_handler::{closure#0}
[INFO] [stdout]    8:     0x55b12d8edb19 - std[617be2ca0a6fd877]::sys::backtrace::__rust_end_short_backtrace::<std[617be2ca0a6fd877]::panicking::panic_handler::{closure#0}, !>
[INFO] [stdout]    9:     0x55b12d8f5a3d - __rustc[ea4f61d10b84890b]::rust_begin_unwind
[INFO] [stdout]   10:     0x55b12d92e29c - core[a373ad73a504971]::panicking::panic_fmt
[INFO] [stdout]   11:     0x55b12d92e262 - core[a373ad73a504971]::panicking::panic
[INFO] [stdout]   12:     0x55b12d879691 - <scraper_forky[3c1dd438cb2cd427]::element_ref::element::tests::test_is_link::{closure#0} as core[a373ad73a504971]::ops::function::FnOnce<()>>::call_once
[INFO] [stdout]   13:     0x55b12d8909db - test[aada8e7e76ba119b]::__rust_begin_short_backtrace::<core[a373ad73a504971]::result::Result<(), alloc[2e1b2a31b91974c5]::string::String>, fn() -> core[a373ad73a504971]::result::Result<(), alloc[2e1b2a31b91974c5]::string::String>>
[INFO] [stdout]   14:     0x55b12d89dbb5 - test[aada8e7e76ba119b]::run_test::{closure#0}
[INFO] [stdout]   15:     0x55b12d8974a4 - std[617be2ca0a6fd877]::sys::backtrace::__rust_begin_short_backtrace::<test[aada8e7e76ba119b]::run_test::{closure#1}, ()>
[INFO] [stdout]   16:     0x55b12d8a0c42 - <std[617be2ca0a6fd877]::thread::lifecycle::spawn_unchecked<test[aada8e7e76ba119b]::run_test::{closure#1}, ()>::{closure#1} as core[a373ad73a504971]::ops::function::FnOnce<()>>::call_once::{shim:vtable#0}
[INFO] [stdout]   17:     0x55b12d9182df - <std[617be2ca0a6fd877]::sys::thread::unix::Thread>::new::thread_start
[INFO] [stdout]   18:     0x7bfe3e5b0dfa - <unknown>
[INFO] [stdout]   19:     0x7bfe3e6443d4 - clone
[INFO] [stdout]   20:                0x0 - <unknown>
[INFO] [stdout] 
[INFO] [stdout] ---- test::tag_with_newline stdout ----
[INFO] [stdout] 
[INFO] [stdout] thread 'test::tag_with_newline' (1251) panicked at src/test.rs:18:5:
[INFO] [stdout] assertion `left == right` failed
[INFO] [stdout]   left: None
[INFO] [stdout]  right: Some("https://github.com/causal-agent/scraper")
[INFO] [stdout] stack backtrace:
[INFO] [stdout]    0:     0x55b12d918ab1 - <<std[617be2ca0a6fd877]::sys::backtrace::BacktraceLock>::print::DisplayBacktrace as core[a373ad73a504971]::fmt::Display>::fmt
[INFO] [stdout]    1:     0x55b12d92db6a - core[a373ad73a504971]::fmt::write
[INFO] [stdout]    2:     0x55b12d91cd7c - <alloc[2e1b2a31b91974c5]::vec::Vec<u8> as core[a373ad73a504971]::io::write::Write>::write_fmt
[INFO] [stdout]    3:     0x55b12d8f4d86 - std[617be2ca0a6fd877]::panicking::default_hook::{closure#0}
[INFO] [stdout]    4:     0x55b12d910fb9 - std[617be2ca0a6fd877]::panicking::default_hook
[INFO] [stdout]    5:     0x55b12d89d590 - test[aada8e7e76ba119b]::test_main_inner::{closure#0}
[INFO] [stdout]    6:     0x55b12d911172 - std[617be2ca0a6fd877]::panicking::panic_with_hook
[INFO] [stdout]    7:     0x55b12d8f4e32 - std[617be2ca0a6fd877]::panicking::panic_handler::{closure#0}
[INFO] [stdout]    8:     0x55b12d8edb19 - std[617be2ca0a6fd877]::sys::backtrace::__rust_end_short_backtrace::<std[617be2ca0a6fd877]::panicking::panic_handler::{closure#0}, !>
[INFO] [stdout]    9:     0x55b12d8f5a3d - __rustc[ea4f61d10b84890b]::rust_begin_unwind
[INFO] [stdout]   10:     0x55b12d92e29c - core[a373ad73a504971]::panicking::panic_fmt
[INFO] [stdout]   11:     0x55b12d92e1b3 - core[a373ad73a504971]::panicking::assert_failed_inner
[INFO] [stdout]   12:     0x55b12d87a64c - core[a373ad73a504971]::panicking::assert_failed::<core[a373ad73a504971]::option::Option<&str>, core[a373ad73a504971]::option::Option<&str>>
[INFO] [stdout]   13:     0x55b12d88aa79 - <scraper_forky[3c1dd438cb2cd427]::test::tag_with_newline::{closure#0} as core[a373ad73a504971]::ops::function::FnOnce<()>>::call_once
[INFO] [stdout]   14:     0x55b12d8909db - test[aada8e7e76ba119b]::__rust_begin_short_backtrace::<core[a373ad73a504971]::result::Result<(), alloc[2e1b2a31b91974c5]::string::String>, fn() -> core[a373ad73a504971]::result::Result<(), alloc[2e1b2a31b91974c5]::string::String>>
[INFO] [stdout]   15:     0x55b12d89dbb5 - test[aada8e7e76ba119b]::run_test::{closure#0}
[INFO] [stdout]   16:     0x55b12d8974a4 - std[617be2ca0a6fd877]::sys::backtrace::__rust_begin_short_backtrace::<test[aada8e7e76ba119b]::run_test::{closure#1}, ()>
[INFO] [stdout]   17:     0x55b12d8a0c42 - <std[617be2ca0a6fd877]::thread::lifecycle::spawn_unchecked<test[aada8e7e76ba119b]::run_test::{closure#1}, ()>::{closure#1} as core[a373ad73a504971]::ops::function::FnOnce<()>>::call_once::{shim:vtable#0}
[INFO] [stdout]   18:     0x55b12d9182df - <std[617be2ca0a6fd877]::sys::thread::unix::Thread>::new::thread_start
[INFO] [stdout]   19:     0x7bfe3e5b0dfa - <unknown>
[INFO] [stdout]   20:     0x7bfe3e6443d4 - clone
[INFO] [stdout]   21:                0x0 - <unknown>
[INFO] [stdout] 
[INFO] [stdout] ---- element_ref::element::tests::test_has_id stdout ----
[INFO] [stdout] 
[INFO] [stdout] thread 'element_ref::element::tests::test_has_id' (1240) panicked at src/element_ref/element.rs:178:9:
[INFO] [stdout] assertion failed: element.has_id(&CssLocalName::from("link_id_456"),
[INFO] [stdout]     CaseSensitivity::CaseSensitive)
[INFO] [stdout] stack backtrace:
[INFO] [stdout]    0:     0x55b12d918ab1 - <<std[617be2ca0a6fd877]::sys::backtrace::BacktraceLock>::print::DisplayBacktrace as core[a373ad73a504971]::fmt::Display>::fmt
[INFO] [stdout]    1:     0x55b12d92db6a - core[a373ad73a504971]::fmt::write
[INFO] [stdout]    2:     0x55b12d91cd7c - <alloc[2e1b2a31b91974c5]::vec::Vec<u8> as core[a373ad73a504971]::io::write::Write>::write_fmt
[INFO] [stdout]    3:     0x55b12d8f4d86 - std[617be2ca0a6fd877]::panicking::default_hook::{closure#0}
[INFO] [stdout]    4:     0x55b12d910fb9 - std[617be2ca0a6fd877]::panicking::default_hook
[INFO] [stdout]    5:     0x55b12d89d590 - test[aada8e7e76ba119b]::test_main_inner::{closure#0}
[INFO] [stdout]    6:     0x55b12d911172 - std[617be2ca0a6fd877]::panicking::panic_with_hook
[INFO] [stdout]    7:     0x55b12d8f4e64 - std[617be2ca0a6fd877]::panicking::panic_handler::{closure#0}
[INFO] [stdout]    8:     0x55b12d8edb19 - std[617be2ca0a6fd877]::sys::backtrace::__rust_end_short_backtrace::<std[617be2ca0a6fd877]::panicking::panic_handler::{closure#0}, !>
[INFO] [stdout]    9:     0x55b12d8f5a3d - __rustc[ea4f61d10b84890b]::rust_begin_unwind
[INFO] [stdout]   10:     0x55b12d92e29c - core[a373ad73a504971]::panicking::panic_fmt
[INFO] [stdout]   11:     0x55b12d92e262 - core[a373ad73a504971]::panicking::panic
[INFO] [stdout]   12:     0x55b12d8792f4 - <scraper_forky[3c1dd438cb2cd427]::element_ref::element::tests::test_has_id::{closure#0} as core[a373ad73a504971]::ops::function::FnOnce<()>>::call_once
[INFO] [stdout]   13:     0x55b12d8909db - test[aada8e7e76ba119b]::__rust_begin_short_backtrace::<core[a373ad73a504971]::result::Result<(), alloc[2e1b2a31b91974c5]::string::String>, fn() -> core[a373ad73a504971]::result::Result<(), alloc[2e1b2a31b91974c5]::string::String>>
[INFO] [stdout]   14:     0x55b12d89dbb5 - test[aada8e7e76ba119b]::run_test::{closure#0}
[INFO] [stdout]   15:     0x55b12d8974a4 - std[617be2ca0a6fd877]::sys::backtrace::__rust_begin_short_backtrace::<test[aada8e7e76ba119b]::run_test::{closure#1}, ()>
[INFO] [stdout]   16:     0x55b12d8a0c42 - <std[617be2ca0a6fd877]::thread::lifecycle::spawn_unchecked<test[aada8e7e76ba119b]::run_test::{closure#1}, ()>::{closure#1} as core[a373ad73a504971]::ops::function::FnOnce<()>>::call_once::{shim:vtable#0}
[INFO] [stdout]   17:     0x55b12d9182df - <std[617be2ca0a6fd877]::sys::thread::unix::Thread>::new::thread_start
[INFO] [stdout]   18:     0x7bfe3e5b0dfa - <unknown>
[INFO] [stdout]   19:     0x7bfe3e6443d4 - clone
[INFO] [stdout]   20:                0x0 - <unknown>
[INFO] [stdout] 
[INFO] [stdout] ---- html::tests::select_is_reversible stdout ----
[INFO] [stdout] 
[INFO] [stdout] thread 'html::tests::select_is_reversible' (1248) panicked at src/html/mod.rs:215:9:
[INFO] [stdout] assertion `left == right` failed
[INFO] [stdout]   left: ["element3", "element2", "element1", "<p>element1</p><p>element2</p><p>element3</p>", "", "<head></head><body><p>element1</p><p>element2</p><p>element3</p></body>"]
[INFO] [stdout]  right: ["element3", "element2", "element1"]
[INFO] [stdout] stack backtrace:
[INFO] [stdout]    0:     0x55b12d918ab1 - <<std[617be2ca0a6fd877]::sys::backtrace::BacktraceLock>::print::DisplayBacktrace as core[a373ad73a504971]::fmt::Display>::fmt
[INFO] [stdout]    1:     0x55b12d92db6a - core[a373ad73a504971]::fmt::write
[INFO] [stdout]    2:     0x55b12d91cd7c - <alloc[2e1b2a31b91974c5]::vec::Vec<u8> as core[a373ad73a504971]::io::write::Write>::write_fmt
[INFO] [stdout]    3:     0x55b12d8f4d86 - std[617be2ca0a6fd877]::panicking::default_hook::{closure#0}
[INFO] [stdout]    4:     0x55b12d910fb9 - std[617be2ca0a6fd877]::panicking::default_hook
[INFO] [stdout]    5:     0x55b12d89d590 - test[aada8e7e76ba119b]::test_main_inner::{closure#0}
[INFO] [stdout]    6:     0x55b12d911172 - std[617be2ca0a6fd877]::panicking::panic_with_hook
[INFO] [stdout]    7:     0x55b12d8f4e32 - std[617be2ca0a6fd877]::panicking::panic_handler::{closure#0}
[INFO] [stdout]    8:     0x55b12d8edb19 - std[617be2ca0a6fd877]::sys::backtrace::__rust_end_short_backtrace::<std[617be2ca0a6fd877]::panicking::panic_handler::{closure#0}, !>
[INFO] [stdout]    9:     0x55b12d8f5a3d - __rustc[ea4f61d10b84890b]::rust_begin_unwind
[INFO] [stdout]   10:     0x55b12d92e29c - core[a373ad73a504971]::panicking::panic_fmt
[INFO] [stdout]   11:     0x55b12d92e1b3 - core[a373ad73a504971]::panicking::assert_failed_inner
[INFO] [stdout]   12:     0x55b12d87a683 - core[a373ad73a504971]::panicking::assert_failed::<alloc[2e1b2a31b91974c5]::vec::Vec<alloc[2e1b2a31b91974c5]::string::String>, alloc[2e1b2a31b91974c5]::vec::Vec<&str>>
[INFO] [stdout]   13:     0x55b12d887f27 - <scraper_forky[3c1dd438cb2cd427]::html::tests::select_is_reversible::{closure#0} as core[a373ad73a504971]::ops::function::FnOnce<()>>::call_once
[INFO] [stdout]   14:     0x55b12d8909db - test[aada8e7e76ba119b]::__rust_begin_short_backtrace::<core[a373ad73a504971]::result::Result<(), alloc[2e1b2a31b91974c5]::string::String>, fn() -> core[a373ad73a504971]::result::Result<(), alloc[2e1b2a31b91974c5]::string::String>>
[INFO] [stdout]   15:     0x55b12d89dbb5 - test[aada8e7e76ba119b]::run_test::{closure#0}
[INFO] [stdout]   16:     0x55b12d8974a4 - std[617be2ca0a6fd877]::sys::backtrace::__rust_begin_short_backtrace::<test[aada8e7e76ba119b]::run_test::{closure#1}, ()>
[INFO] [stdout]   17:     0x55b12d8a0c42 - <std[617be2ca0a6fd877]::thread::lifecycle::spawn_unchecked<test[aada8e7e76ba119b]::run_test::{closure#1}, ()>::{closure#1} as core[a373ad73a504971]::ops::function::FnOnce<()>>::call_once::{shim:vtable#0}
[INFO] [stdout]   18:     0x55b12d9182df - <std[617be2ca0a6fd877]::sys::thread::unix::Thread>::new::thread_start
[INFO] [stdout]   19:     0x7bfe3e5b0dfa - <unknown>
[INFO] [stdout]   20:     0x7bfe3e6443d4 - clone
[INFO] [stdout]   21:                0x0 - <unknown>
[INFO] [stdout] 
[INFO] [stdout] ---- element_ref::element::tests::test_has_class stdout ----
[INFO] [stdout] 
[INFO] [stdout] thread 'element_ref::element::tests::test_has_class' (1239) panicked at src/element_ref/element.rs:213:9:
[INFO] [stdout] assertion failed: element.has_class(&CssLocalName::from("my_class"),
[INFO] [stdout]     CaseSensitivity::CaseSensitive)
[INFO] [stdout] stack backtrace:
[INFO] [stdout]    0:     0x55b12d918ab1 - <<std[617be2ca0a6fd877]::sys::backtrace::BacktraceLock>::print::DisplayBacktrace as core[a373ad73a504971]::fmt::Display>::fmt
[INFO] [stdout]    1:     0x55b12d92db6a - core[a373ad73a504971]::fmt::write
[INFO] [stdout]    2:     0x55b12d91cd7c - <alloc[2e1b2a31b91974c5]::vec::Vec<u8> as core[a373ad73a504971]::io::write::Write>::write_fmt
[INFO] [stdout]    3:     0x55b12d8f4d86 - std[617be2ca0a6fd877]::panicking::default_hook::{closure#0}
[INFO] [stdout]    4:     0x55b12d910fb9 - std[617be2ca0a6fd877]::panicking::default_hook
[INFO] [stdout]    5:     0x55b12d89d590 - test[aada8e7e76ba119b]::test_main_inner::{closure#0}
[INFO] [stdout]    6:     0x55b12d911172 - std[617be2ca0a6fd877]::panicking::panic_with_hook
[INFO] [stdout]    7:     0x55b12d8f4e64 - std[617be2ca0a6fd877]::panicking::panic_handler::{closure#0}
[INFO] [stdout]    8:     0x55b12d8edb19 - std[617be2ca0a6fd877]::sys::backtrace::__rust_end_short_backtrace::<std[617be2ca0a6fd877]::panicking::panic_handler::{closure#0}, !>
[INFO] [stdout]    9:     0x55b12d8f5a3d - __rustc[ea4f61d10b84890b]::rust_begin_unwind
[INFO] [stdout]   10:     0x55b12d92e29c - core[a373ad73a504971]::panicking::panic_fmt
[INFO] [stdout]   11:     0x55b12d92e262 - core[a373ad73a504971]::panicking::panic
[INFO] [stdout]   12:     0x55b12d879be6 - <scraper_forky[3c1dd438cb2cd427]::element_ref::element::tests::test_has_class::{closure#0} as core[a373ad73a504971]::ops::function::FnOnce<()>>::call_once
[INFO] [stdout]   13:     0x55b12d8909db - test[aada8e7e76ba119b]::__rust_begin_short_backtrace::<core[a373ad73a504971]::result::Result<(), alloc[2e1b2a31b91974c5]::string::String>, fn() -> core[a373ad73a504971]::result::Result<(), alloc[2e1b2a31b91974c5]::string::String>>
[INFO] [stdout]   14:     0x55b12d89dbb5 - test[aada8e7e76ba119b]::run_test::{closure#0}
[INFO] [stdout]   15:     0x55b12d8974a4 - std[617be2ca0a6fd877]::sys::backtrace::__rust_begin_short_backtrace::<test[aada8e7e76ba119b]::run_test::{closure#1}, ()>
[INFO] [stdout]   16:     0x55b12d8a0c42 - <std[617be2ca0a6fd877]::thread::lifecycle::spawn_unchecked<test[aada8e7e76ba119b]::run_test::{closure#1}, ()>::{closure#1} as core[a373ad73a504971]::ops::function::FnOnce<()>>::call_once::{shim:vtable#0}
[INFO] [stdout]   17:     0x55b12d9182df - <std[617be2ca0a6fd877]::sys::thread::unix::Thread>::new::thread_start
[INFO] [stdout]   18:     0x7bfe3e5b0dfa - <unknown>
[INFO] [stdout]   19:     0x7bfe3e6443d4 - clone
[INFO] [stdout]   20:                0x0 - <unknown>
[INFO] [stdout] 
[INFO] [stdout] 
[INFO] [stdout] failures:
[INFO] [stdout]     element_ref::element::tests::test_has_class
[INFO] [stdout]     element_ref::element::tests::test_has_id
[INFO] [stdout]     element_ref::element::tests::test_is_link
[INFO] [stdout]     element_ref::tests::test_scope
[INFO] [stdout]     html::tests::root_element_document_comment
[INFO] [stdout]     html::tests::root_element_document_doctype
[INFO] [stdout]     html::tests::select_is_reversible
[INFO] [stdout]     test::tag_with_newline
[INFO] [stdout] 
[INFO] [stdout] test result: FAILED. 5 passed; 8 failed; 0 ignored; 0 measured; 0 filtered out; finished in 0.03s
[INFO] [stdout] 
[INFO] [stderr] error: test failed, to rerun pass `--lib`
[INFO] running `Command { std: "docker" "inspect" "3777acf912fee2c16420ef7d8bbd9288dbb43f1964fb275c82b448c6b0b01cc7", kill_on_drop: false }`
[INFO] running `Command { std: "docker" "rm" "-f" "3777acf912fee2c16420ef7d8bbd9288dbb43f1964fb275c82b448c6b0b01cc7", kill_on_drop: false }`
[INFO] [stdout] 3777acf912fee2c16420ef7d8bbd9288dbb43f1964fb275c82b448c6b0b01cc7
