[INFO] fetching crate scouter-semver 0.25.0...
[INFO] testing scouter-semver-0.25.0 against 1.100.0-beta.1+cargoflags=--release for beta-release-1.100-2
[INFO] extracting crate scouter-semver 0.25.0 into /workspace/builds/worker-3-tc2/source
[INFO] started tweaking crates.io crate scouter-semver 0.25.0
[INFO] finished tweaking crates.io crate scouter-semver 0.25.0
[INFO] tweaked toml for crates.io crate scouter-semver 0.25.0 written to /workspace/builds/worker-3-tc2/source/Cargo.toml
[INFO] validating manifest of crates.io crate scouter-semver 0.25.0 on toolchain 1.100.0-beta.1
[INFO] running `Command { std: CARGO_HOME="/workspace/cargo-home" RUSTUP_HOME="/workspace/rustup-home" "/workspace/cargo-home/bin/cargo" "+1.100.0-beta.1" "metadata" "--manifest-path" "Cargo.toml" "--no-deps", kill_on_drop: false }`
[INFO] crate crates.io crate scouter-semver 0.25.0 already has a lockfile, it will not be regenerated
[INFO] running `Command { std: CARGO_HOME="/workspace/cargo-home" RUSTUP_HOME="/workspace/rustup-home" "/workspace/cargo-home/bin/cargo" "+1.100.0-beta.1" "fetch" "--manifest-path" "Cargo.toml", kill_on_drop: false }`
[INFO] running `Command { std: "docker" "create" "-v" "/var/lib/crater-agent-workspace/builds/worker-3-tc2/source:/opt/rustwide/workdir:ro,Z" "-v" "/var/lib/crater-agent-workspace/builds/worker-3-tc2/target:/opt/rustwide/target:rw,Z" "-v" "/var/lib/crater-agent-workspace/cargo-home:/opt/rustwide/cargo-home:ro,Z" "-v" "/var/lib/crater-agent-workspace/rustup-home:/opt/rustwide/rustup-home:ro,Z" "-m" "1610612736" "--network" "none" "ghcr.io/rust-lang/crates-build-env/linux@sha256:77db811e55d90add9212f6832c23229e3de5f1c1f9905e8cb07319ea15df73ac" "sleep" "infinity", kill_on_drop: false }`
[INFO] [stdout] 3e30818d5d8b2b58b10b69820ad5e4c78bcdab84640eca53b03fee13a5804ae3
[INFO] running `Command { std: "docker" "start" "3e30818d5d8b2b58b10b69820ad5e4c78bcdab84640eca53b03fee13a5804ae3", kill_on_drop: false }`
[INFO] running `Command { std: "docker" "inspect" "3e30818d5d8b2b58b10b69820ad5e4c78bcdab84640eca53b03fee13a5804ae3", kill_on_drop: false }`
[INFO] running `Command { std: "docker" "exec" "-e" "SOURCE_DIR=/opt/rustwide/workdir" "-e" "CARGO_HOME=/opt/rustwide/cargo-home" "-e" "RUSTUP_HOME=/opt/rustwide/rustup-home" "-e" "CARGO_TARGET_DIR=/opt/rustwide/target" "-w" "/opt/rustwide/workdir" "--user" "0:0" "3e30818d5d8b2b58b10b69820ad5e4c78bcdab84640eca53b03fee13a5804ae3" "/opt/rustwide/cargo-home/bin/cargo" "+1.100.0-beta.1" "metadata" "--no-deps" "--format-version=1", kill_on_drop: false }`
[INFO] running `Command { std: "docker" "inspect" "3e30818d5d8b2b58b10b69820ad5e4c78bcdab84640eca53b03fee13a5804ae3", kill_on_drop: false }`
[INFO] running `Command { std: "docker" "exec" "-e" "SOURCE_DIR=/opt/rustwide/workdir" "-e" "CARGO_HOME=/opt/rustwide/cargo-home" "-e" "RUSTUP_HOME=/opt/rustwide/rustup-home" "-e" "CARGO_TARGET_DIR=/opt/rustwide/target" "-e" "CARGO_INCREMENTAL=0" "-e" "RUST_BACKTRACE=full" "-e" "RUSTFLAGS=--cap-lints=warn" "-e" "RUSTDOCFLAGS=--cap-lints=warn" "-w" "/opt/rustwide/workdir" "--user" "0:0" "3e30818d5d8b2b58b10b69820ad5e4c78bcdab84640eca53b03fee13a5804ae3" "/opt/rustwide/cargo-home/bin/cargo" "+1.100.0-beta.1" "build" "--frozen" "--message-format=json" "--release", kill_on_drop: false }`
[INFO] [stderr]    Compiling target-lexicon v0.13.5
[INFO] [stderr]    Compiling libc v0.2.183
[INFO] [stderr]    Compiling anyhow v1.0.102
[INFO] [stderr]    Compiling serde_core v1.0.228
[INFO] [stderr]    Compiling serde v1.0.228
[INFO] [stderr]    Compiling thiserror v2.0.18
[INFO] [stderr]    Compiling indoc v2.0.7
[INFO] [stderr]    Compiling unindent v0.2.4
[INFO] [stderr]    Compiling semver v1.0.27
[INFO] [stderr]    Compiling num-traits v0.2.19
[INFO] [stderr]    Compiling memoffset v0.9.1
[INFO] [stderr]    Compiling syn v2.0.117
[INFO] [stderr]    Compiling pyo3-build-config v0.27.2
[INFO] [stderr]    Compiling chrono v0.4.44
[INFO] [stderr]    Compiling pyo3-ffi v0.27.2
[INFO] [stderr]    Compiling pyo3-macros-backend v0.27.2
[INFO] [stderr]    Compiling pyo3 v0.27.2
[INFO] [stderr]    Compiling serde_derive v1.0.228
[INFO] [stderr]    Compiling thiserror-impl v2.0.18
[INFO] [stderr]    Compiling pyo3-macros v0.27.2
[INFO] [stderr]    Compiling scouter-semver v0.25.0 (/opt/rustwide/workdir)
[INFO] [stderr]     Finished `release` profile [optimized] target(s) in 26.03s
[INFO] running `Command { std: "docker" "inspect" "3e30818d5d8b2b58b10b69820ad5e4c78bcdab84640eca53b03fee13a5804ae3", kill_on_drop: false }`
[INFO] running `Command { std: "docker" "exec" "-e" "SOURCE_DIR=/opt/rustwide/workdir" "-e" "CARGO_HOME=/opt/rustwide/cargo-home" "-e" "RUSTUP_HOME=/opt/rustwide/rustup-home" "-e" "CARGO_TARGET_DIR=/opt/rustwide/target" "-e" "CARGO_INCREMENTAL=0" "-e" "RUST_BACKTRACE=full" "-e" "RUSTFLAGS=--cap-lints=warn" "-e" "RUSTDOCFLAGS=--cap-lints=warn" "-w" "/opt/rustwide/workdir" "--user" "0:0" "3e30818d5d8b2b58b10b69820ad5e4c78bcdab84640eca53b03fee13a5804ae3" "/opt/rustwide/cargo-home/bin/cargo" "+1.100.0-beta.1" "test" "--frozen" "--no-run" "--message-format=json" "--release", kill_on_drop: false }`
[INFO] [stderr]    Compiling scouter-semver v0.25.0 (/opt/rustwide/workdir)
[INFO] [stderr]     Finished `release` profile [optimized] target(s) in 1.55s
[INFO] running `Command { std: "docker" "inspect" "3e30818d5d8b2b58b10b69820ad5e4c78bcdab84640eca53b03fee13a5804ae3", kill_on_drop: false }`
[INFO] running `Command { std: "docker" "exec" "-e" "SOURCE_DIR=/opt/rustwide/workdir" "-e" "CARGO_HOME=/opt/rustwide/cargo-home" "-e" "RUSTUP_HOME=/opt/rustwide/rustup-home" "-e" "CARGO_TARGET_DIR=/opt/rustwide/target" "-e" "CARGO_INCREMENTAL=0" "-e" "RUST_BACKTRACE=full" "-e" "RUSTFLAGS=--cap-lints=warn" "-e" "RUSTDOCFLAGS=--cap-lints=warn" "-w" "/opt/rustwide/workdir" "--user" "0:0" "3e30818d5d8b2b58b10b69820ad5e4c78bcdab84640eca53b03fee13a5804ae3" "/opt/rustwide/cargo-home/bin/cargo" "+1.100.0-beta.1" "test" "--frozen" "--release", kill_on_drop: false }`
[INFO] [stderr]     Finished `release` profile [optimized] target(s) in 0.04s
[INFO] [stderr]      Running unittests src/lib.rs (/opt/rustwide/target/release/build/scouter-semver/fde46898c3c0dce8/out/scouter_semver-fde46898c3c0dce8)
[INFO] [stdout] 
[INFO] [stdout] running 6 tests
[INFO] [stdout] test semver::tests::test_version_parser_new ... ok
[INFO] [stdout] test semver::tests::test_version_validator_bump_version ... ok
[INFO] [stdout] test semver::tests::test_version_validator_validate_version ... ok
[INFO] [stdout] test semver::tests::test_version_validator_sort_versions ... ok
[INFO] [stdout] test semver::tests::test_version_parser_remove_version_prefix ... FAILED
[INFO] [stdout] test semver::tests::test_version_parser_get_version_to_search ... FAILED
[INFO] [stdout] 
[INFO] [stdout] failures:
[INFO] [stdout] 
[INFO] [stdout] ---- semver::tests::test_version_parser_remove_version_prefix stdout ----
[INFO] [stdout] 
[INFO] [stdout] thread 'semver::tests::test_version_parser_remove_version_prefix' (907) panicked at src/semver.rs:525:9:
[INFO] [stdout] assertion `left == right` failed
[INFO] [stdout]   left: "1."
[INFO] [stdout]  right: "1.0"
[INFO] [stderr] error: test failed, to rerun pass `--lib`
[INFO] [stdout] stack backtrace:
[INFO] [stdout]    0:     0x59c640c331e1 - <<std[617be2ca0a6fd877]::sys::backtrace::BacktraceLock>::print::DisplayBacktrace as core[a373ad73a504971]::fmt::Display>::fmt
[INFO] [stdout]    1:     0x59c640c470ea - core[a373ad73a504971]::fmt::write
[INFO] [stdout]    2:     0x59c640c373fc - <alloc[2e1b2a31b91974c5]::vec::Vec<u8> as core[a373ad73a504971]::io::write::Write>::write_fmt
[INFO] [stdout]    3:     0x59c640c0f646 - std[617be2ca0a6fd877]::panicking::default_hook::{closure#0}
[INFO] [stdout]    4:     0x59c640c2b879 - std[617be2ca0a6fd877]::panicking::default_hook
[INFO] [stdout]    5:     0x59c640bc56e0 - test[aada8e7e76ba119b]::test_main_inner::{closure#0}
[INFO] [stdout]    6:     0x59c640c2ba32 - std[617be2ca0a6fd877]::panicking::panic_with_hook
[INFO] [stdout]    7:     0x59c640c0f6f2 - std[617be2ca0a6fd877]::panicking::panic_handler::{closure#0}
[INFO] [stdout]    8:     0x59c640c08409 - std[617be2ca0a6fd877]::sys::backtrace::__rust_end_short_backtrace::<std[617be2ca0a6fd877]::panicking::panic_handler::{closure#0}, !>
[INFO] [stdout]    9:     0x59c640c102fd - __rustc[ea4f61d10b84890b]::rust_begin_unwind
[INFO] [stdout]   10:     0x59c640c4781c - core[a373ad73a504971]::panicking::panic_fmt
[INFO] [stdout]   11:     0x59c640c47733 - core[a373ad73a504971]::panicking::assert_failed_inner
[INFO] [stdout]   12:     0x59c640bb12d5 - core[a373ad73a504971]::panicking::assert_failed::<alloc[2e1b2a31b91974c5]::string::String, &str>
[INFO] [stdout]   13:     0x59c640bb539b - <scouter_semver[bfaebc7ed27acd00]::semver::tests::test_version_parser_remove_version_prefix::{closure#0} as core[a373ad73a504971]::ops::function::FnOnce<()>>::call_once
[INFO] [stdout]   14:     0x59c640bb8b2b - test[aada8e7e76ba119b]::__rust_begin_short_backtrace::<core[a373ad73a504971]::result::Result<(), alloc[2e1b2a31b91974c5]::string::String>, fn() -> core[a373ad73a504971]::result::Result<(), alloc[2e1b2a31b91974c5]::string::String>>
[INFO] [stdout]   15:     0x59c640bc5d05 - test[aada8e7e76ba119b]::run_test::{closure#0}
[INFO] [stdout]   16:     0x59c640bbf5f4 - std[617be2ca0a6fd877]::sys::backtrace::__rust_begin_short_backtrace::<test[aada8e7e76ba119b]::run_test::{closure#1}, ()>
[INFO] [stdout]   17:     0x59c640bc8d92 - <std[617be2ca0a6fd877]::thread::lifecycle::spawn_unchecked<test[aada8e7e76ba119b]::run_test::{closure#1}, ()>::{closure#1} as core[a373ad73a504971]::ops::function::FnOnce<()>>::call_once::{shim:vtable#0}
[INFO] [stdout]   18:     0x59c640c32a3f - <std[617be2ca0a6fd877]::sys::thread::unix::Thread>::new::thread_start
[INFO] [stdout]   19:     0x74ef0beb6dfa - <unknown>
[INFO] [stdout]   20:     0x74ef0bf4a3d4 - clone
[INFO] [stdout]   21:                0x0 - <unknown>
[INFO] [stdout] 
[INFO] [stdout] ---- semver::tests::test_version_parser_get_version_to_search stdout ----
[INFO] [stdout] 
[INFO] [stdout] thread 'semver::tests::test_version_parser_get_version_to_search' (905) panicked at src/semver.rs:546:9:
[INFO] [stdout] assertion `left == right` failed
[INFO] [stdout]   left: Version { major: 2, minor: 0, patch: 0 }
[INFO] [stdout]  right: Version { major: 1, minor: 1, patch: 0 }
[INFO] [stdout] stack backtrace:
[INFO] [stdout]    0:     0x59c640c331e1 - <<std[617be2ca0a6fd877]::sys::backtrace::BacktraceLock>::print::DisplayBacktrace as core[a373ad73a504971]::fmt::Display>::fmt
[INFO] [stdout]    1:     0x59c640c470ea - core[a373ad73a504971]::fmt::write
[INFO] [stdout]    2:     0x59c640c373fc - <alloc[2e1b2a31b91974c5]::vec::Vec<u8> as core[a373ad73a504971]::io::write::Write>::write_fmt
[INFO] [stdout]    3:     0x59c640c0f646 - std[617be2ca0a6fd877]::panicking::default_hook::{closure#0}
[INFO] [stdout]    4:     0x59c640c2b879 - std[617be2ca0a6fd877]::panicking::default_hook
[INFO] [stdout]    5:     0x59c640bc56e0 - test[aada8e7e76ba119b]::test_main_inner::{closure#0}
[INFO] [stdout]    6:     0x59c640c2ba32 - std[617be2ca0a6fd877]::panicking::panic_with_hook
[INFO] [stdout]    7:     0x59c640c0f6f2 - std[617be2ca0a6fd877]::panicking::panic_handler::{closure#0}
[INFO] [stdout]    8:     0x59c640c08409 - std[617be2ca0a6fd877]::sys::backtrace::__rust_end_short_backtrace::<std[617be2ca0a6fd877]::panicking::panic_handler::{closure#0}, !>
[INFO] [stdout]    9:     0x59c640c102fd - __rustc[ea4f61d10b84890b]::rust_begin_unwind
[INFO] [stdout]   10:     0x59c640c4781c - core[a373ad73a504971]::panicking::panic_fmt
[INFO] [stdout]   11:     0x59c640c47733 - core[a373ad73a504971]::panicking::assert_failed_inner
[INFO] [stdout]   12:     0x59c640bb12a0 - core[a373ad73a504971]::panicking::assert_failed::<semver[575ada4c0ccd93ff]::Version, semver[575ada4c0ccd93ff]::Version>
[INFO] [stdout]   13:     0x59c640bb4cb4 - <scouter_semver[bfaebc7ed27acd00]::semver::tests::test_version_parser_get_version_to_search::{closure#0} as core[a373ad73a504971]::ops::function::FnOnce<()>>::call_once
[INFO] [stdout]   14:     0x59c640bb8b2b - test[aada8e7e76ba119b]::__rust_begin_short_backtrace::<core[a373ad73a504971]::result::Result<(), alloc[2e1b2a31b91974c5]::string::String>, fn() -> core[a373ad73a504971]::result::Result<(), alloc[2e1b2a31b91974c5]::string::String>>
[INFO] [stdout]   15:     0x59c640bc5d05 - test[aada8e7e76ba119b]::run_test::{closure#0}
[INFO] [stdout]   16:     0x59c640bbf5f4 - std[617be2ca0a6fd877]::sys::backtrace::__rust_begin_short_backtrace::<test[aada8e7e76ba119b]::run_test::{closure#1}, ()>
[INFO] [stdout]   17:     0x59c640bc8d92 - <std[617be2ca0a6fd877]::thread::lifecycle::spawn_unchecked<test[aada8e7e76ba119b]::run_test::{closure#1}, ()>::{closure#1} as core[a373ad73a504971]::ops::function::FnOnce<()>>::call_once::{shim:vtable#0}
[INFO] [stdout]   18:     0x59c640c32a3f - <std[617be2ca0a6fd877]::sys::thread::unix::Thread>::new::thread_start
[INFO] [stdout]   19:     0x74ef0beb6dfa - <unknown>
[INFO] [stdout]   20:     0x74ef0bf4a3d4 - clone
[INFO] [stdout]   21:                0x0 - <unknown>
[INFO] [stdout] 
[INFO] [stdout] 
[INFO] [stdout] failures:
[INFO] [stdout]     semver::tests::test_version_parser_get_version_to_search
[INFO] [stdout]     semver::tests::test_version_parser_remove_version_prefix
[INFO] [stdout] 
[INFO] [stdout] test result: FAILED. 4 passed; 2 failed; 0 ignored; 0 measured; 0 filtered out; finished in 0.00s
[INFO] [stdout] 
[INFO] running `Command { std: "docker" "inspect" "3e30818d5d8b2b58b10b69820ad5e4c78bcdab84640eca53b03fee13a5804ae3", kill_on_drop: false }`
[INFO] running `Command { std: "docker" "rm" "-f" "3e30818d5d8b2b58b10b69820ad5e4c78bcdab84640eca53b03fee13a5804ae3", kill_on_drop: false }`
[INFO] [stdout] 3e30818d5d8b2b58b10b69820ad5e4c78bcdab84640eca53b03fee13a5804ae3
