[INFO] fetching crate scosh 0.1.0...
[INFO] testing scosh-0.1.0 against 1.100.0-beta.1+cargoflags=--release for beta-release-1.100-2
[INFO] extracting crate scosh 0.1.0 into /workspace/builds/worker-5-tc2/source
[INFO] removed /workspace/builds/worker-5-tc2/source/rust-toolchain.toml
[INFO] started tweaking crates.io crate scosh 0.1.0
[INFO] removed 0 missing examples
[INFO] removed 0 missing tests
[INFO] finished tweaking crates.io crate scosh 0.1.0
[INFO] tweaked toml for crates.io crate scosh 0.1.0 written to /workspace/builds/worker-5-tc2/source/Cargo.toml
[INFO] validating manifest of crates.io crate scosh 0.1.0 on toolchain 1.100.0-beta.1
[INFO] running `Command { std: CARGO_HOME="/workspace/cargo-home" RUSTUP_HOME="/workspace/rustup-home" "/workspace/cargo-home/bin/cargo" "+1.100.0-beta.1" "metadata" "--manifest-path" "Cargo.toml" "--no-deps", kill_on_drop: false }`
[INFO] crate crates.io crate scosh 0.1.0 already has a lockfile, it will not be regenerated
[INFO] running `Command { std: CARGO_HOME="/workspace/cargo-home" RUSTUP_HOME="/workspace/rustup-home" "/workspace/cargo-home/bin/cargo" "+1.100.0-beta.1" "fetch" "--manifest-path" "Cargo.toml", kill_on_drop: false }`
[INFO] running `Command { std: "docker" "create" "-v" "/var/lib/crater-agent-workspace/builds/worker-5-tc2/source:/opt/rustwide/workdir:ro,Z" "-v" "/var/lib/crater-agent-workspace/builds/worker-5-tc2/target:/opt/rustwide/target:rw,Z" "-v" "/var/lib/crater-agent-workspace/cargo-home:/opt/rustwide/cargo-home:ro,Z" "-v" "/var/lib/crater-agent-workspace/rustup-home:/opt/rustwide/rustup-home:ro,Z" "-m" "1610612736" "--network" "none" "ghcr.io/rust-lang/crates-build-env/linux@sha256:77db811e55d90add9212f6832c23229e3de5f1c1f9905e8cb07319ea15df73ac" "sleep" "infinity", kill_on_drop: false }`
[INFO] [stdout] 5ae9bc5200aa62b76f546fa07c5b6c631a43b588a206a20eabd7506f0ba564b4
[INFO] running `Command { std: "docker" "start" "5ae9bc5200aa62b76f546fa07c5b6c631a43b588a206a20eabd7506f0ba564b4", kill_on_drop: false }`
[INFO] running `Command { std: "docker" "inspect" "5ae9bc5200aa62b76f546fa07c5b6c631a43b588a206a20eabd7506f0ba564b4", kill_on_drop: false }`
[INFO] running `Command { std: "docker" "exec" "-e" "SOURCE_DIR=/opt/rustwide/workdir" "-e" "CARGO_HOME=/opt/rustwide/cargo-home" "-e" "RUSTUP_HOME=/opt/rustwide/rustup-home" "-e" "CARGO_TARGET_DIR=/opt/rustwide/target" "-w" "/opt/rustwide/workdir" "--user" "0:0" "5ae9bc5200aa62b76f546fa07c5b6c631a43b588a206a20eabd7506f0ba564b4" "/opt/rustwide/cargo-home/bin/cargo" "+1.100.0-beta.1" "metadata" "--no-deps" "--format-version=1", kill_on_drop: false }`
[INFO] running `Command { std: "docker" "inspect" "5ae9bc5200aa62b76f546fa07c5b6c631a43b588a206a20eabd7506f0ba564b4", kill_on_drop: false }`
[INFO] running `Command { std: "docker" "exec" "-e" "SOURCE_DIR=/opt/rustwide/workdir" "-e" "CARGO_HOME=/opt/rustwide/cargo-home" "-e" "RUSTUP_HOME=/opt/rustwide/rustup-home" "-e" "CARGO_TARGET_DIR=/opt/rustwide/target" "-e" "CARGO_INCREMENTAL=0" "-e" "RUST_BACKTRACE=full" "-e" "RUSTFLAGS=--cap-lints=warn" "-e" "RUSTDOCFLAGS=--cap-lints=warn" "-w" "/opt/rustwide/workdir" "--user" "0:0" "5ae9bc5200aa62b76f546fa07c5b6c631a43b588a206a20eabd7506f0ba564b4" "/opt/rustwide/cargo-home/bin/cargo" "+1.100.0-beta.1" "build" "--frozen" "--message-format=json" "--release", kill_on_drop: false }`
[INFO] [stderr]    Compiling rand_core v0.10.1
[INFO] [stderr]    Compiling getrandom v0.4.3
[INFO] [stderr]    Compiling cpufeatures v0.3.0
[INFO] [stderr]    Compiling getrandom v0.2.17
[INFO] [stderr]    Compiling mio v1.2.2
[INFO] [stderr]    Compiling convert_case v0.10.0
[INFO] [stderr]    Compiling unicode-xid v0.2.6
[INFO] [stderr]    Compiling memoffset v0.9.1
[INFO] [stderr]    Compiling noq-udp v1.1.1
[INFO] [stderr]    Compiling crypto-common v0.1.7
[INFO] [stderr]    Compiling inout v0.1.4
[INFO] [stderr]    Compiling syn v2.0.119
[INFO] [stderr]    Compiling futures-core v0.3.33
[INFO] [stderr]    Compiling time v0.3.55
[INFO] [stderr]    Compiling enum-assoc v1.4.1
[INFO] [stderr]    Compiling nix v0.31.3
[INFO] [stderr]    Compiling noq v1.1.0
[INFO] [stderr]    Compiling sorted-index-buffer v0.2.1
[INFO] [stderr]    Compiling universal-hash v0.5.1
[INFO] [stderr]    Compiling cipher v0.4.4
[INFO] [stderr]    Compiling ring v0.17.14
[INFO] [stderr]    Compiling chacha20 v0.10.1
[INFO] [stderr]    Compiling aead v0.5.2
[INFO] [stderr]    Compiling polyval v0.6.2
[INFO] [stderr]    Compiling rand_pcg v0.10.2
[INFO] [stderr]    Compiling identity-hash v0.1.0
[INFO] [stderr]    Compiling rustc-hash v2.1.3
[INFO] [stderr]    Compiling arrayvec v0.7.8
[INFO] [stderr]    Compiling lru-slab v0.1.2
[INFO] [stderr]    Compiling pem v3.0.6
[INFO] [stderr]    Compiling aes v0.8.4
[INFO] [stderr]    Compiling ctr v0.9.2
[INFO] [stderr]    Compiling vte v0.15.0
[INFO] [stderr]    Compiling scosh-core v0.1.0
[INFO] [stderr]    Compiling ghash v0.5.1
[INFO] [stderr]    Compiling rand v0.10.2
[INFO] [stderr]    Compiling tokio v1.53.1
[INFO] [stderr]    Compiling vt100 v0.16.2
[INFO] [stderr]    Compiling aes-gcm v0.10.3
[INFO] [stderr]    Compiling yasna v0.6.0
[INFO] [stderr]    Compiling rustls-webpki v0.103.13
[INFO] [stderr]    Compiling rcgen v0.14.8
[INFO] [stderr]    Compiling rustls v0.23.43
[INFO] [stderr]    Compiling derive_more-impl v2.1.1
[INFO] [stderr]    Compiling tokio-util v0.7.19
[INFO] [stderr]    Compiling derive_more v2.1.1
[INFO] [stderr]    Compiling tokio-stream v0.1.19
[INFO] [stderr]    Compiling noq-proto v1.1.1
[INFO] [stderr]    Compiling scosh v0.1.0 (/opt/rustwide/workdir)
[INFO] [stderr]     Finished `release` profile [optimized] target(s) in 1m 05s
[INFO] running `Command { std: "docker" "inspect" "5ae9bc5200aa62b76f546fa07c5b6c631a43b588a206a20eabd7506f0ba564b4", kill_on_drop: false }`
[INFO] running `Command { std: "docker" "exec" "-e" "SOURCE_DIR=/opt/rustwide/workdir" "-e" "CARGO_HOME=/opt/rustwide/cargo-home" "-e" "RUSTUP_HOME=/opt/rustwide/rustup-home" "-e" "CARGO_TARGET_DIR=/opt/rustwide/target" "-e" "CARGO_INCREMENTAL=0" "-e" "RUST_BACKTRACE=full" "-e" "RUSTFLAGS=--cap-lints=warn" "-e" "RUSTDOCFLAGS=--cap-lints=warn" "-w" "/opt/rustwide/workdir" "--user" "0:0" "5ae9bc5200aa62b76f546fa07c5b6c631a43b588a206a20eabd7506f0ba564b4" "/opt/rustwide/cargo-home/bin/cargo" "+1.100.0-beta.1" "test" "--frozen" "--no-run" "--message-format=json" "--release", kill_on_drop: false }`
[INFO] [stderr]    Compiling scosh v0.1.0 (/opt/rustwide/workdir)
[INFO] [stderr]     Finished `release` profile [optimized] target(s) in 55.09s
[INFO] running `Command { std: "docker" "inspect" "5ae9bc5200aa62b76f546fa07c5b6c631a43b588a206a20eabd7506f0ba564b4", kill_on_drop: false }`
[INFO] running `Command { std: "docker" "exec" "-e" "SOURCE_DIR=/opt/rustwide/workdir" "-e" "CARGO_HOME=/opt/rustwide/cargo-home" "-e" "RUSTUP_HOME=/opt/rustwide/rustup-home" "-e" "CARGO_TARGET_DIR=/opt/rustwide/target" "-e" "CARGO_INCREMENTAL=0" "-e" "RUST_BACKTRACE=full" "-e" "RUSTFLAGS=--cap-lints=warn" "-e" "RUSTDOCFLAGS=--cap-lints=warn" "-w" "/opt/rustwide/workdir" "--user" "0:0" "5ae9bc5200aa62b76f546fa07c5b6c631a43b588a206a20eabd7506f0ba564b4" "/opt/rustwide/cargo-home/bin/cargo" "+1.100.0-beta.1" "test" "--frozen" "--release", kill_on_drop: false }`
[INFO] [stderr]     Finished `release` profile [optimized] target(s) in 0.21s
[INFO] [stderr]      Running unittests src/lib.rs (/opt/rustwide/target/release/build/scosh/7d0dc1533ac5ade9/out/scosh-7d0dc1533ac5ade9)
[INFO] [stdout] 
[INFO] [stdout] running 125 tests
[INFO] [stdout] test cli::tests::cold_auth_retry_is_bounded_per_disconnect ... ok
[INFO] [stdout] test cli::tests::connection_failures_have_bounded_next_steps ... ok
[INFO] [stdout] test cli::tests::help_exposes_the_common_path_and_local_controls ... ok
[INFO] [stdout] test cli::tests::reconnect_jitter_stays_inside_the_backoff_window ... ok
[INFO] [stdout] test bootstrap::tests::failed_create_response_write_revokes_the_pending_session ... ok
[INFO] [stdout] test bootstrap::tests::guessed_management_ids_do_not_allocate_protocol_state ... ok
[INFO] [stdout] test cli::tests::optional_server_install_preserves_target_names_and_uses_embedded_script ... ok
[INFO] [stdout] test cli::tests::udp_override_applies_to_every_quic_attempt_only ... ok
[INFO] [stdout] test cli::tests::unreachable_cold_attach_reuses_its_unconsumed_token ... ok
[INFO] [stdout] test client::tests::escape_key_configuration_is_exact_and_rejects_unsafe_controls ... ok
[INFO] [stdout] test client::tests::input_parser_can_disable_or_change_the_prefix ... ok
[INFO] [stdout] test cli::tests::terminal_failures_keep_certificate_and_recovery_categories_distinct ... ok
[INFO] [stdout] test client::tests::input_parser_fences_split_bracketed_paste ... ok
[INFO] [stdout] test cli::tests::successful_live_attach_resets_reconnect_backoff ... ok
[INFO] [stdout] test client::tests::detach_escape_remains_visible_while_input_is_paused ... ok
[INFO] [stdout] test cli::tests::version_identifies_the_wire_terminal_and_compiled_vt_profile ... ok
[INFO] [stdout] test client::tests::input_parser_forwards_unknown_mosh_escape_sequences ... ok
[INFO] [stdout] test cli::tests::stable_daemon_failures_keep_their_cli_categories ... ok
[INFO] [stdout] test cli::tests::reconnect_backoff_keeps_recovery_inside_the_two_second_slo ... ok
[INFO] [stdout] test client::tests::input_parser_forwards_split_sgr_mouse_events ... ok
[INFO] [stdout] test client::tests::input_parser_forwards_page_keys_without_interception ... ok
[INFO] [stdout] test client::tests::closing_quic_transport_stops_and_joins_its_path_driver ... ok
[INFO] [stdout] test client::tests::paused_input_keeps_detach_but_drops_other_console_events ... ok
[INFO] [stdout] test client::tests::post_snapshot_failures_are_marked_live ... ok
[INFO] [stdout] test client::tests::input_parser_recognizes_mosh_detach_escape ... ok
[INFO] [stdout] test client::tests::input_parser_unescapes_literal_control_caret ... ok
[INFO] [stdout] test client::tests::input_pump_starts_lazily_and_only_once ... ok
[INFO] [stdout] test client::tests::paused_input_is_dropped_until_resumed ... ok
[INFO] [stdout] test client::tests::quic_client_bind_matches_server_address_family ... ok
[INFO] [stdout] test client::tests::reliable_base_allows_an_effect_to_overtake_its_datagram ... ok
[INFO] [stdout] test client::tests::session_close_preserves_shell_exit_status ... ok
[INFO] [stdout] test client::tests::resize_pump_retries_paused_and_full_dimensions ... ok
[INFO] [stdout] test client::tests::renderer_rejects_unstructured_snapshots ... ok
[INFO] [stdout] test client::tests::retained_exit_does_not_terminate_a_read_only_attach ... ok
[INFO] [stdout] test client::tests::stale_state_datagram_is_ignored ... ok
[INFO] [stdout] test client::tests::state_revision_gap_waits_for_reliable_checkpoint ... ok
[INFO] [stdout] test client::tests::stale_reliable_snapshot_is_ignored_after_newer_datagram ... ok
[INFO] [stdout] test client::tests::terminal_signal_restores_modes_before_reporting_exit ... ok
[INFO] [stdout] test client::tests::uncertain_input_is_visible_and_not_replayed ... ok
[INFO] [stdout] test daemon::connection_limiter_tests::enforces_global_and_per_uid_limits_and_releases_both ... ok
[INFO] [stdout] test client::tests::recovery_handshake_retries_once_with_the_patient_deadline ... ok
[INFO] [stdout] test daemon::server_failure_tests::listener_failure_is_returned_to_the_supervisor ... ok
[INFO] [stdout] test bootstrap::tests::cleanup_reaps_fences_after_terminal_session_retention ... ok
[INFO] [stdout] test bootstrap::tests::newest_attach_revokes_the_previous_unconsumed_token ... ok
[INFO] [stdout] test bootstrap::tests::history_does_not_mint_or_rotate_connection_authority ... ok
[INFO] [stdout] test data_plane::tests::output_notifier_wakes_without_the_fallback_timer ... ok
[INFO] [stdout] test client::tests::renderer_orders_primary_scroll_around_screen_transitions ... ok
[INFO] [stdout] test bootstrap::tests::attach_racing_with_kill_cannot_issue_a_valid_token ... ok
[INFO] [stdout] test client::tests::stdin_eof_is_forwarded_only_once_across_reattach ... ok
[INFO] [stdout] test client::tests::superseded_close_is_terminal_and_visible ... ok
[INFO] [stdout] test data_plane::tests::read_only_exit_does_not_hide_later_expiry ... ok
[INFO] [stdout] test data_plane::tests::reliable_barrier_is_bounded_and_acknowledgements_are_identity_fenced ... ok
[INFO] [stdout] test data_plane::tests::reliable_barrier_waits_for_the_latest_reliable_revision ... ok
[INFO] [stdout] test data_plane::tests::closed_endpoint_stops_server_with_an_error ... ok
[INFO] [stdout] test quic::tests::candidate_policy_filters_and_orders_ipv4_addresses ... ok
[INFO] [stdout] test bootstrap::tests::late_candidate_cannot_clear_or_consume_new_reservation ... ok
[INFO] [stdout] test quic::tests::route_monitor_coalesces_bursty_wakes_and_reports_read_errors ... ok
[INFO] [stdout] test proto::state_effect_tests::primary_scroll_accumulation_tracks_the_exact_encoded_size ... ok
[INFO] [stdout] test client::tests::input_parser_recognizes_local_console_commands ... ok
[INFO] [stdout] test data_plane::tests::remote_path_status_updates_the_server_scheduler ... ok
[INFO] [stdout] test client::tests::input_parser_preserves_unknown_split_and_eof_sequences ... ok
[INFO] [stdout] test session::tests::alternate_screen_bytes_do_not_enter_primary_history ... ok
[INFO] [stdout] test quic::tests::scan_and_route_errors_degrade_to_no_candidates ... ok
[INFO] [stdout] test bootstrap::tests::detach_linearizes_before_late_takeover_promotion ... ok
[INFO] [stdout] test data_plane::tests::authenticated_writes_time_out_when_the_peer_stops_reading ... ok
[INFO] [stdout] test quic::tests::candidate_policy_fails_closed_for_tunnels_and_ambiguous_preferred_sources ... ok
[INFO] [stdout] test session::tests::activation_fails_closed_when_running_metadata_cannot_be_committed ... ok
[INFO] [stdout] test session::tests::history_clear_tracks_the_screen_where_it_executes_across_reads ... ok
[INFO] [stdout] test session::tests::exited_worker_is_retained_until_a_follow_up_read_is_empty ... ok
[INFO] [stdout] test session::tests::next_session_epoch_advances_a_worker_lifetime ... ok
[INFO] [stdout] test quic::tests::candidate_policy_is_deterministic_and_skips_ambiguous_owners ... ok
[INFO] [stdout] test session::tests::activation_fails_at_the_effect_drain_boundary ... ok
[INFO] [stdout] test data_plane::tests::stalled_worker_rpc_is_isolated_from_other_sessions_and_management ... ok
[INFO] [stdout] test session::tests::pending_worker_death_expires_the_reservation_without_waiting_for_ttl ... ok
[INFO] [stdout] test proto::state_effect_tests::primary_scroll_accumulation_collapses_atomically_at_both_bounds ... ok
[INFO] [stdout] test session::tests::restore_fails_when_the_state_directory_is_unavailable ... ok
[INFO] [stdout] test session::tests::failed_metadata_replacement_removes_regular_temporary_file ... ok
[INFO] [stdout] test session::tests::restore_does_not_follow_a_symlinked_state_directory ... ok
[INFO] [stdout] test session::tests::journal_replay_keeps_primary_lines_split_across_records ... ok
[INFO] [stdout] test session::tests::pending_intent_is_committed_before_a_worker_can_be_spawned ... ok
[INFO] [stdout] test session::tests::restored_running_state_is_detached ... ok
[INFO] [stdout] test session::tests::restore_rejects_a_writable_state_directory ... ok
[INFO] [stdout] test session::tests::split_alternate_sequence_is_not_recorded_as_text ... ok
[INFO] [stdout] test client::tests::ssh_stream_initial_snapshot_is_bounded_and_reaps_the_helper ... ok
[INFO] [stdout] test session::tests::failed_metadata_replacement_keeps_the_previous_snapshot ... ok
[INFO] [stdout] test ssh::tests::history_decoder_accepts_a_single_empty_stale_abort ... ok
[INFO] [stdout] test ssh::tests::history_decoder_accepts_only_one_bounded_identity_and_generation ... ok
[INFO] [stdout] test ssh::tests::response_validation_accepts_empty_list_sentinel ... ok
[INFO] [stdout] test session::tests::target_uid_worker_owns_the_authoritative_vt ... ok
[INFO] [stdout] test session::tests::unchanged_metadata_does_not_replace_the_snapshot ... ok
[INFO] [stdout] test session::tests::incomplete_history_control_is_bounded ... ok
[INFO] [stdout] test session::tests::restore_rejects_metadata_whose_filename_disagrees_with_its_identity ... ok
[INFO] [stdout] test tls::tests::pinned_verifier_rejects_not_yet_valid_and_expired_certificates ... ok
[INFO] [stdout] test tls::tests::pinned_verifier_rejects_a_wrong_pin_before_webpki ... ok
[INFO] [stdout] test ssh::tests::response_validation_rejects_mismatched_attach ... ok
[INFO] [stdout] test tls::tests::pinned_verifier_rejects_an_untrusted_certificate_with_the_right_pin ... ok
[INFO] [stdout] test tls::tests::data_plane_tls_disables_resumption_and_advertises_alpn ... ok
[INFO] [stdout] test tls::tests::signature_verification_delegates_to_webpki_for_tls12_and_tls13 ... ok
[INFO] [stdout] test tls::tests::supported_signature_schemes_delegate_to_webpki ... ok
[INFO] [stdout] test tls::tests::pinned_verifier_accepts_the_ssh_authorized_identity ... ok
[INFO] [stdout] test tls::tests::pinned_verifier_rejects_a_certificate_for_the_wrong_name ... ok
[INFO] [stdout] test transport::recovery_policy_tests::quic_liveness_policy_enters_cold_recovery_before_a_five_second_outage_ends ... ok
[INFO] [stdout] test transport::tests::frame_reader_rejects_oversized_length_before_reading_payload ... ok
[INFO] [stdout] test worker::journal_tests::journal_records_resize_order_and_rejects_damage ... ok
[INFO] [stdout] test transport::tests::frame_reader_reuses_payload_capacity ... ok
[INFO] [stdout] test worker::connection_tests::daemon_disconnect_errors_are_connection_local ... ok
[INFO] [stdout] test worker::journal_tests::journal_rejects_a_symlinked_path ... ok
[INFO] [stdout] test session::tests::resize_syncs_an_empty_authoritative_history ... ok
[INFO] [stdout] test worker::journal_tests::replay_reads_one_bounded_chunk_at_a_time ... ok
[INFO] [stdout] test worker::output_ready_tests::projected_scroll_rows_append_one_logical_history_line ... ok
[INFO] [stdout] test worker::output_ready_tests::snapshot_stages_effects_from_the_same_revision_cut ... ok
[INFO] [stdout] test transport::tests::frame_reader_retains_partial_prefix_across_cancellation ... ok
[INFO] [stdout] test worker::output_ready_tests::persistent_worker_notifies_without_a_read_poll ... ok
[INFO] [stdout] test worker::output_ready_tests::replacing_notifier_wakes_the_old_reader_without_stealing_new_output ... ok
[INFO] [stdout] test bootstrap::tests::failed_takeover_does_not_consume_incumbent_scroll_effects ... ok
[INFO] [stdout] test worker::command_tests::root_spawn_uses_the_target_users_exact_supplementary_groups ... ok
[INFO] [stdout] test ssh::tests::failed_request_write_reaps_child ... ok
[INFO] [stdout] test session::tests::attach_checkpoint_discards_unobserved_primary_scroll ... ok
[INFO] [stdout] test bootstrap::tests::preflight_rejects_unknown_tokens_without_consuming_a_valid_one ... ok
[INFO] [stdout] test session::tests::overlong_primary_line_is_discarded_until_newline ... ok
[INFO] [stdout] test worker::journal_tests::overflowed_raw_journal_fails_closed ... ok
[INFO] [stdout] test worker::output_ready_tests::reconnect_notifier_reports_output_buffered_while_disconnected ... ok
[INFO] [stdout] test data_plane::tests::takeover_waits_for_inflight_old_writer_and_fences_later_input ... ok
[INFO] [stdout] test daemon::server_failure_tests::restart_discards_a_pre_spawn_pending_intent ... ok
[INFO] [stdout] test session::tests::restore_propagates_worker_connection_errors ... FAILED
[INFO] [stdout] 
[INFO] [stdout] failures:
[INFO] [stdout] 
[INFO] [stdout] ---- session::tests::restore_propagates_worker_connection_errors stdout ----
[INFO] [stdout] 
[INFO] [stdout] thread 'session::tests::restore_propagates_worker_connection_errors' (2328) panicked at src/session/tests.rs:532:5:
[INFO] [stdout] assertion failed: restored.is_err()
[INFO] [stdout] stack backtrace:
[INFO] [stdout]    0:     0x640a68006421 - <<std[617be2ca0a6fd877]::sys::backtrace::BacktraceLock>::print::DisplayBacktrace as core[a373ad73a504971]::fmt::Display>::fmt
[INFO] [stdout]    1:     0x640a6801d85a - core[a373ad73a504971]::fmt::write
[INFO] [stdout]    2:     0x640a6800b1fc - <alloc[2e1b2a31b91974c5]::vec::Vec<u8> as core[a373ad73a504971]::io::write::Write>::write_fmt
[INFO] [stdout]    3:     0x640a67fde206 - std[617be2ca0a6fd877]::panicking::default_hook::{closure#0}
[INFO] [stdout]    4:     0x640a67ffcb89 - std[617be2ca0a6fd877]::panicking::default_hook
[INFO] [stdout]    5:     0x640a67d74ad0 - test[aada8e7e76ba119b]::test_main_inner::{closure#0}
[INFO] [stdout]    6:     0x640a67ffceb2 - std[617be2ca0a6fd877]::panicking::panic_with_hook
[INFO] [stdout]    7:     0x640a67fde2e4 - std[617be2ca0a6fd877]::panicking::panic_handler::{closure#0}
[INFO] [stdout]    8:     0x640a67fd6b39 - std[617be2ca0a6fd877]::sys::backtrace::__rust_end_short_backtrace::<std[617be2ca0a6fd877]::panicking::panic_handler::{closure#0}, !>
[INFO] [stdout]    9:     0x640a67fdf1dd - __rustc[ea4f61d10b84890b]::rust_begin_unwind
[INFO] [stdout]   10:     0x640a6801dfbc - core[a373ad73a504971]::panicking::panic_fmt
[INFO] [stdout]   11:     0x640a6801df82 - core[a373ad73a504971]::panicking::panic
[INFO] [stdout]   12:     0x640a67c84bb0 - <scosh[4d289cbb48aee4ed]::session::tests::restore_propagates_worker_connection_errors::{closure#0} as core[a373ad73a504971]::ops::function::FnOnce<()>>::call_once
[INFO] [stdout]   13:     0x640a67d67f1b - test[aada8e7e76ba119b]::__rust_begin_short_backtrace::<core[a373ad73a504971]::result::Result<(), alloc[2e1b2a31b91974c5]::string::String>, fn() -> core[a373ad73a504971]::result::Result<(), alloc[2e1b2a31b91974c5]::string::String>>
[INFO] [stdout]   14:     0x640a67d750f5 - test[aada8e7e76ba119b]::run_test::{closure#0}
[INFO] [stdout]   15:     0x640a67d6e9e4 - std[617be2ca0a6fd877]::sys::backtrace::__rust_begin_short_backtrace::<test[aada8e7e76ba119b]::run_test::{closure#1}, ()>
[INFO] [stdout]   16:     0x640a67d78182 - <std[617be2ca0a6fd877]::thread::lifecycle::spawn_unchecked<test[aada8e7e76ba119b]::run_test::{closure#1}, ()>::{closure#1} as core[a373ad73a504971]::ops::function::FnOnce<()>>::call_once::{shim:vtable#0}
[INFO] [stdout]   17:     0x640a6800516f - <std[617be2ca0a6fd877]::sys::thread::unix::Thread>::new::thread_start
[INFO] [stdout]   18:     0x70ff734c6dfa - <unknown>
[INFO] [stdout]   19:     0x70ff7355a3d4 - clone
[INFO] [stdout]   20:                0x0 - <unknown>
[INFO] [stdout] 
[INFO] [stdout] 
[INFO] [stdout] failures:
[INFO] [stdout]     session::tests::restore_propagates_worker_connection_errors
[INFO] [stdout] 
[INFO] [stdout] test result: FAILED. 124 passed; 1 failed; 0 ignored; 0 measured; 0 filtered out; finished in 2.07s
[INFO] [stdout] 
[INFO] [stderr] error: test failed, to rerun pass `--lib`
[INFO] running `Command { std: "docker" "inspect" "5ae9bc5200aa62b76f546fa07c5b6c631a43b588a206a20eabd7506f0ba564b4", kill_on_drop: false }`
[INFO] running `Command { std: "docker" "rm" "-f" "5ae9bc5200aa62b76f546fa07c5b6c631a43b588a206a20eabd7506f0ba564b4", kill_on_drop: false }`
[INFO] [stdout] 5ae9bc5200aa62b76f546fa07c5b6c631a43b588a206a20eabd7506f0ba564b4
