[INFO] fetching crate scoped-panic-hook 0.1.2...
[INFO] testing scoped-panic-hook-0.1.2 against 1.99.0-beta.8+cargoflags=--release for beta-release-1.100-2
[INFO] extracting crate scoped-panic-hook 0.1.2 into /workspace/builds/worker-2-tc1/source
[INFO] removed /workspace/builds/worker-2-tc1/source/.cargo/config.toml
[INFO] started tweaking crates.io crate scoped-panic-hook 0.1.2
[INFO] finished tweaking crates.io crate scoped-panic-hook 0.1.2
[INFO] tweaked toml for crates.io crate scoped-panic-hook 0.1.2 written to /workspace/builds/worker-2-tc1/source/Cargo.toml
[INFO] validating manifest of crates.io crate scoped-panic-hook 0.1.2 on toolchain 1.99.0-beta.8
[INFO] running `Command { std: CARGO_HOME="/workspace/cargo-home" RUSTUP_HOME="/workspace/rustup-home" "/workspace/cargo-home/bin/cargo" "+1.99.0-beta.8" "metadata" "--manifest-path" "Cargo.toml" "--no-deps", kill_on_drop: false }`
[INFO] crate crates.io crate scoped-panic-hook 0.1.2 already has a lockfile, it will not be regenerated
[INFO] running `Command { std: CARGO_HOME="/workspace/cargo-home" RUSTUP_HOME="/workspace/rustup-home" "/workspace/cargo-home/bin/cargo" "+1.99.0-beta.8" "fetch" "--manifest-path" "Cargo.toml", kill_on_drop: false }`
[INFO] [stderr]     Updating crates.io index
[INFO] [stderr]  Downloading crates ...
[INFO] [stderr]   Downloaded subprocess-test v0.1.2
[INFO] [stderr]   Downloaded tempfile v3.19.1
[INFO] [stderr]   Downloaded errno v0.3.11
[INFO] [stderr]   Downloaded rustix v1.0.5
[INFO] running `Command { std: "docker" "create" "-v" "/var/lib/crater-agent-workspace/builds/worker-2-tc1/source:/opt/rustwide/workdir:ro,Z" "-v" "/var/lib/crater-agent-workspace/builds/worker-2-tc1/target:/opt/rustwide/target:rw,Z" "-v" "/var/lib/crater-agent-workspace/cargo-home:/opt/rustwide/cargo-home:ro,Z" "-v" "/var/lib/crater-agent-workspace/rustup-home:/opt/rustwide/rustup-home:ro,Z" "-m" "1610612736" "--network" "none" "ghcr.io/rust-lang/crates-build-env/linux@sha256:77db811e55d90add9212f6832c23229e3de5f1c1f9905e8cb07319ea15df73ac" "sleep" "infinity", kill_on_drop: false }`
[INFO] [stdout] 2a76c2bad7eb059a4232f87a421370d1ebcb76b3c6baf031935af1c73fe30101
[INFO] running `Command { std: "docker" "start" "2a76c2bad7eb059a4232f87a421370d1ebcb76b3c6baf031935af1c73fe30101", kill_on_drop: false }`
[INFO] running `Command { std: "docker" "inspect" "2a76c2bad7eb059a4232f87a421370d1ebcb76b3c6baf031935af1c73fe30101", kill_on_drop: false }`
[INFO] running `Command { std: "docker" "exec" "-e" "SOURCE_DIR=/opt/rustwide/workdir" "-e" "CARGO_HOME=/opt/rustwide/cargo-home" "-e" "RUSTUP_HOME=/opt/rustwide/rustup-home" "-e" "CARGO_TARGET_DIR=/opt/rustwide/target" "-w" "/opt/rustwide/workdir" "--user" "0:0" "2a76c2bad7eb059a4232f87a421370d1ebcb76b3c6baf031935af1c73fe30101" "/opt/rustwide/cargo-home/bin/cargo" "+1.99.0-beta.8" "metadata" "--no-deps" "--format-version=1", kill_on_drop: false }`
[INFO] running `Command { std: "docker" "inspect" "2a76c2bad7eb059a4232f87a421370d1ebcb76b3c6baf031935af1c73fe30101", kill_on_drop: false }`
[INFO] running `Command { std: "docker" "exec" "-e" "SOURCE_DIR=/opt/rustwide/workdir" "-e" "CARGO_HOME=/opt/rustwide/cargo-home" "-e" "RUSTUP_HOME=/opt/rustwide/rustup-home" "-e" "CARGO_TARGET_DIR=/opt/rustwide/target" "-e" "CARGO_INCREMENTAL=0" "-e" "RUST_BACKTRACE=full" "-e" "RUSTFLAGS=--cap-lints=warn" "-e" "RUSTDOCFLAGS=--cap-lints=warn" "-w" "/opt/rustwide/workdir" "--user" "0:0" "2a76c2bad7eb059a4232f87a421370d1ebcb76b3c6baf031935af1c73fe30101" "/opt/rustwide/cargo-home/bin/cargo" "+1.99.0-beta.8" "build" "--frozen" "--message-format=json" "--release", kill_on_drop: false }`
[INFO] [stderr]    Compiling semver v1.0.26
[INFO] [stderr]    Compiling defer v0.2.1
[INFO] [stderr]    Compiling rustc_version v0.4.1
[INFO] [stderr]    Compiling scoped-panic-hook v0.1.2 (/opt/rustwide/workdir)
[INFO] [stderr]     Finished `release` profile [optimized] target(s) in 1.22s
[INFO] running `Command { std: "docker" "inspect" "2a76c2bad7eb059a4232f87a421370d1ebcb76b3c6baf031935af1c73fe30101", kill_on_drop: false }`
[INFO] running `Command { std: "docker" "exec" "-e" "SOURCE_DIR=/opt/rustwide/workdir" "-e" "CARGO_HOME=/opt/rustwide/cargo-home" "-e" "RUSTUP_HOME=/opt/rustwide/rustup-home" "-e" "CARGO_TARGET_DIR=/opt/rustwide/target" "-e" "CARGO_INCREMENTAL=0" "-e" "RUST_BACKTRACE=full" "-e" "RUSTFLAGS=--cap-lints=warn" "-e" "RUSTDOCFLAGS=--cap-lints=warn" "-w" "/opt/rustwide/workdir" "--user" "0:0" "2a76c2bad7eb059a4232f87a421370d1ebcb76b3c6baf031935af1c73fe30101" "/opt/rustwide/cargo-home/bin/cargo" "+1.99.0-beta.8" "test" "--frozen" "--no-run" "--message-format=json" "--release", kill_on_drop: false }`
[INFO] [stderr]    Compiling libc v0.2.172
[INFO] [stderr]    Compiling getrandom v0.3.2
[INFO] [stderr]    Compiling rustix v1.0.5
[INFO] [stderr]    Compiling cfg-if v1.0.0
[INFO] [stderr]    Compiling linux-raw-sys v0.9.4
[INFO] [stderr]    Compiling bitflags v2.9.0
[INFO] [stderr]    Compiling once_cell v1.21.3
[INFO] [stderr]    Compiling fastrand v2.3.0
[INFO] [stderr]    Compiling tempfile v3.19.1
[INFO] [stderr]    Compiling subprocess-test v0.1.2
[INFO] [stderr]    Compiling scoped-panic-hook v0.1.2 (/opt/rustwide/workdir)
[INFO] [stderr]     Finished `release` profile [optimized] target(s) in 5.68s
[INFO] running `Command { std: "docker" "inspect" "2a76c2bad7eb059a4232f87a421370d1ebcb76b3c6baf031935af1c73fe30101", kill_on_drop: false }`
[INFO] running `Command { std: "docker" "exec" "-e" "SOURCE_DIR=/opt/rustwide/workdir" "-e" "CARGO_HOME=/opt/rustwide/cargo-home" "-e" "RUSTUP_HOME=/opt/rustwide/rustup-home" "-e" "CARGO_TARGET_DIR=/opt/rustwide/target" "-e" "CARGO_INCREMENTAL=0" "-e" "RUST_BACKTRACE=full" "-e" "RUSTFLAGS=--cap-lints=warn" "-e" "RUSTDOCFLAGS=--cap-lints=warn" "-w" "/opt/rustwide/workdir" "--user" "0:0" "2a76c2bad7eb059a4232f87a421370d1ebcb76b3c6baf031935af1c73fe30101" "/opt/rustwide/cargo-home/bin/cargo" "+1.99.0-beta.8" "test" "--frozen" "--release", kill_on_drop: false }`
[INFO] [stderr]     Finished `release` profile [optimized] target(s) in 0.05s
[INFO] [stderr]      Running unittests src/lib.rs (/opt/rustwide/target/release/deps/scoped_panic_hook-74b98afa1fec5c48)
[INFO] [stdout] 
[INFO] [stdout] running 11 tests
[INFO] [stdout] test hook::tests::simple_panic ... ok
[INFO] [stdout] test hook::tests::simple_ok ... ok
[INFO] [stdout] test panic::tests::catch_panic_no_backtrace ... ok
[INFO] [stdout] test panic::tests::simple_catch_panic ... ok
[INFO] [stdout] test panic::tests::catch_panic_any ... ok
[INFO] [stdout] test hook::tests::hook_forwarding ... ok
[INFO] [stdout] test panic::tests::panic_in_drop ... ok
[INFO] [stdout] test panic::tests::catch_panic_backtrace_enabled ... ok
[INFO] [stdout] test panic::tests::catch_panic_backtrace_disabled ... ok
[INFO] [stdout] test panic::tests::panic_in_drop_on_unwind ... FAILED
[INFO] [stdout] test panic::tests::panic_from_ffi ... ok
[INFO] [stdout] 
[INFO] [stdout] failures:
[INFO] [stdout] 
[INFO] [stdout] ---- panic::tests::panic_in_drop_on_unwind stdout ----
[INFO] [stdout] 
[INFO] [stdout] thread 'panic::tests::panic_in_drop_on_unwind' (445) panicked at src/panic.rs:616:17:
[INFO] [stdout] Couldn't find panic from drop
[INFO] [stdout] stack backtrace:
[INFO] [stdout]    0:     0x5ef513732251 - <<std[70759c8f55707aa4]::sys::backtrace::BacktraceLock>::print::DisplayBacktrace as core[df12db4294e9bfd3]::fmt::Display>::fmt
[INFO] [stdout]    1:     0x5ef513746c6a - core[df12db4294e9bfd3]::fmt::write
[INFO] [stdout]    2:     0x5ef513736dac - <alloc[2182bb758b4b3781]::vec::Vec<u8> as core[df12db4294e9bfd3]::io::write::Write>::write_fmt
[INFO] [stdout]    3:     0x5ef51370d836 - std[70759c8f55707aa4]::panicking::default_hook::{closure#0}
[INFO] [stdout]    4:     0x5ef51372a769 - std[70759c8f55707aa4]::panicking::default_hook
[INFO] [stdout]    5:     0x5ef5136c3980 - test[9d35eded1c95d3be]::test_main_inner::<test[9d35eded1c95d3be]::test_main_static::{closure#0}>::{closure#0}
[INFO] [stdout]    6:     0x5ef51372a922 - std[70759c8f55707aa4]::panicking::panic_with_hook
[INFO] [stdout]    7:     0x5ef51370d914 - std[70759c8f55707aa4]::panicking::panic_handler::{closure#0}
[INFO] [stdout]    8:     0x5ef513705e69 - std[70759c8f55707aa4]::sys::backtrace::__rust_end_short_backtrace::<std[70759c8f55707aa4]::panicking::panic_handler::{closure#0}, !>
[INFO] [stdout]    9:     0x5ef51370e68d - __rustc[8fa7c3cbc660c2b3]::rust_begin_unwind
[INFO] [stdout]   10:     0x5ef51374739c - core[df12db4294e9bfd3]::panicking::panic_fmt
[INFO] [stdout]   11:     0x5ef5136afb58 - subprocess_test[b5f5a2145f40a8c2]::run_subprocess_test::<(), scoped_panic_hook[2bdd1585c298904a]::panic::tests::panic_in_drop_on_unwind::{closure#0}, scoped_panic_hook[2bdd1585c298904a]::panic::tests::panic_in_drop_on_unwind::{closure#1}>
[INFO] [stdout]   12:     0x5ef5136b40ea - <scoped_panic_hook[2bdd1585c298904a]::panic::tests::panic_in_drop_on_unwind::{closure#0} as core[df12db4294e9bfd3]::ops::function::FnOnce<()>>::call_once
[INFO] [stdout]   13:     0x5ef5136b6c6b - test[9d35eded1c95d3be]::__rust_begin_short_backtrace::<core[df12db4294e9bfd3]::result::Result<(), alloc[2182bb758b4b3781]::string::String>, fn() -> core[df12db4294e9bfd3]::result::Result<(), alloc[2182bb758b4b3781]::string::String>>
[INFO] [stdout]   14:     0x5ef5136c42d5 - test[9d35eded1c95d3be]::run_test::{closure#0}
[INFO] [stdout]   15:     0x5ef5136bdb94 - std[70759c8f55707aa4]::sys::backtrace::__rust_begin_short_backtrace::<test[9d35eded1c95d3be]::run_test::{closure#1}, ()>
[INFO] [stdout]   16:     0x5ef5136c7432 - <std[70759c8f55707aa4]::thread::lifecycle::spawn_unchecked<test[9d35eded1c95d3be]::run_test::{closure#1}, ()>::{closure#1} as core[df12db4294e9bfd3]::ops::function::FnOnce<()>>::call_once::{shim:vtable#0}
[INFO] [stdout]   17:     0x5ef513731b29 - <std[70759c8f55707aa4]::sys::thread::unix::Thread>::new::thread_start
[INFO] [stdout]   18:     0x75c4096f8dfa - <unknown>
[INFO] [stdout]   19:     0x75c40978c3d4 - clone
[INFO] [stdout]   20:                0x0 - <unknown>
[INFO] [stdout] 
[INFO] [stdout] 
[INFO] [stdout] failures:
[INFO] [stdout]     panic::tests::panic_in_drop_on_unwind
[INFO] [stdout] 
[INFO] [stdout] test result: FAILED. 10 passed; 1 failed; 0 ignored; 0 measured; 0 filtered out; finished in 0.49s
[INFO] [stdout] 
[INFO] [stderr] error: test failed, to rerun pass `--lib`
[INFO] running `Command { std: "docker" "inspect" "2a76c2bad7eb059a4232f87a421370d1ebcb76b3c6baf031935af1c73fe30101", kill_on_drop: false }`
[INFO] running `Command { std: "docker" "rm" "-f" "2a76c2bad7eb059a4232f87a421370d1ebcb76b3c6baf031935af1c73fe30101", kill_on_drop: false }`
[INFO] [stdout] 2a76c2bad7eb059a4232f87a421370d1ebcb76b3c6baf031935af1c73fe30101
