[INFO] fetching crate scoopit-api 0.17.0...
[INFO] testing scoopit-api-0.17.0 against 1.99.0-beta.8+cargoflags=--release for beta-release-1.100-2
[INFO] extracting crate scoopit-api 0.17.0 into /workspace/builds/worker-5-tc1/source
[INFO] started tweaking crates.io crate scoopit-api 0.17.0
[INFO] removed 0 missing tests
[INFO] finished tweaking crates.io crate scoopit-api 0.17.0
[INFO] tweaked toml for crates.io crate scoopit-api 0.17.0 written to /workspace/builds/worker-5-tc1/source/Cargo.toml
[INFO] validating manifest of crates.io crate scoopit-api 0.17.0 on toolchain 1.99.0-beta.8
[INFO] running `Command { std: CARGO_HOME="/workspace/cargo-home" RUSTUP_HOME="/workspace/rustup-home" "/workspace/cargo-home/bin/cargo" "+1.99.0-beta.8" "metadata" "--manifest-path" "Cargo.toml" "--no-deps", kill_on_drop: false }`
[INFO] crate crates.io crate scoopit-api 0.17.0 already has a lockfile, it will not be regenerated
[INFO] running `Command { std: CARGO_HOME="/workspace/cargo-home" RUSTUP_HOME="/workspace/rustup-home" "/workspace/cargo-home/bin/cargo" "+1.99.0-beta.8" "fetch" "--manifest-path" "Cargo.toml", kill_on_drop: false }`
[INFO] [stderr]     Updating crates.io index
[INFO] [stderr]  Downloading crates ...
[INFO] [stderr]   Downloaded wasm-bindgen-futures v0.4.68
[INFO] [stderr]   Downloaded jsonwebtokens v1.2.0
[INFO] [stderr]   Downloaded rustls v0.23.38
[INFO] [stderr]   Downloaded base64 v0.20.0
[INFO] [stderr]   Downloaded tokio v1.52.0
[INFO] running `Command { std: "docker" "create" "-v" "/var/lib/crater-agent-workspace/builds/worker-5-tc1/source:/opt/rustwide/workdir:ro,Z" "-v" "/var/lib/crater-agent-workspace/builds/worker-5-tc1/target:/opt/rustwide/target:rw,Z" "-v" "/var/lib/crater-agent-workspace/cargo-home:/opt/rustwide/cargo-home:ro,Z" "-v" "/var/lib/crater-agent-workspace/rustup-home:/opt/rustwide/rustup-home:ro,Z" "-m" "1610612736" "--network" "none" "ghcr.io/rust-lang/crates-build-env/linux@sha256:77db811e55d90add9212f6832c23229e3de5f1c1f9905e8cb07319ea15df73ac" "sleep" "infinity", kill_on_drop: false }`
[INFO] [stdout] fb6ef5f1ff0fd08817758890f466fe8ef67d753832967b45d15400b9e50b40ee
[INFO] running `Command { std: "docker" "start" "fb6ef5f1ff0fd08817758890f466fe8ef67d753832967b45d15400b9e50b40ee", kill_on_drop: false }`
[INFO] running `Command { std: "docker" "inspect" "fb6ef5f1ff0fd08817758890f466fe8ef67d753832967b45d15400b9e50b40ee", kill_on_drop: false }`
[INFO] running `Command { std: "docker" "exec" "-e" "SOURCE_DIR=/opt/rustwide/workdir" "-e" "CARGO_HOME=/opt/rustwide/cargo-home" "-e" "RUSTUP_HOME=/opt/rustwide/rustup-home" "-e" "CARGO_TARGET_DIR=/opt/rustwide/target" "-w" "/opt/rustwide/workdir" "--user" "0:0" "fb6ef5f1ff0fd08817758890f466fe8ef67d753832967b45d15400b9e50b40ee" "/opt/rustwide/cargo-home/bin/cargo" "+1.99.0-beta.8" "metadata" "--no-deps" "--format-version=1", kill_on_drop: false }`
[INFO] running `Command { std: "docker" "inspect" "fb6ef5f1ff0fd08817758890f466fe8ef67d753832967b45d15400b9e50b40ee", kill_on_drop: false }`
[INFO] running `Command { std: "docker" "exec" "-e" "SOURCE_DIR=/opt/rustwide/workdir" "-e" "CARGO_HOME=/opt/rustwide/cargo-home" "-e" "RUSTUP_HOME=/opt/rustwide/rustup-home" "-e" "CARGO_TARGET_DIR=/opt/rustwide/target" "-e" "CARGO_INCREMENTAL=0" "-e" "RUST_BACKTRACE=full" "-e" "RUSTFLAGS=--cap-lints=warn" "-e" "RUSTDOCFLAGS=--cap-lints=warn" "-w" "/opt/rustwide/workdir" "--user" "0:0" "fb6ef5f1ff0fd08817758890f466fe8ef67d753832967b45d15400b9e50b40ee" "/opt/rustwide/cargo-home/bin/cargo" "+1.99.0-beta.8" "build" "--frozen" "--message-format=json" "--release", kill_on_drop: false }`
[INFO] [stderr]    Compiling libc v0.2.185
[INFO] [stderr]    Compiling http v1.4.0
[INFO] [stderr]    Compiling rustls v0.23.38
[INFO] [stderr]    Compiling futures-util v0.3.32
[INFO] [stderr]    Compiling num-conv v0.2.1
[INFO] [stderr]    Compiling time-core v0.1.8
[INFO] [stderr]    Compiling zerofrom v0.1.7
[INFO] [stderr]    Compiling untrusted v0.7.1
[INFO] [stderr]    Compiling iri-string v0.7.12
[INFO] [stderr]    Compiling spin v0.5.2
[INFO] [stderr]    Compiling serde_urlencoded v0.7.1
[INFO] [stderr]    Compiling pem v1.1.1
[INFO] [stderr]    Compiling base64 v0.20.0
[INFO] [stderr]    Compiling yoke v0.8.2
[INFO] [stderr]    Compiling time-macros v0.2.27
[INFO] [stderr]    Compiling zerovec v0.11.6
[INFO] [stderr]    Compiling zerotrie v0.2.4
[INFO] [stderr]    Compiling time v0.3.47
[INFO] [stderr]    Compiling http-body v1.0.1
[INFO] [stderr]    Compiling http-body-util v0.1.3
[INFO] [stderr]    Compiling tinystr v0.8.3
[INFO] [stderr]    Compiling potential_utf v0.1.5
[INFO] [stderr]    Compiling icu_collections v2.2.0
[INFO] [stderr]    Compiling jobserver v0.1.34
[INFO] [stderr]    Compiling icu_locale_core v2.2.0
[INFO] [stderr]    Compiling mio v1.2.0
[INFO] [stderr]    Compiling socket2 v0.6.3
[INFO] [stderr]    Compiling cc v1.2.60
[INFO] [stderr]    Compiling tokio v1.52.0
[INFO] [stderr]    Compiling cmake v0.1.58
[INFO] [stderr]    Compiling icu_provider v2.2.0
[INFO] [stderr]    Compiling ring v0.16.20
[INFO] [stderr]    Compiling aws-lc-sys v0.39.1
[INFO] [stderr]    Compiling icu_normalizer v2.2.0
[INFO] [stderr]    Compiling icu_properties v2.2.0
[INFO] [stderr]    Compiling simple_asn1 v0.6.4
[INFO] [stderr]    Compiling idna_adapter v1.2.1
[INFO] [stderr]    Compiling idna v1.1.0
[INFO] [stderr]    Compiling url v2.5.8
[INFO] [stderr]    Compiling hyper v1.9.0
[INFO] [stderr]    Compiling tower v0.5.3
[INFO] [stderr]    Compiling hyper-util v0.1.20
[INFO] [stderr]    Compiling tower-http v0.6.8
[INFO] [stderr]    Compiling jsonwebtokens v1.2.0
[INFO] [stderr]    Compiling aws-lc-rs v1.16.2
[INFO] [stderr]    Compiling rustls-webpki v0.103.12
[INFO] [stderr]    Compiling tokio-rustls v0.26.4
[INFO] [stderr]    Compiling rustls-platform-verifier v0.6.2
[INFO] [stderr]    Compiling hyper-rustls v0.27.9
[INFO] [stderr]    Compiling reqwest v0.13.2
[INFO] [stderr]    Compiling scoopit-api v0.17.0 (/opt/rustwide/workdir)
[INFO] [stdout] warning: field `authorization_endpoint` is never read
[INFO] [stdout]   --> src/lib.rs:38:5
[INFO] [stdout]    |
[INFO] [stdout] 36 | pub struct ScoopitAPI {
[INFO] [stdout]    |            ---------- field in this struct
[INFO] [stdout] 37 |     endpoint: Url,
[INFO] [stdout] 38 |     authorization_endpoint: Url,
[INFO] [stdout]    |     ^^^^^^^^^^^^^^^^^^^^^^
[INFO] [stdout]    |
[INFO] [stdout]    = note: `ScoopitAPI` has derived impls for the traits `Debug` and `Clone`, but these are intentionally ignored during dead code analysis
[INFO] [stdout]    = note: `#[warn(dead_code)]` (part of `#[warn(unused)]`) on by default
[INFO] [stdout] 
[INFO] [stdout] 
[INFO] [stderr]     Finished `release` profile [optimized] target(s) in 1m 52s
[INFO] running `Command { std: "docker" "inspect" "fb6ef5f1ff0fd08817758890f466fe8ef67d753832967b45d15400b9e50b40ee", kill_on_drop: false }`
[INFO] running `Command { std: "docker" "exec" "-e" "SOURCE_DIR=/opt/rustwide/workdir" "-e" "CARGO_HOME=/opt/rustwide/cargo-home" "-e" "RUSTUP_HOME=/opt/rustwide/rustup-home" "-e" "CARGO_TARGET_DIR=/opt/rustwide/target" "-e" "CARGO_INCREMENTAL=0" "-e" "RUST_BACKTRACE=full" "-e" "RUSTFLAGS=--cap-lints=warn" "-e" "RUSTDOCFLAGS=--cap-lints=warn" "-w" "/opt/rustwide/workdir" "--user" "0:0" "fb6ef5f1ff0fd08817758890f466fe8ef67d753832967b45d15400b9e50b40ee" "/opt/rustwide/cargo-home/bin/cargo" "+1.99.0-beta.8" "test" "--frozen" "--no-run" "--message-format=json" "--release", kill_on_drop: false }`
[INFO] [stderr]    Compiling env_filter v1.0.1
[INFO] [stderr]    Compiling jiff v0.2.23
[INFO] [stderr]    Compiling dotenvy v0.15.7
[INFO] [stderr]    Compiling anstream v1.0.0
[INFO] [stdout] warning: field `authorization_endpoint` is never read
[INFO] [stdout]   --> src/lib.rs:38:5
[INFO] [stdout]    |
[INFO] [stdout] 36 | pub struct ScoopitAPI {
[INFO] [stdout]    |            ---------- field in this struct
[INFO] [stdout] 37 |     endpoint: Url,
[INFO] [stdout] 38 |     authorization_endpoint: Url,
[INFO] [stdout]    |     ^^^^^^^^^^^^^^^^^^^^^^
[INFO] [stdout]    |
[INFO] [stdout]    = note: `ScoopitAPI` has derived impls for the traits `Debug` and `Clone`, but these are intentionally ignored during dead code analysis
[INFO] [stdout]    = note: `#[warn(dead_code)]` (part of `#[warn(unused)]`) on by default
[INFO] [stdout] 
[INFO] [stdout] 
[INFO] [stderr]    Compiling env_logger v0.11.10
[INFO] [stderr]    Compiling scoopit-api v0.17.0 (/opt/rustwide/workdir)
[INFO] [stdout] warning: field `authorization_endpoint` is never read
[INFO] [stdout]   --> src/lib.rs:38:5
[INFO] [stdout]    |
[INFO] [stdout] 36 | pub struct ScoopitAPI {
[INFO] [stdout]    |            ---------- field in this struct
[INFO] [stdout] 37 |     endpoint: Url,
[INFO] [stdout] 38 |     authorization_endpoint: Url,
[INFO] [stdout]    |     ^^^^^^^^^^^^^^^^^^^^^^
[INFO] [stdout]    |
[INFO] [stdout]    = note: `ScoopitAPI` has derived impls for the traits `Debug` and `Clone`, but these are intentionally ignored during dead code analysis
[INFO] [stdout]    = note: `#[warn(dead_code)]` (part of `#[warn(unused)]`) on by default
[INFO] [stdout] 
[INFO] [stdout] 
[INFO] [stderr]     Finished `release` profile [optimized] target(s) in 20.35s
[INFO] running `Command { std: "docker" "inspect" "fb6ef5f1ff0fd08817758890f466fe8ef67d753832967b45d15400b9e50b40ee", kill_on_drop: false }`
[INFO] running `Command { std: "docker" "exec" "-e" "SOURCE_DIR=/opt/rustwide/workdir" "-e" "CARGO_HOME=/opt/rustwide/cargo-home" "-e" "RUSTUP_HOME=/opt/rustwide/rustup-home" "-e" "CARGO_TARGET_DIR=/opt/rustwide/target" "-e" "CARGO_INCREMENTAL=0" "-e" "RUST_BACKTRACE=full" "-e" "RUSTFLAGS=--cap-lints=warn" "-e" "RUSTDOCFLAGS=--cap-lints=warn" "-w" "/opt/rustwide/workdir" "--user" "0:0" "fb6ef5f1ff0fd08817758890f466fe8ef67d753832967b45d15400b9e50b40ee" "/opt/rustwide/cargo-home/bin/cargo" "+1.99.0-beta.8" "test" "--frozen" "--release", kill_on_drop: false }`
[INFO] [stderr] warning: field `authorization_endpoint` is never read
[INFO] [stderr]   --> src/lib.rs:38:5
[INFO] [stderr]    |
[INFO] [stderr] 36 | pub struct ScoopitAPI {
[INFO] [stderr]    |            ---------- field in this struct
[INFO] [stderr] 37 |     endpoint: Url,
[INFO] [stderr] 38 |     authorization_endpoint: Url,
[INFO] [stderr]    |     ^^^^^^^^^^^^^^^^^^^^^^
[INFO] [stderr]    |
[INFO] [stderr]    = note: `ScoopitAPI` has derived impls for the traits `Debug` and `Clone`, but these are intentionally ignored during dead code analysis
[INFO] [stderr]    = note: `#[warn(dead_code)]` (part of `#[warn(unused)]`) on by default
[INFO] [stderr] 
[INFO] [stderr] warning: `scoopit-api` (lib) generated 1 warning
[INFO] [stderr] warning: `scoopit-api` (lib test) generated 1 warning (1 duplicate)
[INFO] [stderr]     Finished `release` profile [optimized] target(s) in 0.19s
[INFO] [stderr]      Running unittests src/lib.rs (/opt/rustwide/target/release/deps/scoopit_api-99c8b3ecacee087d)
[INFO] [stdout] 
[INFO] [stdout] running 5 tests
[INFO] [stdout] test tests::get_topic ... FAILED
[INFO] [stdout] test tests::get_profile ... FAILED
[INFO] [stdout] test tests::get_topic_with_tags ... FAILED
[INFO] [stdout] test tests::get_test ... FAILED
[INFO] [stdout] test tests::search ... FAILED
[INFO] [stdout] 
[INFO] [stdout] failures:
[INFO] [stdout] 
[INFO] [stdout] ---- tests::get_topic stdout ----
[INFO] [stdout] 
[INFO] [stdout] thread 'tests::get_topic' (2504) panicked at src/lib.rs:298:60:
[INFO] [stdout] called `Result::unwrap()` on an `Err` value: NotPresent
[INFO] [stdout] stack backtrace:
[INFO] [stdout]    0:     0x60fb23e8dba1 - <<std[70759c8f55707aa4]::sys::backtrace::BacktraceLock>::print::DisplayBacktrace as core[df12db4294e9bfd3]::fmt::Display>::fmt
[INFO] [stdout]    1:     0x60fb23ea63ea - core[df12db4294e9bfd3]::fmt::write
[INFO] [stdout]    2:     0x60fb23e946fc - <alloc[2182bb758b4b3781]::vec::Vec<u8> as core[df12db4294e9bfd3]::io::write::Write>::write_fmt
[INFO] [stdout]    3:     0x60fb23e68166 - std[70759c8f55707aa4]::panicking::default_hook::{closure#0}
[INFO] [stdout]    4:     0x60fb23e85789 - std[70759c8f55707aa4]::panicking::default_hook
[INFO] [stdout]    5:     0x60fb239bd3b0 - test[9d35eded1c95d3be]::test_main_inner::<test[9d35eded1c95d3be]::test_main_static::{closure#0}>::{closure#0}
[INFO] [stdout]    6:     0x60fb23e85ab2 - std[70759c8f55707aa4]::panicking::panic_with_hook
[INFO] [stdout]    7:     0x60fb23e68212 - std[70759c8f55707aa4]::panicking::panic_handler::{closure#0}
[INFO] [stdout]    8:     0x60fb23e60649 - std[70759c8f55707aa4]::sys::backtrace::__rust_end_short_backtrace::<std[70759c8f55707aa4]::panicking::panic_handler::{closure#0}, !>
[INFO] [stdout]    9:     0x60fb23e691ad - __rustc[8fa7c3cbc660c2b3]::rust_begin_unwind
[INFO] [stdout]   10:     0x60fb23ea6bcc - core[df12db4294e9bfd3]::panicking::panic_fmt
[INFO] [stdout]   11:     0x60fb23ea69a2 - core[df12db4294e9bfd3]::result::unwrap_failed
[INFO] [stdout]   12:     0x60fb2396ee42 - scoopit_api[a9257cfa783a19b9]::tests::get_client::{closure#0}
[INFO] [stdout]   13:     0x60fb23971d8e - scoopit_api[a9257cfa783a19b9]::tests::get_topic::{closure#0}
[INFO] [stdout]   14:     0x60fb23976903 - <tokio[4f4352b9fc75e58f]::runtime::scheduler::current_thread::Context>::enter::<core[df12db4294e9bfd3]::task::poll::Poll<()>, <tokio[4f4352b9fc75e58f]::runtime::scheduler::current_thread::CoreGuard>::block_on<core[df12db4294e9bfd3]::pin::Pin<&mut core[df12db4294e9bfd3]::pin::Pin<&mut dyn core[df12db4294e9bfd3]::future::future::Future<Output = ()>>>>::{closure#0}::{closure#0}>
[INFO] [stdout]   15:     0x60fb2398a78c - <tokio[4f4352b9fc75e58f]::runtime::context::scoped::Scoped<tokio[4f4352b9fc75e58f]::runtime::scheduler::Context>>::set::<<tokio[4f4352b9fc75e58f]::runtime::scheduler::current_thread::CoreGuard>::enter<<tokio[4f4352b9fc75e58f]::runtime::scheduler::current_thread::CoreGuard>::block_on<core[df12db4294e9bfd3]::pin::Pin<&mut core[df12db4294e9bfd3]::pin::Pin<&mut dyn core[df12db4294e9bfd3]::future::future::Future<Output = ()>>>>::{closure#0}, core[df12db4294e9bfd3]::option::Option<()>>::{closure#0}, (alloc[2182bb758b4b3781]::boxed::Box<tokio[4f4352b9fc75e58f]::runtime::scheduler::current_thread::Core>, core[df12db4294e9bfd3]::option::Option<()>)>
[INFO] [stdout]   16:     0x60fb23976ef7 - <tokio[4f4352b9fc75e58f]::runtime::scheduler::current_thread::CoreGuard>::block_on::<core[df12db4294e9bfd3]::pin::Pin<&mut core[df12db4294e9bfd3]::pin::Pin<&mut dyn core[df12db4294e9bfd3]::future::future::Future<Output = ()>>>>
[INFO] [stdout]   17:     0x60fb2398ce07 - tokio[4f4352b9fc75e58f]::runtime::context::runtime::enter_runtime::<<tokio[4f4352b9fc75e58f]::runtime::scheduler::current_thread::CurrentThread>::block_on<core[df12db4294e9bfd3]::pin::Pin<&mut dyn core[df12db4294e9bfd3]::future::future::Future<Output = ()>>>::{closure#0}, ()>
[INFO] [stdout]   18:     0x60fb2398a52a - <tokio[4f4352b9fc75e58f]::runtime::runtime::Runtime>::block_on::<core[df12db4294e9bfd3]::pin::Pin<&mut dyn core[df12db4294e9bfd3]::future::future::Future<Output = ()>>>
[INFO] [stdout]   19:     0x60fb23972c6a - scoopit_api[a9257cfa783a19b9]::tests::get_topic
[INFO] [stdout]   20:     0x60fb2397ab09 - <scoopit_api[a9257cfa783a19b9]::tests::get_topic::{closure#0} as core[df12db4294e9bfd3]::ops::function::FnOnce<()>>::call_once
[INFO] [stdout]   21:     0x60fb239b069b - test[9d35eded1c95d3be]::__rust_begin_short_backtrace::<core[df12db4294e9bfd3]::result::Result<(), alloc[2182bb758b4b3781]::string::String>, fn() -> core[df12db4294e9bfd3]::result::Result<(), alloc[2182bb758b4b3781]::string::String>>
[INFO] [stdout]   22:     0x60fb239bdd05 - test[9d35eded1c95d3be]::run_test::{closure#0}
[INFO] [stdout]   23:     0x60fb239b75c4 - std[70759c8f55707aa4]::sys::backtrace::__rust_begin_short_backtrace::<test[9d35eded1c95d3be]::run_test::{closure#1}, ()>
[INFO] [stdout]   24:     0x60fb239c0e62 - <std[70759c8f55707aa4]::thread::lifecycle::spawn_unchecked<test[9d35eded1c95d3be]::run_test::{closure#1}, ()>::{closure#1} as core[df12db4294e9bfd3]::ops::function::FnOnce<()>>::call_once::{shim:vtable#0}
[INFO] [stdout]   25:     0x60fb23e8d0c9 - <std[70759c8f55707aa4]::sys::thread::unix::Thread>::new::thread_start
[INFO] [stdout]   26:     0x74813eaaadfa - <unknown>
[INFO] [stdout]   27:     0x74813eb3e3d4 - clone
[INFO] [stdout]   28:                0x0 - <unknown>
[INFO] [stdout] 
[INFO] [stdout] ---- tests::get_profile stdout ----
[INFO] [stdout] 
[INFO] [stdout] thread 'tests::get_profile' (2502) panicked at src/lib.rs:298:60:
[INFO] [stdout] called `Result::unwrap()` on an `Err` value: NotPresent
[INFO] [stdout] stack backtrace:
[INFO] [stdout]    0:     0x60fb23e8dba1 - <<std[70759c8f55707aa4]::sys::backtrace::BacktraceLock>::print::DisplayBacktrace as core[df12db4294e9bfd3]::fmt::Display>::fmt
[INFO] [stdout]    1:     0x60fb23ea63ea - core[df12db4294e9bfd3]::fmt::write
[INFO] [stdout]    2:     0x60fb23e946fc - <alloc[2182bb758b4b3781]::vec::Vec<u8> as core[df12db4294e9bfd3]::io::write::Write>::write_fmt
[INFO] [stdout]    3:     0x60fb23e68166 - std[70759c8f55707aa4]::panicking::default_hook::{closure#0}
[INFO] [stdout]    4:     0x60fb23e85789 - std[70759c8f55707aa4]::panicking::default_hook
[INFO] [stdout]    5:     0x60fb239bd3b0 - test[9d35eded1c95d3be]::test_main_inner::<test[9d35eded1c95d3be]::test_main_static::{closure#0}>::{closure#0}
[INFO] [stdout]    6:     0x60fb23e85ab2 - std[70759c8f55707aa4]::panicking::panic_with_hook
[INFO] [stdout]    7:     0x60fb23e68212 - std[70759c8f55707aa4]::panicking::panic_handler::{closure#0}
[INFO] [stdout]    8:     0x60fb23e60649 - std[70759c8f55707aa4]::sys::backtrace::__rust_end_short_backtrace::<std[70759c8f55707aa4]::panicking::panic_handler::{closure#0}, !>
[INFO] [stdout]    9:     0x60fb23e691ad - __rustc[8fa7c3cbc660c2b3]::rust_begin_unwind
[INFO] [stdout]   10:     0x60fb23ea6bcc - core[df12db4294e9bfd3]::panicking::panic_fmt
[INFO] [stdout]   11:     0x60fb23ea69a2 - core[df12db4294e9bfd3]::result::unwrap_failed
[INFO] [stdout]   12:     0x60fb2396ee42 - scoopit_api[a9257cfa783a19b9]::tests::get_client::{closure#0}
[INFO] [stdout]   13:     0x60fb2396f1e5 - scoopit_api[a9257cfa783a19b9]::tests::get_profile::{closure#0}
[INFO] [stdout]   14:     0x60fb23976903 - <tokio[4f4352b9fc75e58f]::runtime::scheduler::current_thread::Context>::enter::<core[df12db4294e9bfd3]::task::poll::Poll<()>, <tokio[4f4352b9fc75e58f]::runtime::scheduler::current_thread::CoreGuard>::block_on<core[df12db4294e9bfd3]::pin::Pin<&mut core[df12db4294e9bfd3]::pin::Pin<&mut dyn core[df12db4294e9bfd3]::future::future::Future<Output = ()>>>>::{closure#0}::{closure#0}>
[INFO] [stdout]   15:     0x60fb2398a78c - <tokio[4f4352b9fc75e58f]::runtime::context::scoped::Scoped<tokio[4f4352b9fc75e58f]::runtime::scheduler::Context>>::set::<<tokio[4f4352b9fc75e58f]::runtime::scheduler::current_thread::CoreGuard>::enter<<tokio[4f4352b9fc75e58f]::runtime::scheduler::current_thread::CoreGuard>::block_on<core[df12db4294e9bfd3]::pin::Pin<&mut core[df12db4294e9bfd3]::pin::Pin<&mut dyn core[df12db4294e9bfd3]::future::future::Future<Output = ()>>>>::{closure#0}, core[df12db4294e9bfd3]::option::Option<()>>::{closure#0}, (alloc[2182bb758b4b3781]::boxed::Box<tokio[4f4352b9fc75e58f]::runtime::scheduler::current_thread::Core>, core[df12db4294e9bfd3]::option::Option<()>)>
[INFO] [stdout]   16:     0x60fb23976ef7 - <tokio[4f4352b9fc75e58f]::runtime::scheduler::current_thread::CoreGuard>::block_on::<core[df12db4294e9bfd3]::pin::Pin<&mut core[df12db4294e9bfd3]::pin::Pin<&mut dyn core[df12db4294e9bfd3]::future::future::Future<Output = ()>>>>
[INFO] [stdout]   17:     0x60fb2398ce07 - tokio[4f4352b9fc75e58f]::runtime::context::runtime::enter_runtime::<<tokio[4f4352b9fc75e58f]::runtime::scheduler::current_thread::CurrentThread>::block_on<core[df12db4294e9bfd3]::pin::Pin<&mut dyn core[df12db4294e9bfd3]::future::future::Future<Output = ()>>>::{closure#0}, ()>
[INFO] [stdout]   18:     0x60fb2398a52a - <tokio[4f4352b9fc75e58f]::runtime::runtime::Runtime>::block_on::<core[df12db4294e9bfd3]::pin::Pin<&mut dyn core[df12db4294e9bfd3]::future::future::Future<Output = ()>>>
[INFO] [stdout]   19:     0x60fb239726bb - scoopit_api[a9257cfa783a19b9]::tests::get_profile
[INFO] [stdout]   20:     0x60fb2397aa89 - <scoopit_api[a9257cfa783a19b9]::tests::get_profile::{closure#0} as core[df12db4294e9bfd3]::ops::function::FnOnce<()>>::call_once
[INFO] [stdout]   21:     0x60fb239b069b - test[9d35eded1c95d3be]::__rust_begin_short_backtrace::<core[df12db4294e9bfd3]::result::Result<(), alloc[2182bb758b4b3781]::string::String>, fn() -> core[df12db4294e9bfd3]::result::Result<(), alloc[2182bb758b4b3781]::string::String>>
[INFO] [stdout]   22:     0x60fb239bdd05 - test[9d35eded1c95d3be]::run_test::{closure#0}
[INFO] [stdout]   23:     0x60fb239b75c4 - std[70759c8f55707aa4]::sys::backtrace::__rust_begin_short_backtrace::<test[9d35eded1c95d3be]::run_test::{closure#1}, ()>
[INFO] [stdout]   24:     0x60fb239c0e62 - <std[70759c8f55707aa4]::thread::lifecycle::spawn_unchecked<test[9d35eded1c95d3be]::run_test::{closure#1}, ()>::{closure#1} as core[df12db4294e9bfd3]::ops::function::FnOnce<()>>::call_once::{shim:vtable#0}
[INFO] [stdout]   25:     0x60fb23e8d0c9 - <std[70759c8f55707aa4]::sys::thread::unix::Thread>::new::thread_start
[INFO] [stdout]   26:     0x74813eaaadfa - <unknown>
[INFO] [stdout]   27:     0x74813eb3e3d4 - clone
[INFO] [stdout]   28:                0x0 - <unknown>
[INFO] [stdout] 
[INFO] [stdout] ---- tests::get_topic_with_tags stdout ----
[INFO] [stdout] 
[INFO] [stdout] thread 'tests::get_topic_with_tags' (2505) panicked at src/lib.rs:298:60:
[INFO] [stdout] called `Result::unwrap()` on an `Err` value: NotPresent
[INFO] [stdout] stack backtrace:
[INFO] [stdout]    0:     0x60fb23e8dba1 - <<std[70759c8f55707aa4]::sys::backtrace::BacktraceLock>::print::DisplayBacktrace as core[df12db4294e9bfd3]::fmt::Display>::fmt
[INFO] [stdout]    1:     0x60fb23ea63ea - core[df12db4294e9bfd3]::fmt::write
[INFO] [stdout]    2:     0x60fb23e946fc - <alloc[2182bb758b4b3781]::vec::Vec<u8> as core[df12db4294e9bfd3]::io::write::Write>::write_fmt
[INFO] [stdout]    3:     0x60fb23e68166 - std[70759c8f55707aa4]::panicking::default_hook::{closure#0}
[INFO] [stdout]    4:     0x60fb23e85789 - std[70759c8f55707aa4]::panicking::default_hook
[INFO] [stdout]    5:     0x60fb239bd3b0 - test[9d35eded1c95d3be]::test_main_inner::<test[9d35eded1c95d3be]::test_main_static::{closure#0}>::{closure#0}
[INFO] [stdout]    6:     0x60fb23e85ab2 - std[70759c8f55707aa4]::panicking::panic_with_hook
[INFO] [stdout]    7:     0x60fb23e68212 - std[70759c8f55707aa4]::panicking::panic_handler::{closure#0}
[INFO] [stdout]    8:     0x60fb23e60649 - std[70759c8f55707aa4]::sys::backtrace::__rust_end_short_backtrace::<std[70759c8f55707aa4]::panicking::panic_handler::{closure#0}, !>
[INFO] [stdout]    9:     0x60fb23e691ad - __rustc[8fa7c3cbc660c2b3]::rust_begin_unwind
[INFO] [stdout]   10:     0x60fb23ea6bcc - core[df12db4294e9bfd3]::panicking::panic_fmt
[INFO] [stdout]   11:     0x60fb23ea69a2 - core[df12db4294e9bfd3]::result::unwrap_failed
[INFO] [stdout]   12:     0x60fb2396ee42 - scoopit_api[a9257cfa783a19b9]::tests::get_client::{closure#0}
[INFO] [stdout]   13:     0x60fb2396f9de - scoopit_api[a9257cfa783a19b9]::tests::get_topic_with_tags::{closure#0}
[INFO] [stdout]   14:     0x60fb23976903 - <tokio[4f4352b9fc75e58f]::runtime::scheduler::current_thread::Context>::enter::<core[df12db4294e9bfd3]::task::poll::Poll<()>, <tokio[4f4352b9fc75e58f]::runtime::scheduler::current_thread::CoreGuard>::block_on<core[df12db4294e9bfd3]::pin::Pin<&mut core[df12db4294e9bfd3]::pin::Pin<&mut dyn core[df12db4294e9bfd3]::future::future::Future<Output = ()>>>>::{closure#0}::{closure#0}>
[INFO] [stdout]   15:     0x60fb2398a78c - <tokio[4f4352b9fc75e58f]::runtime::context::scoped::Scoped<tokio[4f4352b9fc75e58f]::runtime::scheduler::Context>>::set::<<tokio[4f4352b9fc75e58f]::runtime::scheduler::current_thread::CoreGuard>::enter<<tokio[4f4352b9fc75e58f]::runtime::scheduler::current_thread::CoreGuard>::block_on<core[df12db4294e9bfd3]::pin::Pin<&mut core[df12db4294e9bfd3]::pin::Pin<&mut dyn core[df12db4294e9bfd3]::future::future::Future<Output = ()>>>>::{closure#0}, core[df12db4294e9bfd3]::option::Option<()>>::{closure#0}, (alloc[2182bb758b4b3781]::boxed::Box<tokio[4f4352b9fc75e58f]::runtime::scheduler::current_thread::Core>, core[df12db4294e9bfd3]::option::Option<()>)>
[INFO] [stdout]   16:     0x60fb23976ef7 - <tokio[4f4352b9fc75e58f]::runtime::scheduler::current_thread::CoreGuard>::block_on::<core[df12db4294e9bfd3]::pin::Pin<&mut core[df12db4294e9bfd3]::pin::Pin<&mut dyn core[df12db4294e9bfd3]::future::future::Future<Output = ()>>>>
[INFO] [stdout]   17:     0x60fb2398ce07 - tokio[4f4352b9fc75e58f]::runtime::context::runtime::enter_runtime::<<tokio[4f4352b9fc75e58f]::runtime::scheduler::current_thread::CurrentThread>::block_on<core[df12db4294e9bfd3]::pin::Pin<&mut dyn core[df12db4294e9bfd3]::future::future::Future<Output = ()>>>::{closure#0}, ()>
[INFO] [stdout]   18:     0x60fb2398a52a - <tokio[4f4352b9fc75e58f]::runtime::runtime::Runtime>::block_on::<core[df12db4294e9bfd3]::pin::Pin<&mut dyn core[df12db4294e9bfd3]::future::future::Future<Output = ()>>>
[INFO] [stdout]   19:     0x60fb2397280b - scoopit_api[a9257cfa783a19b9]::tests::get_topic_with_tags
[INFO] [stdout]   20:     0x60fb2397aaa9 - <scoopit_api[a9257cfa783a19b9]::tests::get_topic_with_tags::{closure#0} as core[df12db4294e9bfd3]::ops::function::FnOnce<()>>::call_once
[INFO] [stdout]   21:     0x60fb239b069b - test[9d35eded1c95d3be]::__rust_begin_short_backtrace::<core[df12db4294e9bfd3]::result::Result<(), alloc[2182bb758b4b3781]::string::String>, fn() -> core[df12db4294e9bfd3]::result::Result<(), alloc[2182bb758b4b3781]::string::String>>
[INFO] [stdout]   22:     0x60fb239bdd05 - test[9d35eded1c95d3be]::run_test::{closure#0}
[INFO] [stdout]   23:     0x60fb239b75c4 - std[70759c8f55707aa4]::sys::backtrace::__rust_begin_short_backtrace::<test[9d35eded1c95d3be]::run_test::{closure#1}, ()>
[INFO] [stdout]   24:     0x60fb239c0e62 - <std[70759c8f55707aa4]::thread::lifecycle::spawn_unchecked<test[9d35eded1c95d3be]::run_test::{closure#1}, ()>::{closure#1} as core[df12db4294e9bfd3]::ops::function::FnOnce<()>>::call_once::{shim:vtable#0}
[INFO] [stdout]   25:     0x60fb23e8d0c9 - <std[70759c8f55707aa4]::sys::thread::unix::Thread>::new::thread_start
[INFO] [stdout]   26:     0x74813eaaadfa - <unknown>
[INFO] [stdout]   27:     0x74813eb3e3d4 - clone
[INFO] [stdout]   28:                0x0 - <unknown>
[INFO] [stdout] 
[INFO] [stdout] ---- tests::get_test stdout ----
[INFO] [stdout] 
[INFO] [stdout] thread 'tests::get_test' (2503) panicked at src/lib.rs:298:60:
[INFO] [stdout] called `Result::unwrap()` on an `Err` value: NotPresent
[INFO] [stdout] stack backtrace:
[INFO] [stdout]    0:     0x60fb23e8dba1 - <<std[70759c8f55707aa4]::sys::backtrace::BacktraceLock>::print::DisplayBacktrace as core[df12db4294e9bfd3]::fmt::Display>::fmt
[INFO] [stdout]    1:     0x60fb23ea63ea - core[df12db4294e9bfd3]::fmt::write
[INFO] [stdout]    2:     0x60fb23e946fc - <alloc[2182bb758b4b3781]::vec::Vec<u8> as core[df12db4294e9bfd3]::io::write::Write>::write_fmt
[INFO] [stdout]    3:     0x60fb23e68166 - std[70759c8f55707aa4]::panicking::default_hook::{closure#0}
[INFO] [stdout]    4:     0x60fb23e85789 - std[70759c8f55707aa4]::panicking::default_hook
[INFO] [stdout]    5:     0x60fb239bd3b0 - test[9d35eded1c95d3be]::test_main_inner::<test[9d35eded1c95d3be]::test_main_static::{closure#0}>::{closure#0}
[INFO] [stdout]    6:     0x60fb23e85ab2 - std[70759c8f55707aa4]::panicking::panic_with_hook
[INFO] [stdout]    7:     0x60fb23e68212 - std[70759c8f55707aa4]::panicking::panic_handler::{closure#0}
[INFO] [stdout]    8:     0x60fb23e60649 - std[70759c8f55707aa4]::sys::backtrace::__rust_end_short_backtrace::<std[70759c8f55707aa4]::panicking::panic_handler::{closure#0}, !>
[INFO] [stdout]    9:     0x60fb23e691ad - __rustc[8fa7c3cbc660c2b3]::rust_begin_unwind
[INFO] [stdout]   10:     0x60fb23ea6bcc - core[df12db4294e9bfd3]::panicking::panic_fmt
[INFO] [stdout]   11:     0x60fb23ea69a2 - core[df12db4294e9bfd3]::result::unwrap_failed
[INFO] [stdout]   12:     0x60fb2396ee42 - scoopit_api[a9257cfa783a19b9]::tests::get_client::{closure#0}
[INFO] [stdout]   13:     0x60fb23970e90 - scoopit_api[a9257cfa783a19b9]::tests::get_test::{closure#0}
[INFO] [stdout]   14:     0x60fb23976903 - <tokio[4f4352b9fc75e58f]::runtime::scheduler::current_thread::Context>::enter::<core[df12db4294e9bfd3]::task::poll::Poll<()>, <tokio[4f4352b9fc75e58f]::runtime::scheduler::current_thread::CoreGuard>::block_on<core[df12db4294e9bfd3]::pin::Pin<&mut core[df12db4294e9bfd3]::pin::Pin<&mut dyn core[df12db4294e9bfd3]::future::future::Future<Output = ()>>>>::{closure#0}::{closure#0}>
[INFO] [stdout]   15:     0x60fb2398a78c - <tokio[4f4352b9fc75e58f]::runtime::context::scoped::Scoped<tokio[4f4352b9fc75e58f]::runtime::scheduler::Context>>::set::<<tokio[4f4352b9fc75e58f]::runtime::scheduler::current_thread::CoreGuard>::enter<<tokio[4f4352b9fc75e58f]::runtime::scheduler::current_thread::CoreGuard>::block_on<core[df12db4294e9bfd3]::pin::Pin<&mut core[df12db4294e9bfd3]::pin::Pin<&mut dyn core[df12db4294e9bfd3]::future::future::Future<Output = ()>>>>::{closure#0}, core[df12db4294e9bfd3]::option::Option<()>>::{closure#0}, (alloc[2182bb758b4b3781]::boxed::Box<tokio[4f4352b9fc75e58f]::runtime::scheduler::current_thread::Core>, core[df12db4294e9bfd3]::option::Option<()>)>
[INFO] [stdout]   16:     0x60fb23976ef7 - <tokio[4f4352b9fc75e58f]::runtime::scheduler::current_thread::CoreGuard>::block_on::<core[df12db4294e9bfd3]::pin::Pin<&mut core[df12db4294e9bfd3]::pin::Pin<&mut dyn core[df12db4294e9bfd3]::future::future::Future<Output = ()>>>>
[INFO] [stdout]   17:     0x60fb2398ce07 - tokio[4f4352b9fc75e58f]::runtime::context::runtime::enter_runtime::<<tokio[4f4352b9fc75e58f]::runtime::scheduler::current_thread::CurrentThread>::block_on<core[df12db4294e9bfd3]::pin::Pin<&mut dyn core[df12db4294e9bfd3]::future::future::Future<Output = ()>>>::{closure#0}, ()>
[INFO] [stdout]   18:     0x60fb2398a52a - <tokio[4f4352b9fc75e58f]::runtime::runtime::Runtime>::block_on::<core[df12db4294e9bfd3]::pin::Pin<&mut dyn core[df12db4294e9bfd3]::future::future::Future<Output = ()>>>
[INFO] [stdout]   19:     0x60fb23972aab - scoopit_api[a9257cfa783a19b9]::tests::get_test
[INFO] [stdout]   20:     0x60fb2397aae9 - <scoopit_api[a9257cfa783a19b9]::tests::get_test::{closure#0} as core[df12db4294e9bfd3]::ops::function::FnOnce<()>>::call_once
[INFO] [stdout]   21:     0x60fb239b069b - test[9d35eded1c95d3be]::__rust_begin_short_backtrace::<core[df12db4294e9bfd3]::result::Result<(), alloc[2182bb758b4b3781]::string::String>, fn() -> core[df12db4294e9bfd3]::result::Result<(), alloc[2182bb758b4b3781]::string::String>>
[INFO] [stdout]   22:     0x60fb239bdd05 - test[9d35eded1c95d3be]::run_test::{closure#0}
[INFO] [stdout]   23:     0x60fb239b75c4 - std[70759c8f55707aa4]::sys::backtrace::__rust_begin_short_backtrace::<test[9d35eded1c95d3be]::run_test::{closure#1}, ()>
[INFO] [stdout]   24:     0x60fb239c0e62 - <std[70759c8f55707aa4]::thread::lifecycle::spawn_unchecked<test[9d35eded1c95d3be]::run_test::{closure#1}, ()>::{closure#1} as core[df12db4294e9bfd3]::ops::function::FnOnce<()>>::call_once::{shim:vtable#0}
[INFO] [stdout]   25:     0x60fb23e8d0c9 - <std[70759c8f55707aa4]::sys::thread::unix::Thread>::new::thread_start
[INFO] [stdout]   26:     0x74813eaaadfa - <unknown>
[INFO] [stdout]   27:     0x74813eb3e3d4 - clone
[INFO] [stdout]   28:                0x0 - <unknown>
[INFO] [stdout] 
[INFO] [stdout] ---- tests::search stdout ----
[INFO] [stdout] 
[INFO] [stdout] thread 'tests::search' (2506) panicked at src/lib.rs:298:60:
[INFO] [stdout] called `Result::unwrap()` on an `Err` value: NotPresent
[INFO] [stdout] stack backtrace:
[INFO] [stdout]    0:     0x60fb23e8dba1 - <<std[70759c8f55707aa4]::sys::backtrace::BacktraceLock>::print::DisplayBacktrace as core[df12db4294e9bfd3]::fmt::Display>::fmt
[INFO] [stdout]    1:     0x60fb23ea63ea - core[df12db4294e9bfd3]::fmt::write
[INFO] [stdout]    2:     0x60fb23e946fc - <alloc[2182bb758b4b3781]::vec::Vec<u8> as core[df12db4294e9bfd3]::io::write::Write>::write_fmt
[INFO] [stdout]    3:     0x60fb23e68166 - std[70759c8f55707aa4]::panicking::default_hook::{closure#0}
[INFO] [stdout]    4:     0x60fb23e85789 - std[70759c8f55707aa4]::panicking::default_hook
[INFO] [stdout]    5:     0x60fb239bd3b0 - test[9d35eded1c95d3be]::test_main_inner::<test[9d35eded1c95d3be]::test_main_static::{closure#0}>::{closure#0}
[INFO] [stdout]    6:     0x60fb23e85ab2 - std[70759c8f55707aa4]::panicking::panic_with_hook
[INFO] [stdout]    7:     0x60fb23e68212 - std[70759c8f55707aa4]::panicking::panic_handler::{closure#0}
[INFO] [stdout]    8:     0x60fb23e60649 - std[70759c8f55707aa4]::sys::backtrace::__rust_end_short_backtrace::<std[70759c8f55707aa4]::panicking::panic_handler::{closure#0}, !>
[INFO] [stdout]    9:     0x60fb23e691ad - __rustc[8fa7c3cbc660c2b3]::rust_begin_unwind
[INFO] [stdout]   10:     0x60fb23ea6bcc - core[df12db4294e9bfd3]::panicking::panic_fmt
[INFO] [stdout]   11:     0x60fb23ea69a2 - core[df12db4294e9bfd3]::result::unwrap_failed
[INFO] [stdout]   12:     0x60fb2396ee42 - scoopit_api[a9257cfa783a19b9]::tests::get_client::{closure#0}
[INFO] [stdout]   13:     0x60fb2397039f - scoopit_api[a9257cfa783a19b9]::tests::search::{closure#0}
[INFO] [stdout]   14:     0x60fb23976903 - <tokio[4f4352b9fc75e58f]::runtime::scheduler::current_thread::Context>::enter::<core[df12db4294e9bfd3]::task::poll::Poll<()>, <tokio[4f4352b9fc75e58f]::runtime::scheduler::current_thread::CoreGuard>::block_on<core[df12db4294e9bfd3]::pin::Pin<&mut core[df12db4294e9bfd3]::pin::Pin<&mut dyn core[df12db4294e9bfd3]::future::future::Future<Output = ()>>>>::{closure#0}::{closure#0}>
[INFO] [stdout]   15:     0x60fb2398a78c - <tokio[4f4352b9fc75e58f]::runtime::context::scoped::Scoped<tokio[4f4352b9fc75e58f]::runtime::scheduler::Context>>::set::<<tokio[4f4352b9fc75e58f]::runtime::scheduler::current_thread::CoreGuard>::enter<<tokio[4f4352b9fc75e58f]::runtime::scheduler::current_thread::CoreGuard>::block_on<core[df12db4294e9bfd3]::pin::Pin<&mut core[df12db4294e9bfd3]::pin::Pin<&mut dyn core[df12db4294e9bfd3]::future::future::Future<Output = ()>>>>::{closure#0}, core[df12db4294e9bfd3]::option::Option<()>>::{closure#0}, (alloc[2182bb758b4b3781]::boxed::Box<tokio[4f4352b9fc75e58f]::runtime::scheduler::current_thread::Core>, core[df12db4294e9bfd3]::option::Option<()>)>
[INFO] [stdout]   16:     0x60fb23976ef7 - <tokio[4f4352b9fc75e58f]::runtime::scheduler::current_thread::CoreGuard>::block_on::<core[df12db4294e9bfd3]::pin::Pin<&mut core[df12db4294e9bfd3]::pin::Pin<&mut dyn core[df12db4294e9bfd3]::future::future::Future<Output = ()>>>>
[INFO] [stdout]   17:     0x60fb2398ce07 - tokio[4f4352b9fc75e58f]::runtime::context::runtime::enter_runtime::<<tokio[4f4352b9fc75e58f]::runtime::scheduler::current_thread::CurrentThread>::block_on<core[df12db4294e9bfd3]::pin::Pin<&mut dyn core[df12db4294e9bfd3]::future::future::Future<Output = ()>>>::{closure#0}, ()>
[INFO] [stdout]   18:     0x60fb2398a52a - <tokio[4f4352b9fc75e58f]::runtime::runtime::Runtime>::block_on::<core[df12db4294e9bfd3]::pin::Pin<&mut dyn core[df12db4294e9bfd3]::future::future::Future<Output = ()>>>
[INFO] [stdout]   19:     0x60fb2397295b - scoopit_api[a9257cfa783a19b9]::tests::search
[INFO] [stdout]   20:     0x60fb2397aac9 - <scoopit_api[a9257cfa783a19b9]::tests::search::{closure#0} as core[df12db4294e9bfd3]::ops::function::FnOnce<()>>::call_once
[INFO] [stdout]   21:     0x60fb239b069b - test[9d35eded1c95d3be]::__rust_begin_short_backtrace::<core[df12db4294e9bfd3]::result::Result<(), alloc[2182bb758b4b3781]::string::String>, fn() -> core[df12db4294e9bfd3]::result::Result<(), alloc[2182bb758b4b3781]::string::String>>
[INFO] [stdout]   22:     0x60fb239bdd05 - test[9d35eded1c95d3be]::run_test::{closure#0}
[INFO] [stdout]   23:     0x60fb239b75c4 - std[70759c8f55707aa4]::sys::backtrace::__rust_begin_short_backtrace::<test[9d35eded1c95d3be]::run_test::{closure#1}, ()>
[INFO] [stdout]   24:     0x60fb239c0e62 - <std[70759c8f55707aa4]::thread::lifecycle::spawn_unchecked<test[9d35eded1c95d3be]::run_test::{closure#1}, ()>::{closure#1} as core[df12db4294e9bfd3]::ops::function::FnOnce<()>>::call_once::{shim:vtable#0}
[INFO] [stdout]   25:     0x60fb23e8d0c9 - <std[70759c8f55707aa4]::sys::thread::unix::Thread>::new::thread_start
[INFO] [stdout]   26:     0x74813eaaadfa - <unknown>
[INFO] [stdout]   27:     0x74813eb3e3d4 - clone
[INFO] [stdout]   28:                0x0 - <unknown>
[INFO] [stdout] 
[INFO] [stdout] 
[INFO] [stdout] failures:
[INFO] [stdout]     tests::get_profile
[INFO] [stdout]     tests::get_test
[INFO] [stdout]     tests::get_topic
[INFO] [stdout]     tests::get_topic_with_tags
[INFO] [stdout]     tests::search
[INFO] [stdout] 
[INFO] [stdout] test result: FAILED. 0 passed; 5 failed; 0 ignored; 0 measured; 0 filtered out; finished in 0.01s
[INFO] [stdout] 
[INFO] [stderr] error: test failed, to rerun pass `--lib`
[INFO] running `Command { std: "docker" "inspect" "fb6ef5f1ff0fd08817758890f466fe8ef67d753832967b45d15400b9e50b40ee", kill_on_drop: false }`
[INFO] running `Command { std: "docker" "rm" "-f" "fb6ef5f1ff0fd08817758890f466fe8ef67d753832967b45d15400b9e50b40ee", kill_on_drop: false }`
[INFO] [stdout] fb6ef5f1ff0fd08817758890f466fe8ef67d753832967b45d15400b9e50b40ee
