[INFO] fetching crate scoop-rs 1.2.0...
[INFO] testing scoop-rs-1.2.0 against 1.100.0-beta.1+cargoflags=--release for beta-release-1.100-2
[INFO] extracting crate scoop-rs 1.2.0 into /workspace/builds/worker-1-tc2/source
[INFO] started tweaking crates.io crate scoop-rs 1.2.0
[INFO] finished tweaking crates.io crate scoop-rs 1.2.0
[INFO] tweaked toml for crates.io crate scoop-rs 1.2.0 written to /workspace/builds/worker-1-tc2/source/Cargo.toml
[INFO] validating manifest of crates.io crate scoop-rs 1.2.0 on toolchain 1.100.0-beta.1
[INFO] running `Command { std: CARGO_HOME="/workspace/cargo-home" RUSTUP_HOME="/workspace/rustup-home" "/workspace/cargo-home/bin/cargo" "+1.100.0-beta.1" "metadata" "--manifest-path" "Cargo.toml" "--no-deps", kill_on_drop: false }`
[INFO] crate crates.io crate scoop-rs 1.2.0 already has a lockfile, it will not be regenerated
[INFO] running `Command { std: CARGO_HOME="/workspace/cargo-home" RUSTUP_HOME="/workspace/rustup-home" "/workspace/cargo-home/bin/cargo" "+1.100.0-beta.1" "fetch" "--manifest-path" "Cargo.toml", kill_on_drop: false }`
[INFO] running `Command { std: "docker" "create" "-v" "/var/lib/crater-agent-workspace/builds/worker-1-tc2/source:/opt/rustwide/workdir:ro,Z" "-v" "/var/lib/crater-agent-workspace/builds/worker-1-tc2/target:/opt/rustwide/target:rw,Z" "-v" "/var/lib/crater-agent-workspace/cargo-home:/opt/rustwide/cargo-home:ro,Z" "-v" "/var/lib/crater-agent-workspace/rustup-home:/opt/rustwide/rustup-home:ro,Z" "-m" "1610612736" "--network" "none" "ghcr.io/rust-lang/crates-build-env/linux@sha256:77db811e55d90add9212f6832c23229e3de5f1c1f9905e8cb07319ea15df73ac" "sleep" "infinity", kill_on_drop: false }`
[INFO] [stdout] 0b7f5f815686c3271a277a63ff665c106507b2b46d6ca939f1f77135d5b3db1f
[INFO] running `Command { std: "docker" "start" "0b7f5f815686c3271a277a63ff665c106507b2b46d6ca939f1f77135d5b3db1f", kill_on_drop: false }`
[INFO] running `Command { std: "docker" "inspect" "0b7f5f815686c3271a277a63ff665c106507b2b46d6ca939f1f77135d5b3db1f", kill_on_drop: false }`
[INFO] running `Command { std: "docker" "exec" "-e" "SOURCE_DIR=/opt/rustwide/workdir" "-e" "CARGO_HOME=/opt/rustwide/cargo-home" "-e" "RUSTUP_HOME=/opt/rustwide/rustup-home" "-e" "CARGO_TARGET_DIR=/opt/rustwide/target" "-w" "/opt/rustwide/workdir" "--user" "0:0" "0b7f5f815686c3271a277a63ff665c106507b2b46d6ca939f1f77135d5b3db1f" "/opt/rustwide/cargo-home/bin/cargo" "+1.100.0-beta.1" "metadata" "--no-deps" "--format-version=1", kill_on_drop: false }`
[INFO] running `Command { std: "docker" "inspect" "0b7f5f815686c3271a277a63ff665c106507b2b46d6ca939f1f77135d5b3db1f", kill_on_drop: false }`
[INFO] running `Command { std: "docker" "exec" "-e" "SOURCE_DIR=/opt/rustwide/workdir" "-e" "CARGO_HOME=/opt/rustwide/cargo-home" "-e" "RUSTUP_HOME=/opt/rustwide/rustup-home" "-e" "CARGO_TARGET_DIR=/opt/rustwide/target" "-e" "CARGO_INCREMENTAL=0" "-e" "RUST_BACKTRACE=full" "-e" "RUSTFLAGS=--cap-lints=warn" "-e" "RUSTDOCFLAGS=--cap-lints=warn" "-w" "/opt/rustwide/workdir" "--user" "0:0" "0b7f5f815686c3271a277a63ff665c106507b2b46d6ca939f1f77135d5b3db1f" "/opt/rustwide/cargo-home/bin/cargo" "+1.100.0-beta.1" "build" "--frozen" "--message-format=json" "--release", kill_on_drop: false }`
[INFO] [stderr]    Compiling libc v0.2.190
[INFO] [stderr]    Compiling unicode-ident v1.0.26
[INFO] [stderr]    Compiling find-msvc-tools v0.1.14
[INFO] [stderr]    Compiling cfg-if v1.0.5
[INFO] [stderr]    Compiling litemap v0.8.3
[INFO] [stderr]    Compiling writeable v0.6.4
[INFO] [stderr]    Compiling icu_properties_data v2.3.0
[INFO] [stderr]    Compiling icu_normalizer_data v2.3.0
[INFO] [stderr]    Compiling crossbeam-utils v0.8.23
[INFO] [stderr]    Compiling memchr v2.8.3
[INFO] [stderr]    Compiling smallvec v1.16.2
[INFO] [stderr]    Compiling zerocopy v0.8.61
[INFO] [stderr]    Compiling crossbeam-epoch v0.9.21
[INFO] [stderr]    Compiling ahash v0.8.12
[INFO] [stderr]    Compiling futures-sink v0.3.34
[INFO] [stderr]    Compiling crossbeam-deque v0.8.8
[INFO] [stderr]    Compiling futures-core v0.3.34
[INFO] [stderr]    Compiling proc-macro2 v1.0.107
[INFO] [stderr]    Compiling autocfg v1.5.1
[INFO] [stderr]    Compiling percent-encoding v2.3.2
[INFO] [stderr]    Compiling futures-io v0.3.34
[INFO] [stderr]    Compiling bitflags v2.13.2
[INFO] [stderr]    Compiling futures-task v0.3.34
[INFO] [stderr]    Compiling curl v0.4.50
[INFO] [stderr]    Compiling regex-syntax v0.8.11
[INFO] [stderr]    Compiling futures-channel v0.3.34
[INFO] [stderr]    Compiling form_urlencoded v1.2.2
[INFO] [stderr]    Compiling openssl v0.10.81
[INFO] [stderr]    Compiling either v1.19.0
[INFO] [stderr]    Compiling serde v1.0.229
[INFO] [stderr]    Compiling spin v0.9.9
[INFO] [stderr]    Compiling num-traits v0.2.19
[INFO] [stderr]    Compiling roxmltree v0.20.0
[INFO] [stderr]    Compiling bagger-hash v1.2.0
[INFO] [stderr]    Compiling aho-corasick v1.1.5
[INFO] [stderr]    Compiling serde_json v1.0.151
[INFO] [stderr]    Compiling quote v1.0.47
[INFO] [stderr]    Compiling syn v3.0.6
[INFO] [stderr]    Compiling syn v2.0.119
[INFO] [stderr]    Compiling getrandom v0.2.17
[INFO] [stderr]    Compiling socket2 v0.6.5
[INFO] [stderr]    Compiling dirs-sys v0.4.1
[INFO] [stderr]    Compiling remove_dir_all v0.7.0
[INFO] [stderr]    Compiling dirs v5.0.1
[INFO] [stderr]    Compiling nanorand v0.7.0
[INFO] [stderr]    Compiling rayon-core v1.13.0
[INFO] [stderr]    Compiling chrono v0.4.45
[INFO] [stderr]    Compiling jobserver v0.1.35
[INFO] [stderr]    Compiling cc v1.6.0
[INFO] [stderr]    Compiling rayon v1.12.0
[INFO] [stderr]    Compiling regex-automata v0.4.18
[INFO] [stderr]    Compiling openssl-src v300.6.1+3.6.3
[INFO] [stderr]    Compiling openssl-sys v0.9.117
[INFO] [stderr]    Compiling libz-sys v1.1.29
[INFO] [stderr]    Compiling libssh2-sys v0.3.3
[INFO] [stderr]    Compiling curl-sys v0.4.90+curl-8.21.0
[INFO] [stderr]    Compiling libsqlite3-sys v0.28.0
[INFO] [stderr]    Compiling libgit2-sys v0.17.0+1.8.1
[INFO] [stderr]    Compiling sysinfo v0.29.11
[INFO] [stderr]    Compiling hashbrown v0.14.5
[INFO] [stderr]    Compiling pin-project-internal v1.1.13
[INFO] [stderr]    Compiling openssl-macros v0.1.1
[INFO] [stderr]    Compiling thiserror-impl v1.0.69
[INFO] [stderr]    Compiling tracing-attributes v0.1.31
[INFO] [stderr]    Compiling synstructure v0.14.0
[INFO] [stderr]    Compiling hashlink v0.9.1
[INFO] [stderr]    Compiling thiserror v1.0.69
[INFO] [stderr]    Compiling tracing v0.1.44
[INFO] [stderr]    Compiling pin-project v1.1.13
[INFO] [stderr]    Compiling regex v1.13.1
[INFO] [stderr]    Compiling flume v0.10.14
[INFO] [stderr]    Compiling zerofrom-derive v0.1.8
[INFO] [stderr]    Compiling yoke-derive v0.8.4
[INFO] [stderr]    Compiling zerovec-derive v0.11.6
[INFO] [stderr]    Compiling displaydoc v0.2.7
[INFO] [stderr]    Compiling futures-macro v0.3.34
[INFO] [stderr]    Compiling serde_derive v1.0.229
[INFO] [stderr]    Compiling futures-util v0.3.34
[INFO] [stderr]    Compiling zerofrom v0.1.8
[INFO] [stderr]    Compiling yoke v0.8.3
[INFO] [stderr]    Compiling zerovec v0.11.8
[INFO] [stderr]    Compiling zerotrie v0.2.5
[INFO] [stderr]    Compiling tinystr v0.8.4
[INFO] [stderr]    Compiling potential_utf v0.1.6
[INFO] [stderr]    Compiling icu_collections v2.3.0
[INFO] [stderr]    Compiling icu_locale_core v2.3.0
[INFO] [stderr]    Compiling icu_provider v2.3.1
[INFO] [stderr]    Compiling icu_properties v2.3.0
[INFO] [stderr]    Compiling icu_normalizer v2.3.0
[INFO] [stderr]    Compiling futures-executor v0.3.34
[INFO] [stderr]    Compiling futures v0.3.34
[INFO] [stderr]    Compiling idna_adapter v1.2.2
[INFO] [stderr]    Compiling idna v1.1.0
[INFO] [stderr]    Compiling url v2.5.8
[INFO] [stderr]    Compiling git2 v0.19.0
[INFO] [stderr]    Compiling rusqlite v0.31.0
[INFO] [stderr]    Compiling scoop-rs v1.2.0 (/opt/rustwide/workdir)
[INFO] [stderr] warning: unused dependency `openssl`
[INFO] [stderr]   --> Cargo.toml:86:34
[INFO] [stderr]    |
[INFO] [stderr] 86 | [target."cfg(unix)".dependencies.openssl]
[INFO] [stderr]    |                                  ^^^^^^^^
[INFO] [stderr]    |
[INFO] [stderr]    = note: `cargo::unused_dependencies` is set to `warn` by default
[INFO] [stderr] help: consider removing the dependency on `openssl`
[INFO] [stderr] warning: `scoop-rs` (manifest) generated 1 warning
[INFO] [stderr]     Finished `release` profile [optimized] target(s) in 5m 52s
[INFO] running `Command { std: "docker" "inspect" "0b7f5f815686c3271a277a63ff665c106507b2b46d6ca939f1f77135d5b3db1f", kill_on_drop: false }`
[INFO] running `Command { std: "docker" "exec" "-e" "SOURCE_DIR=/opt/rustwide/workdir" "-e" "CARGO_HOME=/opt/rustwide/cargo-home" "-e" "RUSTUP_HOME=/opt/rustwide/rustup-home" "-e" "CARGO_TARGET_DIR=/opt/rustwide/target" "-e" "CARGO_INCREMENTAL=0" "-e" "RUST_BACKTRACE=full" "-e" "RUSTFLAGS=--cap-lints=warn" "-e" "RUSTDOCFLAGS=--cap-lints=warn" "-w" "/opt/rustwide/workdir" "--user" "0:0" "0b7f5f815686c3271a277a63ff665c106507b2b46d6ca939f1f77135d5b3db1f" "/opt/rustwide/cargo-home/bin/cargo" "+1.100.0-beta.1" "test" "--frozen" "--no-run" "--message-format=json" "--release", kill_on_drop: false }`
[INFO] [stderr]    Compiling scoop-rs v1.2.0 (/opt/rustwide/workdir)
[INFO] [stderr] warning: unused dependency `openssl`
[INFO] [stderr]   --> Cargo.toml:86:34
[INFO] [stderr]    |
[INFO] [stderr] 86 | [target."cfg(unix)".dependencies.openssl]
[INFO] [stderr]    |                                  ^^^^^^^^
[INFO] [stderr]    |
[INFO] [stderr]    = note: `cargo::unused_dependencies` is set to `warn` by default
[INFO] [stderr] help: consider removing the dependency on `openssl`
[INFO] [stderr] warning: `scoop-rs` (manifest) generated 1 warning
[INFO] [stderr]     Finished `release` profile [optimized] target(s) in 21.81s
[INFO] running `Command { std: "docker" "inspect" "0b7f5f815686c3271a277a63ff665c106507b2b46d6ca939f1f77135d5b3db1f", kill_on_drop: false }`
[INFO] running `Command { std: "docker" "exec" "-e" "SOURCE_DIR=/opt/rustwide/workdir" "-e" "CARGO_HOME=/opt/rustwide/cargo-home" "-e" "RUSTUP_HOME=/opt/rustwide/rustup-home" "-e" "CARGO_TARGET_DIR=/opt/rustwide/target" "-e" "CARGO_INCREMENTAL=0" "-e" "RUST_BACKTRACE=full" "-e" "RUSTFLAGS=--cap-lints=warn" "-e" "RUSTDOCFLAGS=--cap-lints=warn" "-w" "/opt/rustwide/workdir" "--user" "0:0" "0b7f5f815686c3271a277a63ff665c106507b2b46d6ca939f1f77135d5b3db1f" "/opt/rustwide/cargo-home/bin/cargo" "+1.100.0-beta.1" "test" "--frozen" "--release", kill_on_drop: false }`
[INFO] [stderr] warning: unused dependency `openssl`
[INFO] [stderr]   --> Cargo.toml:86:34
[INFO] [stderr]    |
[INFO] [stderr] 86 | [target."cfg(unix)".dependencies.openssl]
[INFO] [stderr]    |                                  ^^^^^^^^
[INFO] [stderr]    |
[INFO] [stderr]    = note: `cargo::unused_dependencies` is set to `warn` by default
[INFO] [stderr] help: consider removing the dependency on `openssl`
[INFO] [stderr] warning: `scoop-rs` (manifest) generated 1 warning
[INFO] [stderr]     Finished `release` profile [optimized] target(s) in 0.15s
[INFO] [stderr]      Running unittests src/lib.rs (/opt/rustwide/target/release/build/scoop-rs/c2e1d7f8b3c82525/out/scoop_rs-c2e1d7f8b3c82525)
[INFO] [stdout] 
[INFO] [stdout] running 98 tests
[INFO] [stdout] test arch::tests::override_roundtrip ... ok
[INFO] [stdout] test env::tests::env_expansion_handles_env_lookups_and_unknowns ... ok
[INFO] [stdout] test internal::dag::test::test_pop ... ok
[INFO] [stdout] test diagnostic::tests::main_bucket_match_is_case_insensitive ... ok
[INFO] [stdout] test env::tests::dir_containment_matches_upstream_find_dir_or_subdir ... ok
[INFO] [stdout] test internal::aria2::tests::exit_codes_have_meanings ... ok
[INFO] [stdout] test internal::dag::test::test_register_deps ... ok
[INFO] [stdout] test arch::tests::parse_names ... ok
[INFO] [stdout] test internal::dag::test::test_cyclic ... ok
[INFO] [stdout] test diagnostic::tests::exclusion_matching_covers_parents ... ok
[INFO] [stdout] test env::tests::env_values_expand_hook_scope ... ok
[INFO] [stdout] test arch::tests::override_steers_manifest_selection ... ok
[INFO] [stdout] test cache::tests::rejects_non_cache_filenames ... ok
[INFO] [stdout] test manifest_cache::tests::fingerprint_of_real_file ... ok
[INFO] [stdout] test internal::dag::test::test_step ... ok
[INFO] [stdout] test internal::dag::test::test_register_node ... ok
[INFO] [stdout] test internal::dag::test::test_unregister_node ... ok
[INFO] [stdout] test internal::dag::test::test_self_cyclic ... ok
[INFO] [stdout] test internal::dag::test::test_walk_flatten ... ok
[INFO] [stdout] test internal::fs::tests::tolerate_not_found_folds_missing_into_success ... ok
[INFO] [stdout] test internal::ps::tests::ps_quote_escapes_single_quotes ... ok
[INFO] [stdout] test operation::tests::format_hash_lengths ... ok
[INFO] [stdout] test internal::dag::test::test_check ... ok
[INFO] [stdout] test internal::dag::test::test_register_dep ... ok
[INFO] [stdout] test operation::tests::base64_codec_vectors ... ok
[INFO] [stdout] test operation::tests::hash_regex_prefers_regex_over_find ... ok
[INFO] [stdout] test operation::tests::jsonpath_object_keys ... ok
[INFO] [stdout] test operation::tests::autoupdate_template_expansion ... ok
[INFO] [stdout] test operation::tests::jsonpath_nested_with_index ... ok
[INFO] [stdout] test operation::tests::rdf_digest_lookup ... ok
[INFO] [stdout] test operation::tests::remote_bucket_search_parts ... ok
[INFO] [stdout] test operation::tests::github_mode_falls_back_to_download ... ok
[INFO] [stdout] test operation::tests::github_private_url_parts ... ok
[INFO] [stdout] test operation::tests::jsonpath_scalars_and_misses ... ok
[INFO] [stdout] test internal::network::tests::file_url_get_returns_body ... ok
[INFO] [stdout] test operation::tests::checkver_honors_useragent ... ok
[INFO] [stdout] test operation::tests::site_page_parsers ... ok
[INFO] [stdout] test operation::tests::site_mode_detection ... ok
[INFO] [stdout] test operation::tests::substitution_match_title_case ... ok
[INFO] [stdout] test operation::tests::substitution_families ... ok
[INFO] [stdout] test operation::tests::textfile_metalink_fallback ... ok
[INFO] [stdout] test operation::tests::autoupdate_rewrites_download_hashes ... ok
[INFO] [stdout] test operation::tests::version_match_first_and_reverse ... ok
[INFO] [stdout] test operation::tests::textfile_base64_hashes ... ok
[INFO] [stdout] test operation::tests::version_replace_templates ... ok
[INFO] [stdout] test package::manifest::tests::checkver_github_shorthand ... ok
[INFO] [stdout] test operation::tests::xpath_absolute_and_descendant ... ok
[INFO] [stdout] test operation::tests::textfile_hash_modes ... ok
[INFO] [stdout] test operation::tests::xpath_misses ... ok
[INFO] [stdout] test operation::tests::xpath_position_attribute_and_text ... ok
[INFO] [stdout] test package::download::referer_tests::referer_points_at_file_directory ... ok
[INFO] [stdout] test package::manifest::tests::checkver_string_form ... ok
[INFO] [stdout] test package::manifest::tests::hash_extraction_github_mode ... ok
[INFO] [stdout] test package::manifest::tests::sourceforge_string_form ... ok
[INFO] [stdout] test package::query::tests::bin_match_mirrors_upstream_semantics ... ok
[INFO] [stdout] test complete::tests::completion_names_cover_both_universes ... ok
[INFO] [stdout] test package::query::tests::isolated_loader_ignores_plain_names ... ok
[INFO] [stdout] test internal::ps::tests::helper_exe_prefers_current_then_global ... ok
[INFO] [stdout] test operation::tests::github_token_precedence ... ok
[INFO] [stdout] test package::query::tests::isolated_loader_parses_local_manifest ... ok
[INFO] [stdout] test package::resolve::tests::auto_select_orders_unknown_buckets_alphabetically ... ok
[INFO] [stdout] test package::resolve::tests::auto_select_prefers_bucket_priority ... ok
[INFO] [stdout] test package::query::tests::version_query_splits_only_version_shaped_suffixes ... ok
[INFO] [stdout] test package::resolve::tests::no_frontend_falls_back_to_priority ... ok
[INFO] [stdout] test package::sync::tests::manifest_versions_reject_upstream_unsupported_chars ... ok
[INFO] [stdout] test manifest_cache::tests::roundtrip_hit_and_invalidation ... ok
[INFO] [stdout] test package::sync::tests::purge_failed_dir_only_purges_stale_dirs ... ok
[INFO] [stdout] test package::sync::tests::nightly_stamp_format_and_surgery ... ok
[INFO] [stdout] test operation::tests::github_download_headers_cover_api_assets ... ok
[INFO] [stdout] test operation::tests::install_dir_respects_global_scope ... ok
[INFO] [stdout] test package::sync::tests::staged_filenames_use_url_basenames ... ok
[INFO] [stdout] test package::sync::tests::rotate_version_dir_keeps_history ... ok
[INFO] [stdout] test operation::tests::special_url_transforms ... ok
[INFO] [stdout] test operation::tests::private_host_headers_match_urls ... ok
[INFO] [stdout] test package::tests::install_metadata_covers_both_namings ... ok
[INFO] [stdout] test shim::tests::created_files_stay_in_removable_universe ... ok
[INFO] [stdout] test session::tests::global_scope_overrides_root ... ok
[INFO] [stdout] test shim::tests::add_writes_cmd_and_heals_poison ... ok
[INFO] [stdout] test package::query::tests::installed_query_finds_32bit_record ... ok
[INFO] [stdout] test package::query::tests::installed_query_matching ... ok
[INFO] [stdout] test package::query::tests::installed_query_reads_scoped_filenames ... ok
[INFO] [stdout] test package::query::tests::installed_query_upgradable_current_excluded ... ok
[INFO] [stdout] test shim::tests::target_of_parses_shim_flavors ... FAILED
[INFO] [stdout] test shim::tests::shim_content_forwards_caller_arguments ... FAILED
[INFO] [stdout] test shim::tests::target_of_resolves_relative_targets ... ok
[INFO] [stdout] test shim::tests::target_of_prefers_sh_style_comments ... FAILED
[INFO] [stdout] test shim::tests::poison_detection_keeps_native_binaries ... ok
[INFO] [stdout] test package::query::tests::generate_expands_pinned_version ... ok
[INFO] [stdout] test package::query::tests::history_finds_pinned_manifest ... ok
[INFO] [stdout] test package::query::tests::installed_query_upgradable_filter ... ok
[INFO] [stdout] test package::query::tests::synced_query_ignores_stray_files ... ok
[INFO] [stdout] test package::sync::tests::filter_running_passes_everything_when_ignored ... ok
[INFO] [stdout] test package::sync::tests::remove_converges_after_partial_failure ... ok
[INFO] [stdout] test persist::tests::link_keeps_existing_store_on_upgrade ... FAILED
[INFO] [stdout] test shim::tests::path_fallback_resolves_bare_names_only ... FAILED
[INFO] [stdout] test persist::tests::link_moves_fresh_content_into_store ... FAILED
[INFO] [stdout] test package::download::tests::downloads_files_with_unknown_remote_size ... FAILED
[INFO] [stdout] test shim::tests::remove_tolerates_missing_shims_and_restores_alters ... FAILED
[INFO] [stdout] 
[INFO] [stdout] failures:
[INFO] [stdout] 
[INFO] [stdout] ---- shim::tests::target_of_parses_shim_flavors stdout ----
[INFO] [stdout] 
[INFO] [stdout] thread 'shim::tests::target_of_parses_shim_flavors' (13944) panicked at src/shim.rs:780:9:
[INFO] [stdout] assertion `left == right` failed
[INFO] [stdout]   left: Some("/tmp/bagger-test-shim-target/C:\\apps\\x\\app.exe")
[INFO] [stdout]  right: Some("C:\\apps\\x\\app.exe")
[INFO] [stdout] stack backtrace:
[INFO] [stdout]    0:     0x59d2a8174df1 - <<std[617be2ca0a6fd877]::sys::backtrace::BacktraceLock>::print::DisplayBacktrace as core[a373ad73a504971]::fmt::Display>::fmt
[INFO] [stdout]    1:     0x59d2a818cb7a - core[a373ad73a504971]::fmt::write
[INFO] [stdout]    2:     0x59d2a817974c - <alloc[2e1b2a31b91974c5]::vec::Vec<u8> as core[a373ad73a504971]::io::write::Write>::write_fmt
[INFO] [stdout]    3:     0x59d2a814d536 - std[617be2ca0a6fd877]::panicking::default_hook::{closure#0}
[INFO] [stdout]    4:     0x59d2a816b5e9 - std[617be2ca0a6fd877]::panicking::default_hook
[INFO] [stdout]    5:     0x59d2a7a18640 - test[aada8e7e76ba119b]::test_main_inner::{closure#0}
[INFO] [stdout]    6:     0x59d2a816b912 - std[617be2ca0a6fd877]::panicking::panic_with_hook
[INFO] [stdout]    7:     0x59d2a814d5e2 - std[617be2ca0a6fd877]::panicking::panic_handler::{closure#0}
[INFO] [stdout]    8:     0x59d2a8145d59 - std[617be2ca0a6fd877]::sys::backtrace::__rust_end_short_backtrace::<std[617be2ca0a6fd877]::panicking::panic_handler::{closure#0}, !>
[INFO] [stdout]    9:     0x59d2a814e6ad - __rustc[ea4f61d10b84890b]::rust_begin_unwind
[INFO] [stdout]   10:     0x59d2a818d35c - core[a373ad73a504971]::panicking::panic_fmt
[INFO] [stdout]   11:     0x59d2a818d273 - core[a373ad73a504971]::panicking::assert_failed_inner
[INFO] [stdout]   12:     0x59d2a79e7a0b - core[a373ad73a504971]::panicking::assert_failed::<core[a373ad73a504971]::option::Option<&std[617be2ca0a6fd877]::path::Path>, core[a373ad73a504971]::option::Option<&std[617be2ca0a6fd877]::path::Path>>
[INFO] [stdout]   13:     0x59d2a797743d - <scoop_rs[91c9ace3225d2ab1]::shim::tests::target_of_parses_shim_flavors::{closure#0} as core[a373ad73a504971]::ops::function::FnOnce<()>>::call_once
[INFO] [stdout]   14:     0x59d2a7a0ba8b - test[aada8e7e76ba119b]::__rust_begin_short_backtrace::<core[a373ad73a504971]::result::Result<(), alloc[2e1b2a31b91974c5]::string::String>, fn() -> core[a373ad73a504971]::result::Result<(), alloc[2e1b2a31b91974c5]::string::String>>
[INFO] [stdout]   15:     0x59d2a7a18c65 - test[aada8e7e76ba119b]::run_test::{closure#0}
[INFO] [stdout]   16:     0x59d2a7a12554 - std[617be2ca0a6fd877]::sys::backtrace::__rust_begin_short_backtrace::<test[aada8e7e76ba119b]::run_test::{closure#1}, ()>
[INFO] [stdout]   17:     0x59d2a7a1bcf2 - <std[617be2ca0a6fd877]::thread::lifecycle::spawn_unchecked<test[aada8e7e76ba119b]::run_test::{closure#1}, ()>::{closure#1} as core[a373ad73a504971]::ops::function::FnOnce<()>>::call_once::{shim:vtable#0}
[INFO] [stdout]   18:     0x59d2a8173dbf - <std[617be2ca0a6fd877]::sys::thread::unix::Thread>::new::thread_start
[INFO] [stdout]   19:     0x7c5277c35dfa - <unknown>
[INFO] [stdout]   20:     0x7c5277cc93d4 - clone
[INFO] [stdout]   21:                0x0 - <unknown>
[INFO] [stdout] 
[INFO] [stdout] ---- shim::tests::shim_content_forwards_caller_arguments stdout ----
[INFO] [stdout] 
[INFO] [stdout] thread 'shim::tests::shim_content_forwards_caller_arguments' (13943) panicked at src/shim.rs:643:9:
[INFO] [stdout] exe batch: "#!/bin/sh\n\"C:\\x\\app.exe\"  \"$@\"\n"
[INFO] [stdout] stack backtrace:
[INFO] [stdout]    0:     0x59d2a8174df1 - <<std[617be2ca0a6fd877]::sys::backtrace::BacktraceLock>::print::DisplayBacktrace as core[a373ad73a504971]::fmt::Display>::fmt
[INFO] [stdout]    1:     0x59d2a818cb7a - core[a373ad73a504971]::fmt::write
[INFO] [stdout]    2:     0x59d2a817974c - <alloc[2e1b2a31b91974c5]::vec::Vec<u8> as core[a373ad73a504971]::io::write::Write>::write_fmt
[INFO] [stdout]    3:     0x59d2a814d536 - std[617be2ca0a6fd877]::panicking::default_hook::{closure#0}
[INFO] [stdout]    4:     0x59d2a816b5e9 - std[617be2ca0a6fd877]::panicking::default_hook
[INFO] [stdout]    5:     0x59d2a7a18640 - test[aada8e7e76ba119b]::test_main_inner::{closure#0}
[INFO] [stdout]    6:     0x59d2a816b912 - std[617be2ca0a6fd877]::panicking::panic_with_hook
[INFO] [stdout]    7:     0x59d2a814d5e2 - std[617be2ca0a6fd877]::panicking::panic_handler::{closure#0}
[INFO] [stdout]    8:     0x59d2a8145d59 - std[617be2ca0a6fd877]::sys::backtrace::__rust_end_short_backtrace::<std[617be2ca0a6fd877]::panicking::panic_handler::{closure#0}, !>
[INFO] [stdout]    9:     0x59d2a814e6ad - __rustc[ea4f61d10b84890b]::rust_begin_unwind
[INFO] [stdout]   10:     0x59d2a818d35c - core[a373ad73a504971]::panicking::panic_fmt
[INFO] [stdout]   11:     0x59d2a797a719 - <scoop_rs[91c9ace3225d2ab1]::shim::tests::shim_content_forwards_caller_arguments::{closure#0} as core[a373ad73a504971]::ops::function::FnOnce<()>>::call_once
[INFO] [stdout]   12:     0x59d2a7a0ba8b - test[aada8e7e76ba119b]::__rust_begin_short_backtrace::<core[a373ad73a504971]::result::Result<(), alloc[2e1b2a31b91974c5]::string::String>, fn() -> core[a373ad73a504971]::result::Result<(), alloc[2e1b2a31b91974c5]::string::String>>
[INFO] [stdout]   13:     0x59d2a7a18c65 - test[aada8e7e76ba119b]::run_test::{closure#0}
[INFO] [stdout]   14:     0x59d2a7a12554 - std[617be2ca0a6fd877]::sys::backtrace::__rust_begin_short_backtrace::<test[aada8e7e76ba119b]::run_test::{closure#1}, ()>
[INFO] [stdout]   15:     0x59d2a7a1bcf2 - <std[617be2ca0a6fd877]::thread::lifecycle::spawn_unchecked<test[aada8e7e76ba119b]::run_test::{closure#1}, ()>::{closure#1} as core[a373ad73a504971]::ops::function::FnOnce<()>>::call_once::{shim:vtable#0}
[INFO] [stdout]   16:     0x59d2a8173dbf - <std[617be2ca0a6fd877]::sys::thread::unix::Thread>::new::thread_start
[INFO] [stdout]   17:     0x7c5277c35dfa - <unknown>
[INFO] [stdout]   18:     0x7c5277cc93d4 - clone
[INFO] [stdout]   19:                0x0 - <unknown>
[INFO] [stdout] 
[INFO] [stdout] ---- shim::tests::target_of_prefers_sh_style_comments stdout ----
[INFO] [stdout] 
[INFO] [stdout] thread 'shim::tests::target_of_prefers_sh_style_comments' (13945) panicked at src/shim.rs:823:9:
[INFO] [stdout] assertion `left == right` failed
[INFO] [stdout]   left: Some("/tmp/bagger-test-shim-comments/C:\\apps\\tool\\current\\tool")
[INFO] [stdout]  right: Some("C:\\apps\\tool\\current\\tool")
[INFO] [stdout] stack backtrace:
[INFO] [stdout]    0:     0x59d2a8174df1 - <<std[617be2ca0a6fd877]::sys::backtrace::BacktraceLock>::print::DisplayBacktrace as core[a373ad73a504971]::fmt::Display>::fmt
[INFO] [stdout]    1:     0x59d2a818cb7a - core[a373ad73a504971]::fmt::write
[INFO] [stdout]    2:     0x59d2a817974c - <alloc[2e1b2a31b91974c5]::vec::Vec<u8> as core[a373ad73a504971]::io::write::Write>::write_fmt
[INFO] [stdout]    3:     0x59d2a814d536 - std[617be2ca0a6fd877]::panicking::default_hook::{closure#0}
[INFO] [stdout]    4:     0x59d2a816b5e9 - std[617be2ca0a6fd877]::panicking::default_hook
[INFO] [stdout]    5:     0x59d2a7a18640 - test[aada8e7e76ba119b]::test_main_inner::{closure#0}
[INFO] [stdout]    6:     0x59d2a816b912 - std[617be2ca0a6fd877]::panicking::panic_with_hook
[INFO] [stdout]    7:     0x59d2a814d5e2 - std[617be2ca0a6fd877]::panicking::panic_handler::{closure#0}
[INFO] [stdout]    8:     0x59d2a8145d59 - std[617be2ca0a6fd877]::sys::backtrace::__rust_end_short_backtrace::<std[617be2ca0a6fd877]::panicking::panic_handler::{closure#0}, !>
[INFO] [stdout]    9:     0x59d2a814e6ad - __rustc[ea4f61d10b84890b]::rust_begin_unwind
[INFO] [stdout]   10:     0x59d2a818d35c - core[a373ad73a504971]::panicking::panic_fmt
[INFO] [stdout]   11:     0x59d2a818d273 - core[a373ad73a504971]::panicking::assert_failed_inner
[INFO] [stdout]   12:     0x59d2a79e7a0b - core[a373ad73a504971]::panicking::assert_failed::<core[a373ad73a504971]::option::Option<&std[617be2ca0a6fd877]::path::Path>, core[a373ad73a504971]::option::Option<&std[617be2ca0a6fd877]::path::Path>>
[INFO] [stdout]   13:     0x59d2a7978f6e - <scoop_rs[91c9ace3225d2ab1]::shim::tests::target_of_prefers_sh_style_comments::{closure#0} as core[a373ad73a504971]::ops::function::FnOnce<()>>::call_once
[INFO] [stdout]   14:     0x59d2a7a0ba8b - test[aada8e7e76ba119b]::__rust_begin_short_backtrace::<core[a373ad73a504971]::result::Result<(), alloc[2e1b2a31b91974c5]::string::String>, fn() -> core[a373ad73a504971]::result::Result<(), alloc[2e1b2a31b91974c5]::string::String>>
[INFO] [stdout]   15:     0x59d2a7a18c65 - test[aada8e7e76ba119b]::run_test::{closure#0}
[INFO] [stdout]   16:     0x59d2a7a12554 - std[617be2ca0a6fd877]::sys::backtrace::__rust_begin_short_backtrace::<test[aada8e7e76ba119b]::run_test::{closure#1}, ()>
[INFO] [stdout]   17:     0x59d2a7a1bcf2 - <std[617be2ca0a6fd877]::thread::lifecycle::spawn_unchecked<test[aada8e7e76ba119b]::run_test::{closure#1}, ()>::{closure#1} as core[a373ad73a504971]::ops::function::FnOnce<()>>::call_once::{shim:vtable#0}
[INFO] [stdout]   18:     0x59d2a8173dbf - <std[617be2ca0a6fd877]::sys::thread::unix::Thread>::new::thread_start
[INFO] [stdout]   19:     0x7c5277c35dfa - <unknown>
[INFO] [stdout]   20:     0x7c5277cc93d4 - clone
[INFO] [stdout]   21:                0x0 - <unknown>
[INFO] [stdout] 
[INFO] [stdout] ---- persist::tests::link_keeps_existing_store_on_upgrade stdout ----
[INFO] [stdout] 
[INFO] [stdout] thread 'persist::tests::link_keeps_existing_store_on_upgrade' (13935) panicked at src/persist.rs:205:30:
[INFO] [stdout] link should succeed: Io(Os { code: 2, kind: NotFound, message: "No such file or directory" })
[INFO] [stdout] stack backtrace:
[INFO] [stdout]    0:     0x59d2a8174df1 - <<std[617be2ca0a6fd877]::sys::backtrace::BacktraceLock>::print::DisplayBacktrace as core[a373ad73a504971]::fmt::Display>::fmt
[INFO] [stdout]    1:     0x59d2a818cb7a - core[a373ad73a504971]::fmt::write
[INFO] [stdout]    2:     0x59d2a817974c - <alloc[2e1b2a31b91974c5]::vec::Vec<u8> as core[a373ad73a504971]::io::write::Write>::write_fmt
[INFO] [stdout]    3:     0x59d2a814d536 - std[617be2ca0a6fd877]::panicking::default_hook::{closure#0}
[INFO] [stdout]    4:     0x59d2a816b5e9 - std[617be2ca0a6fd877]::panicking::default_hook
[INFO] [stdout]    5:     0x59d2a7a18640 - test[aada8e7e76ba119b]::test_main_inner::{closure#0}
[INFO] [stdout]    6:     0x59d2a816b912 - std[617be2ca0a6fd877]::panicking::panic_with_hook
[INFO] [stdout]    7:     0x59d2a814d5e2 - std[617be2ca0a6fd877]::panicking::panic_handler::{closure#0}
[INFO] [stdout]    8:     0x59d2a8145d59 - std[617be2ca0a6fd877]::sys::backtrace::__rust_end_short_backtrace::<std[617be2ca0a6fd877]::panicking::panic_handler::{closure#0}, !>
[INFO] [stdout]    9:     0x59d2a814e6ad - __rustc[ea4f61d10b84890b]::rust_begin_unwind
[INFO] [stdout]   10:     0x59d2a818d35c - core[a373ad73a504971]::panicking::panic_fmt
[INFO] [stdout]   11:     0x59d2a818d132 - core[a373ad73a504971]::result::unwrap_failed
[INFO] [stdout]   12:     0x59d2a799ce8f - <scoop_rs[91c9ace3225d2ab1]::persist::tests::link_keeps_existing_store_on_upgrade::{closure#0} as core[a373ad73a504971]::ops::function::FnOnce<()>>::call_once
[INFO] [stdout]   13:     0x59d2a7a0ba8b - test[aada8e7e76ba119b]::__rust_begin_short_backtrace::<core[a373ad73a504971]::result::Result<(), alloc[2e1b2a31b91974c5]::string::String>, fn() -> core[a373ad73a504971]::result::Result<(), alloc[2e1b2a31b91974c5]::string::String>>
[INFO] [stdout]   14:     0x59d2a7a18c65 - test[aada8e7e76ba119b]::run_test::{closure#0}
[INFO] [stdout]   15:     0x59d2a7a12554 - std[617be2ca0a6fd877]::sys::backtrace::__rust_begin_short_backtrace::<test[aada8e7e76ba119b]::run_test::{closure#1}, ()>
[INFO] [stdout]   16:     0x59d2a7a1bcf2 - <std[617be2ca0a6fd877]::thread::lifecycle::spawn_unchecked<test[aada8e7e76ba119b]::run_test::{closure#1}, ()>::{closure#1} as core[a373ad73a504971]::ops::function::FnOnce<()>>::call_once::{shim:vtable#0}
[INFO] [stdout]   17:     0x59d2a8173dbf - <std[617be2ca0a6fd877]::sys::thread::unix::Thread>::new::thread_start
[INFO] [stdout]   18:     0x7c5277c35dfa - <unknown>
[INFO] [stdout]   19:     0x7c5277cc93d4 - clone
[INFO] [stdout]   20:                0x0 - <unknown>
[INFO] [stdout] 
[INFO] [stdout] ---- shim::tests::path_fallback_resolves_bare_names_only stdout ----
[INFO] [stdout] 
[INFO] [stdout] thread 'shim::tests::path_fallback_resolves_bare_names_only' (13940) panicked at src/test_support.rs:22:10:
[INFO] [stdout] test env guard poisoned: PoisonError { .. }
[INFO] [stdout] stack backtrace:
[INFO] [stdout]    0:     0x59d2a8174df1 - <<std[617be2ca0a6fd877]::sys::backtrace::BacktraceLock>::print::DisplayBacktrace as core[a373ad73a504971]::fmt::Display>::fmt
[INFO] [stdout]    1:     0x59d2a818cb7a - core[a373ad73a504971]::fmt::write
[INFO] [stdout]    2:     0x59d2a817974c - <alloc[2e1b2a31b91974c5]::vec::Vec<u8> as core[a373ad73a504971]::io::write::Write>::write_fmt
[INFO] [stdout]    3:     0x59d2a814d536 - std[617be2ca0a6fd877]::panicking::default_hook::{closure#0}
[INFO] [stdout]    4:     0x59d2a816b5e9 - std[617be2ca0a6fd877]::panicking::default_hook
[INFO] [stdout]    5:     0x59d2a7a18640 - test[aada8e7e76ba119b]::test_main_inner::{closure#0}
[INFO] [stdout]    6:     0x59d2a816b912 - std[617be2ca0a6fd877]::panicking::panic_with_hook
[INFO] [stdout]    7:     0x59d2a814d5e2 - std[617be2ca0a6fd877]::panicking::panic_handler::{closure#0}
[INFO] [stdout]    8:     0x59d2a8145d59 - std[617be2ca0a6fd877]::sys::backtrace::__rust_end_short_backtrace::<std[617be2ca0a6fd877]::panicking::panic_handler::{closure#0}, !>
[INFO] [stdout]    9:     0x59d2a814e6ad - __rustc[ea4f61d10b84890b]::rust_begin_unwind
[INFO] [stdout]   10:     0x59d2a818d35c - core[a373ad73a504971]::panicking::panic_fmt
[INFO] [stdout]   11:     0x59d2a818d132 - core[a373ad73a504971]::result::unwrap_failed
[INFO] [stdout]   12:     0x59d2a7970cd9 - scoop_rs[91c9ace3225d2ab1]::test_support::env_guard
[INFO] [stdout]   13:     0x59d2a7979559 - <scoop_rs[91c9ace3225d2ab1]::shim::tests::path_fallback_resolves_bare_names_only::{closure#0} as core[a373ad73a504971]::ops::function::FnOnce<()>>::call_once
[INFO] [stdout]   14:     0x59d2a7a0ba8b - test[aada8e7e76ba119b]::__rust_begin_short_backtrace::<core[a373ad73a504971]::result::Result<(), alloc[2e1b2a31b91974c5]::string::String>, fn() -> core[a373ad73a504971]::result::Result<(), alloc[2e1b2a31b91974c5]::string::String>>
[INFO] [stdout]   15:     0x59d2a7a18c65 - test[aada8e7e76ba119b]::run_test::{closure#0}
[INFO] [stdout]   16:     0x59d2a7a12554 - std[617be2ca0a6fd877]::sys::backtrace::__rust_begin_short_backtrace::<test[aada8e7e76ba119b]::run_test::{closure#1}, ()>
[INFO] [stdout]   17:     0x59d2a7a1bcf2 - <std[617be2ca0a6fd877]::thread::lifecycle::spawn_unchecked<test[aada8e7e76ba119b]::run_test::{closure#1}, ()>::{closure#1} as core[a373ad73a504971]::ops::function::FnOnce<()>>::call_once::{shim:vtable#0}
[INFO] [stdout]   18:     0x59d2a8173dbf - <std[617be2ca0a6fd877]::sys::thread::unix::Thread>::new::thread_start
[INFO] [stdout]   19:     0x7c5277c35dfa - <unknown>
[INFO] [stdout]   20:     0x7c5277cc93d4 - clone
[INFO] [stdout]   21:                0x0 - <unknown>
[INFO] [stdout] 
[INFO] [stdout] ---- persist::tests::link_moves_fresh_content_into_store stdout ----
[INFO] [stdout] 
[INFO] [stdout] thread 'persist::tests::link_moves_fresh_content_into_store' (13936) panicked at src/test_support.rs:22:10:
[INFO] [stdout] test env guard poisoned: PoisonError { .. }
[INFO] [stdout] stack backtrace:
[INFO] [stdout]    0:     0x59d2a8174df1 - <<std[617be2ca0a6fd877]::sys::backtrace::BacktraceLock>::print::DisplayBacktrace as core[a373ad73a504971]::fmt::Display>::fmt
[INFO] [stdout]    1:     0x59d2a818cb7a - core[a373ad73a504971]::fmt::write
[INFO] [stdout]    2:     0x59d2a817974c - <alloc[2e1b2a31b91974c5]::vec::Vec<u8> as core[a373ad73a504971]::io::write::Write>::write_fmt
[INFO] [stdout]    3:     0x59d2a814d536 - std[617be2ca0a6fd877]::panicking::default_hook::{closure#0}
[INFO] [stdout]    4:     0x59d2a816b5e9 - std[617be2ca0a6fd877]::panicking::default_hook
[INFO] [stdout]    5:     0x59d2a7a18640 - test[aada8e7e76ba119b]::test_main_inner::{closure#0}
[INFO] [stdout]    6:     0x59d2a816b912 - std[617be2ca0a6fd877]::panicking::panic_with_hook
[INFO] [stdout]    7:     0x59d2a814d5e2 - std[617be2ca0a6fd877]::panicking::panic_handler::{closure#0}
[INFO] [stdout]    8:     0x59d2a8145d59 - std[617be2ca0a6fd877]::sys::backtrace::__rust_end_short_backtrace::<std[617be2ca0a6fd877]::panicking::panic_handler::{closure#0}, !>
[INFO] [stdout]    9:     0x59d2a814e6ad - __rustc[ea4f61d10b84890b]::rust_begin_unwind
[INFO] [stdout]   10:     0x59d2a818d35c - core[a373ad73a504971]::panicking::panic_fmt
[INFO] [stdout]   11:     0x59d2a818d132 - core[a373ad73a504971]::result::unwrap_failed
[INFO] [stdout]   12:     0x59d2a7970cd9 - scoop_rs[91c9ace3225d2ab1]::test_support::env_guard
[INFO] [stdout]   13:     0x59d2a799ba98 - <scoop_rs[91c9ace3225d2ab1]::persist::tests::link_moves_fresh_content_into_store::{closure#0} as core[a373ad73a504971]::ops::function::FnOnce<()>>::call_once
[INFO] [stdout]   14:     0x59d2a7a0ba8b - test[aada8e7e76ba119b]::__rust_begin_short_backtrace::<core[a373ad73a504971]::result::Result<(), alloc[2e1b2a31b91974c5]::string::String>, fn() -> core[a373ad73a504971]::result::Result<(), alloc[2e1b2a31b91974c5]::string::String>>
[INFO] [stdout]   15:     0x59d2a7a18c65 - test[aada8e7e76ba119b]::run_test::{closure#0}
[INFO] [stdout]   16:     0x59d2a7a12554 - std[617be2ca0a6fd877]::sys::backtrace::__rust_begin_short_backtrace::<test[aada8e7e76ba119b]::run_test::{closure#1}, ()>
[INFO] [stdout]   17:     0x59d2a7a1bcf2 - <std[617be2ca0a6fd877]::thread::lifecycle::spawn_unchecked<test[aada8e7e76ba119b]::run_test::{closure#1}, ()>::{closure#1} as core[a373ad73a504971]::ops::function::FnOnce<()>>::call_once::{shim:vtable#0}
[INFO] [stdout]   18:     0x59d2a8173dbf - <std[617be2ca0a6fd877]::sys::thread::unix::Thread>::new::thread_start
[INFO] [stdout]   19:     0x7c5277c35dfa - <unknown>
[INFO] [stdout]   20:     0x7c5277cc93d4 - clone
[INFO] [stdout]   21:                0x0 - <unknown>
[INFO] [stdout] 
[INFO] [stdout] ---- package::download::tests::downloads_files_with_unknown_remote_size stdout ----
[INFO] [stdout] 
[INFO] [stdout] thread 'package::download::tests::downloads_files_with_unknown_remote_size' (13907) panicked at src/test_support.rs:22:10:
[INFO] [stdout] test env guard poisoned: PoisonError { .. }
[INFO] [stdout] stack backtrace:
[INFO] [stdout]    0:     0x59d2a8174df1 - <<std[617be2ca0a6fd877]::sys::backtrace::BacktraceLock>::print::DisplayBacktrace as core[a373ad73a504971]::fmt::Display>::fmt
[INFO] [stdout]    1:     0x59d2a818cb7a - core[a373ad73a504971]::fmt::write
[INFO] [stdout]    2:     0x59d2a817974c - <alloc[2e1b2a31b91974c5]::vec::Vec<u8> as core[a373ad73a504971]::io::write::Write>::write_fmt
[INFO] [stdout]    3:     0x59d2a814d536 - std[617be2ca0a6fd877]::panicking::default_hook::{closure#0}
[INFO] [stdout]    4:     0x59d2a816b5e9 - std[617be2ca0a6fd877]::panicking::default_hook
[INFO] [stdout]    5:     0x59d2a7a18640 - test[aada8e7e76ba119b]::test_main_inner::{closure#0}
[INFO] [stdout]    6:     0x59d2a816b912 - std[617be2ca0a6fd877]::panicking::panic_with_hook
[INFO] [stdout]    7:     0x59d2a814d5e2 - std[617be2ca0a6fd877]::panicking::panic_handler::{closure#0}
[INFO] [stdout]    8:     0x59d2a8145d59 - std[617be2ca0a6fd877]::sys::backtrace::__rust_end_short_backtrace::<std[617be2ca0a6fd877]::panicking::panic_handler::{closure#0}, !>
[INFO] [stdout]    9:     0x59d2a814e6ad - __rustc[ea4f61d10b84890b]::rust_begin_unwind
[INFO] [stdout]   10:     0x59d2a818d35c - core[a373ad73a504971]::panicking::panic_fmt
[INFO] [stdout]   11:     0x59d2a818d132 - core[a373ad73a504971]::result::unwrap_failed
[INFO] [stdout]   12:     0x59d2a7970cd9 - scoop_rs[91c9ace3225d2ab1]::test_support::env_guard
[INFO] [stdout]   13:     0x59d2a79b3187 - <scoop_rs[91c9ace3225d2ab1]::package::download::tests::downloads_files_with_unknown_remote_size::{closure#0} as core[a373ad73a504971]::ops::function::FnOnce<()>>::call_once
[INFO] [stdout]   14:     0x59d2a7a0ba8b - test[aada8e7e76ba119b]::__rust_begin_short_backtrace::<core[a373ad73a504971]::result::Result<(), alloc[2e1b2a31b91974c5]::string::String>, fn() -> core[a373ad73a504971]::result::Result<(), alloc[2e1b2a31b91974c5]::string::String>>
[INFO] [stdout]   15:     0x59d2a7a18c65 - test[aada8e7e76ba119b]::run_test::{closure#0}
[INFO] [stdout]   16:     0x59d2a7a12554 - std[617be2ca0a6fd877]::sys::backtrace::__rust_begin_short_backtrace::<test[aada8e7e76ba119b]::run_test::{closure#1}, ()>
[INFO] [stdout]   17:     0x59d2a7a1bcf2 - <std[617be2ca0a6fd877]::thread::lifecycle::spawn_unchecked<test[aada8e7e76ba119b]::run_test::{closure#1}, ()>::{closure#1} as core[a373ad73a504971]::ops::function::FnOnce<()>>::call_once::{shim:vtable#0}
[INFO] [stdout]   18:     0x59d2a8173dbf - <std[617be2ca0a6fd877]::sys::thread::unix::Thread>::new::thread_start
[INFO] [stdout]   19:     0x7c5277c35dfa - <unknown>
[INFO] [stdout]   20:     0x7c5277cc93d4 - clone
[INFO] [stdout]   21:                0x0 - <unknown>
[INFO] [stdout] 
[INFO] [stdout] ---- shim::tests::remove_tolerates_missing_shims_and_restores_alters stdout ----
[INFO] [stdout] 
[INFO] [stdout] thread 'shim::tests::remove_tolerates_missing_shims_and_restores_alters' (13942) panicked at src/test_support.rs:22:10:
[INFO] [stdout] test env guard poisoned: PoisonError { .. }
[INFO] [stdout] stack backtrace:
[INFO] [stdout]    0:     0x59d2a8174df1 - <<std[617be2ca0a6fd877]::sys::backtrace::BacktraceLock>::print::DisplayBacktrace as core[a373ad73a504971]::fmt::Display>::fmt
[INFO] [stdout]    1:     0x59d2a818cb7a - core[a373ad73a504971]::fmt::write
[INFO] [stdout]    2:     0x59d2a817974c - <alloc[2e1b2a31b91974c5]::vec::Vec<u8> as core[a373ad73a504971]::io::write::Write>::write_fmt
[INFO] [stdout]    3:     0x59d2a814d536 - std[617be2ca0a6fd877]::panicking::default_hook::{closure#0}
[INFO] [stdout]    4:     0x59d2a816b5e9 - std[617be2ca0a6fd877]::panicking::default_hook
[INFO] [stdout]    5:     0x59d2a7a18640 - test[aada8e7e76ba119b]::test_main_inner::{closure#0}
[INFO] [stdout]    6:     0x59d2a816b912 - std[617be2ca0a6fd877]::panicking::panic_with_hook
[INFO] [stdout]    7:     0x59d2a814d5e2 - std[617be2ca0a6fd877]::panicking::panic_handler::{closure#0}
[INFO] [stdout]    8:     0x59d2a8145d59 - std[617be2ca0a6fd877]::sys::backtrace::__rust_end_short_backtrace::<std[617be2ca0a6fd877]::panicking::panic_handler::{closure#0}, !>
[INFO] [stdout]    9:     0x59d2a814e6ad - __rustc[ea4f61d10b84890b]::rust_begin_unwind
[INFO] [stdout]   10:     0x59d2a818d35c - core[a373ad73a504971]::panicking::panic_fmt
[INFO] [stdout]   11:     0x59d2a818d132 - core[a373ad73a504971]::result::unwrap_failed
[INFO] [stdout]   12:     0x59d2a7970cd9 - scoop_rs[91c9ace3225d2ab1]::test_support::env_guard
[INFO] [stdout]   13:     0x59d2a797b4e9 - <scoop_rs[91c9ace3225d2ab1]::shim::tests::remove_tolerates_missing_shims_and_restores_alters::{closure#0} as core[a373ad73a504971]::ops::function::FnOnce<()>>::call_once
[INFO] [stdout]   14:     0x59d2a7a0ba8b - test[aada8e7e76ba119b]::__rust_begin_short_backtrace::<core[a373ad73a504971]::result::Result<(), alloc[2e1b2a31b91974c5]::string::String>, fn() -> core[a373ad73a504971]::result::Result<(), alloc[2e1b2a31b91974c5]::string::String>>
[INFO] [stdout]   15:     0x59d2a7a18c65 - test[aada8e7e76ba119b]::run_test::{closure#0}
[INFO] [stdout]   16:     0x59d2a7a12554 - std[617be2ca0a6fd877]::sys::backtrace::__rust_begin_short_backtrace::<test[aada8e7e76ba119b]::run_test::{closure#1}, ()>
[INFO] [stdout]   17:     0x59d2a7a1bcf2 - <std[617be2ca0a6fd877]::thread::lifecycle::spawn_unchecked<test[aada8e7e76ba119b]::run_test::{closure#1}, ()>::{closure#1} as core[a373ad73a504971]::ops::function::FnOnce<()>>::call_once::{shim:vtable#0}
[INFO] [stdout]   18:     0x59d2a8173dbf - <std[617be2ca0a6fd877]::sys::thread::unix::Thread>::new::thread_start
[INFO] [stdout]   19:     0x7c5277c35dfa - <unknown>
[INFO] [stdout]   20:     0x7c5277cc93d4 - clone
[INFO] [stdout]   21:                0x0 - <unknown>
[INFO] [stdout] 
[INFO] [stdout] 
[INFO] [stdout] failures:
[INFO] [stdout]     package::download::tests::downloads_files_with_unknown_remote_size
[INFO] [stdout]     persist::tests::link_keeps_existing_store_on_upgrade
[INFO] [stdout]     persist::tests::link_moves_fresh_content_into_store
[INFO] [stdout]     shim::tests::path_fallback_resolves_bare_names_only
[INFO] [stdout]     shim::tests::remove_tolerates_missing_shims_and_restores_alters
[INFO] [stdout]     shim::tests::shim_content_forwards_caller_arguments
[INFO] [stdout]     shim::tests::target_of_parses_shim_flavors
[INFO] [stdout]     shim::tests::target_of_prefers_sh_style_comments
[INFO] [stdout] 
[INFO] [stdout] test result: FAILED. 90 passed; 8 failed; 0 ignored; 0 measured; 0 filtered out; finished in 0.25s
[INFO] [stdout] 
[INFO] [stderr] error: test failed, to rerun pass `--lib`
[INFO] running `Command { std: "docker" "inspect" "0b7f5f815686c3271a277a63ff665c106507b2b46d6ca939f1f77135d5b3db1f", kill_on_drop: false }`
[INFO] running `Command { std: "docker" "rm" "-f" "0b7f5f815686c3271a277a63ff665c106507b2b46d6ca939f1f77135d5b3db1f", kill_on_drop: false }`
[INFO] [stdout] 0b7f5f815686c3271a277a63ff665c106507b2b46d6ca939f1f77135d5b3db1f
