[INFO] fetching crate sciforge 0.0.4...
[INFO] testing sciforge-0.0.4 against 1.99.0-beta.8+cargoflags=--release for beta-release-1.100-2
[INFO] extracting crate sciforge 0.0.4 into /workspace/builds/worker-3-tc1/source
[INFO] started tweaking crates.io crate sciforge 0.0.4
[INFO] removed 0 missing examples
[INFO] removed 0 missing tests
[INFO] finished tweaking crates.io crate sciforge 0.0.4
[INFO] tweaked toml for crates.io crate sciforge 0.0.4 written to /workspace/builds/worker-3-tc1/source/Cargo.toml
[INFO] validating manifest of crates.io crate sciforge 0.0.4 on toolchain 1.99.0-beta.8
[INFO] running `Command { std: CARGO_HOME="/workspace/cargo-home" RUSTUP_HOME="/workspace/rustup-home" "/workspace/cargo-home/bin/cargo" "+1.99.0-beta.8" "metadata" "--manifest-path" "Cargo.toml" "--no-deps", kill_on_drop: false }`
[INFO] crate crates.io crate sciforge 0.0.4 already has a lockfile, it will not be regenerated
[INFO] running `Command { std: CARGO_HOME="/workspace/cargo-home" RUSTUP_HOME="/workspace/rustup-home" "/workspace/cargo-home/bin/cargo" "+1.99.0-beta.8" "fetch" "--manifest-path" "Cargo.toml", kill_on_drop: false }`
[INFO] [stderr]     Updating crates.io index
[INFO] [stderr]  Downloading crates ...
[INFO] [stderr]   Downloaded sciforge-benchmark v0.0.4
[INFO] [stderr]   Downloaded sciforge-parser v0.0.4
[INFO] [stderr]   Downloaded sciforge-heavy v0.0.4
[INFO] [stderr]   Downloaded sciforge-aeronaval v0.0.4
[INFO] [stderr]   Downloaded sciforge-core v0.0.4
[INFO] [stderr]   Downloaded sciforge-automotive v0.0.4
[INFO] [stderr]   Downloaded sciforge-hub v0.0.4
[INFO] [stderr]   Downloaded sciforge-lib v0.0.4
[INFO] [stderr]   Downloaded sciforge-components v0.0.4
[INFO] running `Command { std: "docker" "create" "-v" "/var/lib/crater-agent-workspace/builds/worker-3-tc1/source:/opt/rustwide/workdir:ro,Z" "-v" "/var/lib/crater-agent-workspace/builds/worker-3-tc1/target:/opt/rustwide/target:rw,Z" "-v" "/var/lib/crater-agent-workspace/cargo-home:/opt/rustwide/cargo-home:ro,Z" "-v" "/var/lib/crater-agent-workspace/rustup-home:/opt/rustwide/rustup-home:ro,Z" "-m" "1610612736" "--network" "none" "ghcr.io/rust-lang/crates-build-env/linux@sha256:77db811e55d90add9212f6832c23229e3de5f1c1f9905e8cb07319ea15df73ac" "sleep" "infinity", kill_on_drop: false }`
[INFO] [stdout] 5511ca44d717bb70a1065386c732292b59acb169edc374335a51db3302ac0953
[INFO] running `Command { std: "docker" "start" "5511ca44d717bb70a1065386c732292b59acb169edc374335a51db3302ac0953", kill_on_drop: false }`
[INFO] running `Command { std: "docker" "inspect" "5511ca44d717bb70a1065386c732292b59acb169edc374335a51db3302ac0953", kill_on_drop: false }`
[INFO] running `Command { std: "docker" "exec" "-e" "SOURCE_DIR=/opt/rustwide/workdir" "-e" "CARGO_HOME=/opt/rustwide/cargo-home" "-e" "RUSTUP_HOME=/opt/rustwide/rustup-home" "-e" "CARGO_TARGET_DIR=/opt/rustwide/target" "-w" "/opt/rustwide/workdir" "--user" "0:0" "5511ca44d717bb70a1065386c732292b59acb169edc374335a51db3302ac0953" "/opt/rustwide/cargo-home/bin/cargo" "+1.99.0-beta.8" "metadata" "--no-deps" "--format-version=1", kill_on_drop: false }`
[INFO] running `Command { std: "docker" "inspect" "5511ca44d717bb70a1065386c732292b59acb169edc374335a51db3302ac0953", kill_on_drop: false }`
[INFO] running `Command { std: "docker" "exec" "-e" "SOURCE_DIR=/opt/rustwide/workdir" "-e" "CARGO_HOME=/opt/rustwide/cargo-home" "-e" "RUSTUP_HOME=/opt/rustwide/rustup-home" "-e" "CARGO_TARGET_DIR=/opt/rustwide/target" "-e" "CARGO_INCREMENTAL=0" "-e" "RUST_BACKTRACE=full" "-e" "RUSTFLAGS=--cap-lints=warn" "-e" "RUSTDOCFLAGS=--cap-lints=warn" "-w" "/opt/rustwide/workdir" "--user" "0:0" "5511ca44d717bb70a1065386c732292b59acb169edc374335a51db3302ac0953" "/opt/rustwide/cargo-home/bin/cargo" "+1.99.0-beta.8" "build" "--frozen" "--message-format=json" "--release", kill_on_drop: false }`
[INFO] [stderr]    Compiling sciforge-parser v0.0.4
[INFO] [stderr]    Compiling sciforge-lib v0.0.4
[INFO] [stderr]    Compiling sciforge-benchmark v0.0.4
[INFO] [stderr]    Compiling sciforge-hub v0.0.4
[INFO] [stderr]    Compiling sciforge v0.0.4 (/opt/rustwide/workdir)
[INFO] [stderr]     Finished `release` profile [optimized] target(s) in 10.24s
[INFO] running `Command { std: "docker" "inspect" "5511ca44d717bb70a1065386c732292b59acb169edc374335a51db3302ac0953", kill_on_drop: false }`
[INFO] running `Command { std: "docker" "exec" "-e" "SOURCE_DIR=/opt/rustwide/workdir" "-e" "CARGO_HOME=/opt/rustwide/cargo-home" "-e" "RUSTUP_HOME=/opt/rustwide/rustup-home" "-e" "CARGO_TARGET_DIR=/opt/rustwide/target" "-e" "CARGO_INCREMENTAL=0" "-e" "RUST_BACKTRACE=full" "-e" "RUSTFLAGS=--cap-lints=warn" "-e" "RUSTDOCFLAGS=--cap-lints=warn" "-w" "/opt/rustwide/workdir" "--user" "0:0" "5511ca44d717bb70a1065386c732292b59acb169edc374335a51db3302ac0953" "/opt/rustwide/cargo-home/bin/cargo" "+1.99.0-beta.8" "test" "--frozen" "--no-run" "--message-format=json" "--release", kill_on_drop: false }`
[INFO] [stderr]    Compiling sciforge-lib v0.0.4
[INFO] [stderr]    Compiling sciforge-hub v0.0.4
[INFO] [stderr]    Compiling sciforge v0.0.4 (/opt/rustwide/workdir)
[INFO] [stderr]     Finished `release` profile [optimized] target(s) in 1m 20s
[INFO] running `Command { std: "docker" "inspect" "5511ca44d717bb70a1065386c732292b59acb169edc374335a51db3302ac0953", kill_on_drop: false }`
[INFO] running `Command { std: "docker" "exec" "-e" "SOURCE_DIR=/opt/rustwide/workdir" "-e" "CARGO_HOME=/opt/rustwide/cargo-home" "-e" "RUSTUP_HOME=/opt/rustwide/rustup-home" "-e" "CARGO_TARGET_DIR=/opt/rustwide/target" "-e" "CARGO_INCREMENTAL=0" "-e" "RUST_BACKTRACE=full" "-e" "RUSTFLAGS=--cap-lints=warn" "-e" "RUSTDOCFLAGS=--cap-lints=warn" "-w" "/opt/rustwide/workdir" "--user" "0:0" "5511ca44d717bb70a1065386c732292b59acb169edc374335a51db3302ac0953" "/opt/rustwide/cargo-home/bin/cargo" "+1.99.0-beta.8" "test" "--frozen" "--release", kill_on_drop: false }`
[INFO] [stderr]     Finished `release` profile [optimized] target(s) in 0.05s
[INFO] [stderr]      Running unittests src/lib.rs (/opt/rustwide/target/release/deps/sciforge-77d66d39752598c1)
[INFO] [stderr]      Running tests/astronomy/main.rs (/opt/rustwide/target/release/deps/astronomy-fe60c8f57852ff32)
[INFO] [stdout] 
[INFO] [stdout] running 0 tests
[INFO] [stdout] 
[INFO] [stdout] test result: ok. 0 passed; 0 failed; 0 ignored; 0 measured; 0 filtered out; finished in 0.00s
[INFO] [stdout] 
[INFO] [stdout] 
[INFO] [stdout] running 60 tests
[INFO] [stdout] test celestial::hill_sphere ... ok
[INFO] [stdout] test cosmology::comoving_distance_zero_at_zero_redshift ... ok
[INFO] [stdout] test cosmology::cmb_temperature_scales_with_z ... ok
[INFO] [stdout] test cosmology::cmb_temperature_at_z ... ok
[INFO] [stdout] test cosmology::e_z_lcdm_sweep_monotonic_for_positive_z ... ok
[INFO] [stdout] test celestial::gravitational_force ... ok
[INFO] [stdout] test cosmology::age_decreases_with_redshift ... ok
[INFO] [stdout] test cosmology::comoving_distance_increases_with_redshift ... ok
[INFO] [stdout] test cosmology::critical_density ... ok
[INFO] [stdout] test cosmology::age_of_universe ... ok
[INFO] [stdout] test cosmology::e_z_lcdm_today ... ok
[INFO] [stdout] test galactic::galactic_escape_velocity ... ok
[INFO] [stdout] test cosmology::astronomy_missing_required_parameter_returns_error ... ok
[INFO] [stdout] test cosmology::hubble_at_z_matches_h0_times_ez_lcdm ... ok
[INFO] [stdout] test cosmology::hubble_velocity ... ok
[INFO] [stdout] test cosmology::luminosity_angular_distance_duality_from_z ... ok
[INFO] [stdout] test cosmology::hubble_ez_identity_table_driven ... ok
[INFO] [stdout] test impacts::fireball_radius ... ok
[INFO] [stdout] test impacts::crater_diameter ... ok
[INFO] [stdout] test cosmology::lookback_time_increases_with_redshift ... ok
[INFO] [stdout] test impacts::impact_velocity ... ok
[INFO] [stdout] test galactic::galactic_rotation_velocity ... ok
[INFO] [stdout] test galactic::tidal_radius ... ok
[INFO] [stdout] test cosmology::scale_factor_high_z ... ok
[INFO] [stdout] test orbits::true_anomaly_radius_matches_extrema ... ok
[INFO] [stdout] test orbits::circular_velocity ... ok
[INFO] [stdout] test orbits::vis_viva_circular ... ok
[INFO] [stdout] test planetary::habitable_zone_inner ... ok
[INFO] [stdout] test planetary::habitable_zone_outer ... ok
[INFO] [stdout] test orbits::periapsis_apoapsis_consistency ... ok
[INFO] [stdout] test orbits::kepler_period_earth ... ok
[INFO] [stdout] test orbits::roche_limit ... ok
[INFO] [stdout] test celestial::julian_date_to_j2000_century ... ok
[INFO] [stdout] test cosmology::astronomy_unknown_function_returns_error ... ok
[INFO] [stdout] test orbits::escape_velocity ... ok
[INFO] [stdout] test orbits::escape_vs_circular_velocity_ratio ... ok
[INFO] [stdout] test orbits::hohmann_delta_v_positive_and_zero_identity ... ok
[INFO] [stdout] test cosmology::distance_duality_table_driven ... ok
[INFO] [stdout] test orbits::sphere_of_influence_earth ... ok
[INFO] [stdout] test rotation::rotational_kinetic_energy ... ok
[INFO] [stdout] test rotation::surface_velocity_at_latitude ... ok
[INFO] [stdout] test stellar::absolute_magnitude_and_distance_modulus_roundtrip ... ok
[INFO] [stdout] test stellar::chandrasekhar_limit ... ok
[INFO] [stdout] test stellar::distance_modulus ... ok
[INFO] [stdout] test stellar::stefan_boltzmann_blackbody ... ok
[INFO] [stdout] test planetary::surface_gravity ... ok
[INFO] [stdout] test stellar::eddington_luminosity_scales_linearly_with_mass ... ok
[INFO] [stdout] test stellar::luminosity_from_radius_temp ... ok
[INFO] [stdout] test stellar::schwarzschild_radius ... ok
[INFO] [stdout] test stellar::wien_peak_wavelength ... ok
[INFO] [stdout] test tides::spring_tide_amplitude ... ok
[INFO] [stdout] test stellar::main_sequence_lifetime ... ok
[INFO] [stdout] test stellar::mass_luminosity_monotonic_in_solar_range ... ok
[INFO] [stdout] test stellar::stellar_flux_inverse_square_distance ... ok
[INFO] [stdout] test tides::tidal_potential ... ok
[INFO] [stdout] test tides::tidal_locking_timescale ... ok
[INFO] [stdout] test celestial::synodic_period ... ok
[INFO] [stdout] test cosmology::relativistic_redshift_velocity_roundtrip ... ok
[INFO] [stdout] test cosmology::scale_factor ... ok
[INFO] [stdout] test generate_output_files ... FAILED
[INFO] [stdout] 
[INFO] [stdout] failures:
[INFO] [stdout] 
[INFO] [stdout] ---- generate_output_files stdout ----
[INFO] [stdout] 
[INFO] [stdout] thread 'generate_output_files' (1202) panicked at tests/astronomy/main.rs:161:35:
[INFO] [stdout] called `Result::unwrap()` on an `Err` value: Os { code: 30, kind: ReadOnlyFilesystem, message: "Read-only file system" }
[INFO] [stdout] stack backtrace:
[INFO] [stdout]    0:     0x5b6f47fab781 - <<std[70759c8f55707aa4]::sys::backtrace::BacktraceLock>::print::DisplayBacktrace as core[df12db4294e9bfd3]::fmt::Display>::fmt
[INFO] [stdout]    1:     0x5b6f47fc075a - core[df12db4294e9bfd3]::fmt::write
[INFO] [stdout]    2:     0x5b6f47fafeec - <alloc[2182bb758b4b3781]::vec::Vec<u8> as core[df12db4294e9bfd3]::io::write::Write>::write_fmt
[INFO] [stdout]    3:     0x5b6f47f86b66 - std[70759c8f55707aa4]::panicking::default_hook::{closure#0}
[INFO] [stdout]    4:     0x5b6f47fa3ae9 - std[70759c8f55707aa4]::panicking::default_hook
[INFO] [stdout]    5:     0x5b6f47ccbc90 - test[9d35eded1c95d3be]::test_main_inner::<test[9d35eded1c95d3be]::test_main_static::{closure#0}>::{closure#0}
[INFO] [stdout]    6:     0x5b6f47fa3ca2 - std[70759c8f55707aa4]::panicking::panic_with_hook
[INFO] [stdout]    7:     0x5b6f47f86c12 - std[70759c8f55707aa4]::panicking::panic_handler::{closure#0}
[INFO] [stdout]    8:     0x5b6f47f7f7d9 - std[70759c8f55707aa4]::sys::backtrace::__rust_end_short_backtrace::<std[70759c8f55707aa4]::panicking::panic_handler::{closure#0}, !>
[INFO] [stdout]    9:     0x5b6f47f8780d - __rustc[8fa7c3cbc660c2b3]::rust_begin_unwind
[INFO] [stdout]   10:     0x5b6f47fc0e8c - core[df12db4294e9bfd3]::panicking::panic_fmt
[INFO] [stdout]   11:     0x5b6f47fc0c62 - core[df12db4294e9bfd3]::result::unwrap_failed
[INFO] [stderr] error: test failed, to rerun pass `--test astronomy`
[INFO] [stdout]   12:     0x5b6f47cac4b0 - astronomy[fd9c2e14a4f60291]::generate_output_files
[INFO] [stdout]   13:     0x5b6f47cadb79 - <astronomy[fd9c2e14a4f60291]::generate_output_files::{closure#0} as core[df12db4294e9bfd3]::ops::function::FnOnce<()>>::call_once
[INFO] [stdout]   14:     0x5b6f47cbef7b - test[9d35eded1c95d3be]::__rust_begin_short_backtrace::<core[df12db4294e9bfd3]::result::Result<(), alloc[2182bb758b4b3781]::string::String>, fn() -> core[df12db4294e9bfd3]::result::Result<(), alloc[2182bb758b4b3781]::string::String>>
[INFO] [stdout]   15:     0x5b6f47ccc5e5 - test[9d35eded1c95d3be]::run_test::{closure#0}
[INFO] [stdout]   16:     0x5b6f47cc5ea4 - std[70759c8f55707aa4]::sys::backtrace::__rust_begin_short_backtrace::<test[9d35eded1c95d3be]::run_test::{closure#1}, ()>
[INFO] [stdout]   17:     0x5b6f47ccf742 - <std[70759c8f55707aa4]::thread::lifecycle::spawn_unchecked<test[9d35eded1c95d3be]::run_test::{closure#1}, ()>::{closure#1} as core[df12db4294e9bfd3]::ops::function::FnOnce<()>>::call_once::{shim:vtable#0}
[INFO] [stdout]   18:     0x5b6f47faae69 - <std[70759c8f55707aa4]::sys::thread::unix::Thread>::new::thread_start
[INFO] [stdout]   19:     0x7b0e2b4f7dfa - <unknown>
[INFO] [stdout]   20:     0x7b0e2b58b3d4 - clone
[INFO] [stdout]   21:                0x0 - <unknown>
[INFO] [stdout] 
[INFO] [stdout] 
[INFO] [stdout] failures:
[INFO] [stdout]     generate_output_files
[INFO] [stdout] 
[INFO] [stdout] test result: FAILED. 59 passed; 1 failed; 0 ignored; 0 measured; 0 filtered out; finished in 0.38s
[INFO] [stdout] 
[INFO] running `Command { std: "docker" "inspect" "5511ca44d717bb70a1065386c732292b59acb169edc374335a51db3302ac0953", kill_on_drop: false }`
[INFO] running `Command { std: "docker" "rm" "-f" "5511ca44d717bb70a1065386c732292b59acb169edc374335a51db3302ac0953", kill_on_drop: false }`
[INFO] [stdout] 5511ca44d717bb70a1065386c732292b59acb169edc374335a51db3302ac0953
