[INFO] fetching crate schnauzer 0.3.5...
[INFO] testing schnauzer-0.3.5 against 1.99.0-beta.8+cargoflags=--release for beta-release-1.100-2
[INFO] extracting crate schnauzer 0.3.5 into /workspace/builds/worker-0-tc1/source
[INFO] started tweaking crates.io crate schnauzer 0.3.5
[INFO] finished tweaking crates.io crate schnauzer 0.3.5
[INFO] tweaked toml for crates.io crate schnauzer 0.3.5 written to /workspace/builds/worker-0-tc1/source/Cargo.toml
[INFO] validating manifest of crates.io crate schnauzer 0.3.5 on toolchain 1.99.0-beta.8
[INFO] running `Command { std: CARGO_HOME="/workspace/cargo-home" RUSTUP_HOME="/workspace/rustup-home" "/workspace/cargo-home/bin/cargo" "+1.99.0-beta.8" "metadata" "--manifest-path" "Cargo.toml" "--no-deps", kill_on_drop: false }`
[INFO] crate crates.io crate schnauzer 0.3.5 already has a lockfile, it will not be regenerated
[INFO] running `Command { std: CARGO_HOME="/workspace/cargo-home" RUSTUP_HOME="/workspace/rustup-home" "/workspace/cargo-home/bin/cargo" "+1.99.0-beta.8" "fetch" "--manifest-path" "Cargo.toml", kill_on_drop: false }`
[INFO] [stderr]     Updating crates.io index
[INFO] [stderr]  Downloading crates ...
[INFO] [stderr]   Downloaded scroll_derive v0.11.0
[INFO] [stderr]   Downloaded schnauzer-derive v0.1.0
[INFO] [stderr]   Downloaded kex v0.2.6
[INFO] [stderr]   Downloaded uuid v1.3.2
[INFO] running `Command { std: "docker" "create" "-v" "/var/lib/crater-agent-workspace/builds/worker-0-tc1/source:/opt/rustwide/workdir:ro,Z" "-v" "/var/lib/crater-agent-workspace/builds/worker-0-tc1/target:/opt/rustwide/target:rw,Z" "-v" "/var/lib/crater-agent-workspace/cargo-home:/opt/rustwide/cargo-home:ro,Z" "-v" "/var/lib/crater-agent-workspace/rustup-home:/opt/rustwide/rustup-home:ro,Z" "-m" "1610612736" "--network" "none" "ghcr.io/rust-lang/crates-build-env/linux@sha256:77db811e55d90add9212f6832c23229e3de5f1c1f9905e8cb07319ea15df73ac" "sleep" "infinity", kill_on_drop: false }`
[INFO] [stdout] c32dc184afe2e304e0062a2d3ceb6b406616a14df7be9f68ee69cb8e8809ad4a
[INFO] running `Command { std: "docker" "start" "c32dc184afe2e304e0062a2d3ceb6b406616a14df7be9f68ee69cb8e8809ad4a", kill_on_drop: false }`
[INFO] running `Command { std: "docker" "inspect" "c32dc184afe2e304e0062a2d3ceb6b406616a14df7be9f68ee69cb8e8809ad4a", kill_on_drop: false }`
[INFO] running `Command { std: "docker" "exec" "-e" "SOURCE_DIR=/opt/rustwide/workdir" "-e" "CARGO_HOME=/opt/rustwide/cargo-home" "-e" "RUSTUP_HOME=/opt/rustwide/rustup-home" "-e" "CARGO_TARGET_DIR=/opt/rustwide/target" "-w" "/opt/rustwide/workdir" "--user" "0:0" "c32dc184afe2e304e0062a2d3ceb6b406616a14df7be9f68ee69cb8e8809ad4a" "/opt/rustwide/cargo-home/bin/cargo" "+1.99.0-beta.8" "metadata" "--no-deps" "--format-version=1", kill_on_drop: false }`
[INFO] running `Command { std: "docker" "inspect" "c32dc184afe2e304e0062a2d3ceb6b406616a14df7be9f68ee69cb8e8809ad4a", kill_on_drop: false }`
[INFO] running `Command { std: "docker" "exec" "-e" "SOURCE_DIR=/opt/rustwide/workdir" "-e" "CARGO_HOME=/opt/rustwide/cargo-home" "-e" "RUSTUP_HOME=/opt/rustwide/rustup-home" "-e" "CARGO_TARGET_DIR=/opt/rustwide/target" "-e" "CARGO_INCREMENTAL=0" "-e" "RUST_BACKTRACE=full" "-e" "RUSTFLAGS=--cap-lints=warn" "-e" "RUSTDOCFLAGS=--cap-lints=warn" "-w" "/opt/rustwide/workdir" "--user" "0:0" "c32dc184afe2e304e0062a2d3ceb6b406616a14df7be9f68ee69cb8e8809ad4a" "/opt/rustwide/cargo-home/bin/cargo" "+1.99.0-beta.8" "build" "--frozen" "--message-format=json" "--release", kill_on_drop: false }`
[INFO] [stderr]    Compiling proc-macro2 v1.0.56
[INFO] [stderr]    Compiling quote v1.0.26
[INFO] [stderr]    Compiling syn v1.0.109
[INFO] [stderr]    Compiling libc v0.2.142
[INFO] [stderr]    Compiling ascii v1.1.0
[INFO] [stderr]    Compiling uuid v1.3.2
[INFO] [stderr]    Compiling getopts v0.2.21
[INFO] [stderr]    Compiling kex v0.2.6
[INFO] [stderr]    Compiling atty v0.2.14
[INFO] [stderr]    Compiling colored v2.0.0
[INFO] [stderr]    Compiling scroll_derive v0.11.0
[INFO] [stderr]    Compiling schnauzer-derive v0.1.0
[INFO] [stderr]    Compiling scroll v0.11.0
[INFO] [stderr]    Compiling schnauzer v0.3.5 (/opt/rustwide/workdir)
[INFO] [stdout] warning: private item shadows public glob re-export
[INFO] [stdout]   --> src/types/mod.rs:45:16
[INFO] [stdout]    |
[INFO] [stdout] 45 | pub(crate) use super::constants;
[INFO] [stdout]    |                ^^^^^^^^^^^^^^^^
[INFO] [stdout]    |
[INFO] [stdout] note: the name `constants` in the type namespace is supposed to be publicly re-exported here
[INFO] [stdout]   --> src/types/mod.rs:26:9
[INFO] [stdout]    |
[INFO] [stdout] 26 | pub use load_command::*;
[INFO] [stdout]    |         ^^^^^^^^^^^^^^^
[INFO] [stdout] note: but the private item here shadows it
[INFO] [stdout]   --> src/types/mod.rs:45:16
[INFO] [stdout]    |
[INFO] [stdout] 45 | pub(crate) use super::constants;
[INFO] [stdout]    |                ^^^^^^^^^^^^^^^^
[INFO] [stdout]    = note: `#[warn(hidden_glob_reexports)]` on by default
[INFO] [stdout] 
[INFO] [stdout] 
[INFO] [stdout] warning: unused import: `std::env::Args`
[INFO] [stdout]  --> src/commands/handler.rs:3:9
[INFO] [stdout]   |
[INFO] [stdout] 3 | pub use std::env::Args;
[INFO] [stdout]   |         ^^^^^^^^^^^^^^
[INFO] [stdout]   |
[INFO] [stdout]   = note: `#[warn(unused_imports)]` (part of `#[warn(unused)]`) on by default
[INFO] [stdout] 
[INFO] [stdout] 
[INFO] [stdout] warning: call to `.clone()` on a reference in this situation does nothing
[INFO] [stdout]   --> src/commands/mod.rs:85:37
[INFO] [stdout]    |
[INFO] [stdout] 85 |     let path = match opts.parse(args.clone()) {
[INFO] [stdout]    |                                     ^^^^^^^^ help: remove this redundant call
[INFO] [stdout]    |
[INFO] [stdout]    = note: the type `[String]` does not implement `Clone`, so calling `clone` on `&[String]` copies the reference, which does not do anything and can be removed
[INFO] [stdout]    = note: `#[warn(noop_method_call)]` on by default
[INFO] [stdout] 
[INFO] [stdout] 
[INFO] [stdout] warning: call to `.clone()` on a reference in this situation does nothing
[INFO] [stdout]   --> src/commands/segs/config.rs:18:44
[INFO] [stdout]    |
[INFO] [stdout] 18 |         let matches = match opts.parse(args.clone()) {
[INFO] [stdout]    |                                            ^^^^^^^^ help: remove this redundant call
[INFO] [stdout]    |
[INFO] [stdout]    = note: the type `[String]` does not implement `Clone`, so calling `clone` on `&[String]` copies the reference, which does not do anything and can be removed
[INFO] [stdout] 
[INFO] [stdout] 
[INFO] [stdout] warning: call to `.clone()` on a reference in this situation does nothing
[INFO] [stdout]   --> src/commands/data/config.rs:17:44
[INFO] [stdout]    |
[INFO] [stdout] 17 |         let matches = match opts.parse(args.clone()) {
[INFO] [stdout]    |                                            ^^^^^^^^ help: remove this redundant call
[INFO] [stdout]    |
[INFO] [stdout]    = note: the type `[String]` does not implement `Clone`, so calling `clone` on `&[String]` copies the reference, which does not do anything and can be removed
[INFO] [stdout] 
[INFO] [stdout] 
[INFO] [stderr]     Finished `release` profile [optimized] target(s) in 16.33s
[INFO] running `Command { std: "docker" "inspect" "c32dc184afe2e304e0062a2d3ceb6b406616a14df7be9f68ee69cb8e8809ad4a", kill_on_drop: false }`
[INFO] running `Command { std: "docker" "exec" "-e" "SOURCE_DIR=/opt/rustwide/workdir" "-e" "CARGO_HOME=/opt/rustwide/cargo-home" "-e" "RUSTUP_HOME=/opt/rustwide/rustup-home" "-e" "CARGO_TARGET_DIR=/opt/rustwide/target" "-e" "CARGO_INCREMENTAL=0" "-e" "RUST_BACKTRACE=full" "-e" "RUSTFLAGS=--cap-lints=warn" "-e" "RUSTDOCFLAGS=--cap-lints=warn" "-w" "/opt/rustwide/workdir" "--user" "0:0" "c32dc184afe2e304e0062a2d3ceb6b406616a14df7be9f68ee69cb8e8809ad4a" "/opt/rustwide/cargo-home/bin/cargo" "+1.99.0-beta.8" "test" "--frozen" "--no-run" "--message-format=json" "--release", kill_on_drop: false }`
[INFO] [stderr]    Compiling schnauzer v0.3.5 (/opt/rustwide/workdir)
[INFO] [stdout] warning: private item shadows public glob re-export
[INFO] [stdout]   --> src/types/mod.rs:45:16
[INFO] [stdout]    |
[INFO] [stdout] 45 | pub(crate) use super::constants;
[INFO] [stdout]    |                ^^^^^^^^^^^^^^^^
[INFO] [stdout]    |
[INFO] [stdout] note: the name `constants` in the type namespace is supposed to be publicly re-exported here
[INFO] [stdout]   --> src/types/mod.rs:26:9
[INFO] [stdout]    |
[INFO] [stdout] 26 | pub use load_command::*;
[INFO] [stdout]    |         ^^^^^^^^^^^^^^^
[INFO] [stdout] note: but the private item here shadows it
[INFO] [stdout]   --> src/types/mod.rs:45:16
[INFO] [stdout]    |
[INFO] [stdout] 45 | pub(crate) use super::constants;
[INFO] [stdout]    |                ^^^^^^^^^^^^^^^^
[INFO] [stdout]    = note: `#[warn(hidden_glob_reexports)]` on by default
[INFO] [stdout] 
[INFO] [stdout] 
[INFO] [stdout] warning: unused import: `std::env::Args`
[INFO] [stdout]  --> src/commands/handler.rs:3:9
[INFO] [stdout]   |
[INFO] [stdout] 3 | pub use std::env::Args;
[INFO] [stdout]   |         ^^^^^^^^^^^^^^
[INFO] [stdout]   |
[INFO] [stdout]   = note: `#[warn(unused_imports)]` (part of `#[warn(unused)]`) on by default
[INFO] [stdout] 
[INFO] [stdout] 
[INFO] [stdout] warning: call to `.clone()` on a reference in this situation does nothing
[INFO] [stdout]   --> src/commands/mod.rs:85:37
[INFO] [stdout]    |
[INFO] [stdout] 85 |     let path = match opts.parse(args.clone()) {
[INFO] [stdout]    |                                     ^^^^^^^^ help: remove this redundant call
[INFO] [stdout]    |
[INFO] [stdout]    = note: the type `[String]` does not implement `Clone`, so calling `clone` on `&[String]` copies the reference, which does not do anything and can be removed
[INFO] [stdout]    = note: `#[warn(noop_method_call)]` on by default
[INFO] [stdout] 
[INFO] [stdout] 
[INFO] [stdout] warning: call to `.clone()` on a reference in this situation does nothing
[INFO] [stdout]   --> src/commands/segs/config.rs:18:44
[INFO] [stdout]    |
[INFO] [stdout] 18 |         let matches = match opts.parse(args.clone()) {
[INFO] [stdout]    |                                            ^^^^^^^^ help: remove this redundant call
[INFO] [stdout]    |
[INFO] [stdout]    = note: the type `[String]` does not implement `Clone`, so calling `clone` on `&[String]` copies the reference, which does not do anything and can be removed
[INFO] [stdout] 
[INFO] [stdout] 
[INFO] [stdout] warning: call to `.clone()` on a reference in this situation does nothing
[INFO] [stdout]   --> src/commands/data/config.rs:17:44
[INFO] [stdout]    |
[INFO] [stdout] 17 |         let matches = match opts.parse(args.clone()) {
[INFO] [stdout]    |                                            ^^^^^^^^ help: remove this redundant call
[INFO] [stdout]    |
[INFO] [stdout]    = note: the type `[String]` does not implement `Clone`, so calling `clone` on `&[String]` copies the reference, which does not do anything and can be removed
[INFO] [stdout] 
[INFO] [stdout] 
[INFO] [stdout] warning: private item shadows public glob re-export
[INFO] [stdout]   --> src/types/mod.rs:45:16
[INFO] [stdout]    |
[INFO] [stdout] 45 | pub(crate) use super::constants;
[INFO] [stdout]    |                ^^^^^^^^^^^^^^^^
[INFO] [stdout]    |
[INFO] [stdout] note: the name `constants` in the type namespace is supposed to be publicly re-exported here
[INFO] [stdout]   --> src/types/mod.rs:26:9
[INFO] [stdout]    |
[INFO] [stdout] 26 | pub use load_command::*;
[INFO] [stdout]    |         ^^^^^^^^^^^^^^^
[INFO] [stdout] note: but the private item here shadows it
[INFO] [stdout]   --> src/types/mod.rs:45:16
[INFO] [stdout]    |
[INFO] [stdout] 45 | pub(crate) use super::constants;
[INFO] [stdout]    |                ^^^^^^^^^^^^^^^^
[INFO] [stdout]    = note: `#[warn(hidden_glob_reexports)]` on by default
[INFO] [stdout] 
[INFO] [stdout] 
[INFO] [stdout] warning: unused import: `std::env::Args`
[INFO] [stdout]  --> src/commands/handler.rs:3:9
[INFO] [stdout]   |
[INFO] [stdout] 3 | pub use std::env::Args;
[INFO] [stdout]   |         ^^^^^^^^^^^^^^
[INFO] [stdout]   |
[INFO] [stdout]   = note: `#[warn(unused_imports)]` (part of `#[warn(unused)]`) on by default
[INFO] [stdout] 
[INFO] [stdout] 
[INFO] [stdout] warning: call to `.clone()` on a reference in this situation does nothing
[INFO] [stdout]   --> src/commands/mod.rs:85:37
[INFO] [stdout]    |
[INFO] [stdout] 85 |     let path = match opts.parse(args.clone()) {
[INFO] [stdout]    |                                     ^^^^^^^^ help: remove this redundant call
[INFO] [stdout]    |
[INFO] [stdout]    = note: the type `[String]` does not implement `Clone`, so calling `clone` on `&[String]` copies the reference, which does not do anything and can be removed
[INFO] [stdout]    = note: `#[warn(noop_method_call)]` on by default
[INFO] [stdout] 
[INFO] [stdout] 
[INFO] [stdout] warning: call to `.clone()` on a reference in this situation does nothing
[INFO] [stdout]   --> src/commands/segs/config.rs:18:44
[INFO] [stdout]    |
[INFO] [stdout] 18 |         let matches = match opts.parse(args.clone()) {
[INFO] [stdout]    |                                            ^^^^^^^^ help: remove this redundant call
[INFO] [stdout]    |
[INFO] [stdout]    = note: the type `[String]` does not implement `Clone`, so calling `clone` on `&[String]` copies the reference, which does not do anything and can be removed
[INFO] [stdout] 
[INFO] [stdout] 
[INFO] [stdout] warning: call to `.clone()` on a reference in this situation does nothing
[INFO] [stdout]   --> src/commands/data/config.rs:17:44
[INFO] [stdout]    |
[INFO] [stdout] 17 |         let matches = match opts.parse(args.clone()) {
[INFO] [stdout]    |                                            ^^^^^^^^ help: remove this redundant call
[INFO] [stdout]    |
[INFO] [stdout]    = note: the type `[String]` does not implement `Clone`, so calling `clone` on `&[String]` copies the reference, which does not do anything and can be removed
[INFO] [stdout] 
[INFO] [stdout] 
[INFO] [stderr]     Finished `release` profile [optimized] target(s) in 2.49s
[INFO] running `Command { std: "docker" "inspect" "c32dc184afe2e304e0062a2d3ceb6b406616a14df7be9f68ee69cb8e8809ad4a", kill_on_drop: false }`
[INFO] running `Command { std: "docker" "exec" "-e" "SOURCE_DIR=/opt/rustwide/workdir" "-e" "CARGO_HOME=/opt/rustwide/cargo-home" "-e" "RUSTUP_HOME=/opt/rustwide/rustup-home" "-e" "CARGO_TARGET_DIR=/opt/rustwide/target" "-e" "CARGO_INCREMENTAL=0" "-e" "RUST_BACKTRACE=full" "-e" "RUSTFLAGS=--cap-lints=warn" "-e" "RUSTDOCFLAGS=--cap-lints=warn" "-w" "/opt/rustwide/workdir" "--user" "0:0" "c32dc184afe2e304e0062a2d3ceb6b406616a14df7be9f68ee69cb8e8809ad4a" "/opt/rustwide/cargo-home/bin/cargo" "+1.99.0-beta.8" "test" "--frozen" "--release", kill_on_drop: false }`
[INFO] [stderr] warning: private item shadows public glob re-export
[INFO] [stderr]   --> src/types/mod.rs:45:16
[INFO] [stderr]    |
[INFO] [stderr] 45 | pub(crate) use super::constants;
[INFO] [stderr]    |                ^^^^^^^^^^^^^^^^
[INFO] [stderr]    |
[INFO] [stderr] note: the name `constants` in the type namespace is supposed to be publicly re-exported here
[INFO] [stderr]   --> src/types/mod.rs:26:9
[INFO] [stderr]    |
[INFO] [stderr] 26 | pub use load_command::*;
[INFO] [stderr]    |         ^^^^^^^^^^^^^^^
[INFO] [stderr] note: but the private item here shadows it
[INFO] [stderr]   --> src/types/mod.rs:45:16
[INFO] [stderr]    |
[INFO] [stderr] 45 | pub(crate) use super::constants;
[INFO] [stderr]    |                ^^^^^^^^^^^^^^^^
[INFO] [stderr]    = note: `#[warn(hidden_glob_reexports)]` on by default
[INFO] [stderr] 
[INFO] [stderr] warning: unused import: `std::env::Args`
[INFO] [stderr]  --> src/commands/handler.rs:3:9
[INFO] [stderr]   |
[INFO] [stderr] 3 | pub use std::env::Args;
[INFO] [stderr]   |         ^^^^^^^^^^^^^^
[INFO] [stderr]   |
[INFO] [stderr]   = note: `#[warn(unused_imports)]` (part of `#[warn(unused)]`) on by default
[INFO] [stderr] 
[INFO] [stderr] warning: call to `.clone()` on a reference in this situation does nothing
[INFO] [stderr]   --> src/commands/mod.rs:85:37
[INFO] [stderr]    |
[INFO] [stderr] 85 |     let path = match opts.parse(args.clone()) {
[INFO] [stderr]    |                                     ^^^^^^^^ help: remove this redundant call
[INFO] [stderr]    |
[INFO] [stderr]    = note: the type `[String]` does not implement `Clone`, so calling `clone` on `&[String]` copies the reference, which does not do anything and can be removed
[INFO] [stderr]    = note: `#[warn(noop_method_call)]` on by default
[INFO] [stderr] 
[INFO] [stderr] warning: call to `.clone()` on a reference in this situation does nothing
[INFO] [stderr]   --> src/commands/segs/config.rs:18:44
[INFO] [stderr]    |
[INFO] [stderr] 18 |         let matches = match opts.parse(args.clone()) {
[INFO] [stderr]    |                                            ^^^^^^^^ help: remove this redundant call
[INFO] [stderr]    |
[INFO] [stderr]    = note: the type `[String]` does not implement `Clone`, so calling `clone` on `&[String]` copies the reference, which does not do anything and can be removed
[INFO] [stderr] 
[INFO] [stderr] warning: call to `.clone()` on a reference in this situation does nothing
[INFO] [stderr]   --> src/commands/data/config.rs:17:44
[INFO] [stderr]    |
[INFO] [stderr] 17 |         let matches = match opts.parse(args.clone()) {
[INFO] [stderr]    |                                            ^^^^^^^^ help: remove this redundant call
[INFO] [stderr]    |
[INFO] [stderr]    = note: the type `[String]` does not implement `Clone`, so calling `clone` on `&[String]` copies the reference, which does not do anything and can be removed
[INFO] [stderr] 
[INFO] [stderr] warning: `schnauzer` (lib) generated 5 warnings (run `cargo fix --lib -p schnauzer` to apply 4 suggestions)
[INFO] [stderr] warning: `schnauzer` (lib test) generated 5 warnings (5 duplicates)
[INFO] [stderr]     Finished `release` profile [optimized] target(s) in 0.05s
[INFO] [stderr]      Running unittests src/lib.rs (/opt/rustwide/target/release/deps/schnauzer-6f046f6b556e7811)
[INFO] [stdout] 
[INFO] [stdout] running 7 tests
[INFO] [stdout] test types::primitives::test::u64_ctx_u64_io_test ... ok
[INFO] [stdout] test types::test::test_magic_consistence ... ok
[INFO] [stdout] test types::primitives::test::u64_ctx_u32opt_test ... ok
[INFO] [stdout] test tests::test_arch_with_header_consistency ... FAILED
[INFO] [stdout] test tests::test_can_output ... FAILED
[INFO] [stdout] test tests::test_basic_parsing_stability ... FAILED
[INFO] [stdout] test tests::test_binary ... FAILED
[INFO] [stdout] 
[INFO] [stdout] failures:
[INFO] [stdout] 
[INFO] [stdout] ---- tests::test_arch_with_header_consistency stdout ----
[INFO] [stdout] 
[INFO] [stdout] thread 'tests::test_arch_with_header_consistency' (457) panicked at src/lib.rs:116:42:
[INFO] [stdout] called `Result::unwrap()` on an `Err` value: Other(Os { code: 2, kind: NotFound, message: "No such file or directory" })
[INFO] [stdout] stack backtrace:
[INFO] [stdout]    0:     0x55f0e503c1a1 - <<std[70759c8f55707aa4]::sys::backtrace::BacktraceLock>::print::DisplayBacktrace as core[df12db4294e9bfd3]::fmt::Display>::fmt
[INFO] [stdout]    1:     0x55f0e50508ba - core[df12db4294e9bfd3]::fmt::write
[INFO] [stdout]    2:     0x55f0e50406bc - <alloc[2182bb758b4b3781]::vec::Vec<u8> as core[df12db4294e9bfd3]::io::write::Write>::write_fmt
[INFO] [stdout]    3:     0x55f0e5018796 - std[70759c8f55707aa4]::panicking::default_hook::{closure#0}
[INFO] [stdout]    4:     0x55f0e5034909 - std[70759c8f55707aa4]::panicking::default_hook
[INFO] [stdout]    5:     0x55f0e4fd0d60 - test[9d35eded1c95d3be]::test_main_inner::<test[9d35eded1c95d3be]::test_main_static::{closure#0}>::{closure#0}
[INFO] [stdout]    6:     0x55f0e5034ac2 - std[70759c8f55707aa4]::panicking::panic_with_hook
[INFO] [stdout]    7:     0x55f0e5018842 - std[70759c8f55707aa4]::panicking::panic_handler::{closure#0}
[INFO] [stdout]    8:     0x55f0e50115c9 - std[70759c8f55707aa4]::sys::backtrace::__rust_end_short_backtrace::<std[70759c8f55707aa4]::panicking::panic_handler::{closure#0}, !>
[INFO] [stdout]    9:     0x55f0e501943d - __rustc[8fa7c3cbc660c2b3]::rust_begin_unwind
[INFO] [stdout]   10:     0x55f0e5050fec - core[df12db4294e9bfd3]::panicking::panic_fmt
[INFO] [stdout]   11:     0x55f0e5050dc2 - core[df12db4294e9bfd3]::result::unwrap_failed
[INFO] [stdout]   12:     0x55f0e4fc3e67 - <schnauzer[d7c3b0776c6f3fb]::tests::test_arch_with_header_consistency::{closure#0} as core[df12db4294e9bfd3]::ops::function::FnOnce<()>>::call_once
[INFO] [stdout]   13:     0x55f0e4fc404b - test[9d35eded1c95d3be]::__rust_begin_short_backtrace::<core[df12db4294e9bfd3]::result::Result<(), alloc[2182bb758b4b3781]::string::String>, fn() -> core[df12db4294e9bfd3]::result::Result<(), alloc[2182bb758b4b3781]::string::String>>
[INFO] [stdout]   14:     0x55f0e4fd16b5 - test[9d35eded1c95d3be]::run_test::{closure#0}
[INFO] [stdout]   15:     0x55f0e4fcaf74 - std[70759c8f55707aa4]::sys::backtrace::__rust_begin_short_backtrace::<test[9d35eded1c95d3be]::run_test::{closure#1}, ()>
[INFO] [stdout]   16:     0x55f0e4fd4812 - <std[70759c8f55707aa4]::thread::lifecycle::spawn_unchecked<test[9d35eded1c95d3be]::run_test::{closure#1}, ()>::{closure#1} as core[df12db4294e9bfd3]::ops::function::FnOnce<()>>::call_once::{shim:vtable#0}
[INFO] [stdout]   17:     0x55f0e503ba79 - <std[70759c8f55707aa4]::sys::thread::unix::Thread>::new::thread_start
[INFO] [stdout]   18:     0x75970922adfa - <unknown>
[INFO] [stdout]   19:     0x7597092be3d4 - clone
[INFO] [stdout]   20:                0x0 - <unknown>
[INFO] [stdout] 
[INFO] [stdout] ---- tests::test_can_output stdout ----
[INFO] [stdout] 
[INFO] [stdout] thread 'tests::test_can_output' (460) panicked at src/lib.rs:61:42:
[INFO] [stdout] called `Result::unwrap()` on an `Err` value: Other(Os { code: 2, kind: NotFound, message: "No such file or directory" })
[INFO] [stdout] stack backtrace:
[INFO] [stdout]    0:     0x55f0e503c1a1 - <<std[70759c8f55707aa4]::sys::backtrace::BacktraceLock>::print::DisplayBacktrace as core[df12db4294e9bfd3]::fmt::Display>::fmt
[INFO] [stdout]    1:     0x55f0e50508ba - core[df12db4294e9bfd3]::fmt::write
[INFO] [stdout]    2:     0x55f0e50406bc - <alloc[2182bb758b4b3781]::vec::Vec<u8> as core[df12db4294e9bfd3]::io::write::Write>::write_fmt
[INFO] [stdout]    3:     0x55f0e5018796 - std[70759c8f55707aa4]::panicking::default_hook::{closure#0}
[INFO] [stdout]    4:     0x55f0e5034909 - std[70759c8f55707aa4]::panicking::default_hook
[INFO] [stdout]    5:     0x55f0e4fd0d60 - test[9d35eded1c95d3be]::test_main_inner::<test[9d35eded1c95d3be]::test_main_static::{closure#0}>::{closure#0}
[INFO] [stdout]    6:     0x55f0e5034ac2 - std[70759c8f55707aa4]::panicking::panic_with_hook
[INFO] [stdout]    7:     0x55f0e5018842 - std[70759c8f55707aa4]::panicking::panic_handler::{closure#0}
[INFO] [stdout]    8:     0x55f0e50115c9 - std[70759c8f55707aa4]::sys::backtrace::__rust_end_short_backtrace::<std[70759c8f55707aa4]::panicking::panic_handler::{closure#0}, !>
[INFO] [stdout]    9:     0x55f0e501943d - __rustc[8fa7c3cbc660c2b3]::rust_begin_unwind
[INFO] [stdout]   10:     0x55f0e5050fec - core[df12db4294e9bfd3]::panicking::panic_fmt
[INFO] [stdout]   11:     0x55f0e5050dc2 - core[df12db4294e9bfd3]::result::unwrap_failed
[INFO] [stdout]   12:     0x55f0e4fc3709 - <schnauzer[d7c3b0776c6f3fb]::tests::test_can_output::{closure#0} as core[df12db4294e9bfd3]::ops::function::FnOnce<()>>::call_once
[INFO] [stdout]   13:     0x55f0e4fc404b - test[9d35eded1c95d3be]::__rust_begin_short_backtrace::<core[df12db4294e9bfd3]::result::Result<(), alloc[2182bb758b4b3781]::string::String>, fn() -> core[df12db4294e9bfd3]::result::Result<(), alloc[2182bb758b4b3781]::string::String>>
[INFO] [stdout]   14:     0x55f0e4fd16b5 - test[9d35eded1c95d3be]::run_test::{closure#0}
[INFO] [stdout]   15:     0x55f0e4fcaf74 - std[70759c8f55707aa4]::sys::backtrace::__rust_begin_short_backtrace::<test[9d35eded1c95d3be]::run_test::{closure#1}, ()>
[INFO] [stdout]   16:     0x55f0e4fd4812 - <std[70759c8f55707aa4]::thread::lifecycle::spawn_unchecked<test[9d35eded1c95d3be]::run_test::{closure#1}, ()>::{closure#1} as core[df12db4294e9bfd3]::ops::function::FnOnce<()>>::call_once::{shim:vtable#0}
[INFO] [stdout]   17:     0x55f0e503ba79 - <std[70759c8f55707aa4]::sys::thread::unix::Thread>::new::thread_start
[INFO] [stdout]   18:     0x75970922adfa - <unknown>
[INFO] [stdout]   19:     0x7597092be3d4 - clone
[INFO] [stdout]   20:                0x0 - <unknown>
[INFO] [stdout] 
[INFO] [stdout] ---- tests::test_basic_parsing_stability stdout ----
[INFO] [stdout] 
[INFO] [stdout] thread 'tests::test_basic_parsing_stability' (458) panicked at src/lib.rs:69:42:
[INFO] [stdout] called `Result::unwrap()` on an `Err` value: Other(Os { code: 2, kind: NotFound, message: "No such file or directory" })
[INFO] [stdout] stack backtrace:
[INFO] [stdout]    0:     0x55f0e503c1a1 - <<std[70759c8f55707aa4]::sys::backtrace::BacktraceLock>::print::DisplayBacktrace as core[df12db4294e9bfd3]::fmt::Display>::fmt
[INFO] [stdout]    1:     0x55f0e50508ba - core[df12db4294e9bfd3]::fmt::write
[INFO] [stdout]    2:     0x55f0e50406bc - <alloc[2182bb758b4b3781]::vec::Vec<u8> as core[df12db4294e9bfd3]::io::write::Write>::write_fmt
[INFO] [stdout]    3:     0x55f0e5018796 - std[70759c8f55707aa4]::panicking::default_hook::{closure#0}
[INFO] [stdout]    4:     0x55f0e5034909 - std[70759c8f55707aa4]::panicking::default_hook
[INFO] [stdout]    5:     0x55f0e4fd0d60 - test[9d35eded1c95d3be]::test_main_inner::<test[9d35eded1c95d3be]::test_main_static::{closure#0}>::{closure#0}
[INFO] [stdout]    6:     0x55f0e5034ac2 - std[70759c8f55707aa4]::panicking::panic_with_hook
[INFO] [stdout]    7:     0x55f0e5018842 - std[70759c8f55707aa4]::panicking::panic_handler::{closure#0}
[INFO] [stdout]    8:     0x55f0e50115c9 - std[70759c8f55707aa4]::sys::backtrace::__rust_end_short_backtrace::<std[70759c8f55707aa4]::panicking::panic_handler::{closure#0}, !>
[INFO] [stdout]    9:     0x55f0e501943d - __rustc[8fa7c3cbc660c2b3]::rust_begin_unwind
[INFO] [stdout]   10:     0x55f0e5050fec - core[df12db4294e9bfd3]::panicking::panic_fmt
[INFO] [stdout]   11:     0x55f0e5050dc2 - core[df12db4294e9bfd3]::result::unwrap_failed
[INFO] [stdout]   12:     0x55f0e4fc397f - <schnauzer[d7c3b0776c6f3fb]::tests::test_basic_parsing_stability::{closure#0} as core[df12db4294e9bfd3]::ops::function::FnOnce<()>>::call_once
[INFO] [stdout]   13:     0x55f0e4fc404b - test[9d35eded1c95d3be]::__rust_begin_short_backtrace::<core[df12db4294e9bfd3]::result::Result<(), alloc[2182bb758b4b3781]::string::String>, fn() -> core[df12db4294e9bfd3]::result::Result<(), alloc[2182bb758b4b3781]::string::String>>
[INFO] [stdout]   14:     0x55f0e4fd16b5 - test[9d35eded1c95d3be]::run_test::{closure#0}
[INFO] [stdout]   15:     0x55f0e4fcaf74 - std[70759c8f55707aa4]::sys::backtrace::__rust_begin_short_backtrace::<test[9d35eded1c95d3be]::run_test::{closure#1}, ()>
[INFO] [stdout]   16:     0x55f0e4fd4812 - <std[70759c8f55707aa4]::thread::lifecycle::spawn_unchecked<test[9d35eded1c95d3be]::run_test::{closure#1}, ()>::{closure#1} as core[df12db4294e9bfd3]::ops::function::FnOnce<()>>::call_once::{shim:vtable#0}
[INFO] [stdout]   17:     0x55f0e503ba79 - <std[70759c8f55707aa4]::sys::thread::unix::Thread>::new::thread_start
[INFO] [stdout]   18:     0x75970922adfa - <unknown>
[INFO] [stdout]   19:     0x7597092be3d4 - clone
[INFO] [stdout]   20:                0x0 - <unknown>
[INFO] [stdout] 
[INFO] [stdout] ---- tests::test_binary stdout ----
[INFO] [stdout] 
[INFO] [stdout] thread 'tests::test_binary' (459) panicked at src/lib.rs:81:42:
[INFO] [stdout] called `Result::unwrap()` on an `Err` value: Other(Os { code: 2, kind: NotFound, message: "No such file or directory" })
[INFO] [stdout] stack backtrace:
[INFO] [stdout]    0:     0x55f0e503c1a1 - <<std[70759c8f55707aa4]::sys::backtrace::BacktraceLock>::print::DisplayBacktrace as core[df12db4294e9bfd3]::fmt::Display>::fmt
[INFO] [stdout]    1:     0x55f0e50508ba - core[df12db4294e9bfd3]::fmt::write
[INFO] [stdout]    2:     0x55f0e50406bc - <alloc[2182bb758b4b3781]::vec::Vec<u8> as core[df12db4294e9bfd3]::io::write::Write>::write_fmt
[INFO] [stdout]    3:     0x55f0e5018796 - std[70759c8f55707aa4]::panicking::default_hook::{closure#0}
[INFO] [stdout]    4:     0x55f0e5034909 - std[70759c8f55707aa4]::panicking::default_hook
[INFO] [stdout]    5:     0x55f0e4fd0d60 - test[9d35eded1c95d3be]::test_main_inner::<test[9d35eded1c95d3be]::test_main_static::{closure#0}>::{closure#0}
[INFO] [stdout]    6:     0x55f0e5034ac2 - std[70759c8f55707aa4]::panicking::panic_with_hook
[INFO] [stdout]    7:     0x55f0e5018842 - std[70759c8f55707aa4]::panicking::panic_handler::{closure#0}
[INFO] [stdout]    8:     0x55f0e50115c9 - std[70759c8f55707aa4]::sys::backtrace::__rust_end_short_backtrace::<std[70759c8f55707aa4]::panicking::panic_handler::{closure#0}, !>
[INFO] [stdout]    9:     0x55f0e501943d - __rustc[8fa7c3cbc660c2b3]::rust_begin_unwind
[INFO] [stdout]   10:     0x55f0e5050fec - core[df12db4294e9bfd3]::panicking::panic_fmt
[INFO] [stdout]   11:     0x55f0e5050dc2 - core[df12db4294e9bfd3]::result::unwrap_failed
[INFO] [stdout]   12:     0x55f0e4fc353d - <schnauzer[d7c3b0776c6f3fb]::tests::test_binary::{closure#0} as core[df12db4294e9bfd3]::ops::function::FnOnce<()>>::call_once
[INFO] [stdout]   13:     0x55f0e4fc404b - test[9d35eded1c95d3be]::__rust_begin_short_backtrace::<core[df12db4294e9bfd3]::result::Result<(), alloc[2182bb758b4b3781]::string::String>, fn() -> core[df12db4294e9bfd3]::result::Result<(), alloc[2182bb758b4b3781]::string::String>>
[INFO] [stdout]   14:     0x55f0e4fd16b5 - test[9d35eded1c95d3be]::run_test::{closure#0}
[INFO] [stdout]   15:     0x55f0e4fcaf74 - std[70759c8f55707aa4]::sys::backtrace::__rust_begin_short_backtrace::<test[9d35eded1c95d3be]::run_test::{closure#1}, ()>
[INFO] [stdout]   16:     0x55f0e4fd4812 - <std[70759c8f55707aa4]::thread::lifecycle::spawn_unchecked<test[9d35eded1c95d3be]::run_test::{closure#1}, ()>::{closure#1} as core[df12db4294e9bfd3]::ops::function::FnOnce<()>>::call_once::{shim:vtable#0}
[INFO] [stdout]   17:     0x55f0e503ba79 - <std[70759c8f55707aa4]::sys::thread::unix::Thread>::new::thread_start
[INFO] [stdout]   18:     0x75970922adfa - <unknown>
[INFO] [stdout]   19:     0x7597092be3d4 - clone
[INFO] [stdout]   20:                0x0 - <unknown>
[INFO] [stdout] 
[INFO] [stdout] 
[INFO] [stdout] failures:
[INFO] [stdout]     tests::test_arch_with_header_consistency
[INFO] [stdout]     tests::test_basic_parsing_stability
[INFO] [stdout]     tests::test_binary
[INFO] [stdout]     tests::test_can_output
[INFO] [stdout] 
[INFO] [stdout] test result: FAILED. 3 passed; 4 failed; 0 ignored; 0 measured; 0 filtered out; finished in 0.00s
[INFO] [stdout] 
[INFO] [stderr] error: test failed, to rerun pass `--lib`
[INFO] running `Command { std: "docker" "inspect" "c32dc184afe2e304e0062a2d3ceb6b406616a14df7be9f68ee69cb8e8809ad4a", kill_on_drop: false }`
[INFO] running `Command { std: "docker" "rm" "-f" "c32dc184afe2e304e0062a2d3ceb6b406616a14df7be9f68ee69cb8e8809ad4a", kill_on_drop: false }`
[INFO] [stdout] c32dc184afe2e304e0062a2d3ceb6b406616a14df7be9f68ee69cb8e8809ad4a
