[INFO] fetching crate scheval 0.1.2...
[INFO] testing scheval-0.1.2 against 1.99.0-beta.8+cargoflags=--release for beta-release-1.100-2
[INFO] extracting crate scheval 0.1.2 into /workspace/builds/worker-4-tc1/source
[INFO] started tweaking crates.io crate scheval 0.1.2
[INFO] finished tweaking crates.io crate scheval 0.1.2
[INFO] tweaked toml for crates.io crate scheval 0.1.2 written to /workspace/builds/worker-4-tc1/source/Cargo.toml
[INFO] validating manifest of crates.io crate scheval 0.1.2 on toolchain 1.99.0-beta.8
[INFO] running `Command { std: CARGO_HOME="/workspace/cargo-home" RUSTUP_HOME="/workspace/rustup-home" "/workspace/cargo-home/bin/cargo" "+1.99.0-beta.8" "metadata" "--manifest-path" "Cargo.toml" "--no-deps", kill_on_drop: false }`
[INFO] crate crates.io crate scheval 0.1.2 already has a lockfile, it will not be regenerated
[INFO] running `Command { std: CARGO_HOME="/workspace/cargo-home" RUSTUP_HOME="/workspace/rustup-home" "/workspace/cargo-home/bin/cargo" "+1.99.0-beta.8" "fetch" "--manifest-path" "Cargo.toml", kill_on_drop: false }`
[INFO] [stderr]  Downloading crates ...
[INFO] [stderr]   Downloaded windows-registry v0.2.0
[INFO] [stderr]   Downloaded borrow-or-share v0.2.2
[INFO] [stderr]   Downloaded globwalk v0.9.1
[INFO] [stderr]   Downloaded bytecount v0.6.8
[INFO] [stderr]   Downloaded syn v2.0.94
[INFO] [stderr]   Downloaded anstyle-wincon v3.0.6
[INFO] [stderr]   Downloaded clap_derive v4.5.18
[INFO] [stderr]   Downloaded clap v4.5.23
[INFO] [stderr]   Downloaded clap_builder v4.5.23
[INFO] [stderr]   Downloaded reqwest v0.12.12
[INFO] running `Command { std: "docker" "create" "-v" "/var/lib/crater-agent-workspace/builds/worker-4-tc1/source:/opt/rustwide/workdir:ro,Z" "-v" "/var/lib/crater-agent-workspace/builds/worker-4-tc1/target:/opt/rustwide/target:rw,Z" "-v" "/var/lib/crater-agent-workspace/cargo-home:/opt/rustwide/cargo-home:ro,Z" "-v" "/var/lib/crater-agent-workspace/rustup-home:/opt/rustwide/rustup-home:ro,Z" "-m" "1610612736" "--network" "none" "ghcr.io/rust-lang/crates-build-env/linux@sha256:77db811e55d90add9212f6832c23229e3de5f1c1f9905e8cb07319ea15df73ac" "sleep" "infinity", kill_on_drop: false }`
[INFO] [stdout] b5f591752687f1ae62bfd069e92c64df85c0e1cf5fb6a70e7718e5acbf113e9b
[INFO] running `Command { std: "docker" "start" "b5f591752687f1ae62bfd069e92c64df85c0e1cf5fb6a70e7718e5acbf113e9b", kill_on_drop: false }`
[INFO] running `Command { std: "docker" "inspect" "b5f591752687f1ae62bfd069e92c64df85c0e1cf5fb6a70e7718e5acbf113e9b", kill_on_drop: false }`
[INFO] running `Command { std: "docker" "exec" "-e" "SOURCE_DIR=/opt/rustwide/workdir" "-e" "CARGO_HOME=/opt/rustwide/cargo-home" "-e" "RUSTUP_HOME=/opt/rustwide/rustup-home" "-e" "CARGO_TARGET_DIR=/opt/rustwide/target" "-w" "/opt/rustwide/workdir" "--user" "0:0" "b5f591752687f1ae62bfd069e92c64df85c0e1cf5fb6a70e7718e5acbf113e9b" "/opt/rustwide/cargo-home/bin/cargo" "+1.99.0-beta.8" "metadata" "--no-deps" "--format-version=1", kill_on_drop: false }`
[INFO] running `Command { std: "docker" "inspect" "b5f591752687f1ae62bfd069e92c64df85c0e1cf5fb6a70e7718e5acbf113e9b", kill_on_drop: false }`
[INFO] running `Command { std: "docker" "exec" "-e" "SOURCE_DIR=/opt/rustwide/workdir" "-e" "CARGO_HOME=/opt/rustwide/cargo-home" "-e" "RUSTUP_HOME=/opt/rustwide/rustup-home" "-e" "CARGO_TARGET_DIR=/opt/rustwide/target" "-e" "CARGO_INCREMENTAL=0" "-e" "RUST_BACKTRACE=full" "-e" "RUSTFLAGS=--cap-lints=warn" "-e" "RUSTDOCFLAGS=--cap-lints=warn" "-w" "/opt/rustwide/workdir" "--user" "0:0" "b5f591752687f1ae62bfd069e92c64df85c0e1cf5fb6a70e7718e5acbf113e9b" "/opt/rustwide/cargo-home/bin/cargo" "+1.99.0-beta.8" "build" "--frozen" "--message-format=json" "--release", kill_on_drop: false }`
[INFO] [stderr]    Compiling proc-macro2 v1.0.92
[INFO] [stderr]    Compiling unicode-ident v1.0.14
[INFO] [stderr]    Compiling autocfg v1.4.0
[INFO] [stderr]    Compiling memchr v2.7.4
[INFO] [stderr]    Compiling stable_deref_trait v1.2.0
[INFO] [stderr]    Compiling libc v0.2.169
[INFO] [stderr]    Compiling itoa v1.0.14
[INFO] [stderr]    Compiling serde v1.0.217
[INFO] [stderr]    Compiling litemap v0.7.4
[INFO] [stderr]    Compiling writeable v0.5.5
[INFO] [stderr]    Compiling pin-project-lite v0.2.15
[INFO] [stderr]    Compiling futures-core v0.3.31
[INFO] [stderr]    Compiling icu_locid_transform_data v1.5.0
[INFO] [stderr]    Compiling smallvec v1.13.2
[INFO] [stderr]    Compiling futures-sink v0.3.31
[INFO] [stderr]    Compiling futures-io v0.3.31
[INFO] [stderr]    Compiling bytes v1.9.0
[INFO] [stderr]    Compiling num-traits v0.2.19
[INFO] [stderr]    Compiling slab v0.4.9
[INFO] [stderr]    Compiling once_cell v1.20.2
[INFO] [stderr]    Compiling futures-task v0.3.31
[INFO] [stderr]    Compiling pin-utils v0.1.0
[INFO] [stderr]    Compiling fnv v1.0.7
[INFO] [stderr]    Compiling icu_properties_data v1.5.0
[INFO] [stderr]    Compiling icu_normalizer_data v1.5.0
[INFO] [stderr]    Compiling aho-corasick v1.1.3
[INFO] [stderr]    Compiling crossbeam-utils v0.8.21
[INFO] [stderr]    Compiling futures-util v0.3.31
[INFO] [stderr]    Compiling quote v1.0.38
[INFO] [stderr]    Compiling socket2 v0.5.8
[INFO] [stderr]    Compiling http v1.2.0
[INFO] [stderr]    Compiling syn v2.0.94
[INFO] [stderr]    Compiling mio v1.0.3
[INFO] [stderr]    Compiling serde_json v1.0.134
[INFO] [stderr]    Compiling ryu v1.0.18
[INFO] [stderr]    Compiling write16 v1.0.0
[INFO] [stderr]    Compiling utf8_iter v1.0.4
[INFO] [stderr]    Compiling utf16_iter v1.0.5
[INFO] [stderr]    Compiling httparse v1.9.5
[INFO] [stderr]    Compiling percent-encoding v2.3.1
[INFO] [stderr]    Compiling num-integer v0.1.46
[INFO] [stderr]    Compiling regex-syntax v0.8.5
[INFO] [stderr]    Compiling tokio v1.42.0
[INFO] [stderr]    Compiling try-lock v0.2.5
[INFO] [stderr]    Compiling ref-cast v1.0.23
[INFO] [stderr]    Compiling log v0.4.22
[INFO] [stderr]    Compiling http-body v1.0.1
[INFO] [stderr]    Compiling version_check v0.9.5
[INFO] [stderr]    Compiling num-bigint v0.4.6
[INFO] [stderr]    Compiling ahash v0.8.11
[INFO] [stderr]    Compiling want v0.3.1
[INFO] [stderr]    Compiling form_urlencoded v1.2.1
[INFO] [stderr]    Compiling tracing-core v0.1.33
[INFO] [stderr]    Compiling futures-channel v0.3.31
[INFO] [stderr]    Compiling utf8parse v0.2.2
[INFO] [stderr]    Compiling cfg-if v1.0.0
[INFO] [stderr]    Compiling tower-service v0.3.3
[INFO] [stderr]    Compiling tracing v0.1.41
[INFO] [stderr]    Compiling getrandom v0.2.15
[INFO] [stderr]    Compiling anstyle-parse v0.2.6
[INFO] [stderr]    Compiling crossbeam-epoch v0.9.18
[INFO] [stderr]    Compiling num-iter v0.1.45
[INFO] [stderr]    Compiling regex-automata v0.4.9
[INFO] [stderr]    Compiling num-rational v0.4.2
[INFO] [stderr]    Compiling num-complex v0.4.6
[INFO] [stderr]    Compiling bstr v1.11.3
[INFO] [stderr]    Compiling sync_wrapper v1.0.2
[INFO] [stderr]    Compiling hyper v1.5.2
[INFO] [stderr]    Compiling anstyle v1.0.10
[INFO] [stderr]    Compiling bit-vec v0.8.0
[INFO] [stderr]    Compiling synstructure v0.13.1
[INFO] [stderr]    Compiling tower-layer v0.3.3
[INFO] [stderr]    Compiling same-file v1.0.6
[INFO] [stderr]    Compiling is_terminal_polyfill v1.70.1
[INFO] [stderr]    Compiling zerocopy v0.7.35
[INFO] [stderr]    Compiling anstyle-query v1.1.2
[INFO] [stderr]    Compiling colorchoice v1.0.3
[INFO] [stderr]    Compiling borrow-or-share v0.2.2
[INFO] [stderr]    Compiling anstream v0.6.18
[INFO] [stderr]    Compiling tower v0.5.2
[INFO] [stderr]    Compiling walkdir v2.5.0
[INFO] [stderr]    Compiling hyper-util v0.1.10
[INFO] [stderr]    Compiling bit-set v0.8.0
[INFO] [stderr]    Compiling num v0.4.3
[INFO] [stderr]    Compiling http-body-util v0.1.2
[INFO] [stderr]    Compiling crossbeam-deque v0.8.6
[INFO] [stderr]    Compiling heck v0.5.0
[INFO] [stderr]    Compiling base64 v0.22.1
[INFO] [stderr]    Compiling vsimd v0.8.0
[INFO] [stderr]    Compiling outref v0.5.1
[INFO] [stderr]    Compiling mime v0.3.17
[INFO] [stderr]    Compiling zerofrom-derive v0.1.5
[INFO] [stderr]    Compiling yoke-derive v0.7.5
[INFO] [stderr]    Compiling zerovec-derive v0.10.3
[INFO] [stderr]    Compiling displaydoc v0.2.5
[INFO] [stderr]    Compiling serde_derive v1.0.217
[INFO] [stderr]    Compiling icu_provider_macros v1.5.0
[INFO] [stderr]    Compiling ref-cast-impl v1.0.23
[INFO] [stderr]    Compiling uuid v1.11.0
[INFO] [stderr]    Compiling strsim v0.11.1
[INFO] [stderr]    Compiling clap_lex v0.7.4
[INFO] [stderr]    Compiling lazy_static v1.5.0
[INFO] [stderr]    Compiling ipnet v2.10.1
[INFO] [stderr]    Compiling fraction v0.15.3
[INFO] [stderr]    Compiling uuid-simd v0.8.0
[INFO] [stderr]    Compiling clap_builder v4.5.23
[INFO] [stderr]    Compiling clap_derive v4.5.18
[INFO] [stderr]    Compiling zerofrom v0.1.5
[INFO] [stderr]    Compiling yoke v0.7.5
[INFO] [stderr]    Compiling bitflags v2.6.0
[INFO] [stderr]    Compiling zerovec v0.10.4
[INFO] [stderr]    Compiling num-cmp v0.1.0
[INFO] [stderr]    Compiling globset v0.4.15
[INFO] [stderr]    Compiling fancy-regex v0.14.0
[INFO] [stderr]    Compiling bytecount v0.6.8
[INFO] [stderr]    Compiling ignore v0.4.23
[INFO] [stderr]    Compiling tinystr v0.7.6
[INFO] [stderr]    Compiling icu_locid v1.5.0
[INFO] [stderr]    Compiling icu_collections v1.5.0
[INFO] [stderr]    Compiling globwalk v0.9.1
[INFO] [stderr]    Compiling icu_provider v1.5.0
[INFO] [stderr]    Compiling clap v4.5.23
[INFO] [stderr]    Compiling icu_locid_transform v1.5.0
[INFO] [stderr]    Compiling icu_properties v1.5.1
[INFO] [stderr]    Compiling fluent-uri v0.3.2
[INFO] [stderr]    Compiling serde_urlencoded v0.7.1
[INFO] [stderr]    Compiling icu_normalizer v1.5.0
[INFO] [stderr]    Compiling email_address v0.2.9
[INFO] [stderr]    Compiling idna_adapter v1.2.0
[INFO] [stderr]    Compiling idna v1.0.3
[INFO] [stderr]    Compiling referencing v0.26.2
[INFO] [stderr]    Compiling jsonc-parser v0.26.2
[INFO] [stderr]    Compiling url v2.5.4
[INFO] [stderr]    Compiling reqwest v0.12.12
[INFO] [stderr]    Compiling jsonschema v0.26.2
[INFO] [stderr]    Compiling scheval v0.1.2 (/opt/rustwide/workdir)
[INFO] [stderr]     Finished `release` profile [optimized] target(s) in 2m 59s
[INFO] running `Command { std: "docker" "inspect" "b5f591752687f1ae62bfd069e92c64df85c0e1cf5fb6a70e7718e5acbf113e9b", kill_on_drop: false }`
[INFO] running `Command { std: "docker" "exec" "-e" "SOURCE_DIR=/opt/rustwide/workdir" "-e" "CARGO_HOME=/opt/rustwide/cargo-home" "-e" "RUSTUP_HOME=/opt/rustwide/rustup-home" "-e" "CARGO_TARGET_DIR=/opt/rustwide/target" "-e" "CARGO_INCREMENTAL=0" "-e" "RUST_BACKTRACE=full" "-e" "RUSTFLAGS=--cap-lints=warn" "-e" "RUSTDOCFLAGS=--cap-lints=warn" "-w" "/opt/rustwide/workdir" "--user" "0:0" "b5f591752687f1ae62bfd069e92c64df85c0e1cf5fb6a70e7718e5acbf113e9b" "/opt/rustwide/cargo-home/bin/cargo" "+1.99.0-beta.8" "test" "--frozen" "--no-run" "--message-format=json" "--release", kill_on_drop: false }`
[INFO] [stderr]    Compiling scheval v0.1.2 (/opt/rustwide/workdir)
[INFO] [stderr]     Finished `release` profile [optimized] target(s) in 34.60s
[INFO] running `Command { std: "docker" "inspect" "b5f591752687f1ae62bfd069e92c64df85c0e1cf5fb6a70e7718e5acbf113e9b", kill_on_drop: false }`
[INFO] running `Command { std: "docker" "exec" "-e" "SOURCE_DIR=/opt/rustwide/workdir" "-e" "CARGO_HOME=/opt/rustwide/cargo-home" "-e" "RUSTUP_HOME=/opt/rustwide/rustup-home" "-e" "CARGO_TARGET_DIR=/opt/rustwide/target" "-e" "CARGO_INCREMENTAL=0" "-e" "RUST_BACKTRACE=full" "-e" "RUSTFLAGS=--cap-lints=warn" "-e" "RUSTDOCFLAGS=--cap-lints=warn" "-w" "/opt/rustwide/workdir" "--user" "0:0" "b5f591752687f1ae62bfd069e92c64df85c0e1cf5fb6a70e7718e5acbf113e9b" "/opt/rustwide/cargo-home/bin/cargo" "+1.99.0-beta.8" "test" "--frozen" "--release", kill_on_drop: false }`
[INFO] [stderr]     Finished `release` profile [optimized] target(s) in 0.20s
[INFO] [stderr]      Running unittests src/lib.rs (/opt/rustwide/target/release/deps/scheval-6fb9ebebc52535c6)
[INFO] [stdout] 
[INFO] [stdout] running 2 tests
[INFO] [stdout] test include::vscode::tests::test_vscode ... FAILED
[INFO] [stdout] test include::suffix::tests::test_suffix ... FAILED
[INFO] [stdout] 
[INFO] [stdout] failures:
[INFO] [stdout] 
[INFO] [stdout] ---- include::vscode::tests::test_vscode stdout ----
[INFO] [stdout] 
[INFO] [stdout] thread 'include::vscode::tests::test_vscode' (1522) panicked at src/include/vscode.rs:93:14:
[INFO] [stdout] Failed to canonicalize base directory: Os { code: 2, kind: NotFound, message: "No such file or directory" }
[INFO] [stdout] stack backtrace:
[INFO] [stdout]    0:     0x57b0ff887927 - <unknown>
[INFO] [stdout]    1:     0x57b0ff7a96ca - <unknown>
[INFO] [stdout]    2:     0x57b0ff886edb - <unknown>
[INFO] [stdout]    3:     0x57b0ff8869bf - <unknown>
[INFO] [stdout]    4:     0x57b0ff8865ea - <unknown>
[INFO] [stdout]    5:     0x57b0ff886122 - <unknown>
[INFO] [stdout]    6:     0x57b0ff8ace21 - <unknown>
[INFO] [stdout]    7:     0x57b0ff8acdd9 - <unknown>
[INFO] [stdout]    8:     0x57b0ff8ad2ec - <unknown>
[INFO] [stdout]    9:     0x57b0ff7a955b - <unknown>
[INFO] [stdout]   10:     0x57b0ff7ad4f1 - <unknown>
[INFO] [stdout]   11:     0x57b0ff77939c - <unknown>
[INFO] [stdout]   12:     0x57b0ff8c5f2b - <unknown>
[INFO] [stdout]   13:     0x57b0ff8c151f - <unknown>
[INFO] [stdout]   14:     0x57b0ff8c0f9c - <unknown>
[INFO] [stdout]   15:     0x57b0ff8de27c - <unknown>
[INFO] [stdout]   16:     0x57b0ff8ae532 - <unknown>
[INFO] [stdout]   17:     0x72051d458dfa - <unknown>
[INFO] [stdout]   18:     0x72051d4ec3d4 - clone
[INFO] [stdout]   19:                0x0 - <unknown>
[INFO] [stdout] 
[INFO] [stdout] ---- include::suffix::tests::test_suffix stdout ----
[INFO] [stdout] 
[INFO] [stdout] thread 'include::suffix::tests::test_suffix' (1521) panicked at src/include/suffix.rs:21:14:
[INFO] [stdout] Failed to canonicalize base directory: Os { code: 2, kind: NotFound, message: "No such file or directory" }
[INFO] [stdout] stack backtrace:
[INFO] [stdout]    0:     0x57b0ff887927 - <unknown>
[INFO] [stdout]    1:     0x57b0ff7a96ca - <unknown>
[INFO] [stdout]    2:     0x57b0ff886edb - <unknown>
[INFO] [stdout]    3:     0x57b0ff8869bf - <unknown>
[INFO] [stdout]    4:     0x57b0ff8865ea - <unknown>
[INFO] [stdout]    5:     0x57b0ff886122 - <unknown>
[INFO] [stdout]    6:     0x57b0ff8ace21 - <unknown>
[INFO] [stdout]    7:     0x57b0ff8acdd9 - <unknown>
[INFO] [stdout]    8:     0x57b0ff8ad2ec - <unknown>
[INFO] [stdout]    9:     0x57b0ff7a955b - <unknown>
[INFO] [stdout]   10:     0x57b0ff7ad4f1 - <unknown>
[INFO] [stderr] error: test failed, to rerun pass `--lib`
[INFO] [stdout]   11:     0x57b0ff7742e3 - <unknown>
[INFO] [stdout]   12:     0x57b0ff8c5f2b - <unknown>
[INFO] [stdout]   13:     0x57b0ff8c151f - <unknown>
[INFO] [stdout]   14:     0x57b0ff8c0f9c - <unknown>
[INFO] [stdout]   15:     0x57b0ff8de27c - <unknown>
[INFO] [stdout]   16:     0x57b0ff8ae532 - <unknown>
[INFO] [stdout]   17:     0x72051d458dfa - <unknown>
[INFO] [stdout]   18:     0x72051d4ec3d4 - clone
[INFO] [stdout]   19:                0x0 - <unknown>
[INFO] [stdout] 
[INFO] [stdout] 
[INFO] [stdout] failures:
[INFO] [stdout]     include::suffix::tests::test_suffix
[INFO] [stdout]     include::vscode::tests::test_vscode
[INFO] [stdout] 
[INFO] [stdout] test result: FAILED. 0 passed; 2 failed; 0 ignored; 0 measured; 0 filtered out; finished in 0.00s
[INFO] [stdout] 
[INFO] running `Command { std: "docker" "inspect" "b5f591752687f1ae62bfd069e92c64df85c0e1cf5fb6a70e7718e5acbf113e9b", kill_on_drop: false }`
[INFO] running `Command { std: "docker" "rm" "-f" "b5f591752687f1ae62bfd069e92c64df85c0e1cf5fb6a70e7718e5acbf113e9b", kill_on_drop: false }`
[INFO] [stdout] b5f591752687f1ae62bfd069e92c64df85c0e1cf5fb6a70e7718e5acbf113e9b
