[INFO] fetching crate scheme-edit 0.2.0...
[INFO] testing scheme-edit-0.2.0 against 1.100.0-beta.1+cargoflags=--release for beta-release-1.100-2
[INFO] extracting crate scheme-edit 0.2.0 into /workspace/builds/worker-1-tc2/source
[INFO] started tweaking crates.io crate scheme-edit 0.2.0
[INFO] removed 0 missing tests
[INFO] finished tweaking crates.io crate scheme-edit 0.2.0
[INFO] tweaked toml for crates.io crate scheme-edit 0.2.0 written to /workspace/builds/worker-1-tc2/source/Cargo.toml
[INFO] validating manifest of crates.io crate scheme-edit 0.2.0 on toolchain 1.100.0-beta.1
[INFO] running `Command { std: CARGO_HOME="/workspace/cargo-home" RUSTUP_HOME="/workspace/rustup-home" "/workspace/cargo-home/bin/cargo" "+1.100.0-beta.1" "metadata" "--manifest-path" "Cargo.toml" "--no-deps", kill_on_drop: false }`
[INFO] crate crates.io crate scheme-edit 0.2.0 already has a lockfile, it will not be regenerated
[INFO] running `Command { std: CARGO_HOME="/workspace/cargo-home" RUSTUP_HOME="/workspace/rustup-home" "/workspace/cargo-home/bin/cargo" "+1.100.0-beta.1" "fetch" "--manifest-path" "Cargo.toml", kill_on_drop: false }`
[INFO] running `Command { std: "docker" "create" "-v" "/var/lib/crater-agent-workspace/builds/worker-1-tc2/source:/opt/rustwide/workdir:ro,Z" "-v" "/var/lib/crater-agent-workspace/builds/worker-1-tc2/target:/opt/rustwide/target:rw,Z" "-v" "/var/lib/crater-agent-workspace/cargo-home:/opt/rustwide/cargo-home:ro,Z" "-v" "/var/lib/crater-agent-workspace/rustup-home:/opt/rustwide/rustup-home:ro,Z" "-m" "1610612736" "--network" "none" "ghcr.io/rust-lang/crates-build-env/linux@sha256:77db811e55d90add9212f6832c23229e3de5f1c1f9905e8cb07319ea15df73ac" "sleep" "infinity", kill_on_drop: false }`
[INFO] [stdout] 627c800218a6e031d8f67b7aab8d61ab24bc301f4e97c3149f830f5967938c22
[INFO] running `Command { std: "docker" "start" "627c800218a6e031d8f67b7aab8d61ab24bc301f4e97c3149f830f5967938c22", kill_on_drop: false }`
[INFO] running `Command { std: "docker" "inspect" "627c800218a6e031d8f67b7aab8d61ab24bc301f4e97c3149f830f5967938c22", kill_on_drop: false }`
[INFO] running `Command { std: "docker" "exec" "-e" "SOURCE_DIR=/opt/rustwide/workdir" "-e" "CARGO_HOME=/opt/rustwide/cargo-home" "-e" "RUSTUP_HOME=/opt/rustwide/rustup-home" "-e" "CARGO_TARGET_DIR=/opt/rustwide/target" "-w" "/opt/rustwide/workdir" "--user" "0:0" "627c800218a6e031d8f67b7aab8d61ab24bc301f4e97c3149f830f5967938c22" "/opt/rustwide/cargo-home/bin/cargo" "+1.100.0-beta.1" "metadata" "--no-deps" "--format-version=1", kill_on_drop: false }`
[INFO] running `Command { std: "docker" "inspect" "627c800218a6e031d8f67b7aab8d61ab24bc301f4e97c3149f830f5967938c22", kill_on_drop: false }`
[INFO] running `Command { std: "docker" "exec" "-e" "SOURCE_DIR=/opt/rustwide/workdir" "-e" "CARGO_HOME=/opt/rustwide/cargo-home" "-e" "RUSTUP_HOME=/opt/rustwide/rustup-home" "-e" "CARGO_TARGET_DIR=/opt/rustwide/target" "-e" "CARGO_INCREMENTAL=0" "-e" "RUST_BACKTRACE=full" "-e" "RUSTFLAGS=--cap-lints=warn" "-e" "RUSTDOCFLAGS=--cap-lints=warn" "-w" "/opt/rustwide/workdir" "--user" "0:0" "627c800218a6e031d8f67b7aab8d61ab24bc301f4e97c3149f830f5967938c22" "/opt/rustwide/cargo-home/bin/cargo" "+1.100.0-beta.1" "build" "--frozen" "--message-format=json" "--release", kill_on_drop: false }`
[INFO] [stderr]    Compiling scheme-edit v0.2.0 (/opt/rustwide/workdir)
[INFO] [stderr]     Finished `release` profile [optimized] target(s) in 1.08s
[INFO] running `Command { std: "docker" "inspect" "627c800218a6e031d8f67b7aab8d61ab24bc301f4e97c3149f830f5967938c22", kill_on_drop: false }`
[INFO] running `Command { std: "docker" "exec" "-e" "SOURCE_DIR=/opt/rustwide/workdir" "-e" "CARGO_HOME=/opt/rustwide/cargo-home" "-e" "RUSTUP_HOME=/opt/rustwide/rustup-home" "-e" "CARGO_TARGET_DIR=/opt/rustwide/target" "-e" "CARGO_INCREMENTAL=0" "-e" "RUST_BACKTRACE=full" "-e" "RUSTFLAGS=--cap-lints=warn" "-e" "RUSTDOCFLAGS=--cap-lints=warn" "-w" "/opt/rustwide/workdir" "--user" "0:0" "627c800218a6e031d8f67b7aab8d61ab24bc301f4e97c3149f830f5967938c22" "/opt/rustwide/cargo-home/bin/cargo" "+1.100.0-beta.1" "test" "--frozen" "--no-run" "--message-format=json" "--release", kill_on_drop: false }`
[INFO] [stderr]    Compiling zerocopy v0.8.53
[INFO] [stderr]    Compiling bitflags v2.13.0
[INFO] [stderr]    Compiling once_cell v1.21.4
[INFO] [stderr]    Compiling fastrand v2.4.1
[INFO] [stderr]    Compiling quick-error v1.2.3
[INFO] [stderr]    Compiling bit-vec v0.8.0
[INFO] [stderr]    Compiling unarray v0.1.4
[INFO] [stderr]    Compiling getrandom v0.3.4
[INFO] [stderr]    Compiling getrandom v0.4.3
[INFO] [stderr]    Compiling wait-timeout v0.2.1
[INFO] [stderr]    Compiling rand_core v0.9.5
[INFO] [stderr]    Compiling rustix v1.1.4
[INFO] [stderr]    Compiling rand_xorshift v0.4.0
[INFO] [stderr]    Compiling rand v0.9.4
[INFO] [stderr]    Compiling bit-set v0.8.0
[INFO] [stderr]    Compiling tempfile v3.27.0
[INFO] [stderr]    Compiling rusty-fork v0.3.1
[INFO] [stderr]    Compiling ppv-lite86 v0.2.21
[INFO] [stderr]    Compiling rand_chacha v0.9.0
[INFO] [stderr]    Compiling proptest v1.11.0
[INFO] [stderr]    Compiling scheme-edit v0.2.0 (/opt/rustwide/workdir)
[INFO] [stderr]     Finished `release` profile [optimized] target(s) in 19.64s
[INFO] running `Command { std: "docker" "inspect" "627c800218a6e031d8f67b7aab8d61ab24bc301f4e97c3149f830f5967938c22", kill_on_drop: false }`
[INFO] running `Command { std: "docker" "exec" "-e" "SOURCE_DIR=/opt/rustwide/workdir" "-e" "CARGO_HOME=/opt/rustwide/cargo-home" "-e" "RUSTUP_HOME=/opt/rustwide/rustup-home" "-e" "CARGO_TARGET_DIR=/opt/rustwide/target" "-e" "CARGO_INCREMENTAL=0" "-e" "RUST_BACKTRACE=full" "-e" "RUSTFLAGS=--cap-lints=warn" "-e" "RUSTDOCFLAGS=--cap-lints=warn" "-w" "/opt/rustwide/workdir" "--user" "0:0" "627c800218a6e031d8f67b7aab8d61ab24bc301f4e97c3149f830f5967938c22" "/opt/rustwide/cargo-home/bin/cargo" "+1.100.0-beta.1" "test" "--frozen" "--release", kill_on_drop: false }`
[INFO] [stderr]     Finished `release` profile [optimized] target(s) in 0.06s
[INFO] [stderr]      Running unittests src/lib.rs (/opt/rustwide/target/release/build/scheme-edit/74ca5cf945ffca02/out/scheme_edit-74ca5cf945ffca02)
[INFO] [stdout] 
[INFO] [stdout] running 23 tests
[INFO] [stdout] test cst::tests::as_string_lit_unescapes ... ok
[INFO] [stdout] test edit::tests::insert_before_tail_symbol ... ok
[INFO] [stdout] test edit::tests::push_child_indents_like_siblings ... ok
[INFO] [stdout] test cst::tests::head_symbol_skips_trivia ... ok
[INFO] [stdout] test cst::tests::as_symbol_drills_quote_forms ... ok
[INFO] [stdout] test build::tests::built_list_prints_flat ... ok
[INFO] [stdout] test build::tests::string_lit_escaping_matches_libguix ... ok
[INFO] [stdout] test lexer::tests::hash_forms ... ok
[INFO] [stdout] test lexer::tests::hash_regression_guards ... ok
[INFO] [stdout] test cst::tests::as_string_lit_rejects_malformed_str_nodes ... ok
[INFO] [stdout] test lexer::tests::string_raw_with_escapes ... ok
[INFO] [stdout] test lexer::tests::line_comment_excludes_newline ... ok
[INFO] [stdout] test lexer::tests::scsh_block_comment ... ok
[INFO] [stdout] test lexer::tests::unterminated_scsh_comment_errors ... ok
[INFO] [stdout] test lexer::tests::nested_block_comment ... ok
[INFO] [stderr]      Running tests/corpus.rs (/opt/rustwide/target/release/build/scheme-edit/4f79cbf24fc61f35/out/corpus-4f79cbf24fc61f35)
[INFO] [stdout] test lexer::tests::unterminated_extended_symbol_errors ... ok
[INFO] [stdout] test lexer::tests::unterminated_string_errors_with_position ... ok
[INFO] [stdout] test lexer::tests::tagged_vectors ... ok
[INFO] [stdout] test lexer::tests::extended_symbol ... ok
[INFO] [stdout] test edit::tests::remove_child_keeps_unrelated_regions_verbatim ... ok
[INFO] [stdout] test lexer::tests::gexp_prefixes ... ok
[INFO] [stdout] test edit::tests::remove_child_takes_attached_comment ... ok
[INFO] [stdout] test lexer::tests::lexes_atoms_strings_ws ... ok
[INFO] [stdout] 
[INFO] [stdout] test result: ok. 23 passed; 0 failed; 0 ignored; 0 measured; 0 filtered out; finished in 0.01s
[INFO] [stdout] 
[INFO] [stdout] 
[INFO] [stdout] running 1 test
[INFO] [stdout] test every_fixture_roundtrips_byte_identical ... FAILED
[INFO] [stdout] 
[INFO] [stdout] failures:
[INFO] [stdout] 
[INFO] [stdout] ---- every_fixture_roundtrips_byte_identical stdout ----
[INFO] [stdout] 
[INFO] [stdout] thread 'every_fixture_roundtrips_byte_identical' (601) panicked at tests/corpus.rs:9:51:
[INFO] [stdout] called `Result::unwrap()` on an `Err` value: Os { code: 2, kind: NotFound, message: "No such file or directory" }
[INFO] [stdout] stack backtrace:
[INFO] [stdout]    0:     0x61a64d86c9e1 - <<std[617be2ca0a6fd877]::sys::backtrace::BacktraceLock>::print::DisplayBacktrace as core[a373ad73a504971]::fmt::Display>::fmt
[INFO] [stdout]    1:     0x61a64d880c3a - core[a373ad73a504971]::fmt::write
[INFO] [stdout]    2:     0x61a64d870eec - <alloc[2e1b2a31b91974c5]::vec::Vec<u8> as core[a373ad73a504971]::io::write::Write>::write_fmt
[INFO] [stdout]    3:     0x61a64d848686 - std[617be2ca0a6fd877]::panicking::default_hook::{closure#0}
[INFO] [stdout]    4:     0x61a64d864b09 - std[617be2ca0a6fd877]::panicking::default_hook
[INFO] [stdout]    5:     0x61a64d7fa600 - test[aada8e7e76ba119b]::test_main_inner::{closure#0}
[INFO] [stdout]    6:     0x61a64d864cc2 - std[617be2ca0a6fd877]::panicking::panic_with_hook
[INFO] [stdout]    7:     0x61a64d848732 - std[617be2ca0a6fd877]::panicking::panic_handler::{closure#0}
[INFO] [stdout]    8:     0x61a64d841219 - std[617be2ca0a6fd877]::sys::backtrace::__rust_end_short_backtrace::<std[617be2ca0a6fd877]::panicking::panic_handler::{closure#0}, !>
[INFO] [stdout]    9:     0x61a64d84933d - __rustc[ea4f61d10b84890b]::rust_begin_unwind
[INFO] [stdout]   10:     0x61a64d88136c - core[a373ad73a504971]::panicking::panic_fmt
[INFO] [stdout]   11:     0x61a64d881142 - core[a373ad73a504971]::result::unwrap_failed
[INFO] [stdout]   12:     0x61a64d7ed66b - <corpus[79fffdb04357eb2e]::every_fixture_roundtrips_byte_identical::{closure#0} as core[a373ad73a504971]::ops::function::FnOnce<()>>::call_once
[INFO] [stdout]   13:     0x61a64d7eda4b - test[aada8e7e76ba119b]::__rust_begin_short_backtrace::<core[a373ad73a504971]::result::Result<(), alloc[2e1b2a31b91974c5]::string::String>, fn() -> core[a373ad73a504971]::result::Result<(), alloc[2e1b2a31b91974c5]::string::String>>
[INFO] [stdout]   14:     0x61a64d7fac25 - test[aada8e7e76ba119b]::run_test::{closure#0}
[INFO] [stdout]   15:     0x61a64d7f4514 - std[617be2ca0a6fd877]::sys::backtrace::__rust_begin_short_backtrace::<test[aada8e7e76ba119b]::run_test::{closure#1}, ()>
[INFO] [stdout]   16:     0x61a64d7fdcb2 - <std[617be2ca0a6fd877]::thread::lifecycle::spawn_unchecked<test[aada8e7e76ba119b]::run_test::{closure#1}, ()>::{closure#1} as core[a373ad73a504971]::ops::function::FnOnce<()>>::call_once::{shim:vtable#0}
[INFO] [stdout]   17:     0x61a64d86bedf - <std[617be2ca0a6fd877]::sys::thread::unix::Thread>::new::thread_start
[INFO] [stdout]   18:     0x78bd0d077dfa - <unknown>
[INFO] [stdout]   19:     0x78bd0d10b3d4 - clone
[INFO] [stdout]   20:                0x0 - <unknown>
[INFO] [stdout] 
[INFO] [stdout] 
[INFO] [stdout] failures:
[INFO] [stdout]     every_fixture_roundtrips_byte_identical
[INFO] [stdout] 
[INFO] [stdout] test result: FAILED. 0 passed; 1 failed; 0 ignored; 0 measured; 0 filtered out; finished in 0.01s
[INFO] [stdout] 
[INFO] [stderr] error: test failed, to rerun pass `--test corpus`
[INFO] running `Command { std: "docker" "inspect" "627c800218a6e031d8f67b7aab8d61ab24bc301f4e97c3149f830f5967938c22", kill_on_drop: false }`
[INFO] running `Command { std: "docker" "rm" "-f" "627c800218a6e031d8f67b7aab8d61ab24bc301f4e97c3149f830f5967938c22", kill_on_drop: false }`
[INFO] [stdout] 627c800218a6e031d8f67b7aab8d61ab24bc301f4e97c3149f830f5967938c22
