[INFO] fetching crate scdlang_smcat 0.2.1...
[INFO] testing scdlang_smcat-0.2.1 against 1.99.0-beta.8+cargoflags=--release for beta-release-1.100-2
[INFO] extracting crate scdlang_smcat 0.2.1 into /workspace/builds/worker-3-tc1/source
[INFO] started tweaking crates.io crate scdlang_smcat 0.2.1
[INFO] finished tweaking crates.io crate scdlang_smcat 0.2.1
[INFO] tweaked toml for crates.io crate scdlang_smcat 0.2.1 written to /workspace/builds/worker-3-tc1/source/Cargo.toml
[INFO] validating manifest of crates.io crate scdlang_smcat 0.2.1 on toolchain 1.99.0-beta.8
[INFO] running `Command { std: CARGO_HOME="/workspace/cargo-home" RUSTUP_HOME="/workspace/rustup-home" "/workspace/cargo-home/bin/cargo" "+1.99.0-beta.8" "metadata" "--manifest-path" "Cargo.toml" "--no-deps", kill_on_drop: false }`
[INFO] running `Command { std: CARGO_HOME="/workspace/cargo-home" RUSTUP_HOME="/workspace/rustup-home" "/workspace/cargo-home/bin/cargo" "+1.99.0-beta.8" "generate-lockfile" "--manifest-path" "Cargo.toml", kill_on_drop: false }`
[INFO] [stderr]     Updating crates.io index
[INFO] [stderr]      Locking 42 packages to highest compatible versions
[INFO] [stderr]       Adding assert-json-diff v1.1.0 (available: v2.0.2)
[INFO] [stderr]       Adding psm v0.1.24 (available: v0.1.32)
[INFO] [stderr]       Adding serde_with v1.14.0 (available: v3.24.0)
[INFO] running `Command { std: CARGO_HOME="/workspace/cargo-home" RUSTUP_HOME="/workspace/rustup-home" "/workspace/cargo-home/bin/cargo" "+1.99.0-beta.8" "fetch" "--manifest-path" "Cargo.toml", kill_on_drop: false }`
[INFO] [stderr]  Downloading crates ...
[INFO] [stderr]   Downloaded extend v0.1.2
[INFO] [stderr]   Downloaded assert-json-diff v1.1.0
[INFO] [stderr]   Downloaded scdlang v0.2.1
[INFO] [stderr]   Downloaded serde_with v1.14.0
[INFO] [stderr]   Downloaded serde_with_macros v1.5.2
[INFO] running `Command { std: "docker" "create" "-v" "/var/lib/crater-agent-workspace/builds/worker-3-tc1/source:/opt/rustwide/workdir:ro,Z" "-v" "/var/lib/crater-agent-workspace/builds/worker-3-tc1/target:/opt/rustwide/target:rw,Z" "-v" "/var/lib/crater-agent-workspace/cargo-home:/opt/rustwide/cargo-home:ro,Z" "-v" "/var/lib/crater-agent-workspace/rustup-home:/opt/rustwide/rustup-home:ro,Z" "-m" "1610612736" "--network" "none" "ghcr.io/rust-lang/crates-build-env/linux@sha256:77db811e55d90add9212f6832c23229e3de5f1c1f9905e8cb07319ea15df73ac" "sleep" "infinity", kill_on_drop: false }`
[INFO] [stdout] 212e786f4d2657d34bada4ce602d8f1a793bbf1baa6716f6fe40f9a92fb0aa38
[INFO] running `Command { std: "docker" "start" "212e786f4d2657d34bada4ce602d8f1a793bbf1baa6716f6fe40f9a92fb0aa38", kill_on_drop: false }`
[INFO] running `Command { std: "docker" "inspect" "212e786f4d2657d34bada4ce602d8f1a793bbf1baa6716f6fe40f9a92fb0aa38", kill_on_drop: false }`
[INFO] running `Command { std: "docker" "exec" "-e" "SOURCE_DIR=/opt/rustwide/workdir" "-e" "CARGO_HOME=/opt/rustwide/cargo-home" "-e" "RUSTUP_HOME=/opt/rustwide/rustup-home" "-e" "CARGO_TARGET_DIR=/opt/rustwide/target" "-w" "/opt/rustwide/workdir" "--user" "0:0" "212e786f4d2657d34bada4ce602d8f1a793bbf1baa6716f6fe40f9a92fb0aa38" "/opt/rustwide/cargo-home/bin/cargo" "+1.99.0-beta.8" "metadata" "--no-deps" "--format-version=1", kill_on_drop: false }`
[INFO] running `Command { std: "docker" "inspect" "212e786f4d2657d34bada4ce602d8f1a793bbf1baa6716f6fe40f9a92fb0aa38", kill_on_drop: false }`
[INFO] running `Command { std: "docker" "exec" "-e" "SOURCE_DIR=/opt/rustwide/workdir" "-e" "CARGO_HOME=/opt/rustwide/cargo-home" "-e" "RUSTUP_HOME=/opt/rustwide/rustup-home" "-e" "CARGO_TARGET_DIR=/opt/rustwide/target" "-e" "CARGO_INCREMENTAL=0" "-e" "RUST_BACKTRACE=full" "-e" "RUSTFLAGS=--cap-lints=warn" "-e" "RUSTDOCFLAGS=--cap-lints=warn" "-w" "/opt/rustwide/workdir" "--user" "0:0" "212e786f4d2657d34bada4ce602d8f1a793bbf1baa6716f6fe40f9a92fb0aa38" "/opt/rustwide/cargo-home/bin/cargo" "+1.99.0-beta.8" "build" "--frozen" "--message-format=json" "--release", kill_on_drop: false }`
[INFO] [stderr]    Compiling psm v0.1.24
[INFO] [stderr]    Compiling stacker v0.1.25
[INFO] [stderr]    Compiling ucd-trie v0.1.7
[INFO] [stderr]    Compiling either v1.19.0
[INFO] [stderr]    Compiling darling_core v0.13.4
[INFO] [stderr]    Compiling serde v1.0.229
[INFO] [stderr]    Compiling pest v2.9.4
[INFO] [stderr]    Compiling pest_meta v2.9.4
[INFO] [stderr]    Compiling darling_macro v0.13.4
[INFO] [stderr]    Compiling darling v0.13.4
[INFO] [stderr]    Compiling serde_with_macros v1.5.2
[INFO] [stderr]    Compiling pest_generator v2.9.4
[INFO] [stderr]    Compiling serde_with v1.14.0
[INFO] [stderr]    Compiling pest_derive v2.9.4
[INFO] [stderr]    Compiling scdlang v0.2.1
[INFO] [stderr]    Compiling scdlang_smcat v0.2.1 (/opt/rustwide/workdir)
[INFO] [stdout] warning: trait objects without an explicit `dyn` are deprecated
[INFO] [stdout]   --> src/lib.rs:38:34
[INFO] [stdout]    |
[INFO] [stdout] 38 |     fn configure(&mut self) -> &mut Builder<'a> {
[INFO] [stdout]    |                                     ^^^^^^^^^^^
[INFO] [stdout]    |
[INFO] [stdout]    = warning: this is accepted in the current edition (Rust 2018) but is a hard error in Rust 2021!
[INFO] [stdout]    = note: for more information, see <https://doc.rust-lang.org/edition-guide/rust-2021/warnings-promoted-to-error.html>
[INFO] [stdout]    = note: `#[warn(bare_trait_objects)]` (part of `#[warn(rust_2021_compatibility)]`) on by default
[INFO] [stdout] help: if this is a dyn-compatible trait, use `dyn`
[INFO] [stdout]    |
[INFO] [stdout] 38 |     fn configure(&mut self) -> &mut dyn Builder<'a> {
[INFO] [stdout]    |                                     +++
[INFO] [stdout] 
[INFO] [stdout] 
[INFO] [stdout] warning: method `with_notes` is never used
[INFO] [stdout]   --> src/utils.rs:17:5
[INFO] [stdout]    |
[INFO] [stdout] 15 | pub(super) trait MetaData {
[INFO] [stdout]    |                  -------- method in this trait
[INFO] [stdout] 16 |     fn with_color(&mut self, color: &str) -> &mut Self;
[INFO] [stdout] 17 |     fn with_notes(&mut self, notes: &str) -> &mut Self;
[INFO] [stdout]    |        ^^^^^^^^^^
[INFO] [stdout]    |
[INFO] [stdout]    = note: `#[warn(dead_code)]` (part of `#[warn(unused)]`) on by default
[INFO] [stdout] 
[INFO] [stdout] 
[INFO] [stderr]     Finished `release` profile [optimized] target(s) in 13.09s
[INFO] running `Command { std: "docker" "inspect" "212e786f4d2657d34bada4ce602d8f1a793bbf1baa6716f6fe40f9a92fb0aa38", kill_on_drop: false }`
[INFO] running `Command { std: "docker" "exec" "-e" "SOURCE_DIR=/opt/rustwide/workdir" "-e" "CARGO_HOME=/opt/rustwide/cargo-home" "-e" "RUSTUP_HOME=/opt/rustwide/rustup-home" "-e" "CARGO_TARGET_DIR=/opt/rustwide/target" "-e" "CARGO_INCREMENTAL=0" "-e" "RUST_BACKTRACE=full" "-e" "RUSTFLAGS=--cap-lints=warn" "-e" "RUSTDOCFLAGS=--cap-lints=warn" "-w" "/opt/rustwide/workdir" "--user" "0:0" "212e786f4d2657d34bada4ce602d8f1a793bbf1baa6716f6fe40f9a92fb0aa38" "/opt/rustwide/cargo-home/bin/cargo" "+1.99.0-beta.8" "test" "--frozen" "--no-run" "--message-format=json" "--release", kill_on_drop: false }`
[INFO] [stderr]    Compiling proc-macro-error v1.0.4
[INFO] [stdout] warning: trait objects without an explicit `dyn` are deprecated
[INFO] [stdout]   --> src/lib.rs:38:34
[INFO] [stdout]    |
[INFO] [stdout] 38 |     fn configure(&mut self) -> &mut Builder<'a> {
[INFO] [stdout]    |                                     ^^^^^^^^^^^
[INFO] [stdout]    |
[INFO] [stdout]    = warning: this is accepted in the current edition (Rust 2018) but is a hard error in Rust 2021!
[INFO] [stdout]    = note: for more information, see <https://doc.rust-lang.org/edition-guide/rust-2021/warnings-promoted-to-error.html>
[INFO] [stdout]    = note: `#[warn(bare_trait_objects)]` (part of `#[warn(rust_2021_compatibility)]`) on by default
[INFO] [stdout] help: if this is a dyn-compatible trait, use `dyn`
[INFO] [stdout]    |
[INFO] [stdout] 38 |     fn configure(&mut self) -> &mut dyn Builder<'a> {
[INFO] [stdout]    |                                     +++
[INFO] [stdout] 
[INFO] [stdout] 
[INFO] [stdout] warning: method `with_notes` is never used
[INFO] [stdout]   --> src/utils.rs:17:5
[INFO] [stdout]    |
[INFO] [stdout] 15 | pub(super) trait MetaData {
[INFO] [stdout]    |                  -------- method in this trait
[INFO] [stdout] 16 |     fn with_color(&mut self, color: &str) -> &mut Self;
[INFO] [stdout] 17 |     fn with_notes(&mut self, notes: &str) -> &mut Self;
[INFO] [stdout]    |        ^^^^^^^^^^
[INFO] [stdout]    |
[INFO] [stdout]    = note: `#[warn(dead_code)]` (part of `#[warn(unused)]`) on by default
[INFO] [stdout] 
[INFO] [stdout] 
[INFO] [stderr]    Compiling extend v0.1.2
[INFO] [stderr]    Compiling assert-json-diff v1.1.0
[INFO] [stderr]    Compiling scdlang_smcat v0.2.1 (/opt/rustwide/workdir)
[INFO] [stdout] warning: trait objects without an explicit `dyn` are deprecated
[INFO] [stdout]   --> src/lib.rs:38:34
[INFO] [stdout]    |
[INFO] [stdout] 38 |     fn configure(&mut self) -> &mut Builder<'a> {
[INFO] [stdout]    |                                     ^^^^^^^^^^^
[INFO] [stdout]    |
[INFO] [stdout]    = warning: this is accepted in the current edition (Rust 2018) but is a hard error in Rust 2021!
[INFO] [stdout]    = note: for more information, see <https://doc.rust-lang.org/edition-guide/rust-2021/warnings-promoted-to-error.html>
[INFO] [stdout]    = note: `#[warn(bare_trait_objects)]` (part of `#[warn(rust_2021_compatibility)]`) on by default
[INFO] [stdout] help: if this is a dyn-compatible trait, use `dyn`
[INFO] [stdout]    |
[INFO] [stdout] 38 |     fn configure(&mut self) -> &mut dyn Builder<'a> {
[INFO] [stdout]    |                                     +++
[INFO] [stdout] 
[INFO] [stdout] 
[INFO] [stdout] warning: method `with_notes` is never used
[INFO] [stdout]   --> src/utils.rs:17:5
[INFO] [stdout]    |
[INFO] [stdout] 15 | pub(super) trait MetaData {
[INFO] [stdout]    |                  -------- method in this trait
[INFO] [stdout] 16 |     fn with_color(&mut self, color: &str) -> &mut Self;
[INFO] [stdout] 17 |     fn with_notes(&mut self, notes: &str) -> &mut Self;
[INFO] [stdout]    |        ^^^^^^^^^^
[INFO] [stdout]    |
[INFO] [stdout]    = note: `#[warn(dead_code)]` (part of `#[warn(unused)]`) on by default
[INFO] [stdout] 
[INFO] [stdout] 
[INFO] [stderr]     Finished `release` profile [optimized] target(s) in 3.28s
[INFO] running `Command { std: "docker" "inspect" "212e786f4d2657d34bada4ce602d8f1a793bbf1baa6716f6fe40f9a92fb0aa38", kill_on_drop: false }`
[INFO] running `Command { std: "docker" "exec" "-e" "SOURCE_DIR=/opt/rustwide/workdir" "-e" "CARGO_HOME=/opt/rustwide/cargo-home" "-e" "RUSTUP_HOME=/opt/rustwide/rustup-home" "-e" "CARGO_TARGET_DIR=/opt/rustwide/target" "-e" "CARGO_INCREMENTAL=0" "-e" "RUST_BACKTRACE=full" "-e" "RUSTFLAGS=--cap-lints=warn" "-e" "RUSTDOCFLAGS=--cap-lints=warn" "-w" "/opt/rustwide/workdir" "--user" "0:0" "212e786f4d2657d34bada4ce602d8f1a793bbf1baa6716f6fe40f9a92fb0aa38" "/opt/rustwide/cargo-home/bin/cargo" "+1.99.0-beta.8" "test" "--frozen" "--release", kill_on_drop: false }`
[INFO] [stderr] warning: trait objects without an explicit `dyn` are deprecated
[INFO] [stderr]   --> src/lib.rs:38:34
[INFO] [stderr]    |
[INFO] [stderr] 38 |     fn configure(&mut self) -> &mut Builder<'a> {
[INFO] [stderr]    |                                     ^^^^^^^^^^^
[INFO] [stderr]    |
[INFO] [stderr]    = warning: this is accepted in the current edition (Rust 2018) but is a hard error in Rust 2021!
[INFO] [stderr]    = note: for more information, see <https://doc.rust-lang.org/edition-guide/rust-2021/warnings-promoted-to-error.html>
[INFO] [stderr]    = note: `#[warn(bare_trait_objects)]` (part of `#[warn(rust_2021_compatibility)]`) on by default
[INFO] [stderr] help: if this is a dyn-compatible trait, use `dyn`
[INFO] [stderr]    |
[INFO] [stderr] 38 |     fn configure(&mut self) -> &mut dyn Builder<'a> {
[INFO] [stderr]    |                                     +++
[INFO] [stderr] 
[INFO] [stderr] warning: method `with_notes` is never used
[INFO] [stderr]   --> src/utils.rs:17:5
[INFO] [stderr]    |
[INFO] [stderr] 15 | pub(super) trait MetaData {
[INFO] [stderr]    |                  -------- method in this trait
[INFO] [stderr] 16 |     fn with_color(&mut self, color: &str) -> &mut Self;
[INFO] [stderr] 17 |     fn with_notes(&mut self, notes: &str) -> &mut Self;
[INFO] [stderr]    |        ^^^^^^^^^^
[INFO] [stderr]    |
[INFO] [stderr]    = note: `#[warn(dead_code)]` (part of `#[warn(unused)]`) on by default
[INFO] [stderr] 
[INFO] [stderr] warning: `scdlang_smcat` (lib) generated 2 warnings (run `cargo fix --lib -p scdlang_smcat` to apply 1 suggestion)
[INFO] [stderr] warning: `scdlang_smcat` (lib test) generated 2 warnings (2 duplicates)
[INFO] [stderr]     Finished `release` profile [optimized] target(s) in 0.07s
[INFO] [stderr]      Running unittests src/lib.rs (/opt/rustwide/target/release/deps/scdlang_smcat-bdfaf3b2e4496d3d)
[INFO] [stdout] 
[INFO] [stdout] running 6 tests
[INFO] [stdout] test test::eventful_transition ... ok
[INFO] [stdout] test test::consecutive_insert_parse ... ok
[INFO] [stderr] error: test failed, to rerun pass `--lib`
[INFO] [stdout] test test::clear_cache ... ok
[INFO] [stdout] test test::no_clear_cache ... FAILED
[INFO] [stdout] test test::disable_semantic_error ... ok
[INFO] [stdout] test test::transient_transition ... ok
[INFO] [stdout] 
[INFO] [stdout] failures:
[INFO] [stdout] 
[INFO] [stdout] ---- test::no_clear_cache stdout ----
[INFO] [stdout] 
[INFO] [stdout] thread 'test::no_clear_cache' (553) panicked at src/lib.rs:206:33:
[INFO] [stdout] Nothing happened: Parse(Error { variant: CustomError { message: "duplicate transient transition: A -> B,C" }, location: Span((0, 6)), line_col: Span((1, 1), (1, 7)), inner: ErrorInner { path: None, line: "A -> B", continued_line: None, parse_attempts: None } })
[INFO] [stdout] stack backtrace:
[INFO] [stdout]    0:     0x5e42d9687981 - <<std[70759c8f55707aa4]::sys::backtrace::BacktraceLock>::print::DisplayBacktrace as core[df12db4294e9bfd3]::fmt::Display>::fmt
[INFO] [stdout]    1:     0x5e42d969c03a - core[df12db4294e9bfd3]::fmt::write
[INFO] [stdout]    2:     0x5e42d968be1c - <alloc[2182bb758b4b3781]::vec::Vec<u8> as core[df12db4294e9bfd3]::io::write::Write>::write_fmt
[INFO] [stdout]    3:     0x5e42d9663e46 - std[70759c8f55707aa4]::panicking::default_hook::{closure#0}
[INFO] [stdout]    4:     0x5e42d967ffb9 - std[70759c8f55707aa4]::panicking::default_hook
[INFO] [stdout]    5:     0x5e42d95f4f10 - test[9d35eded1c95d3be]::test_main_inner::<test[9d35eded1c95d3be]::test_main_static::{closure#0}>::{closure#0}
[INFO] [stdout]    6:     0x5e42d9680172 - std[70759c8f55707aa4]::panicking::panic_with_hook
[INFO] [stdout]    7:     0x5e42d9663ef2 - std[70759c8f55707aa4]::panicking::panic_handler::{closure#0}
[INFO] [stdout]    8:     0x5e42d965cc79 - std[70759c8f55707aa4]::sys::backtrace::__rust_end_short_backtrace::<std[70759c8f55707aa4]::panicking::panic_handler::{closure#0}, !>
[INFO] [stdout]    9:     0x5e42d9664aed - __rustc[8fa7c3cbc660c2b3]::rust_begin_unwind
[INFO] [stdout]   10:     0x5e42d969c76c - core[df12db4294e9bfd3]::panicking::panic_fmt
[INFO] [stdout]   11:     0x5e42d969c542 - core[df12db4294e9bfd3]::result::unwrap_failed
[INFO] [stdout]   12:     0x5e42d95d9712 - scdlang_smcat[870daeac7ac03ab1]::test::no_clear_cache
[INFO] [stdout]   13:     0x5e42d95e2629 - <scdlang_smcat[870daeac7ac03ab1]::test::no_clear_cache::{closure#0} as core[df12db4294e9bfd3]::ops::function::FnOnce<()>>::call_once
[INFO] [stdout]   14:     0x5e42d95e81fb - test[9d35eded1c95d3be]::__rust_begin_short_backtrace::<core[df12db4294e9bfd3]::result::Result<(), alloc[2182bb758b4b3781]::string::String>, fn() -> core[df12db4294e9bfd3]::result::Result<(), alloc[2182bb758b4b3781]::string::String>>
[INFO] [stdout]   15:     0x5e42d95f5865 - test[9d35eded1c95d3be]::run_test::{closure#0}
[INFO] [stdout]   16:     0x5e42d95ef124 - std[70759c8f55707aa4]::sys::backtrace::__rust_begin_short_backtrace::<test[9d35eded1c95d3be]::run_test::{closure#1}, ()>
[INFO] [stdout]   17:     0x5e42d95f89c2 - <std[70759c8f55707aa4]::thread::lifecycle::spawn_unchecked<test[9d35eded1c95d3be]::run_test::{closure#1}, ()>::{closure#1} as core[df12db4294e9bfd3]::ops::function::FnOnce<()>>::call_once::{shim:vtable#0}
[INFO] [stdout]   18:     0x5e42d9687259 - <std[70759c8f55707aa4]::sys::thread::unix::Thread>::new::thread_start
[INFO] [stdout]   19:     0x782836987dfa - <unknown>
[INFO] [stdout]   20:     0x782836a1b3d4 - clone
[INFO] [stdout]   21:                0x0 - <unknown>
[INFO] [stdout] 
[INFO] [stdout] 
[INFO] [stdout] failures:
[INFO] [stdout]     test::no_clear_cache
[INFO] [stdout] 
[INFO] [stdout] test result: FAILED. 5 passed; 1 failed; 0 ignored; 0 measured; 0 filtered out; finished in 0.01s
[INFO] [stdout] 
[INFO] running `Command { std: "docker" "inspect" "212e786f4d2657d34bada4ce602d8f1a793bbf1baa6716f6fe40f9a92fb0aa38", kill_on_drop: false }`
[INFO] running `Command { std: "docker" "rm" "-f" "212e786f4d2657d34bada4ce602d8f1a793bbf1baa6716f6fe40f9a92fb0aa38", kill_on_drop: false }`
[INFO] [stdout] 212e786f4d2657d34bada4ce602d8f1a793bbf1baa6716f6fe40f9a92fb0aa38
