[INFO] fetching crate scdb 0.2.1...
[INFO] testing scdb-0.2.1 against 1.99.0-beta.8+cargoflags=--release for beta-release-1.100-2
[INFO] extracting crate scdb 0.2.1 into /workspace/builds/worker-3-tc1/source
[INFO] started tweaking crates.io crate scdb 0.2.1
[INFO] finished tweaking crates.io crate scdb 0.2.1
[INFO] tweaked toml for crates.io crate scdb 0.2.1 written to /workspace/builds/worker-3-tc1/source/Cargo.toml
[INFO] validating manifest of crates.io crate scdb 0.2.1 on toolchain 1.99.0-beta.8
[INFO] running `Command { std: CARGO_HOME="/workspace/cargo-home" RUSTUP_HOME="/workspace/rustup-home" "/workspace/cargo-home/bin/cargo" "+1.99.0-beta.8" "metadata" "--manifest-path" "Cargo.toml" "--no-deps", kill_on_drop: false }`
[INFO] crate crates.io crate scdb 0.2.1 already has a lockfile, it will not be regenerated
[INFO] running `Command { std: CARGO_HOME="/workspace/cargo-home" RUSTUP_HOME="/workspace/rustup-home" "/workspace/cargo-home/bin/cargo" "+1.99.0-beta.8" "fetch" "--manifest-path" "Cargo.toml", kill_on_drop: false }`
[INFO] [stderr]     Updating crates.io index
[INFO] [stderr]  Downloading crates ...
[INFO] [stderr]   Downloaded serial_test v0.9.0
[INFO] [stderr]   Downloaded serial_test_derive v0.9.0
[INFO] [stderr]   Downloaded plotters-backend v0.3.4
[INFO] [stderr]   Downloaded ciborium-ll v0.2.0
[INFO] [stderr]   Downloaded futures-task v0.3.24
[INFO] [stderr]   Downloaded futures-core v0.3.24
[INFO] [stderr]   Downloaded itoa v1.0.3
[INFO] [stderr]   Downloaded futures-sink v0.3.24
[INFO] [stderr]   Downloaded futures-io v0.3.24
[INFO] [stderr]   Downloaded iana-time-zone-haiku v0.1.0
[INFO] [stderr]   Downloaded plotters-svg v0.3.3
[INFO] [stderr]   Downloaded ciborium-io v0.2.0
[INFO] [stderr]   Downloaded cxxbridge-flags v1.0.78
[INFO] [stderr]   Downloaded futures-executor v0.3.24
[INFO] [stderr]   Downloaded unicode-ident v1.0.4
[INFO] [stderr]   Downloaded futures-channel v0.3.24
[INFO] [stderr]   Downloaded dashmap v5.4.0
[INFO] [stderr]   Downloaded ciborium v0.2.0
[INFO] [stderr]   Downloaded clokwerk v0.4.0
[INFO] [stderr]   Downloaded syn v1.0.101
[INFO] [stderr]   Downloaded proc-macro2 v1.0.46
[INFO] [stderr]   Downloaded futures v0.3.24
[INFO] [stderr]   Downloaded serde_derive v1.0.145
[INFO] [stderr]   Downloaded serde v1.0.145
[INFO] [stderr]   Downloaded cxxbridge-macro v1.0.78
[INFO] [stderr]   Downloaded cxx-build v1.0.78
[INFO] [stderr]   Downloaded criterion v0.4.0
[INFO] [stderr]   Downloaded serde_json v1.0.85
[INFO] [stderr]   Downloaded plotters v0.3.4
[INFO] [stderr]   Downloaded futures-util v0.3.24
[INFO] [stderr]   Downloaded cxx v1.0.78
[INFO] [stderr]   Downloaded libc v0.2.137
[INFO] running `Command { std: "docker" "create" "-v" "/var/lib/crater-agent-workspace/builds/worker-3-tc1/source:/opt/rustwide/workdir:ro,Z" "-v" "/var/lib/crater-agent-workspace/builds/worker-3-tc1/target:/opt/rustwide/target:rw,Z" "-v" "/var/lib/crater-agent-workspace/cargo-home:/opt/rustwide/cargo-home:ro,Z" "-v" "/var/lib/crater-agent-workspace/rustup-home:/opt/rustwide/rustup-home:ro,Z" "-m" "1610612736" "--network" "none" "ghcr.io/rust-lang/crates-build-env/linux@sha256:77db811e55d90add9212f6832c23229e3de5f1c1f9905e8cb07319ea15df73ac" "sleep" "infinity", kill_on_drop: false }`
[INFO] [stdout] 60d0a24871051eef47f371a6a4ef555caf7c22b0c35611ac5dc819d5cd89e2a0
[INFO] running `Command { std: "docker" "start" "60d0a24871051eef47f371a6a4ef555caf7c22b0c35611ac5dc819d5cd89e2a0", kill_on_drop: false }`
[INFO] running `Command { std: "docker" "inspect" "60d0a24871051eef47f371a6a4ef555caf7c22b0c35611ac5dc819d5cd89e2a0", kill_on_drop: false }`
[INFO] running `Command { std: "docker" "exec" "-e" "SOURCE_DIR=/opt/rustwide/workdir" "-e" "CARGO_HOME=/opt/rustwide/cargo-home" "-e" "RUSTUP_HOME=/opt/rustwide/rustup-home" "-e" "CARGO_TARGET_DIR=/opt/rustwide/target" "-w" "/opt/rustwide/workdir" "--user" "0:0" "60d0a24871051eef47f371a6a4ef555caf7c22b0c35611ac5dc819d5cd89e2a0" "/opt/rustwide/cargo-home/bin/cargo" "+1.99.0-beta.8" "metadata" "--no-deps" "--format-version=1", kill_on_drop: false }`
[INFO] running `Command { std: "docker" "inspect" "60d0a24871051eef47f371a6a4ef555caf7c22b0c35611ac5dc819d5cd89e2a0", kill_on_drop: false }`
[INFO] running `Command { std: "docker" "exec" "-e" "SOURCE_DIR=/opt/rustwide/workdir" "-e" "CARGO_HOME=/opt/rustwide/cargo-home" "-e" "RUSTUP_HOME=/opt/rustwide/rustup-home" "-e" "CARGO_TARGET_DIR=/opt/rustwide/target" "-e" "CARGO_INCREMENTAL=0" "-e" "RUST_BACKTRACE=full" "-e" "RUSTFLAGS=--cap-lints=warn" "-e" "RUSTDOCFLAGS=--cap-lints=warn" "-w" "/opt/rustwide/workdir" "--user" "0:0" "60d0a24871051eef47f371a6a4ef555caf7c22b0c35611ac5dc819d5cd89e2a0" "/opt/rustwide/cargo-home/bin/cargo" "+1.99.0-beta.8" "build" "--frozen" "--message-format=json" "--release", kill_on_drop: false }`
[INFO] [stderr]    Compiling libc v0.2.137
[INFO] [stderr]    Compiling num-traits v0.2.15
[INFO] [stderr]    Compiling num-integer v0.1.45
[INFO] [stderr]    Compiling ppv-lite86 v0.2.16
[INFO] [stderr]    Compiling iana-time-zone v0.1.51
[INFO] [stderr]    Compiling memchr v2.5.0
[INFO] [stderr]    Compiling getrandom v0.2.7
[INFO] [stderr]    Compiling rand_core v0.6.4
[INFO] [stderr]    Compiling rand_chacha v0.3.1
[INFO] [stderr]    Compiling rand v0.8.5
[INFO] [stderr]    Compiling chrono v0.4.22
[INFO] [stderr]    Compiling twox-hash v1.6.3
[INFO] [stderr]    Compiling clokwerk v0.4.0
[INFO] [stderr]    Compiling scdb v0.2.1 (/opt/rustwide/workdir)
[INFO] [stderr]     Finished `release` profile [optimized] target(s) in 8.22s
[INFO] running `Command { std: "docker" "inspect" "60d0a24871051eef47f371a6a4ef555caf7c22b0c35611ac5dc819d5cd89e2a0", kill_on_drop: false }`
[INFO] running `Command { std: "docker" "exec" "-e" "SOURCE_DIR=/opt/rustwide/workdir" "-e" "CARGO_HOME=/opt/rustwide/cargo-home" "-e" "RUSTUP_HOME=/opt/rustwide/rustup-home" "-e" "CARGO_TARGET_DIR=/opt/rustwide/target" "-e" "CARGO_INCREMENTAL=0" "-e" "RUST_BACKTRACE=full" "-e" "RUSTFLAGS=--cap-lints=warn" "-e" "RUSTDOCFLAGS=--cap-lints=warn" "-w" "/opt/rustwide/workdir" "--user" "0:0" "60d0a24871051eef47f371a6a4ef555caf7c22b0c35611ac5dc819d5cd89e2a0" "/opt/rustwide/cargo-home/bin/cargo" "+1.99.0-beta.8" "test" "--frozen" "--no-run" "--message-format=json" "--release", kill_on_drop: false }`
[INFO] [stderr]    Compiling proc-macro2 v1.0.46
[INFO] [stderr]    Compiling unicode-ident v1.0.4
[INFO] [stderr]    Compiling syn v1.0.101
[INFO] [stderr]    Compiling num-traits v0.2.15
[INFO] [stderr]    Compiling crossbeam-utils v0.8.12
[INFO] [stderr]    Compiling memoffset v0.6.5
[INFO] [stderr]    Compiling serde_derive v1.0.145
[INFO] [stderr]    Compiling futures-core v0.3.24
[INFO] [stderr]    Compiling crossbeam-epoch v0.9.11
[INFO] [stderr]    Compiling slab v0.4.7
[INFO] [stderr]    Compiling serde v1.0.145
[INFO] [stderr]    Compiling futures-task v0.3.24
[INFO] [stderr]    Compiling futures-channel v0.3.24
[INFO] [stderr]    Compiling proc-macro-error-attr v1.0.4
[INFO] [stderr]    Compiling rayon-core v1.9.3
[INFO] [stderr]    Compiling futures-util v0.3.24
[INFO] [stderr]    Compiling futures-sink v0.3.24
[INFO] [stderr]    Compiling parking_lot_core v0.9.3
[INFO] [stderr]    Compiling proc-macro-error v1.0.4
[INFO] [stderr]    Compiling indexmap v1.9.1
[INFO] [stderr]    Compiling either v1.8.0
[INFO] [stderr]    Compiling futures-io v0.3.24
[INFO] [stderr]    Compiling serde_json v1.0.85
[INFO] [stderr]    Compiling pin-project-lite v0.2.9
[INFO] [stderr]    Compiling num_cpus v1.13.1
[INFO] [stderr]    Compiling rayon v1.5.3
[INFO] [stderr]    Compiling os_str_bytes v6.3.0
[INFO] [stderr]    Compiling ryu v1.0.11
[INFO] [stderr]    Compiling itoa v1.0.3
[INFO] [stderr]    Compiling plotters-backend v0.3.4
[INFO] [stderr]    Compiling half v1.8.2
[INFO] [stderr]    Compiling ciborium-io v0.2.0
[INFO] [stderr]    Compiling textwrap v0.15.1
[INFO] [stderr]    Compiling regex-syntax v0.6.27
[INFO] [stderr]    Compiling itertools v0.10.5
[INFO] [stderr]    Compiling clap_lex v0.2.4
[INFO] [stderr]    Compiling once_cell v1.15.0
[INFO] [stderr]    Compiling plotters-svg v0.3.3
[INFO] [stderr]    Compiling walkdir v2.3.2
[INFO] [stderr]    Compiling quote v1.0.21
[INFO] [stderr]    Compiling ciborium-ll v0.2.0
[INFO] [stderr]    Compiling dashmap v5.4.0
[INFO] [stderr]    Compiling parking_lot v0.12.1
[INFO] [stderr]    Compiling atty v0.2.14
[INFO] [stderr]    Compiling crossbeam-channel v0.5.6
[INFO] [stderr]    Compiling oorandom v11.1.3
[INFO] [stderr]    Compiling clap v3.2.22
[INFO] [stderr]    Compiling crossbeam-deque v0.8.2
[INFO] [stderr]    Compiling num-integer v0.1.45
[INFO] [stderr]    Compiling plotters v0.3.4
[INFO] [stderr]    Compiling criterion-plot v0.5.0
[INFO] [stderr]    Compiling regex v1.6.0
[INFO] [stderr]    Compiling chrono v0.4.22
[INFO] [stderr]    Compiling clokwerk v0.4.0
[INFO] [stderr]    Compiling scdb v0.2.1 (/opt/rustwide/workdir)
[INFO] [stderr]    Compiling futures-executor v0.3.24
[INFO] [stderr]    Compiling futures v0.3.24
[INFO] [stderr]    Compiling serial_test_derive v0.9.0
[INFO] [stderr]    Compiling serial_test v0.9.0
[INFO] [stderr]    Compiling ciborium v0.2.0
[INFO] [stderr]    Compiling tinytemplate v1.2.1
[INFO] [stderr]    Compiling criterion v0.4.0
[INFO] [stderr]     Finished `release` profile [optimized] target(s) in 58.70s
[INFO] running `Command { std: "docker" "inspect" "60d0a24871051eef47f371a6a4ef555caf7c22b0c35611ac5dc819d5cd89e2a0", kill_on_drop: false }`
[INFO] running `Command { std: "docker" "exec" "-e" "SOURCE_DIR=/opt/rustwide/workdir" "-e" "CARGO_HOME=/opt/rustwide/cargo-home" "-e" "RUSTUP_HOME=/opt/rustwide/rustup-home" "-e" "CARGO_TARGET_DIR=/opt/rustwide/target" "-e" "CARGO_INCREMENTAL=0" "-e" "RUST_BACKTRACE=full" "-e" "RUSTFLAGS=--cap-lints=warn" "-e" "RUSTDOCFLAGS=--cap-lints=warn" "-w" "/opt/rustwide/workdir" "--user" "0:0" "60d0a24871051eef47f371a6a4ef555caf7c22b0c35611ac5dc819d5cd89e2a0" "/opt/rustwide/cargo-home/bin/cargo" "+1.99.0-beta.8" "test" "--frozen" "--release", kill_on_drop: false }`
[INFO] [stderr]     Finished `release` profile [optimized] target(s) in 0.12s
[INFO] [stderr]      Running unittests src/lib.rs (/opt/rustwide/target/release/deps/scdb-d35e63cc7a20145c)
[INFO] [stdout] 
[INFO] [stdout] running 98 tests
[INFO] [stdout] test internal::buffers::buffer::tests::buffer_get_value ... ok
[INFO] [stdout] test internal::buffers::buffer::tests::buffer_try_delete_kv_entry_out_of_bounds ... ok
[INFO] [stdout] test internal::buffers::buffer::tests::buffer_get_value_out_of_bounds ... ok
[INFO] [stdout] test internal::buffers::buffer::tests::buffer_appends ... ok
[INFO] [stdout] test internal::buffers::buffer::tests::value_from_key_value_entry ... ok
[INFO] [stdout] test internal::buffers::buffer::tests::buffer_read_at_out_of_bounds ... ok
[INFO] [stdout] test internal::buffers::buffer::tests::buffer_try_delete_kv_entry ... ok
[INFO] [stdout] test internal::buffers::buffer::tests::buffer_addr_belongs_to_key ... ok
[INFO] [stdout] test internal::buffers::buffer::tests::buffer_addr_belongs_to_key_out_of_bounds ... ok
[INFO] [stdout] test internal::buffers::buffer::tests::buffer_contains ... ok
[INFO] [stdout] test internal::buffers::buffer::tests::buffer_read_at ... ok
[INFO] [stdout] test internal::buffers::buffer::tests::buffer_replace ... ok
[INFO] [stdout] test internal::buffers::buffer::tests::buffer_can_append ... ok
[INFO] [stdout] test internal::buffers::buffer::tests::buffer_replace_out_of_bounds ... ok
[INFO] [stdout] test internal::buffers::pool::tests::addr_belongs_to_key_works ... FAILED
[INFO] [stdout] test internal::buffers::pool::tests::addr_belongs_to_key_works_out_of_bounds ... FAILED
[INFO] [stdout] test internal::buffers::pool::tests::addr_belongs_to_key_expired_returns_true ... FAILED
[INFO] [stdout] test internal::buffers::pool::tests::read_index_works ... FAILED
[INFO] [stdout] test internal::buffers::pool::tests::get_many_key_values_deleted ... FAILED
[INFO] [stdout] test internal::buffers::pool::tests::get_value_expired ... FAILED
[INFO] [stdout] test internal::buffers::pool::tests::append_to_file ... FAILED
[INFO] [stdout] test internal::buffers::pool::tests::get_value_from_buffer ... FAILED
[INFO] [stdout] test internal::buffers::pool::tests::get_value_works ... FAILED
[INFO] [stdout] test internal::buffers::pool::tests::append_to_pre_existing_buffer ... FAILED
[INFO] [stdout] test internal::buffers::pool::tests::clear_file_works ... FAILED
[INFO] [stdout] test internal::buffers::pool::tests::compact_file_works ... FAILED
[INFO] [stdout] test internal::buffers::pool::tests::get_many_key_values_works ... FAILED
[INFO] [stdout] test internal::buffers::pool::tests::new_with_non_existing_file ... FAILED
[INFO] [stdout] test internal::entries::headers::db_file_header::tests::db_file_header_as_bytes_works ... ok
[INFO] [stdout] test internal::entries::headers::db_file_header::tests::db_file_header_from_data_array ... ok
[INFO] [stdout] test internal::entries::headers::db_file_header::tests::db_file_header_from_data_array_out_of_bounds ... ok
[INFO] [stdout] test internal::buffers::pool::tests::read_at_works_out_of_bounds ... FAILED
[INFO] [stdout] test internal::buffers::pool::tests::get_value_deleted ... FAILED
[INFO] [stdout] test internal::buffers::pool::tests::update_index_in_pre_existing_buffer ... FAILED
[INFO] [stdout] test internal::entries::headers::db_file_header::tests::db_file_header_get_index_offset_in_nth_block_out_of_bounds ... ok
[INFO] [stdout] test internal::entries::headers::inverted_index_header::tests::search_file_header_from_data_array_out_of_bounds ... ok
[INFO] [stdout] test internal::entries::headers::inverted_index_header::tests::search_file_header_from_file ... FAILED
[INFO] [stdout] test internal::entries::headers::inverted_index_header::tests::search_file_header_get_index_offset_in_nth_block ... ok
[INFO] [stdout] test internal::entries::headers::db_file_header::tests::db_file_header_new ... ok
[INFO] [stdout] test internal::entries::headers::db_file_header::tests::db_file_header_get_index_offset ... ok
[INFO] [stdout] test internal::entries::headers::inverted_index_header::tests::search_file_header_as_bytes_works ... ok
[INFO] [stdout] test internal::entries::values::inverted_index_entry::tests::search_entry_as_bytes ... ok
[INFO] [stdout] test internal::entries::values::inverted_index_entry::tests::search_entry_from_data_array ... ok
[INFO] [stdout] test internal::entries::headers::inverted_index_header::tests::search_file_header_from_data_array ... ok
[INFO] [stdout] test internal::entries::values::inverted_index_entry::tests::entry_is_expired_works ... ok
[INFO] [stdout] test internal::entries::headers::db_file_header::tests::db_file_header_from_data_file_out_of_bounds ... FAILED
[INFO] [stdout] test internal::entries::headers::db_file_header::tests::db_file_header_get_index_offset_in_nth_block ... ok
[INFO] [stdout] test internal::entries::headers::inverted_index_header::tests::search_file_header_from_data_file_out_of_bounds ... FAILED
[INFO] [stdout] test internal::buffers::pool::tests::update_index_in_file ... FAILED
[INFO] [stdout] test internal::entries::values::key_value::tests::key_value_entry_from_data_array_value_as_empty_string ... ok
[INFO] [stdout] test internal::entries::values::key_value::tests::key_value_entry_from_data_array_with_offset ... ok
[INFO] [stdout] test internal::hash::test::get_hash_always_generates_the_same_hash_for_same_key ... ok
[INFO] [stdout] test internal::hash::test::get_hash_generates_unique_hashes ... ok
[INFO] [stdout] test internal::inverted_index::tests::add_can_update ... FAILED
[INFO] [stdout] test internal::inverted_index::tests::add_works ... FAILED
[INFO] [stdout] test internal::entries::headers::inverted_index_header::tests::search_file_header_get_index_offset_in_nth_block_out_of_bounds ... ok
[INFO] [stdout] test internal::buffers::pool::tests::try_delete_kv_entry_works ... FAILED
[INFO] [stdout] test internal::entries::headers::inverted_index_header::tests::search_file_header_new ... ok
[INFO] [stdout] test internal::entries::values::inverted_index_entry::tests::search_entry_from_data_array_with_offset ... ok
[INFO] [stdout] test internal::entries::values::inverted_index_entry::tests::search_entry_from_data_array_with_out_of_bounds_offset ... ok
[INFO] [stdout] test internal::entries::values::key_value::tests::key_value_as_bytes ... ok
[INFO] [stdout] test internal::entries::values::key_value::tests::key_value_entry_from_data_array_with_out_of_bounds_offset ... ok
[INFO] [stdout] test internal::entries::values::key_value::tests::key_value_entry_from_data_array ... ok
[INFO] [stdout] test internal::entries::values::key_value::tests::key_value_is_expired_works ... ok
[INFO] [stdout] test internal::buffers::pool::tests::update_index_out_of_bounds ... FAILED
[INFO] [stdout] test internal::utils::tests::get_current_timestamp_gets_now ... ok
[INFO] [stdout] test internal::inverted_index::tests::new_with_existing_file ... FAILED
[INFO] [stdout] test internal::entries::headers::inverted_index_header::tests::search_file_header_get_index_offset ... ok
[INFO] [stdout] test internal::entries::headers::db_file_header::tests::db_file_header_from_file ... FAILED
[INFO] [stdout] test internal::inverted_index::tests::clear_works ... FAILED
[INFO] [stdout] test internal::buffers::pool::tests::new_with_existing_file ... FAILED
[INFO] [stdout] test internal::utils::tests::byte_array_to_bool_works ... ok
[INFO] [stdout] test internal::utils::tests::slice_to_array_works ... ok
[INFO] [stdout] test internal::utils::tests::get_vm_page_size_returns_page_size ... ok
[INFO] [stdout] test internal::inverted_index::tests::new_with_non_existing_file ... FAILED
[INFO] [stdout] test store::tests::background_task_compacts_db_file ... FAILED
[INFO] [stdout] test store::tests::persists_to_file_after_clear ... FAILED
[INFO] [stdout] test store::tests::get_does_not_err_for_empty_string_values ... FAILED
[INFO] [stdout] test store::tests::search_works_after_delete ... FAILED
[INFO] [stdout] test store::tests::search_works_after_expire ... FAILED
[INFO] [stdout] test store::tests::compact_removes_deleted_and_expired_from_db_file ... FAILED
[INFO] [stdout] test internal::inverted_index::tests::remove_works ... FAILED
[INFO] [stdout] test store::tests::set_works ... FAILED
[INFO] [stdout] test internal::utils::tests::initialize_db_folder_creates_non_existing_db_folder ... FAILED
[INFO] [stdout] test store::tests::background_task_compacts_search_index_file ... FAILED
[INFO] [stdout] test internal::buffers::pool::tests::get_many_key_values_expired ... FAILED
[INFO] [stdout] test store::tests::clear_works ... FAILED
[INFO] [stdout] test store::tests::search_errs_when_disabled ... FAILED
[INFO] [stdout] test store::tests::search_works_after_clear ... FAILED
[INFO] [stdout] test store::tests::compact_removes_expired_from_search_index_file ... FAILED
[INFO] [stdout] test store::tests::set_can_update ... FAILED
[INFO] [stdout] test store::tests::set_with_ttl_works ... FAILED
[INFO] [stdout] test internal::inverted_index::tests::search_works ... FAILED
[INFO] [stdout] test store::tests::persists_to_file_after_delete ... FAILED
[INFO] [stdout] test store::tests::search_works ... FAILED
[INFO] [stdout] test store::tests::delete_works ... FAILED
[INFO] [stdout] test store::tests::persists_to_file ... FAILED
[INFO] [stdout] test store::tests::paginated_search_works ... FAILED
[INFO] [stdout] 
[INFO] [stdout] failures:
[INFO] [stdout] 
[INFO] [stdout] ---- internal::buffers::pool::tests::addr_belongs_to_key_works stdout ----
[INFO] [stdout] 
[INFO] [stdout] thread 'internal::buffers::pool::tests::addr_belongs_to_key_works' (2043) panicked at src/internal/buffers/pool.rs:1150:14:
[INFO] [stdout] new buffer pool: Os { code: 30, kind: ReadOnlyFilesystem, message: "Read-only file system" }
[INFO] [stdout] stack backtrace:
[INFO] [stdout]    0:     0x5610df69c2a1 - <<std[70759c8f55707aa4]::sys::backtrace::BacktraceLock>::print::DisplayBacktrace as core[df12db4294e9bfd3]::fmt::Display>::fmt
[INFO] [stdout]    1:     0x5610df6b1b5a - core[df12db4294e9bfd3]::fmt::write
[INFO] [stdout]    2:     0x5610df6a0c0c - <alloc[2182bb758b4b3781]::vec::Vec<u8> as core[df12db4294e9bfd3]::io::write::Write>::write_fmt
[INFO] [stdout]    3:     0x5610df676116 - std[70759c8f55707aa4]::panicking::default_hook::{closure#0}
[INFO] [stdout]    4:     0x5610df693099 - std[70759c8f55707aa4]::panicking::default_hook
[INFO] [stdout]    5:     0x5610df61c8b0 - test[9d35eded1c95d3be]::test_main_inner::<test[9d35eded1c95d3be]::test_main_static::{closure#0}>::{closure#0}
[INFO] [stdout]    6:     0x5610df693252 - std[70759c8f55707aa4]::panicking::panic_with_hook
[INFO] [stdout]    7:     0x5610df6761c2 - std[70759c8f55707aa4]::panicking::panic_handler::{closure#0}
[INFO] [stdout]    8:     0x5610df66ec09 - std[70759c8f55707aa4]::sys::backtrace::__rust_end_short_backtrace::<std[70759c8f55707aa4]::panicking::panic_handler::{closure#0}, !>
[INFO] [stdout]    9:     0x5610df676ead - __rustc[8fa7c3cbc660c2b3]::rust_begin_unwind
[INFO] [stdout]   10:     0x5610df6b228c - core[df12db4294e9bfd3]::panicking::panic_fmt
[INFO] [stdout]   11:     0x5610df6b2062 - core[df12db4294e9bfd3]::result::unwrap_failed
[INFO] [stdout]   12:     0x5610df5c85cd - <scdb[84e78ba4a3e6efd9]::internal::buffers::pool::tests::addr_belongs_to_key_works::{closure#0} as core[df12db4294e9bfd3]::ops::function::FnOnce<()>>::call_once
[INFO] [stdout]   13:     0x5610df659bda - serial_test[8d794d855bc65ebd]::serial_code_lock::local_serial_core
[INFO] [stdout]   14:     0x5610df5ffc3d - <scdb[84e78ba4a3e6efd9]::internal::buffers::pool::tests::addr_belongs_to_key_works::{closure#0} as core[df12db4294e9bfd3]::ops::function::FnOnce<()>>::call_once
[INFO] [stdout]   15:     0x5610df60fb9b - test[9d35eded1c95d3be]::__rust_begin_short_backtrace::<core[df12db4294e9bfd3]::result::Result<(), alloc[2182bb758b4b3781]::string::String>, fn() -> core[df12db4294e9bfd3]::result::Result<(), alloc[2182bb758b4b3781]::string::String>>
[INFO] [stdout]   16:     0x5610df61d205 - test[9d35eded1c95d3be]::run_test::{closure#0}
[INFO] [stdout]   17:     0x5610df616ac4 - std[70759c8f55707aa4]::sys::backtrace::__rust_begin_short_backtrace::<test[9d35eded1c95d3be]::run_test::{closure#1}, ()>
[INFO] [stdout]   18:     0x5610df620362 - <std[70759c8f55707aa4]::thread::lifecycle::spawn_unchecked<test[9d35eded1c95d3be]::run_test::{closure#1}, ()>::{closure#1} as core[df12db4294e9bfd3]::ops::function::FnOnce<()>>::call_once::{shim:vtable#0}
[INFO] [stdout]   19:     0x5610df69b4b9 - <std[70759c8f55707aa4]::sys::thread::unix::Thread>::new::thread_start
[INFO] [stdout]   20:     0x752f37cfedfa - <unknown>
[INFO] [stdout]   21:     0x752f37d923d4 - clone
[INFO] [stdout]   22:                0x0 - <unknown>
[INFO] [stdout] 
[INFO] [stdout] ---- internal::buffers::pool::tests::addr_belongs_to_key_works_out_of_bounds stdout ----
[INFO] [stdout] 
[INFO] [stdout] thread 'internal::buffers::pool::tests::addr_belongs_to_key_works_out_of_bounds' (2044) panicked at src/internal/buffers/pool.rs:1202:14:
[INFO] [stdout] new buffer pool: Os { code: 30, kind: ReadOnlyFilesystem, message: "Read-only file system" }
[INFO] [stdout] stack backtrace:
[INFO] [stdout]    0:     0x5610df69c2a1 - <<std[70759c8f55707aa4]::sys::backtrace::BacktraceLock>::print::DisplayBacktrace as core[df12db4294e9bfd3]::fmt::Display>::fmt
[INFO] [stdout]    1:     0x5610df6b1b5a - core[df12db4294e9bfd3]::fmt::write
[INFO] [stdout]    2:     0x5610df6a0c0c - <alloc[2182bb758b4b3781]::vec::Vec<u8> as core[df12db4294e9bfd3]::io::write::Write>::write_fmt
[INFO] [stdout]    3:     0x5610df676116 - std[70759c8f55707aa4]::panicking::default_hook::{closure#0}
[INFO] [stdout]    4:     0x5610df693099 - std[70759c8f55707aa4]::panicking::default_hook
[INFO] [stdout]    5:     0x5610df61c8b0 - test[9d35eded1c95d3be]::test_main_inner::<test[9d35eded1c95d3be]::test_main_static::{closure#0}>::{closure#0}
[INFO] [stdout]    6:     0x5610df693252 - std[70759c8f55707aa4]::panicking::panic_with_hook
[INFO] [stdout]    7:     0x5610df6761c2 - std[70759c8f55707aa4]::panicking::panic_handler::{closure#0}
[INFO] [stdout]    8:     0x5610df66ec09 - std[70759c8f55707aa4]::sys::backtrace::__rust_end_short_backtrace::<std[70759c8f55707aa4]::panicking::panic_handler::{closure#0}, !>
[INFO] [stdout]    9:     0x5610df676ead - __rustc[8fa7c3cbc660c2b3]::rust_begin_unwind
[INFO] [stdout]   10:     0x5610df6b228c - core[df12db4294e9bfd3]::panicking::panic_fmt
[INFO] [stdout]   11:     0x5610df6b2062 - core[df12db4294e9bfd3]::result::unwrap_failed
[INFO] [stdout]   12:     0x5610df5cee31 - <scdb[84e78ba4a3e6efd9]::internal::buffers::pool::tests::addr_belongs_to_key_works_out_of_bounds::{closure#0} as core[df12db4294e9bfd3]::ops::function::FnOnce<()>>::call_once
[INFO] [stdout]   13:     0x5610df659bda - serial_test[8d794d855bc65ebd]::serial_code_lock::local_serial_core
[INFO] [stdout]   14:     0x5610df5ffe1d - <scdb[84e78ba4a3e6efd9]::internal::buffers::pool::tests::addr_belongs_to_key_works_out_of_bounds::{closure#0} as core[df12db4294e9bfd3]::ops::function::FnOnce<()>>::call_once
[INFO] [stdout]   15:     0x5610df60fb9b - test[9d35eded1c95d3be]::__rust_begin_short_backtrace::<core[df12db4294e9bfd3]::result::Result<(), alloc[2182bb758b4b3781]::string::String>, fn() -> core[df12db4294e9bfd3]::result::Result<(), alloc[2182bb758b4b3781]::string::String>>
[INFO] [stdout]   16:     0x5610df61d205 - test[9d35eded1c95d3be]::run_test::{closure#0}
[INFO] [stdout]   17:     0x5610df616ac4 - std[70759c8f55707aa4]::sys::backtrace::__rust_begin_short_backtrace::<test[9d35eded1c95d3be]::run_test::{closure#1}, ()>
[INFO] [stdout]   18:     0x5610df620362 - <std[70759c8f55707aa4]::thread::lifecycle::spawn_unchecked<test[9d35eded1c95d3be]::run_test::{closure#1}, ()>::{closure#1} as core[df12db4294e9bfd3]::ops::function::FnOnce<()>>::call_once::{shim:vtable#0}
[INFO] [stdout]   19:     0x5610df69b4b9 - <std[70759c8f55707aa4]::sys::thread::unix::Thread>::new::thread_start
[INFO] [stdout]   20:     0x752f37cfedfa - <unknown>
[INFO] [stdout]   21:     0x752f37d923d4 - clone
[INFO] [stdout]   22:                0x0 - <unknown>
[INFO] [stdout] 
[INFO] [stdout] ---- internal::buffers::pool::tests::addr_belongs_to_key_expired_returns_true stdout ----
[INFO] [stdout] 
[INFO] [stdout] thread 'internal::buffers::pool::tests::addr_belongs_to_key_expired_returns_true' (2042) panicked at src/internal/buffers/pool.rs:1182:14:
[INFO] [stdout] new buffer pool: Os { code: 30, kind: ReadOnlyFilesystem, message: "Read-only file system" }
[INFO] [stdout] stack backtrace:
[INFO] [stdout]    0:     0x5610df69c2a1 - <<std[70759c8f55707aa4]::sys::backtrace::BacktraceLock>::print::DisplayBacktrace as core[df12db4294e9bfd3]::fmt::Display>::fmt
[INFO] [stdout]    1:     0x5610df6b1b5a - core[df12db4294e9bfd3]::fmt::write
[INFO] [stdout]    2:     0x5610df6a0c0c - <alloc[2182bb758b4b3781]::vec::Vec<u8> as core[df12db4294e9bfd3]::io::write::Write>::write_fmt
[INFO] [stdout]    3:     0x5610df676116 - std[70759c8f55707aa4]::panicking::default_hook::{closure#0}
[INFO] [stdout]    4:     0x5610df693099 - std[70759c8f55707aa4]::panicking::default_hook
[INFO] [stdout]    5:     0x5610df61c8b0 - test[9d35eded1c95d3be]::test_main_inner::<test[9d35eded1c95d3be]::test_main_static::{closure#0}>::{closure#0}
[INFO] [stdout]    6:     0x5610df693252 - std[70759c8f55707aa4]::panicking::panic_with_hook
[INFO] [stdout]    7:     0x5610df6761c2 - std[70759c8f55707aa4]::panicking::panic_handler::{closure#0}
[INFO] [stdout]    8:     0x5610df66ec09 - std[70759c8f55707aa4]::sys::backtrace::__rust_end_short_backtrace::<std[70759c8f55707aa4]::panicking::panic_handler::{closure#0}, !>
[INFO] [stdout]    9:     0x5610df676ead - __rustc[8fa7c3cbc660c2b3]::rust_begin_unwind
[INFO] [stdout]   10:     0x5610df6b228c - core[df12db4294e9bfd3]::panicking::panic_fmt
[INFO] [stdout]   11:     0x5610df6b2062 - core[df12db4294e9bfd3]::result::unwrap_failed
[INFO] [stdout]   12:     0x5610df5cf23a - <scdb[84e78ba4a3e6efd9]::internal::buffers::pool::tests::addr_belongs_to_key_expired_returns_true::{closure#0} as core[df12db4294e9bfd3]::ops::function::FnOnce<()>>::call_once
[INFO] [stdout]   13:     0x5610df659bda - serial_test[8d794d855bc65ebd]::serial_code_lock::local_serial_core
[INFO] [stdout]   14:     0x5610df5ffe4d - <scdb[84e78ba4a3e6efd9]::internal::buffers::pool::tests::addr_belongs_to_key_expired_returns_true::{closure#0} as core[df12db4294e9bfd3]::ops::function::FnOnce<()>>::call_once
[INFO] [stdout]   15:     0x5610df60fb9b - test[9d35eded1c95d3be]::__rust_begin_short_backtrace::<core[df12db4294e9bfd3]::result::Result<(), alloc[2182bb758b4b3781]::string::String>, fn() -> core[df12db4294e9bfd3]::result::Result<(), alloc[2182bb758b4b3781]::string::String>>
[INFO] [stdout]   16:     0x5610df61d205 - test[9d35eded1c95d3be]::run_test::{closure#0}
[INFO] [stdout]   17:     0x5610df616ac4 - std[70759c8f55707aa4]::sys::backtrace::__rust_begin_short_backtrace::<test[9d35eded1c95d3be]::run_test::{closure#1}, ()>
[INFO] [stdout]   18:     0x5610df620362 - <std[70759c8f55707aa4]::thread::lifecycle::spawn_unchecked<test[9d35eded1c95d3be]::run_test::{closure#1}, ()>::{closure#1} as core[df12db4294e9bfd3]::ops::function::FnOnce<()>>::call_once::{shim:vtable#0}
[INFO] [stdout]   19:     0x5610df69b4b9 - <std[70759c8f55707aa4]::sys::thread::unix::Thread>::new::thread_start
[INFO] [stdout]   20:     0x752f37cfedfa - <unknown>
[INFO] [stdout]   21:     0x752f37d923d4 - clone
[INFO] [stdout]   22:                0x0 - <unknown>
[INFO] [stdout] 
[INFO] [stdout] ---- internal::buffers::pool::tests::read_index_works stdout ----
[INFO] [stdout] 
[INFO] [stdout] thread 'internal::buffers::pool::tests::read_index_works' (2059) panicked at src/internal/buffers/pool.rs:1266:14:
[INFO] [stdout] new buffer pool: Os { code: 30, kind: ReadOnlyFilesystem, message: "Read-only file system" }
[INFO] [stdout] stack backtrace:
[INFO] [stdout]    0:     0x5610df69c2a1 - <<std[70759c8f55707aa4]::sys::backtrace::BacktraceLock>::print::DisplayBacktrace as core[df12db4294e9bfd3]::fmt::Display>::fmt
[INFO] [stdout]    1:     0x5610df6b1b5a - core[df12db4294e9bfd3]::fmt::write
[INFO] [stdout]    2:     0x5610df6a0c0c - <alloc[2182bb758b4b3781]::vec::Vec<u8> as core[df12db4294e9bfd3]::io::write::Write>::write_fmt
[INFO] [stdout]    3:     0x5610df676116 - std[70759c8f55707aa4]::panicking::default_hook::{closure#0}
[INFO] [stdout]    4:     0x5610df693099 - std[70759c8f55707aa4]::panicking::default_hook
[INFO] [stdout]    5:     0x5610df61c8b0 - test[9d35eded1c95d3be]::test_main_inner::<test[9d35eded1c95d3be]::test_main_static::{closure#0}>::{closure#0}
[INFO] [stdout]    6:     0x5610df693252 - std[70759c8f55707aa4]::panicking::panic_with_hook
[INFO] [stdout]    7:     0x5610df6761c2 - std[70759c8f55707aa4]::panicking::panic_handler::{closure#0}
[INFO] [stdout]    8:     0x5610df66ec09 - std[70759c8f55707aa4]::sys::backtrace::__rust_end_short_backtrace::<std[70759c8f55707aa4]::panicking::panic_handler::{closure#0}, !>
[INFO] [stdout]    9:     0x5610df676ead - __rustc[8fa7c3cbc660c2b3]::rust_begin_unwind
[INFO] [stdout]   10:     0x5610df6b228c - core[df12db4294e9bfd3]::panicking::panic_fmt
[INFO] [stdout]   11:     0x5610df6b2062 - core[df12db4294e9bfd3]::result::unwrap_failed
[INFO] [stdout]   12:     0x5610df5c5d49 - <scdb[84e78ba4a3e6efd9]::internal::buffers::pool::tests::read_index_works::{closure#0} as core[df12db4294e9bfd3]::ops::function::FnOnce<()>>::call_once
[INFO] [stdout]   13:     0x5610df659bda - serial_test[8d794d855bc65ebd]::serial_code_lock::local_serial_core
[INFO] [stdout]   14:     0x5610df5ffaed - <scdb[84e78ba4a3e6efd9]::internal::buffers::pool::tests::read_index_works::{closure#0} as core[df12db4294e9bfd3]::ops::function::FnOnce<()>>::call_once
[INFO] [stdout]   15:     0x5610df60fb9b - test[9d35eded1c95d3be]::__rust_begin_short_backtrace::<core[df12db4294e9bfd3]::result::Result<(), alloc[2182bb758b4b3781]::string::String>, fn() -> core[df12db4294e9bfd3]::result::Result<(), alloc[2182bb758b4b3781]::string::String>>
[INFO] [stdout]   16:     0x5610df61d205 - test[9d35eded1c95d3be]::run_test::{closure#0}
[INFO] [stdout]   17:     0x5610df616ac4 - std[70759c8f55707aa4]::sys::backtrace::__rust_begin_short_backtrace::<test[9d35eded1c95d3be]::run_test::{closure#1}, ()>
[INFO] [stdout]   18:     0x5610df620362 - <std[70759c8f55707aa4]::thread::lifecycle::spawn_unchecked<test[9d35eded1c95d3be]::run_test::{closure#1}, ()>::{closure#1} as core[df12db4294e9bfd3]::ops::function::FnOnce<()>>::call_once::{shim:vtable#0}
[INFO] [stdout]   19:     0x5610df69b4b9 - <std[70759c8f55707aa4]::sys::thread::unix::Thread>::new::thread_start
[INFO] [stdout]   20:     0x752f37cfedfa - <unknown>
[INFO] [stdout]   21:     0x752f37d923d4 - clone
[INFO] [stdout]   22:                0x0 - <unknown>
[INFO] [stdout] 
[INFO] [stdout] ---- internal::buffers::pool::tests::get_many_key_values_deleted stdout ----
[INFO] [stdout] 
[INFO] [stdout] thread 'internal::buffers::pool::tests::get_many_key_values_deleted' (2049) panicked at src/internal/buffers/pool.rs:1112:14:
[INFO] [stdout] new buffer pool: Os { code: 30, kind: ReadOnlyFilesystem, message: "Read-only file system" }
[INFO] [stdout] stack backtrace:
[INFO] [stdout]    0:     0x5610df69c2a1 - <<std[70759c8f55707aa4]::sys::backtrace::BacktraceLock>::print::DisplayBacktrace as core[df12db4294e9bfd3]::fmt::Display>::fmt
[INFO] [stdout]    1:     0x5610df6b1b5a - core[df12db4294e9bfd3]::fmt::write
[INFO] [stdout]    2:     0x5610df6a0c0c - <alloc[2182bb758b4b3781]::vec::Vec<u8> as core[df12db4294e9bfd3]::io::write::Write>::write_fmt
[INFO] [stdout]    3:     0x5610df676116 - std[70759c8f55707aa4]::panicking::default_hook::{closure#0}
[INFO] [stdout]    4:     0x5610df693099 - std[70759c8f55707aa4]::panicking::default_hook
[INFO] [stdout]    5:     0x5610df61c8b0 - test[9d35eded1c95d3be]::test_main_inner::<test[9d35eded1c95d3be]::test_main_static::{closure#0}>::{closure#0}
[INFO] [stdout]    6:     0x5610df693252 - std[70759c8f55707aa4]::panicking::panic_with_hook
[INFO] [stdout]    7:     0x5610df6761c2 - std[70759c8f55707aa4]::panicking::panic_handler::{closure#0}
[INFO] [stdout]    8:     0x5610df66ec09 - std[70759c8f55707aa4]::sys::backtrace::__rust_end_short_backtrace::<std[70759c8f55707aa4]::panicking::panic_handler::{closure#0}, !>
[INFO] [stdout]    9:     0x5610df676ead - __rustc[8fa7c3cbc660c2b3]::rust_begin_unwind
[INFO] [stdout]   10:     0x5610df6b228c - core[df12db4294e9bfd3]::panicking::panic_fmt
[INFO] [stdout]   11:     0x5610df6b2062 - core[df12db4294e9bfd3]::result::unwrap_failed
[INFO] [stdout]   12:     0x5610df5cc4df - <scdb[84e78ba4a3e6efd9]::internal::buffers::pool::tests::get_many_key_values_deleted::{closure#0} as core[df12db4294e9bfd3]::ops::function::FnOnce<()>>::call_once
[INFO] [stdout]   13:     0x5610df659bda - serial_test[8d794d855bc65ebd]::serial_code_lock::local_serial_core
[INFO] [stdout]   14:     0x5610df5ffd2d - <scdb[84e78ba4a3e6efd9]::internal::buffers::pool::tests::get_many_key_values_deleted::{closure#0} as core[df12db4294e9bfd3]::ops::function::FnOnce<()>>::call_once
[INFO] [stdout]   15:     0x5610df60fb9b - test[9d35eded1c95d3be]::__rust_begin_short_backtrace::<core[df12db4294e9bfd3]::result::Result<(), alloc[2182bb758b4b3781]::string::String>, fn() -> core[df12db4294e9bfd3]::result::Result<(), alloc[2182bb758b4b3781]::string::String>>
[INFO] [stdout]   16:     0x5610df61d205 - test[9d35eded1c95d3be]::run_test::{closure#0}
[INFO] [stdout]   17:     0x5610df616ac4 - std[70759c8f55707aa4]::sys::backtrace::__rust_begin_short_backtrace::<test[9d35eded1c95d3be]::run_test::{closure#1}, ()>
[INFO] [stdout]   18:     0x5610df620362 - <std[70759c8f55707aa4]::thread::lifecycle::spawn_unchecked<test[9d35eded1c95d3be]::run_test::{closure#1}, ()>::{closure#1} as core[df12db4294e9bfd3]::ops::function::FnOnce<()>>::call_once::{shim:vtable#0}
[INFO] [stdout]   19:     0x5610df69b4b9 - <std[70759c8f55707aa4]::sys::thread::unix::Thread>::new::thread_start
[INFO] [stdout]   20:     0x752f37cfedfa - <unknown>
[INFO] [stdout]   21:     0x752f37d923d4 - clone
[INFO] [stdout]   22:                0x0 - <unknown>
[INFO] [stdout] 
[INFO] [stdout] ---- internal::buffers::pool::tests::get_value_expired stdout ----
[INFO] [stdout] 
[INFO] [stdout] thread 'internal::buffers::pool::tests::get_value_expired' (2053) panicked at src/internal/buffers/pool.rs:977:14:
[INFO] [stdout] new buffer pool: Os { code: 30, kind: ReadOnlyFilesystem, message: "Read-only file system" }
[INFO] [stdout] stack backtrace:
[INFO] [stdout]    0:     0x5610df69c2a1 - <<std[70759c8f55707aa4]::sys::backtrace::BacktraceLock>::print::DisplayBacktrace as core[df12db4294e9bfd3]::fmt::Display>::fmt
[INFO] [stdout]    1:     0x5610df6b1b5a - core[df12db4294e9bfd3]::fmt::write
[INFO] [stdout]    2:     0x5610df6a0c0c - <alloc[2182bb758b4b3781]::vec::Vec<u8> as core[df12db4294e9bfd3]::io::write::Write>::write_fmt
[INFO] [stdout]    3:     0x5610df676116 - std[70759c8f55707aa4]::panicking::default_hook::{closure#0}
[INFO] [stdout]    4:     0x5610df693099 - std[70759c8f55707aa4]::panicking::default_hook
[INFO] [stdout]    5:     0x5610df61c8b0 - test[9d35eded1c95d3be]::test_main_inner::<test[9d35eded1c95d3be]::test_main_static::{closure#0}>::{closure#0}
[INFO] [stdout]    6:     0x5610df693252 - std[70759c8f55707aa4]::panicking::panic_with_hook
[INFO] [stdout]    7:     0x5610df6761c2 - std[70759c8f55707aa4]::panicking::panic_handler::{closure#0}
[INFO] [stdout]    8:     0x5610df66ec09 - std[70759c8f55707aa4]::sys::backtrace::__rust_end_short_backtrace::<std[70759c8f55707aa4]::panicking::panic_handler::{closure#0}, !>
[INFO] [stdout]    9:     0x5610df676ead - __rustc[8fa7c3cbc660c2b3]::rust_begin_unwind
[INFO] [stdout]   10:     0x5610df6b228c - core[df12db4294e9bfd3]::panicking::panic_fmt
[INFO] [stdout]   11:     0x5610df6b2062 - core[df12db4294e9bfd3]::result::unwrap_failed
[INFO] [stdout]   12:     0x5610df5c6576 - <scdb[84e78ba4a3e6efd9]::internal::buffers::pool::tests::get_value_expired::{closure#0} as core[df12db4294e9bfd3]::ops::function::FnOnce<()>>::call_once
[INFO] [stdout]   13:     0x5610df659bda - serial_test[8d794d855bc65ebd]::serial_code_lock::local_serial_core
[INFO] [stdout]   14:     0x5610df5ffb4d - <scdb[84e78ba4a3e6efd9]::internal::buffers::pool::tests::get_value_expired::{closure#0} as core[df12db4294e9bfd3]::ops::function::FnOnce<()>>::call_once
[INFO] [stdout]   15:     0x5610df60fb9b - test[9d35eded1c95d3be]::__rust_begin_short_backtrace::<core[df12db4294e9bfd3]::result::Result<(), alloc[2182bb758b4b3781]::string::String>, fn() -> core[df12db4294e9bfd3]::result::Result<(), alloc[2182bb758b4b3781]::string::String>>
[INFO] [stdout]   16:     0x5610df61d205 - test[9d35eded1c95d3be]::run_test::{closure#0}
[INFO] [stdout]   17:     0x5610df616ac4 - std[70759c8f55707aa4]::sys::backtrace::__rust_begin_short_backtrace::<test[9d35eded1c95d3be]::run_test::{closure#1}, ()>
[INFO] [stdout]   18:     0x5610df620362 - <std[70759c8f55707aa4]::thread::lifecycle::spawn_unchecked<test[9d35eded1c95d3be]::run_test::{closure#1}, ()>::{closure#1} as core[df12db4294e9bfd3]::ops::function::FnOnce<()>>::call_once::{shim:vtable#0}
[INFO] [stdout]   19:     0x5610df69b4b9 - <std[70759c8f55707aa4]::sys::thread::unix::Thread>::new::thread_start
[INFO] [stdout]   20:     0x752f37cfedfa - <unknown>
[INFO] [stdout]   21:     0x752f37d923d4 - clone
[INFO] [stdout]   22:                0x0 - <unknown>
[INFO] [stdout] 
[INFO] [stdout] ---- internal::buffers::pool::tests::append_to_file stdout ----
[INFO] [stdout] 
[INFO] [stdout] thread 'internal::buffers::pool::tests::append_to_file' (2045) panicked at src/internal/buffers/pool.rs:652:14:
[INFO] [stdout] new buffer pool: Os { code: 30, kind: ReadOnlyFilesystem, message: "Read-only file system" }
[INFO] [stdout] stack backtrace:
[INFO] [stdout]    0:     0x5610df69c2a1 - <<std[70759c8f55707aa4]::sys::backtrace::BacktraceLock>::print::DisplayBacktrace as core[df12db4294e9bfd3]::fmt::Display>::fmt
[INFO] [stdout]    1:     0x5610df6b1b5a - core[df12db4294e9bfd3]::fmt::write
[INFO] [stdout]    2:     0x5610df6a0c0c - <alloc[2182bb758b4b3781]::vec::Vec<u8> as core[df12db4294e9bfd3]::io::write::Write>::write_fmt
[INFO] [stdout]    3:     0x5610df676116 - std[70759c8f55707aa4]::panicking::default_hook::{closure#0}
[INFO] [stdout]    4:     0x5610df693099 - std[70759c8f55707aa4]::panicking::default_hook
[INFO] [stdout]    5:     0x5610df61c8b0 - test[9d35eded1c95d3be]::test_main_inner::<test[9d35eded1c95d3be]::test_main_static::{closure#0}>::{closure#0}
[INFO] [stdout]    6:     0x5610df693252 - std[70759c8f55707aa4]::panicking::panic_with_hook
[INFO] [stdout]    7:     0x5610df6761c2 - std[70759c8f55707aa4]::panicking::panic_handler::{closure#0}
[INFO] [stdout]    8:     0x5610df66ec09 - std[70759c8f55707aa4]::sys::backtrace::__rust_end_short_backtrace::<std[70759c8f55707aa4]::panicking::panic_handler::{closure#0}, !>
[INFO] [stdout]    9:     0x5610df676ead - __rustc[8fa7c3cbc660c2b3]::rust_begin_unwind
[INFO] [stdout]   10:     0x5610df6b228c - core[df12db4294e9bfd3]::panicking::panic_fmt
[INFO] [stdout]   11:     0x5610df6b2062 - core[df12db4294e9bfd3]::result::unwrap_failed
[INFO] [stdout]   12:     0x5610df5c4e24 - <scdb[84e78ba4a3e6efd9]::internal::buffers::pool::tests::append_to_file::{closure#0} as core[df12db4294e9bfd3]::ops::function::FnOnce<()>>::call_once
[INFO] [stdout]   13:     0x5610df659bda - serial_test[8d794d855bc65ebd]::serial_code_lock::local_serial_core
[INFO] [stdout]   14:     0x5610df5ffa5d - <scdb[84e78ba4a3e6efd9]::internal::buffers::pool::tests::append_to_file::{closure#0} as core[df12db4294e9bfd3]::ops::function::FnOnce<()>>::call_once
[INFO] [stdout]   15:     0x5610df60fb9b - test[9d35eded1c95d3be]::__rust_begin_short_backtrace::<core[df12db4294e9bfd3]::result::Result<(), alloc[2182bb758b4b3781]::string::String>, fn() -> core[df12db4294e9bfd3]::result::Result<(), alloc[2182bb758b4b3781]::string::String>>
[INFO] [stdout]   16:     0x5610df61d205 - test[9d35eded1c95d3be]::run_test::{closure#0}
[INFO] [stdout]   17:     0x5610df616ac4 - std[70759c8f55707aa4]::sys::backtrace::__rust_begin_short_backtrace::<test[9d35eded1c95d3be]::run_test::{closure#1}, ()>
[INFO] [stdout]   18:     0x5610df620362 - <std[70759c8f55707aa4]::thread::lifecycle::spawn_unchecked<test[9d35eded1c95d3be]::run_test::{closure#1}, ()>::{closure#1} as core[df12db4294e9bfd3]::ops::function::FnOnce<()>>::call_once::{shim:vtable#0}
[INFO] [stdout]   19:     0x5610df69b4b9 - <std[70759c8f55707aa4]::sys::thread::unix::Thread>::new::thread_start
[INFO] [stdout]   20:     0x752f37cfedfa - <unknown>
[INFO] [stdout]   21:     0x752f37d923d4 - clone
[INFO] [stdout]   22:                0x0 - <unknown>
[INFO] [stdout] 
[INFO] [stdout] ---- internal::buffers::pool::tests::get_value_from_buffer stdout ----
[INFO] [stdout] 
[INFO] [stdout] thread 'internal::buffers::pool::tests::get_value_from_buffer' (2054) panicked at src/internal/buffers/pool.rs:943:14:
[INFO] [stdout] new buffer pool: Os { code: 30, kind: ReadOnlyFilesystem, message: "Read-only file system" }
[INFO] [stdout] stack backtrace:
[INFO] [stdout]    0:     0x5610df69c2a1 - <<std[70759c8f55707aa4]::sys::backtrace::BacktraceLock>::print::DisplayBacktrace as core[df12db4294e9bfd3]::fmt::Display>::fmt
[INFO] [stdout]    1:     0x5610df6b1b5a - core[df12db4294e9bfd3]::fmt::write
[INFO] [stdout]    2:     0x5610df6a0c0c - <alloc[2182bb758b4b3781]::vec::Vec<u8> as core[df12db4294e9bfd3]::io::write::Write>::write_fmt
[INFO] [stdout]    3:     0x5610df676116 - std[70759c8f55707aa4]::panicking::default_hook::{closure#0}
[INFO] [stdout]    4:     0x5610df693099 - std[70759c8f55707aa4]::panicking::default_hook
[INFO] [stdout]    5:     0x5610df61c8b0 - test[9d35eded1c95d3be]::test_main_inner::<test[9d35eded1c95d3be]::test_main_static::{closure#0}>::{closure#0}
[INFO] [stdout]    6:     0x5610df693252 - std[70759c8f55707aa4]::panicking::panic_with_hook
[INFO] [stdout]    7:     0x5610df6761c2 - std[70759c8f55707aa4]::panicking::panic_handler::{closure#0}
[INFO] [stdout]    8:     0x5610df66ec09 - std[70759c8f55707aa4]::sys::backtrace::__rust_end_short_backtrace::<std[70759c8f55707aa4]::panicking::panic_handler::{closure#0}, !>
[INFO] [stdout]    9:     0x5610df676ead - __rustc[8fa7c3cbc660c2b3]::rust_begin_unwind
[INFO] [stdout]   10:     0x5610df6b228c - core[df12db4294e9bfd3]::panicking::panic_fmt
[INFO] [stdout]   11:     0x5610df6b2062 - core[df12db4294e9bfd3]::result::unwrap_failed
[INFO] [stdout]   12:     0x5610df5c7ae2 - <scdb[84e78ba4a3e6efd9]::internal::buffers::pool::tests::get_value_from_buffer::{closure#0} as core[df12db4294e9bfd3]::ops::function::FnOnce<()>>::call_once
[INFO] [stdout]   13:     0x5610df659bda - serial_test[8d794d855bc65ebd]::serial_code_lock::local_serial_core
[INFO] [stdout]   14:     0x5610df5ffbdd - <scdb[84e78ba4a3e6efd9]::internal::buffers::pool::tests::get_value_from_buffer::{closure#0} as core[df12db4294e9bfd3]::ops::function::FnOnce<()>>::call_once
[INFO] [stdout]   15:     0x5610df60fb9b - test[9d35eded1c95d3be]::__rust_begin_short_backtrace::<core[df12db4294e9bfd3]::result::Result<(), alloc[2182bb758b4b3781]::string::String>, fn() -> core[df12db4294e9bfd3]::result::Result<(), alloc[2182bb758b4b3781]::string::String>>
[INFO] [stdout]   16:     0x5610df61d205 - test[9d35eded1c95d3be]::run_test::{closure#0}
[INFO] [stdout]   17:     0x5610df616ac4 - std[70759c8f55707aa4]::sys::backtrace::__rust_begin_short_backtrace::<test[9d35eded1c95d3be]::run_test::{closure#1}, ()>
[INFO] [stdout]   18:     0x5610df620362 - <std[70759c8f55707aa4]::thread::lifecycle::spawn_unchecked<test[9d35eded1c95d3be]::run_test::{closure#1}, ()>::{closure#1} as core[df12db4294e9bfd3]::ops::function::FnOnce<()>>::call_once::{shim:vtable#0}
[INFO] [stdout]   19:     0x5610df69b4b9 - <std[70759c8f55707aa4]::sys::thread::unix::Thread>::new::thread_start
[INFO] [stdout]   20:     0x752f37cfedfa - <unknown>
[INFO] [stdout]   21:     0x752f37d923d4 - clone
[INFO] [stdout]   22:                0x0 - <unknown>
[INFO] [stdout] 
[INFO] [stdout] ---- internal::buffers::pool::tests::get_value_works stdout ----
[INFO] [stdout] 
[INFO] [stdout] thread 'internal::buffers::pool::tests::get_value_works' (2055) panicked at src/internal/buffers/pool.rs:919:14:
[INFO] [stdout] new buffer pool: Os { code: 30, kind: ReadOnlyFilesystem, message: "Read-only file system" }
[INFO] [stdout] stack backtrace:
[INFO] [stdout]    0:     0x5610df69c2a1 - <<std[70759c8f55707aa4]::sys::backtrace::BacktraceLock>::print::DisplayBacktrace as core[df12db4294e9bfd3]::fmt::Display>::fmt
[INFO] [stdout]    1:     0x5610df6b1b5a - core[df12db4294e9bfd3]::fmt::write
[INFO] [stdout]    2:     0x5610df6a0c0c - <alloc[2182bb758b4b3781]::vec::Vec<u8> as core[df12db4294e9bfd3]::io::write::Write>::write_fmt
[INFO] [stdout]    3:     0x5610df676116 - std[70759c8f55707aa4]::panicking::default_hook::{closure#0}
[INFO] [stdout]    4:     0x5610df693099 - std[70759c8f55707aa4]::panicking::default_hook
[INFO] [stdout]    5:     0x5610df61c8b0 - test[9d35eded1c95d3be]::test_main_inner::<test[9d35eded1c95d3be]::test_main_static::{closure#0}>::{closure#0}
[INFO] [stdout]    6:     0x5610df693252 - std[70759c8f55707aa4]::panicking::panic_with_hook
[INFO] [stdout]    7:     0x5610df6761c2 - std[70759c8f55707aa4]::panicking::panic_handler::{closure#0}
[INFO] [stdout]    8:     0x5610df66ec09 - std[70759c8f55707aa4]::sys::backtrace::__rust_end_short_backtrace::<std[70759c8f55707aa4]::panicking::panic_handler::{closure#0}, !>
[INFO] [stdout]    9:     0x5610df676ead - __rustc[8fa7c3cbc660c2b3]::rust_begin_unwind
[INFO] [stdout]   10:     0x5610df6b228c - core[df12db4294e9bfd3]::panicking::panic_fmt
[INFO] [stdout]   11:     0x5610df6b2062 - core[df12db4294e9bfd3]::result::unwrap_failed
[INFO] [stdout]   12:     0x5610df5c5306 - <scdb[84e78ba4a3e6efd9]::internal::buffers::pool::tests::get_value_works::{closure#0} as core[df12db4294e9bfd3]::ops::function::FnOnce<()>>::call_once
[INFO] [stdout]   13:     0x5610df659bda - serial_test[8d794d855bc65ebd]::serial_code_lock::local_serial_core
[INFO] [stdout]   14:     0x5610df5ffa8d - <scdb[84e78ba4a3e6efd9]::internal::buffers::pool::tests::get_value_works::{closure#0} as core[df12db4294e9bfd3]::ops::function::FnOnce<()>>::call_once
[INFO] [stdout]   15:     0x5610df60fb9b - test[9d35eded1c95d3be]::__rust_begin_short_backtrace::<core[df12db4294e9bfd3]::result::Result<(), alloc[2182bb758b4b3781]::string::String>, fn() -> core[df12db4294e9bfd3]::result::Result<(), alloc[2182bb758b4b3781]::string::String>>
[INFO] [stdout]   16:     0x5610df61d205 - test[9d35eded1c95d3be]::run_test::{closure#0}
[INFO] [stdout]   17:     0x5610df616ac4 - std[70759c8f55707aa4]::sys::backtrace::__rust_begin_short_backtrace::<test[9d35eded1c95d3be]::run_test::{closure#1}, ()>
[INFO] [stdout]   18:     0x5610df620362 - <std[70759c8f55707aa4]::thread::lifecycle::spawn_unchecked<test[9d35eded1c95d3be]::run_test::{closure#1}, ()>::{closure#1} as core[df12db4294e9bfd3]::ops::function::FnOnce<()>>::call_once::{shim:vtable#0}
[INFO] [stdout]   19:     0x5610df69b4b9 - <std[70759c8f55707aa4]::sys::thread::unix::Thread>::new::thread_start
[INFO] [stdout]   20:     0x752f37cfedfa - <unknown>
[INFO] [stdout]   21:     0x752f37d923d4 - clone
[INFO] [stdout]   22:                0x0 - <unknown>
[INFO] [stdout] 
[INFO] [stdout] ---- internal::buffers::pool::tests::append_to_pre_existing_buffer stdout ----
[INFO] [stdout] 
[INFO] [stdout] thread 'internal::buffers::pool::tests::append_to_pre_existing_buffer' (2046) panicked at src/internal/buffers/pool.rs:679:14:
[INFO] [stdout] new buffer pool: Os { code: 30, kind: ReadOnlyFilesystem, message: "Read-only file system" }
[INFO] [stdout] stack backtrace:
[INFO] [stdout]    0:     0x5610df69c2a1 - <<std[70759c8f55707aa4]::sys::backtrace::BacktraceLock>::print::DisplayBacktrace as core[df12db4294e9bfd3]::fmt::Display>::fmt
[INFO] [stdout]    1:     0x5610df6b1b5a - core[df12db4294e9bfd3]::fmt::write
[INFO] [stdout]    2:     0x5610df6a0c0c - <alloc[2182bb758b4b3781]::vec::Vec<u8> as core[df12db4294e9bfd3]::io::write::Write>::write_fmt
[INFO] [stdout]    3:     0x5610df676116 - std[70759c8f55707aa4]::panicking::default_hook::{closure#0}
[INFO] [stdout]    4:     0x5610df693099 - std[70759c8f55707aa4]::panicking::default_hook
[INFO] [stdout]    5:     0x5610df61c8b0 - test[9d35eded1c95d3be]::test_main_inner::<test[9d35eded1c95d3be]::test_main_static::{closure#0}>::{closure#0}
[INFO] [stdout]    6:     0x5610df693252 - std[70759c8f55707aa4]::panicking::panic_with_hook
[INFO] [stdout]    7:     0x5610df6761c2 - std[70759c8f55707aa4]::panicking::panic_handler::{closure#0}
[INFO] [stdout]    8:     0x5610df66ec09 - std[70759c8f55707aa4]::sys::backtrace::__rust_end_short_backtrace::<std[70759c8f55707aa4]::panicking::panic_handler::{closure#0}, !>
[INFO] [stdout]    9:     0x5610df676ead - __rustc[8fa7c3cbc660c2b3]::rust_begin_unwind
[INFO] [stdout]   10:     0x5610df6b228c - core[df12db4294e9bfd3]::panicking::panic_fmt
[INFO] [stdout]   11:     0x5610df6b2062 - core[df12db4294e9bfd3]::result::unwrap_failed
[INFO] [stdout]   12:     0x5610df5ce3aa - <scdb[84e78ba4a3e6efd9]::internal::buffers::pool::tests::append_to_pre_existing_buffer::{closure#0} as core[df12db4294e9bfd3]::ops::function::FnOnce<()>>::call_once
[INFO] [stdout]   13:     0x5610df659bda - serial_test[8d794d855bc65ebd]::serial_code_lock::local_serial_core
[INFO] [stdout]   14:     0x5610df5ffdbd - <scdb[84e78ba4a3e6efd9]::internal::buffers::pool::tests::append_to_pre_existing_buffer::{closure#0} as core[df12db4294e9bfd3]::ops::function::FnOnce<()>>::call_once
[INFO] [stdout]   15:     0x5610df60fb9b - test[9d35eded1c95d3be]::__rust_begin_short_backtrace::<core[df12db4294e9bfd3]::result::Result<(), alloc[2182bb758b4b3781]::string::String>, fn() -> core[df12db4294e9bfd3]::result::Result<(), alloc[2182bb758b4b3781]::string::String>>
[INFO] [stdout]   16:     0x5610df61d205 - test[9d35eded1c95d3be]::run_test::{closure#0}
[INFO] [stdout]   17:     0x5610df616ac4 - std[70759c8f55707aa4]::sys::backtrace::__rust_begin_short_backtrace::<test[9d35eded1c95d3be]::run_test::{closure#1}, ()>
[INFO] [stdout]   18:     0x5610df620362 - <std[70759c8f55707aa4]::thread::lifecycle::spawn_unchecked<test[9d35eded1c95d3be]::run_test::{closure#1}, ()>::{closure#1} as core[df12db4294e9bfd3]::ops::function::FnOnce<()>>::call_once::{shim:vtable#0}
[INFO] [stdout]   19:     0x5610df69b4b9 - <std[70759c8f55707aa4]::sys::thread::unix::Thread>::new::thread_start
[INFO] [stdout]   20:     0x752f37cfedfa - <unknown>
[INFO] [stdout]   21:     0x752f37d923d4 - clone
[INFO] [stdout]   22:                0x0 - <unknown>
[INFO] [stdout] 
[INFO] [stdout] ---- internal::buffers::pool::tests::clear_file_works stdout ----
[INFO] [stdout] 
[INFO] [stdout] thread 'internal::buffers::pool::tests::clear_file_works' (2047) panicked at src/internal/buffers/pool.rs:825:14:
[INFO] [stdout] new buffer pool: Os { code: 30, kind: ReadOnlyFilesystem, message: "Read-only file system" }
[INFO] [stdout] stack backtrace:
[INFO] [stdout]    0:     0x5610df69c2a1 - <<std[70759c8f55707aa4]::sys::backtrace::BacktraceLock>::print::DisplayBacktrace as core[df12db4294e9bfd3]::fmt::Display>::fmt
[INFO] [stdout]    1:     0x5610df6b1b5a - core[df12db4294e9bfd3]::fmt::write
[INFO] [stdout]    2:     0x5610df6a0c0c - <alloc[2182bb758b4b3781]::vec::Vec<u8> as core[df12db4294e9bfd3]::io::write::Write>::write_fmt
[INFO] [stdout]    3:     0x5610df676116 - std[70759c8f55707aa4]::panicking::default_hook::{closure#0}
[INFO] [stdout]    4:     0x5610df693099 - std[70759c8f55707aa4]::panicking::default_hook
[INFO] [stdout]    5:     0x5610df61c8b0 - test[9d35eded1c95d3be]::test_main_inner::<test[9d35eded1c95d3be]::test_main_static::{closure#0}>::{closure#0}
[INFO] [stdout]    6:     0x5610df693252 - std[70759c8f55707aa4]::panicking::panic_with_hook
[INFO] [stdout]    7:     0x5610df6761c2 - std[70759c8f55707aa4]::panicking::panic_handler::{closure#0}
[INFO] [stdout]    8:     0x5610df66ec09 - std[70759c8f55707aa4]::sys::backtrace::__rust_end_short_backtrace::<std[70759c8f55707aa4]::panicking::panic_handler::{closure#0}, !>
[INFO] [stdout]    9:     0x5610df676ead - __rustc[8fa7c3cbc660c2b3]::rust_begin_unwind
[INFO] [stdout]   10:     0x5610df6b228c - core[df12db4294e9bfd3]::panicking::panic_fmt
[INFO] [stdout]   11:     0x5610df6b2062 - core[df12db4294e9bfd3]::result::unwrap_failed
[INFO] [stdout]   12:     0x5610df5c58b4 - <scdb[84e78ba4a3e6efd9]::internal::buffers::pool::tests::clear_file_works::{closure#0} as core[df12db4294e9bfd3]::ops::function::FnOnce<()>>::call_once
[INFO] [stdout]   13:     0x5610df659bda - serial_test[8d794d855bc65ebd]::serial_code_lock::local_serial_core
[INFO] [stdout]   14:     0x5610df5ffabd - <scdb[84e78ba4a3e6efd9]::internal::buffers::pool::tests::clear_file_works::{closure#0} as core[df12db4294e9bfd3]::ops::function::FnOnce<()>>::call_once
[INFO] [stdout]   15:     0x5610df60fb9b - test[9d35eded1c95d3be]::__rust_begin_short_backtrace::<core[df12db4294e9bfd3]::result::Result<(), alloc[2182bb758b4b3781]::string::String>, fn() -> core[df12db4294e9bfd3]::result::Result<(), alloc[2182bb758b4b3781]::string::String>>
[INFO] [stdout]   16:     0x5610df61d205 - test[9d35eded1c95d3be]::run_test::{closure#0}
[INFO] [stdout]   17:     0x5610df616ac4 - std[70759c8f55707aa4]::sys::backtrace::__rust_begin_short_backtrace::<test[9d35eded1c95d3be]::run_test::{closure#1}, ()>
[INFO] [stdout]   18:     0x5610df620362 - <std[70759c8f55707aa4]::thread::lifecycle::spawn_unchecked<test[9d35eded1c95d3be]::run_test::{closure#1}, ()>::{closure#1} as core[df12db4294e9bfd3]::ops::function::FnOnce<()>>::call_once::{shim:vtable#0}
[INFO] [stdout]   19:     0x5610df69b4b9 - <std[70759c8f55707aa4]::sys::thread::unix::Thread>::new::thread_start
[INFO] [stdout]   20:     0x752f37cfedfa - <unknown>
[INFO] [stdout]   21:     0x752f37d923d4 - clone
[INFO] [stdout]   22:                0x0 - <unknown>
[INFO] [stdout] 
[INFO] [stdout] ---- internal::buffers::pool::tests::compact_file_works stdout ----
[INFO] [stdout] 
[INFO] [stdout] thread 'internal::buffers::pool::tests::compact_file_works' (2048) panicked at src/internal/buffers/pool.rs:863:14:
[INFO] [stdout] new buffer pool: Os { code: 30, kind: ReadOnlyFilesystem, message: "Read-only file system" }
[INFO] [stdout] stack backtrace:
[INFO] [stdout]    0:     0x5610df69c2a1 - <<std[70759c8f55707aa4]::sys::backtrace::BacktraceLock>::print::DisplayBacktrace as core[df12db4294e9bfd3]::fmt::Display>::fmt
[INFO] [stdout]    1:     0x5610df6b1b5a - core[df12db4294e9bfd3]::fmt::write
[INFO] [stdout]    2:     0x5610df6a0c0c - <alloc[2182bb758b4b3781]::vec::Vec<u8> as core[df12db4294e9bfd3]::io::write::Write>::write_fmt
[INFO] [stdout]    3:     0x5610df676116 - std[70759c8f55707aa4]::panicking::default_hook::{closure#0}
[INFO] [stdout]    4:     0x5610df693099 - std[70759c8f55707aa4]::panicking::default_hook
[INFO] [stdout]    5:     0x5610df61c8b0 - test[9d35eded1c95d3be]::test_main_inner::<test[9d35eded1c95d3be]::test_main_static::{closure#0}>::{closure#0}
[INFO] [stdout]    6:     0x5610df693252 - std[70759c8f55707aa4]::panicking::panic_with_hook
[INFO] [stdout]    7:     0x5610df6761c2 - std[70759c8f55707aa4]::panicking::panic_handler::{closure#0}
[INFO] [stdout]    8:     0x5610df66ec09 - std[70759c8f55707aa4]::sys::backtrace::__rust_end_short_backtrace::<std[70759c8f55707aa4]::panicking::panic_handler::{closure#0}, !>
[INFO] [stdout]    9:     0x5610df676ead - __rustc[8fa7c3cbc660c2b3]::rust_begin_unwind
[INFO] [stdout]   10:     0x5610df6b228c - core[df12db4294e9bfd3]::panicking::panic_fmt
[INFO] [stdout]   11:     0x5610df6b2062 - core[df12db4294e9bfd3]::result::unwrap_failed
[INFO] [stdout]   12:     0x5610df5c6f68 - <scdb[84e78ba4a3e6efd9]::internal::buffers::pool::tests::compact_file_works::{closure#0} as core[df12db4294e9bfd3]::ops::function::FnOnce<()>>::call_once
[INFO] [stdout]   13:     0x5610df659bda - serial_test[8d794d855bc65ebd]::serial_code_lock::local_serial_core
[INFO] [stdout]   14:     0x5610df5ffb7d - <scdb[84e78ba4a3e6efd9]::internal::buffers::pool::tests::compact_file_works::{closure#0} as core[df12db4294e9bfd3]::ops::function::FnOnce<()>>::call_once
[INFO] [stdout]   15:     0x5610df60fb9b - test[9d35eded1c95d3be]::__rust_begin_short_backtrace::<core[df12db4294e9bfd3]::result::Result<(), alloc[2182bb758b4b3781]::string::String>, fn() -> core[df12db4294e9bfd3]::result::Result<(), alloc[2182bb758b4b3781]::string::String>>
[INFO] [stdout]   16:     0x5610df61d205 - test[9d35eded1c95d3be]::run_test::{closure#0}
[INFO] [stdout]   17:     0x5610df616ac4 - std[70759c8f55707aa4]::sys::backtrace::__rust_begin_short_backtrace::<test[9d35eded1c95d3be]::run_test::{closure#1}, ()>
[INFO] [stdout]   18:     0x5610df620362 - <std[70759c8f55707aa4]::thread::lifecycle::spawn_unchecked<test[9d35eded1c95d3be]::run_test::{closure#1}, ()>::{closure#1} as core[df12db4294e9bfd3]::ops::function::FnOnce<()>>::call_once::{shim:vtable#0}
[INFO] [stdout]   19:     0x5610df69b4b9 - <std[70759c8f55707aa4]::sys::thread::unix::Thread>::new::thread_start
[INFO] [stdout]   20:     0x752f37cfedfa - <unknown>
[INFO] [stdout]   21:     0x752f37d923d4 - clone
[INFO] [stdout]   22:                0x0 - <unknown>
[INFO] [stdout] 
[INFO] [stdout] ---- internal::buffers::pool::tests::get_many_key_values_works stdout ----
[INFO] [stdout] 
[INFO] [stdout] thread 'internal::buffers::pool::tests::get_many_key_values_works' (2051) panicked at src/internal/buffers/pool.rs:1026:14:
[INFO] [stdout] new buffer pool: Os { code: 30, kind: ReadOnlyFilesystem, message: "Read-only file system" }
[INFO] [stdout] stack backtrace:
[INFO] [stdout]    0:     0x5610df69c2a1 - <<std[70759c8f55707aa4]::sys::backtrace::BacktraceLock>::print::DisplayBacktrace as core[df12db4294e9bfd3]::fmt::Display>::fmt
[INFO] [stdout]    1:     0x5610df6b1b5a - core[df12db4294e9bfd3]::fmt::write
[INFO] [stdout]    2:     0x5610df6a0c0c - <alloc[2182bb758b4b3781]::vec::Vec<u8> as core[df12db4294e9bfd3]::io::write::Write>::write_fmt
[INFO] [stdout]    3:     0x5610df676116 - std[70759c8f55707aa4]::panicking::default_hook::{closure#0}
[INFO] [stdout]    4:     0x5610df693099 - std[70759c8f55707aa4]::panicking::default_hook
[INFO] [stdout]    5:     0x5610df61c8b0 - test[9d35eded1c95d3be]::test_main_inner::<test[9d35eded1c95d3be]::test_main_static::{closure#0}>::{closure#0}
[INFO] [stdout]    6:     0x5610df693252 - std[70759c8f55707aa4]::panicking::panic_with_hook
[INFO] [stdout]    7:     0x5610df6761c2 - std[70759c8f55707aa4]::panicking::panic_handler::{closure#0}
[INFO] [stdout]    8:     0x5610df66ec09 - std[70759c8f55707aa4]::sys::backtrace::__rust_end_short_backtrace::<std[70759c8f55707aa4]::panicking::panic_handler::{closure#0}, !>
[INFO] [stdout]    9:     0x5610df676ead - __rustc[8fa7c3cbc660c2b3]::rust_begin_unwind
[INFO] [stdout]   10:     0x5610df6b228c - core[df12db4294e9bfd3]::panicking::panic_fmt
[INFO] [stdout]   11:     0x5610df6b2062 - core[df12db4294e9bfd3]::result::unwrap_failed
[INFO] [stdout]   12:     0x5610df5c9600 - <scdb[84e78ba4a3e6efd9]::internal::buffers::pool::tests::get_many_key_values_works::{closure#0} as core[df12db4294e9bfd3]::ops::function::FnOnce<()>>::call_once
[INFO] [stdout]   13:     0x5610df659bda - serial_test[8d794d855bc65ebd]::serial_code_lock::local_serial_core
[INFO] [stdout]   14:     0x5610df5ffc6d - <scdb[84e78ba4a3e6efd9]::internal::buffers::pool::tests::get_many_key_values_works::{closure#0} as core[df12db4294e9bfd3]::ops::function::FnOnce<()>>::call_once
[INFO] [stdout]   15:     0x5610df60fb9b - test[9d35eded1c95d3be]::__rust_begin_short_backtrace::<core[df12db4294e9bfd3]::result::Result<(), alloc[2182bb758b4b3781]::string::String>, fn() -> core[df12db4294e9bfd3]::result::Result<(), alloc[2182bb758b4b3781]::string::String>>
[INFO] [stdout]   16:     0x5610df61d205 - test[9d35eded1c95d3be]::run_test::{closure#0}
[INFO] [stdout]   17:     0x5610df616ac4 - std[70759c8f55707aa4]::sys::backtrace::__rust_begin_short_backtrace::<test[9d35eded1c95d3be]::run_test::{closure#1}, ()>
[INFO] [stdout]   18:     0x5610df620362 - <std[70759c8f55707aa4]::thread::lifecycle::spawn_unchecked<test[9d35eded1c95d3be]::run_test::{closure#1}, ()>::{closure#1} as core[df12db4294e9bfd3]::ops::function::FnOnce<()>>::call_once::{shim:vtable#0}
[INFO] [stdout]   19:     0x5610df69b4b9 - <std[70759c8f55707aa4]::sys::thread::unix::Thread>::new::thread_start
[INFO] [stdout]   20:     0x752f37cfedfa - <unknown>
[INFO] [stdout]   21:     0x752f37d923d4 - clone
[INFO] [stdout]   22:                0x0 - <unknown>
[INFO] [stdout] 
[INFO] [stdout] ---- internal::buffers::pool::tests::new_with_non_existing_file stdout ----
[INFO] [stdout] 
[INFO] [stdout] thread 'internal::buffers::pool::tests::new_with_non_existing_file' (2057) panicked at src/internal/buffers/pool.rs:599:18:
[INFO] [stdout] new buffer pool: Os { code: 30, kind: ReadOnlyFilesystem, message: "Read-only file system" }
[INFO] [stdout] stack backtrace:
[INFO] [stdout]    0:     0x5610df69c2a1 - <<std[70759c8f55707aa4]::sys::backtrace::BacktraceLock>::print::DisplayBacktrace as core[df12db4294e9bfd3]::fmt::Display>::fmt
[INFO] [stdout]    1:     0x5610df6b1b5a - core[df12db4294e9bfd3]::fmt::write
[INFO] [stdout]    2:     0x5610df6a0c0c - <alloc[2182bb758b4b3781]::vec::Vec<u8> as core[df12db4294e9bfd3]::io::write::Write>::write_fmt
[INFO] [stdout]    3:     0x5610df676116 - std[70759c8f55707aa4]::panicking::default_hook::{closure#0}
[INFO] [stdout]    4:     0x5610df693099 - std[70759c8f55707aa4]::panicking::default_hook
[INFO] [stdout]    5:     0x5610df61c8b0 - test[9d35eded1c95d3be]::test_main_inner::<test[9d35eded1c95d3be]::test_main_static::{closure#0}>::{closure#0}
[INFO] [stdout]    6:     0x5610df693252 - std[70759c8f55707aa4]::panicking::panic_with_hook
[INFO] [stdout]    7:     0x5610df6761c2 - std[70759c8f55707aa4]::panicking::panic_handler::{closure#0}
[INFO] [stdout]    8:     0x5610df66ec09 - std[70759c8f55707aa4]::sys::backtrace::__rust_end_short_backtrace::<std[70759c8f55707aa4]::panicking::panic_handler::{closure#0}, !>
[INFO] [stdout]    9:     0x5610df676ead - __rustc[8fa7c3cbc660c2b3]::rust_begin_unwind
[INFO] [stdout]   10:     0x5610df6b228c - core[df12db4294e9bfd3]::panicking::panic_fmt
[INFO] [stdout]   11:     0x5610df6b2062 - core[df12db4294e9bfd3]::result::unwrap_failed
[INFO] [stdout]   12:     0x5610df5cb092 - <scdb[84e78ba4a3e6efd9]::internal::buffers::pool::tests::new_with_non_existing_file::{closure#0} as core[df12db4294e9bfd3]::ops::function::FnOnce<()>>::call_once
[INFO] [stdout]   13:     0x5610df659bda - serial_test[8d794d855bc65ebd]::serial_code_lock::local_serial_core
[INFO] [stdout]   14:     0x5610df5ffccd - <scdb[84e78ba4a3e6efd9]::internal::buffers::pool::tests::new_with_non_existing_file::{closure#0} as core[df12db4294e9bfd3]::ops::function::FnOnce<()>>::call_once
[INFO] [stdout]   15:     0x5610df60fb9b - test[9d35eded1c95d3be]::__rust_begin_short_backtrace::<core[df12db4294e9bfd3]::result::Result<(), alloc[2182bb758b4b3781]::string::String>, fn() -> core[df12db4294e9bfd3]::result::Result<(), alloc[2182bb758b4b3781]::string::String>>
[INFO] [stdout]   16:     0x5610df61d205 - test[9d35eded1c95d3be]::run_test::{closure#0}
[INFO] [stdout]   17:     0x5610df616ac4 - std[70759c8f55707aa4]::sys::backtrace::__rust_begin_short_backtrace::<test[9d35eded1c95d3be]::run_test::{closure#1}, ()>
[INFO] [stdout]   18:     0x5610df620362 - <std[70759c8f55707aa4]::thread::lifecycle::spawn_unchecked<test[9d35eded1c95d3be]::run_test::{closure#1}, ()>::{closure#1} as core[df12db4294e9bfd3]::ops::function::FnOnce<()>>::call_once::{shim:vtable#0}
[INFO] [stdout]   19:     0x5610df69b4b9 - <std[70759c8f55707aa4]::sys::thread::unix::Thread>::new::thread_start
[INFO] [stdout]   20:     0x752f37cfedfa - <unknown>
[INFO] [stdout]   21:     0x752f37d923d4 - clone
[INFO] [stdout]   22:                0x0 - <unknown>
[INFO] [stdout] 
[INFO] [stdout] ---- internal::buffers::pool::tests::read_at_works_out_of_bounds stdout ----
[INFO] [stdout] 
[INFO] [stdout] thread 'internal::buffers::pool::tests::read_at_works_out_of_bounds' (2058) panicked at src/internal/buffers/pool.rs:1289:14:
[INFO] [stdout] new buffer pool: Os { code: 30, kind: ReadOnlyFilesystem, message: "Read-only file system" }
[INFO] [stdout] stack backtrace:
[INFO] [stdout]    0:     0x5610df69c2a1 - <<std[70759c8f55707aa4]::sys::backtrace::BacktraceLock>::print::DisplayBacktrace as core[df12db4294e9bfd3]::fmt::Display>::fmt
[INFO] [stdout]    1:     0x5610df6b1b5a - core[df12db4294e9bfd3]::fmt::write
[INFO] [stdout]    2:     0x5610df6a0c0c - <alloc[2182bb758b4b3781]::vec::Vec<u8> as core[df12db4294e9bfd3]::io::write::Write>::write_fmt
[INFO] [stdout]    3:     0x5610df676116 - std[70759c8f55707aa4]::panicking::default_hook::{closure#0}
[INFO] [stdout]    4:     0x5610df693099 - std[70759c8f55707aa4]::panicking::default_hook
[INFO] [stdout]    5:     0x5610df61c8b0 - test[9d35eded1c95d3be]::test_main_inner::<test[9d35eded1c95d3be]::test_main_static::{closure#0}>::{closure#0}
[INFO] [stdout]    6:     0x5610df693252 - std[70759c8f55707aa4]::panicking::panic_with_hook
[INFO] [stdout]    7:     0x5610df6761c2 - std[70759c8f55707aa4]::panicking::panic_handler::{closure#0}
[INFO] [stdout]    8:     0x5610df66ec09 - std[70759c8f55707aa4]::sys::backtrace::__rust_end_short_backtrace::<std[70759c8f55707aa4]::panicking::panic_handler::{closure#0}, !>
[INFO] [stdout]    9:     0x5610df676ead - __rustc[8fa7c3cbc660c2b3]::rust_begin_unwind
[INFO] [stdout]   10:     0x5610df6b228c - core[df12db4294e9bfd3]::panicking::panic_fmt
[INFO] [stdout]   11:     0x5610df6b2062 - core[df12db4294e9bfd3]::result::unwrap_failed
[INFO] [stdout]   12:     0x5610df5cdb36 - <scdb[84e78ba4a3e6efd9]::internal::buffers::pool::tests::read_at_works_out_of_bounds::{closure#0} as core[df12db4294e9bfd3]::ops::function::FnOnce<()>>::call_once
[INFO] [stdout]   13:     0x5610df659bda - serial_test[8d794d855bc65ebd]::serial_code_lock::local_serial_core
[INFO] [stdout]   14:     0x5610df5ffd8d - <scdb[84e78ba4a3e6efd9]::internal::buffers::pool::tests::read_at_works_out_of_bounds::{closure#0} as core[df12db4294e9bfd3]::ops::function::FnOnce<()>>::call_once
[INFO] [stdout]   15:     0x5610df60fb9b - test[9d35eded1c95d3be]::__rust_begin_short_backtrace::<core[df12db4294e9bfd3]::result::Result<(), alloc[2182bb758b4b3781]::string::String>, fn() -> core[df12db4294e9bfd3]::result::Result<(), alloc[2182bb758b4b3781]::string::String>>
[INFO] [stdout]   16:     0x5610df61d205 - test[9d35eded1c95d3be]::run_test::{closure#0}
[INFO] [stdout]   17:     0x5610df616ac4 - std[70759c8f55707aa4]::sys::backtrace::__rust_begin_short_backtrace::<test[9d35eded1c95d3be]::run_test::{closure#1}, ()>
[INFO] [stdout]   18:     0x5610df620362 - <std[70759c8f55707aa4]::thread::lifecycle::spawn_unchecked<test[9d35eded1c95d3be]::run_test::{closure#1}, ()>::{closure#1} as core[df12db4294e9bfd3]::ops::function::FnOnce<()>>::call_once::{shim:vtable#0}
[INFO] [stdout]   19:     0x5610df69b4b9 - <std[70759c8f55707aa4]::sys::thread::unix::Thread>::new::thread_start
[INFO] [stdout]   20:     0x752f37cfedfa - <unknown>
[INFO] [stdout]   21:     0x752f37d923d4 - clone
[INFO] [stdout]   22:                0x0 - <unknown>
[INFO] [stdout] 
[INFO] [stdout] ---- internal::buffers::pool::tests::get_value_deleted stdout ----
[INFO] [stdout] 
[INFO] [stdout] thread 'internal::buffers::pool::tests::get_value_deleted' (2052) panicked at src/internal/buffers/pool.rs:997:14:
[INFO] [stdout] new buffer pool: Os { code: 30, kind: ReadOnlyFilesystem, message: "Read-only file system" }
[INFO] [stdout] stack backtrace:
[INFO] [stdout]    0:     0x5610df69c2a1 - <<std[70759c8f55707aa4]::sys::backtrace::BacktraceLock>::print::DisplayBacktrace as core[df12db4294e9bfd3]::fmt::Display>::fmt
[INFO] [stdout]    1:     0x5610df6b1b5a - core[df12db4294e9bfd3]::fmt::write
[INFO] [stdout]    2:     0x5610df6a0c0c - <alloc[2182bb758b4b3781]::vec::Vec<u8> as core[df12db4294e9bfd3]::io::write::Write>::write_fmt
[INFO] [stdout]    3:     0x5610df676116 - std[70759c8f55707aa4]::panicking::default_hook::{closure#0}
[INFO] [stdout]    4:     0x5610df693099 - std[70759c8f55707aa4]::panicking::default_hook
[INFO] [stdout]    5:     0x5610df61c8b0 - test[9d35eded1c95d3be]::test_main_inner::<test[9d35eded1c95d3be]::test_main_static::{closure#0}>::{closure#0}
[INFO] [stdout]    6:     0x5610df693252 - std[70759c8f55707aa4]::panicking::panic_with_hook
[INFO] [stdout]    7:     0x5610df6761c2 - std[70759c8f55707aa4]::panicking::panic_handler::{closure#0}
[INFO] [stdout]    8:     0x5610df66ec09 - std[70759c8f55707aa4]::sys::backtrace::__rust_end_short_backtrace::<std[70759c8f55707aa4]::panicking::panic_handler::{closure#0}, !>
[INFO] [stdout]    9:     0x5610df676ead - __rustc[8fa7c3cbc660c2b3]::rust_begin_unwind
[INFO] [stdout]   10:     0x5610df6b228c - core[df12db4294e9bfd3]::panicking::panic_fmt
[INFO] [stdout]   11:     0x5610df6b2062 - core[df12db4294e9bfd3]::result::unwrap_failed
[INFO] [stdout]   12:     0x5610df5c6139 - <scdb[84e78ba4a3e6efd9]::internal::buffers::pool::tests::get_value_deleted::{closure#0} as core[df12db4294e9bfd3]::ops::function::FnOnce<()>>::call_once
[INFO] [stdout]   13:     0x5610df659bda - serial_test[8d794d855bc65ebd]::serial_code_lock::local_serial_core
[INFO] [stdout]   14:     0x5610df5ffb1d - <scdb[84e78ba4a3e6efd9]::internal::buffers::pool::tests::get_value_deleted::{closure#0} as core[df12db4294e9bfd3]::ops::function::FnOnce<()>>::call_once
[INFO] [stdout]   15:     0x5610df60fb9b - test[9d35eded1c95d3be]::__rust_begin_short_backtrace::<core[df12db4294e9bfd3]::result::Result<(), alloc[2182bb758b4b3781]::string::String>, fn() -> core[df12db4294e9bfd3]::result::Result<(), alloc[2182bb758b4b3781]::string::String>>
[INFO] [stdout]   16:     0x5610df61d205 - test[9d35eded1c95d3be]::run_test::{closure#0}
[INFO] [stdout]   17:     0x5610df616ac4 - std[70759c8f55707aa4]::sys::backtrace::__rust_begin_short_backtrace::<test[9d35eded1c95d3be]::run_test::{closure#1}, ()>
[INFO] [stdout]   18:     0x5610df620362 - <std[70759c8f55707aa4]::thread::lifecycle::spawn_unchecked<test[9d35eded1c95d3be]::run_test::{closure#1}, ()>::{closure#1} as core[df12db4294e9bfd3]::ops::function::FnOnce<()>>::call_once::{shim:vtable#0}
[INFO] [stdout]   19:     0x5610df69b4b9 - <std[70759c8f55707aa4]::sys::thread::unix::Thread>::new::thread_start
[INFO] [stdout]   20:     0x752f37cfedfa - <unknown>
[INFO] [stdout]   21:     0x752f37d923d4 - clone
[INFO] [stdout]   22:                0x0 - <unknown>
[INFO] [stdout] 
[INFO] [stdout] ---- internal::buffers::pool::tests::update_index_in_pre_existing_buffer stdout ----
[INFO] [stdout] 
[INFO] [stdout] thread 'internal::buffers::pool::tests::update_index_in_pre_existing_buffer' (2062) panicked at src/internal/buffers/pool.rs:755:14:
[INFO] [stdout] new buffer pool: Os { code: 30, kind: ReadOnlyFilesystem, message: "Read-only file system" }
[INFO] [stdout] stack backtrace:
[INFO] [stdout]    0:     0x5610df69c2a1 - <<std[70759c8f55707aa4]::sys::backtrace::BacktraceLock>::print::DisplayBacktrace as core[df12db4294e9bfd3]::fmt::Display>::fmt
[INFO] [stdout]    1:     0x5610df6b1b5a - core[df12db4294e9bfd3]::fmt::write
[INFO] [stdout]    2:     0x5610df6a0c0c - <alloc[2182bb758b4b3781]::vec::Vec<u8> as core[df12db4294e9bfd3]::io::write::Write>::write_fmt
[INFO] [stdout]    3:     0x5610df676116 - std[70759c8f55707aa4]::panicking::default_hook::{closure#0}
[INFO] [stdout]    4:     0x5610df693099 - std[70759c8f55707aa4]::panicking::default_hook
[INFO] [stdout]    5:     0x5610df61c8b0 - test[9d35eded1c95d3be]::test_main_inner::<test[9d35eded1c95d3be]::test_main_static::{closure#0}>::{closure#0}
[INFO] [stdout]    6:     0x5610df693252 - std[70759c8f55707aa4]::panicking::panic_with_hook
[INFO] [stdout]    7:     0x5610df6761c2 - std[70759c8f55707aa4]::panicking::panic_handler::{closure#0}
[INFO] [stdout]    8:     0x5610df66ec09 - std[70759c8f55707aa4]::sys::backtrace::__rust_end_short_backtrace::<std[70759c8f55707aa4]::panicking::panic_handler::{closure#0}, !>
[INFO] [stdout]    9:     0x5610df676ead - __rustc[8fa7c3cbc660c2b3]::rust_begin_unwind
[INFO] [stdout]   10:     0x5610df6b228c - core[df12db4294e9bfd3]::panicking::panic_fmt
[INFO] [stdout]   11:     0x5610df6b2062 - core[df12db4294e9bfd3]::result::unwrap_failed
[INFO] [stdout]   12:     0x5610df5cea55 - <scdb[84e78ba4a3e6efd9]::internal::buffers::pool::tests::update_index_in_pre_existing_buffer::{closure#0} as core[df12db4294e9bfd3]::ops::function::FnOnce<()>>::call_once
[INFO] [stdout]   13:     0x5610df659bda - serial_test[8d794d855bc65ebd]::serial_code_lock::local_serial_core
[INFO] [stdout]   14:     0x5610df5ffded - <scdb[84e78ba4a3e6efd9]::internal::buffers::pool::tests::update_index_in_pre_existing_buffer::{closure#0} as core[df12db4294e9bfd3]::ops::function::FnOnce<()>>::call_once
[INFO] [stdout]   15:     0x5610df60fb9b - test[9d35eded1c95d3be]::__rust_begin_short_backtrace::<core[df12db4294e9bfd3]::result::Result<(), alloc[2182bb758b4b3781]::string::String>, fn() -> core[df12db4294e9bfd3]::result::Result<(), alloc[2182bb758b4b3781]::string::String>>
[INFO] [stdout]   16:     0x5610df61d205 - test[9d35eded1c95d3be]::run_test::{closure#0}
[INFO] [stdout]   17:     0x5610df616ac4 - std[70759c8f55707aa4]::sys::backtrace::__rust_begin_short_backtrace::<test[9d35eded1c95d3be]::run_test::{closure#1}, ()>
[INFO] [stdout]   18:     0x5610df620362 - <std[70759c8f55707aa4]::thread::lifecycle::spawn_unchecked<test[9d35eded1c95d3be]::run_test::{closure#1}, ()>::{closure#1} as core[df12db4294e9bfd3]::ops::function::FnOnce<()>>::call_once::{shim:vtable#0}
[INFO] [stdout]   19:     0x5610df69b4b9 - <std[70759c8f55707aa4]::sys::thread::unix::Thread>::new::thread_start
[INFO] [stdout]   20:     0x752f37cfedfa - <unknown>
[INFO] [stdout]   21:     0x752f37d923d4 - clone
[INFO] [stdout]   22:                0x0 - <unknown>
[INFO] [stdout] 
[INFO] [stdout] ---- internal::entries::headers::inverted_index_header::tests::search_file_header_from_file stdout ----
[INFO] [stdout] 
[INFO] [stdout] thread 'internal::entries::headers::inverted_index_header::tests::search_file_header_from_file' (2077) panicked at src/internal/entries/headers/inverted_index_header.rs:494:65:
[INFO] [stdout] generate file with data: Os { code: 30, kind: ReadOnlyFilesystem, message: "Read-only file system" }
[INFO] [stdout] stack backtrace:
[INFO] [stdout]    0:     0x5610df69c2a1 - <<std[70759c8f55707aa4]::sys::backtrace::BacktraceLock>::print::DisplayBacktrace as core[df12db4294e9bfd3]::fmt::Display>::fmt
[INFO] [stdout]    1:     0x5610df6b1b5a - core[df12db4294e9bfd3]::fmt::write
[INFO] [stdout]    2:     0x5610df6a0c0c - <alloc[2182bb758b4b3781]::vec::Vec<u8> as core[df12db4294e9bfd3]::io::write::Write>::write_fmt
[INFO] [stdout]    3:     0x5610df676116 - std[70759c8f55707aa4]::panicking::default_hook::{closure#0}
[INFO] [stdout]    4:     0x5610df693099 - std[70759c8f55707aa4]::panicking::default_hook
[INFO] [stdout]    5:     0x5610df61c8b0 - test[9d35eded1c95d3be]::test_main_inner::<test[9d35eded1c95d3be]::test_main_static::{closure#0}>::{closure#0}
[INFO] [stdout]    6:     0x5610df693252 - std[70759c8f55707aa4]::panicking::panic_with_hook
[INFO] [stdout]    7:     0x5610df6761c2 - std[70759c8f55707aa4]::panicking::panic_handler::{closure#0}
[INFO] [stdout]    8:     0x5610df66ec09 - std[70759c8f55707aa4]::sys::backtrace::__rust_end_short_backtrace::<std[70759c8f55707aa4]::panicking::panic_handler::{closure#0}, !>
[INFO] [stdout]    9:     0x5610df676ead - __rustc[8fa7c3cbc660c2b3]::rust_begin_unwind
[INFO] [stdout]   10:     0x5610df6b228c - core[df12db4294e9bfd3]::panicking::panic_fmt
[INFO] [stdout]   11:     0x5610df6b2062 - core[df12db4294e9bfd3]::result::unwrap_failed
[INFO] [stdout]   12:     0x5610df5e5e9c - <scdb[84e78ba4a3e6efd9]::internal::entries::headers::inverted_index_header::tests::search_file_header_from_file::{closure#0} as core[df12db4294e9bfd3]::ops::function::FnOnce<()>>::call_once
[INFO] [stdout]   13:     0x5610df659bda - serial_test[8d794d855bc65ebd]::serial_code_lock::local_serial_core
[INFO] [stdout]   14:     0x5610df60038d - <scdb[84e78ba4a3e6efd9]::internal::entries::headers::inverted_index_header::tests::search_file_header_from_file::{closure#0} as core[df12db4294e9bfd3]::ops::function::FnOnce<()>>::call_once
[INFO] [stdout]   15:     0x5610df60fb9b - test[9d35eded1c95d3be]::__rust_begin_short_backtrace::<core[df12db4294e9bfd3]::result::Result<(), alloc[2182bb758b4b3781]::string::String>, fn() -> core[df12db4294e9bfd3]::result::Result<(), alloc[2182bb758b4b3781]::string::String>>
[INFO] [stdout]   16:     0x5610df61d205 - test[9d35eded1c95d3be]::run_test::{closure#0}
[INFO] [stdout]   17:     0x5610df616ac4 - std[70759c8f55707aa4]::sys::backtrace::__rust_begin_short_backtrace::<test[9d35eded1c95d3be]::run_test::{closure#1}, ()>
[INFO] [stdout]   18:     0x5610df620362 - <std[70759c8f55707aa4]::thread::lifecycle::spawn_unchecked<test[9d35eded1c95d3be]::run_test::{closure#1}, ()>::{closure#1} as core[df12db4294e9bfd3]::ops::function::FnOnce<()>>::call_once::{shim:vtable#0}
[INFO] [stdout]   19:     0x5610df69b4b9 - <std[70759c8f55707aa4]::sys::thread::unix::Thread>::new::thread_start
[INFO] [stdout]   20:     0x752f37cfedfa - <unknown>
[INFO] [stdout]   21:     0x752f37d923d4 - clone
[INFO] [stdout]   22:                0x0 - <unknown>
[INFO] [stdout] 
[INFO] [stdout] ---- internal::entries::headers::db_file_header::tests::db_file_header_from_data_file_out_of_bounds stdout ----
[INFO] [stdout] 
[INFO] [stdout] thread 'internal::entries::headers::db_file_header::tests::db_file_header_from_data_file_out_of_bounds' (2067) panicked at src/internal/entries/headers/db_file_header.rs:475:65:
[INFO] [stdout] generate file with data: Os { code: 30, kind: ReadOnlyFilesystem, message: "Read-only file system" }
[INFO] [stdout] stack backtrace:
[INFO] [stdout]    0:     0x5610df69c2a1 - <<std[70759c8f55707aa4]::sys::backtrace::BacktraceLock>::print::DisplayBacktrace as core[df12db4294e9bfd3]::fmt::Display>::fmt
[INFO] [stdout]    1:     0x5610df6b1b5a - core[df12db4294e9bfd3]::fmt::write
[INFO] [stdout]    2:     0x5610df6a0c0c - <alloc[2182bb758b4b3781]::vec::Vec<u8> as core[df12db4294e9bfd3]::io::write::Write>::write_fmt
[INFO] [stdout]    3:     0x5610df676116 - std[70759c8f55707aa4]::panicking::default_hook::{closure#0}
[INFO] [stdout]    4:     0x5610df693099 - std[70759c8f55707aa4]::panicking::default_hook
[INFO] [stdout]    5:     0x5610df61c8b0 - test[9d35eded1c95d3be]::test_main_inner::<test[9d35eded1c95d3be]::test_main_static::{closure#0}>::{closure#0}
[INFO] [stdout]    6:     0x5610df693252 - std[70759c8f55707aa4]::panicking::panic_with_hook
[INFO] [stdout]    7:     0x5610df6761c2 - std[70759c8f55707aa4]::panicking::panic_handler::{closure#0}
[INFO] [stdout]    8:     0x5610df66ec09 - std[70759c8f55707aa4]::sys::backtrace::__rust_end_short_backtrace::<std[70759c8f55707aa4]::panicking::panic_handler::{closure#0}, !>
[INFO] [stdout]    9:     0x5610df676ead - __rustc[8fa7c3cbc660c2b3]::rust_begin_unwind
[INFO] [stdout]   10:     0x5610df6b228c - core[df12db4294e9bfd3]::panicking::panic_fmt
[INFO] [stdout]   11:     0x5610df6b2062 - core[df12db4294e9bfd3]::result::unwrap_failed
[INFO] [stdout]   12:     0x5610df5e149c - <scdb[84e78ba4a3e6efd9]::internal::entries::headers::db_file_header::tests::db_file_header_from_data_file_out_of_bounds::{closure#0} as core[df12db4294e9bfd3]::ops::function::FnOnce<()>>::call_once
[INFO] [stdout]   13:     0x5610df659bda - serial_test[8d794d855bc65ebd]::serial_code_lock::local_serial_core
[INFO] [stdout]   14:     0x5610df60029d - <scdb[84e78ba4a3e6efd9]::internal::entries::headers::db_file_header::tests::db_file_header_from_data_file_out_of_bounds::{closure#0} as core[df12db4294e9bfd3]::ops::function::FnOnce<()>>::call_once
[INFO] [stdout]   15:     0x5610df60fb9b - test[9d35eded1c95d3be]::__rust_begin_short_backtrace::<core[df12db4294e9bfd3]::result::Result<(), alloc[2182bb758b4b3781]::string::String>, fn() -> core[df12db4294e9bfd3]::result::Result<(), alloc[2182bb758b4b3781]::string::String>>
[INFO] [stdout]   16:     0x5610df61d205 - test[9d35eded1c95d3be]::run_test::{closure#0}
[INFO] [stdout]   17:     0x5610df616ac4 - std[70759c8f55707aa4]::sys::backtrace::__rust_begin_short_backtrace::<test[9d35eded1c95d3be]::run_test::{closure#1}, ()>
[INFO] [stdout]   18:     0x5610df620362 - <std[70759c8f55707aa4]::thread::lifecycle::spawn_unchecked<test[9d35eded1c95d3be]::run_test::{closure#1}, ()>::{closure#1} as core[df12db4294e9bfd3]::ops::function::FnOnce<()>>::call_once::{shim:vtable#0}
[INFO] [stdout]   19:     0x5610df69b4b9 - <std[70759c8f55707aa4]::sys::thread::unix::Thread>::new::thread_start
[INFO] [stdout]   20:     0x752f37cfedfa - <unknown>
[INFO] [stdout]   21:     0x752f37d923d4 - clone
[INFO] [stdout]   22:                0x0 - <unknown>
[INFO] [stdout] 
[INFO] [stdout] ---- internal::entries::headers::inverted_index_header::tests::search_file_header_from_data_file_out_of_bounds stdout ----
[INFO] [stdout] 
[INFO] [stdout] thread 'internal::entries::headers::inverted_index_header::tests::search_file_header_from_data_file_out_of_bounds' (2076) panicked at src/internal/entries/headers/inverted_index_header.rs:572:65:
[INFO] [stdout] generate file with data: Os { code: 30, kind: ReadOnlyFilesystem, message: "Read-only file system" }
[INFO] [stdout] stack backtrace:
[INFO] [stdout]    0:     0x5610df69c2a1 - <<std[70759c8f55707aa4]::sys::backtrace::BacktraceLock>::print::DisplayBacktrace as core[df12db4294e9bfd3]::fmt::Display>::fmt
[INFO] [stdout]    1:     0x5610df6b1b5a - core[df12db4294e9bfd3]::fmt::write
[INFO] [stdout]    2:     0x5610df6a0c0c - <alloc[2182bb758b4b3781]::vec::Vec<u8> as core[df12db4294e9bfd3]::io::write::Write>::write_fmt
[INFO] [stdout]    3:     0x5610df676116 - std[70759c8f55707aa4]::panicking::default_hook::{closure#0}
[INFO] [stdout]    4:     0x5610df693099 - std[70759c8f55707aa4]::panicking::default_hook
[INFO] [stdout]    5:     0x5610df61c8b0 - test[9d35eded1c95d3be]::test_main_inner::<test[9d35eded1c95d3be]::test_main_static::{closure#0}>::{closure#0}
[INFO] [stdout]    6:     0x5610df693252 - std[70759c8f55707aa4]::panicking::panic_with_hook
[INFO] [stdout]    7:     0x5610df6761c2 - std[70759c8f55707aa4]::panicking::panic_handler::{closure#0}
[INFO] [stdout]    8:     0x5610df66ec09 - std[70759c8f55707aa4]::sys::backtrace::__rust_end_short_backtrace::<std[70759c8f55707aa4]::panicking::panic_handler::{closure#0}, !>
[INFO] [stdout]    9:     0x5610df676ead - __rustc[8fa7c3cbc660c2b3]::rust_begin_unwind
[INFO] [stdout]   10:     0x5610df6b228c - core[df12db4294e9bfd3]::panicking::panic_fmt
[INFO] [stdout]   11:     0x5610df6b2062 - core[df12db4294e9bfd3]::result::unwrap_failed
[INFO] [stdout]   12:     0x5610df5eb5a1 - <scdb[84e78ba4a3e6efd9]::internal::entries::headers::inverted_index_header::tests::search_file_header_from_data_file_out_of_bounds::{closure#0} as core[df12db4294e9bfd3]::ops::function::FnOnce<()>>::call_once
[INFO] [stdout]   13:     0x5610df659bda - serial_test[8d794d855bc65ebd]::serial_code_lock::local_serial_core
[INFO] [stdout]   14:     0x5610df60044d - <scdb[84e78ba4a3e6efd9]::internal::entries::headers::inverted_index_header::tests::search_file_header_from_data_file_out_of_bounds::{closure#0} as core[df12db4294e9bfd3]::ops::function::FnOnce<()>>::call_once
[INFO] [stdout]   15:     0x5610df60fb9b - test[9d35eded1c95d3be]::__rust_begin_short_backtrace::<core[df12db4294e9bfd3]::result::Result<(), alloc[2182bb758b4b3781]::string::String>, fn() -> core[df12db4294e9bfd3]::result::Result<(), alloc[2182bb758b4b3781]::string::String>>
[INFO] [stdout]   16:     0x5610df61d205 - test[9d35eded1c95d3be]::run_test::{closure#0}
[INFO] [stdout]   17:     0x5610df616ac4 - std[70759c8f55707aa4]::sys::backtrace::__rust_begin_short_backtrace::<test[9d35eded1c95d3be]::run_test::{closure#1}, ()>
[INFO] [stdout]   18:     0x5610df620362 - <std[70759c8f55707aa4]::thread::lifecycle::spawn_unchecked<test[9d35eded1c95d3be]::run_test::{closure#1}, ()>::{closure#1} as core[df12db4294e9bfd3]::ops::function::FnOnce<()>>::call_once::{shim:vtable#0}
[INFO] [stdout]   19:     0x5610df69b4b9 - <std[70759c8f55707aa4]::sys::thread::unix::Thread>::new::thread_start
[INFO] [stdout]   20:     0x752f37cfedfa - <unknown>
[INFO] [stdout]   21:     0x752f37d923d4 - clone
[INFO] [stdout]   22:                0x0 - <unknown>
[INFO] [stdout] 
[INFO] [stdout] ---- internal::buffers::pool::tests::update_index_in_file stdout ----
[INFO] [stdout] 
[INFO] [stdout] thread 'internal::buffers::pool::tests::update_index_in_file' (2061) panicked at src/internal/buffers/pool.rs:723:14:
[INFO] [stdout] new buffer pool: Os { code: 30, kind: ReadOnlyFilesystem, message: "Read-only file system" }
[INFO] [stdout] stack backtrace:
[INFO] [stdout]    0:     0x5610df69c2a1 - <<std[70759c8f55707aa4]::sys::backtrace::BacktraceLock>::print::DisplayBacktrace as core[df12db4294e9bfd3]::fmt::Display>::fmt
[INFO] [stdout]    1:     0x5610df6b1b5a - core[df12db4294e9bfd3]::fmt::write
[INFO] [stdout]    2:     0x5610df6a0c0c - <alloc[2182bb758b4b3781]::vec::Vec<u8> as core[df12db4294e9bfd3]::io::write::Write>::write_fmt
[INFO] [stdout]    3:     0x5610df676116 - std[70759c8f55707aa4]::panicking::default_hook::{closure#0}
[INFO] [stdout]    4:     0x5610df693099 - std[70759c8f55707aa4]::panicking::default_hook
[INFO] [stdout]    5:     0x5610df61c8b0 - test[9d35eded1c95d3be]::test_main_inner::<test[9d35eded1c95d3be]::test_main_static::{closure#0}>::{closure#0}
[INFO] [stdout]    6:     0x5610df693252 - std[70759c8f55707aa4]::panicking::panic_with_hook
[INFO] [stdout]    7:     0x5610df6761c2 - std[70759c8f55707aa4]::panicking::panic_handler::{closure#0}
[INFO] [stdout]    8:     0x5610df66ec09 - std[70759c8f55707aa4]::sys::backtrace::__rust_end_short_backtrace::<std[70759c8f55707aa4]::panicking::panic_handler::{closure#0}, !>
[INFO] [stdout]    9:     0x5610df676ead - __rustc[8fa7c3cbc660c2b3]::rust_begin_unwind
[INFO] [stdout]   10:     0x5610df6b228c - core[df12db4294e9bfd3]::panicking::panic_fmt
[INFO] [stdout]   11:     0x5610df6b2062 - core[df12db4294e9bfd3]::result::unwrap_failed
[INFO] [stdout]   12:     0x5610df5c75b9 - <scdb[84e78ba4a3e6efd9]::internal::buffers::pool::tests::update_index_in_file::{closure#0} as core[df12db4294e9bfd3]::ops::function::FnOnce<()>>::call_once
[INFO] [stdout]   13:     0x5610df659bda - serial_test[8d794d855bc65ebd]::serial_code_lock::local_serial_core
[INFO] [stdout]   14:     0x5610df5ffbad - <scdb[84e78ba4a3e6efd9]::internal::buffers::pool::tests::update_index_in_file::{closure#0} as core[df12db4294e9bfd3]::ops::function::FnOnce<()>>::call_once
[INFO] [stdout]   15:     0x5610df60fb9b - test[9d35eded1c95d3be]::__rust_begin_short_backtrace::<core[df12db4294e9bfd3]::result::Result<(), alloc[2182bb758b4b3781]::string::String>, fn() -> core[df12db4294e9bfd3]::result::Result<(), alloc[2182bb758b4b3781]::string::String>>
[INFO] [stdout]   16:     0x5610df61d205 - test[9d35eded1c95d3be]::run_test::{closure#0}
[INFO] [stdout]   17:     0x5610df616ac4 - std[70759c8f55707aa4]::sys::backtrace::__rust_begin_short_backtrace::<test[9d35eded1c95d3be]::run_test::{closure#1}, ()>
[INFO] [stdout]   18:     0x5610df620362 - <std[70759c8f55707aa4]::thread::lifecycle::spawn_unchecked<test[9d35eded1c95d3be]::run_test::{closure#1}, ()>::{closure#1} as core[df12db4294e9bfd3]::ops::function::FnOnce<()>>::call_once::{shim:vtable#0}
[INFO] [stdout]   19:     0x5610df69b4b9 - <std[70759c8f55707aa4]::sys::thread::unix::Thread>::new::thread_start
[INFO] [stdout]   20:     0x752f37cfedfa - <unknown>
[INFO] [stdout]   21:     0x752f37d923d4 - clone
[INFO] [stdout]   22:                0x0 - <unknown>
[INFO] [stdout] 
[INFO] [stdout] ---- internal::inverted_index::tests::add_can_update stdout ----
[INFO] [stdout] 
[INFO] [stdout] thread 'internal::inverted_index::tests::add_can_update' (2095) panicked at src/internal/inverted_index.rs:843:14:
[INFO] [stdout] create a new instance of SearchIndex: Os { code: 30, kind: ReadOnlyFilesystem, message: "Read-only file system" }
[INFO] [stdout] stack backtrace:
[INFO] [stdout]    0:     0x5610df69c2a1 - <<std[70759c8f55707aa4]::sys::backtrace::BacktraceLock>::print::DisplayBacktrace as core[df12db4294e9bfd3]::fmt::Display>::fmt
[INFO] [stdout]    1:     0x5610df6b1b5a - core[df12db4294e9bfd3]::fmt::write
[INFO] [stdout]    2:     0x5610df6a0c0c - <alloc[2182bb758b4b3781]::vec::Vec<u8> as core[df12db4294e9bfd3]::io::write::Write>::write_fmt
[INFO] [stdout]    3:     0x5610df676116 - std[70759c8f55707aa4]::panicking::default_hook::{closure#0}
[INFO] [stdout]    4:     0x5610df693099 - std[70759c8f55707aa4]::panicking::default_hook
[INFO] [stdout]    5:     0x5610df61c8b0 - test[9d35eded1c95d3be]::test_main_inner::<test[9d35eded1c95d3be]::test_main_static::{closure#0}>::{closure#0}
[INFO] [stdout]    6:     0x5610df693252 - std[70759c8f55707aa4]::panicking::panic_with_hook
[INFO] [stdout]    7:     0x5610df6761c2 - std[70759c8f55707aa4]::panicking::panic_handler::{closure#0}
[INFO] [stdout]    8:     0x5610df66ec09 - std[70759c8f55707aa4]::sys::backtrace::__rust_end_short_backtrace::<std[70759c8f55707aa4]::panicking::panic_handler::{closure#0}, !>
[INFO] [stdout]    9:     0x5610df676ead - __rustc[8fa7c3cbc660c2b3]::rust_begin_unwind
[INFO] [stdout]   10:     0x5610df6b228c - core[df12db4294e9bfd3]::panicking::panic_fmt
[INFO] [stdout]   11:     0x5610df6b2062 - core[df12db4294e9bfd3]::result::unwrap_failed
[INFO] [stdout]   12:     0x5610df5ef952 - scdb[84e78ba4a3e6efd9]::internal::inverted_index::tests::create_search_index
[INFO] [stdout]   13:     0x5610df5f27f6 - <scdb[84e78ba4a3e6efd9]::internal::inverted_index::tests::add_can_update::{closure#0} as core[df12db4294e9bfd3]::ops::function::FnOnce<()>>::call_once
[INFO] [stdout]   14:     0x5610df659bda - serial_test[8d794d855bc65ebd]::serial_code_lock::local_serial_core
[INFO] [stdout]   15:     0x5610df5ff8ad - <scdb[84e78ba4a3e6efd9]::internal::inverted_index::tests::add_can_update::{closure#0} as core[df12db4294e9bfd3]::ops::function::FnOnce<()>>::call_once
[INFO] [stdout]   16:     0x5610df60fb9b - test[9d35eded1c95d3be]::__rust_begin_short_backtrace::<core[df12db4294e9bfd3]::result::Result<(), alloc[2182bb758b4b3781]::string::String>, fn() -> core[df12db4294e9bfd3]::result::Result<(), alloc[2182bb758b4b3781]::string::String>>
[INFO] [stdout]   17:     0x5610df61d205 - test[9d35eded1c95d3be]::run_test::{closure#0}
[INFO] [stdout]   18:     0x5610df616ac4 - std[70759c8f55707aa4]::sys::backtrace::__rust_begin_short_backtrace::<test[9d35eded1c95d3be]::run_test::{closure#1}, ()>
[INFO] [stdout]   19:     0x5610df620362 - <std[70759c8f55707aa4]::thread::lifecycle::spawn_unchecked<test[9d35eded1c95d3be]::run_test::{closure#1}, ()>::{closure#1} as core[df12db4294e9bfd3]::ops::function::FnOnce<()>>::call_once::{shim:vtable#0}
[INFO] [stdout]   20:     0x5610df69b4b9 - <std[70759c8f55707aa4]::sys::thread::unix::Thread>::new::thread_start
[INFO] [stdout]   21:     0x752f37cfedfa - <unknown>
[INFO] [stdout]   22:     0x752f37d923d4 - clone
[INFO] [stdout]   23:                0x0 - <unknown>
[INFO] [stdout] 
[INFO] [stdout] ---- internal::inverted_index::tests::add_works stdout ----
[INFO] [stdout] 
[INFO] [stdout] thread 'internal::inverted_index::tests::add_works' (2096) panicked at src/internal/inverted_index.rs:843:14:
[INFO] [stdout] create a new instance of SearchIndex: Os { code: 30, kind: ReadOnlyFilesystem, message: "Read-only file system" }
[INFO] [stdout] stack backtrace:
[INFO] [stdout]    0:     0x5610df69c2a1 - <<std[70759c8f55707aa4]::sys::backtrace::BacktraceLock>::print::DisplayBacktrace as core[df12db4294e9bfd3]::fmt::Display>::fmt
[INFO] [stdout]    1:     0x5610df6b1b5a - core[df12db4294e9bfd3]::fmt::write
[INFO] [stdout]    2:     0x5610df6a0c0c - <alloc[2182bb758b4b3781]::vec::Vec<u8> as core[df12db4294e9bfd3]::io::write::Write>::write_fmt
[INFO] [stdout]    3:     0x5610df676116 - std[70759c8f55707aa4]::panicking::default_hook::{closure#0}
[INFO] [stdout]    4:     0x5610df693099 - std[70759c8f55707aa4]::panicking::default_hook
[INFO] [stdout]    5:     0x5610df61c8b0 - test[9d35eded1c95d3be]::test_main_inner::<test[9d35eded1c95d3be]::test_main_static::{closure#0}>::{closure#0}
[INFO] [stdout]    6:     0x5610df693252 - std[70759c8f55707aa4]::panicking::panic_with_hook
[INFO] [stdout]    7:     0x5610df6761c2 - std[70759c8f55707aa4]::panicking::panic_handler::{closure#0}
[INFO] [stdout]    8:     0x5610df66ec09 - std[70759c8f55707aa4]::sys::backtrace::__rust_end_short_backtrace::<std[70759c8f55707aa4]::panicking::panic_handler::{closure#0}, !>
[INFO] [stdout]    9:     0x5610df676ead - __rustc[8fa7c3cbc660c2b3]::rust_begin_unwind
[INFO] [stdout]   10:     0x5610df6b228c - core[df12db4294e9bfd3]::panicking::panic_fmt
[INFO] [stdout]   11:     0x5610df6b2062 - core[df12db4294e9bfd3]::result::unwrap_failed
[INFO] [stdout]   12:     0x5610df5ef952 - scdb[84e78ba4a3e6efd9]::internal::inverted_index::tests::create_search_index
[INFO] [stdout]   13:     0x5610df5f5200 - <scdb[84e78ba4a3e6efd9]::internal::inverted_index::tests::add_works::{closure#0} as core[df12db4294e9bfd3]::ops::function::FnOnce<()>>::call_once
[INFO] [stdout]   14:     0x5610df659bda - serial_test[8d794d855bc65ebd]::serial_code_lock::local_serial_core
[INFO] [stdout]   15:     0x5610df5ff93d - <scdb[84e78ba4a3e6efd9]::internal::inverted_index::tests::add_works::{closure#0} as core[df12db4294e9bfd3]::ops::function::FnOnce<()>>::call_once
[INFO] [stdout]   16:     0x5610df60fb9b - test[9d35eded1c95d3be]::__rust_begin_short_backtrace::<core[df12db4294e9bfd3]::result::Result<(), alloc[2182bb758b4b3781]::string::String>, fn() -> core[df12db4294e9bfd3]::result::Result<(), alloc[2182bb758b4b3781]::string::String>>
[INFO] [stdout]   17:     0x5610df61d205 - test[9d35eded1c95d3be]::run_test::{closure#0}
[INFO] [stdout]   18:     0x5610df616ac4 - std[70759c8f55707aa4]::sys::backtrace::__rust_begin_short_backtrace::<test[9d35eded1c95d3be]::run_test::{closure#1}, ()>
[INFO] [stdout]   19:     0x5610df620362 - <std[70759c8f55707aa4]::thread::lifecycle::spawn_unchecked<test[9d35eded1c95d3be]::run_test::{closure#1}, ()>::{closure#1} as core[df12db4294e9bfd3]::ops::function::FnOnce<()>>::call_once::{shim:vtable#0}
[INFO] [stdout]   20:     0x5610df69b4b9 - <std[70759c8f55707aa4]::sys::thread::unix::Thread>::new::thread_start
[INFO] [stdout]   21:     0x752f37cfedfa - <unknown>
[INFO] [stdout]   22:     0x752f37d923d4 - clone
[INFO] [stdout]   23:                0x0 - <unknown>
[INFO] [stdout] 
[INFO] [stdout] ---- internal::buffers::pool::tests::try_delete_kv_entry_works stdout ----
[INFO] [stdout] 
[INFO] [stdout] thread 'internal::buffers::pool::tests::try_delete_kv_entry_works' (2060) panicked at src/internal/buffers/pool.rs:1224:14:
[INFO] [stdout] new buffer pool: Os { code: 30, kind: ReadOnlyFilesystem, message: "Read-only file system" }
[INFO] [stdout] stack backtrace:
[INFO] [stdout]    0:     0x5610df69c2a1 - <<std[70759c8f55707aa4]::sys::backtrace::BacktraceLock>::print::DisplayBacktrace as core[df12db4294e9bfd3]::fmt::Display>::fmt
[INFO] [stdout]    1:     0x5610df6b1b5a - core[df12db4294e9bfd3]::fmt::write
[INFO] [stdout]    2:     0x5610df6a0c0c - <alloc[2182bb758b4b3781]::vec::Vec<u8> as core[df12db4294e9bfd3]::io::write::Write>::write_fmt
[INFO] [stdout]    3:     0x5610df676116 - std[70759c8f55707aa4]::panicking::default_hook::{closure#0}
[INFO] [stdout]    4:     0x5610df693099 - std[70759c8f55707aa4]::panicking::default_hook
[INFO] [stdout]    5:     0x5610df61c8b0 - test[9d35eded1c95d3be]::test_main_inner::<test[9d35eded1c95d3be]::test_main_static::{closure#0}>::{closure#0}
[INFO] [stdout]    6:     0x5610df693252 - std[70759c8f55707aa4]::panicking::panic_with_hook
[INFO] [stdout]    7:     0x5610df6761c2 - std[70759c8f55707aa4]::panicking::panic_handler::{closure#0}
[INFO] [stdout]    8:     0x5610df66ec09 - std[70759c8f55707aa4]::sys::backtrace::__rust_end_short_backtrace::<std[70759c8f55707aa4]::panicking::panic_handler::{closure#0}, !>
[INFO] [stdout]    9:     0x5610df676ead - __rustc[8fa7c3cbc660c2b3]::rust_begin_unwind
[INFO] [stdout]   10:     0x5610df6b228c - core[df12db4294e9bfd3]::panicking::panic_fmt
[INFO] [stdout]   11:     0x5610df6b2062 - core[df12db4294e9bfd3]::result::unwrap_failed
[INFO] [stdout]   12:     0x5610df5c9eed - <scdb[84e78ba4a3e6efd9]::internal::buffers::pool::tests::try_delete_kv_entry_works::{closure#0} as core[df12db4294e9bfd3]::ops::function::FnOnce<()>>::call_once
[INFO] [stdout]   13:     0x5610df659bda - serial_test[8d794d855bc65ebd]::serial_code_lock::local_serial_core
[INFO] [stdout]   14:     0x5610df5ffc9d - <scdb[84e78ba4a3e6efd9]::internal::buffers::pool::tests::try_delete_kv_entry_works::{closure#0} as core[df12db4294e9bfd3]::ops::function::FnOnce<()>>::call_once
[INFO] [stdout]   15:     0x5610df60fb9b - test[9d35eded1c95d3be]::__rust_begin_short_backtrace::<core[df12db4294e9bfd3]::result::Result<(), alloc[2182bb758b4b3781]::string::String>, fn() -> core[df12db4294e9bfd3]::result::Result<(), alloc[2182bb758b4b3781]::string::String>>
[INFO] [stdout]   16:     0x5610df61d205 - test[9d35eded1c95d3be]::run_test::{closure#0}
[INFO] [stdout]   17:     0x5610df616ac4 - std[70759c8f55707aa4]::sys::backtrace::__rust_begin_short_backtrace::<test[9d35eded1c95d3be]::run_test::{closure#1}, ()>
[INFO] [stdout]   18:     0x5610df620362 - <std[70759c8f55707aa4]::thread::lifecycle::spawn_unchecked<test[9d35eded1c95d3be]::run_test::{closure#1}, ()>::{closure#1} as core[df12db4294e9bfd3]::ops::function::FnOnce<()>>::call_once::{shim:vtable#0}
[INFO] [stdout]   19:     0x5610df69b4b9 - <std[70759c8f55707aa4]::sys::thread::unix::Thread>::new::thread_start
[INFO] [stdout]   20:     0x752f37cfedfa - <unknown>
[INFO] [stdout]   21:     0x752f37d923d4 - clone
[INFO] [stdout]   22:                0x0 - <unknown>
[INFO] [stdout] 
[INFO] [stdout] ---- internal::buffers::pool::tests::update_index_out_of_bounds stdout ----
[INFO] [stdout] 
[INFO] [stdout] thread 'internal::buffers::pool::tests::update_index_out_of_bounds' (2063) panicked at src/internal/buffers/pool.rs:796:14:
[INFO] [stdout] new buffer pool: Os { code: 30, kind: ReadOnlyFilesystem, message: "Read-only file system" }
[INFO] [stdout] stack backtrace:
[INFO] [stdout]    0:     0x5610df69c2a1 - <<std[70759c8f55707aa4]::sys::backtrace::BacktraceLock>::print::DisplayBacktrace as core[df12db4294e9bfd3]::fmt::Display>::fmt
[INFO] [stdout]    1:     0x5610df6b1b5a - core[df12db4294e9bfd3]::fmt::write
[INFO] [stdout]    2:     0x5610df6a0c0c - <alloc[2182bb758b4b3781]::vec::Vec<u8> as core[df12db4294e9bfd3]::io::write::Write>::write_fmt
[INFO] [stdout]    3:     0x5610df676116 - std[70759c8f55707aa4]::panicking::default_hook::{closure#0}
[INFO] [stdout]    4:     0x5610df693099 - std[70759c8f55707aa4]::panicking::default_hook
[INFO] [stdout]    5:     0x5610df61c8b0 - test[9d35eded1c95d3be]::test_main_inner::<test[9d35eded1c95d3be]::test_main_static::{closure#0}>::{closure#0}
[INFO] [stdout]    6:     0x5610df693252 - std[70759c8f55707aa4]::panicking::panic_with_hook
[INFO] [stdout]    7:     0x5610df6761c2 - std[70759c8f55707aa4]::panicking::panic_handler::{closure#0}
[INFO] [stdout]    8:     0x5610df66ec09 - std[70759c8f55707aa4]::sys::backtrace::__rust_end_short_backtrace::<std[70759c8f55707aa4]::panicking::panic_handler::{closure#0}, !>
[INFO] [stdout]    9:     0x5610df676ead - __rustc[8fa7c3cbc660c2b3]::rust_begin_unwind
[INFO] [stdout]   10:     0x5610df6b228c - core[df12db4294e9bfd3]::panicking::panic_fmt
[INFO] [stdout]   11:     0x5610df6b2062 - core[df12db4294e9bfd3]::result::unwrap_failed
[INFO] [stdout]   12:     0x5610df5cb60c - <scdb[84e78ba4a3e6efd9]::internal::buffers::pool::tests::update_index_out_of_bounds::{closure#0} as core[df12db4294e9bfd3]::ops::function::FnOnce<()>>::call_once
[INFO] [stdout]   13:     0x5610df659bda - serial_test[8d794d855bc65ebd]::serial_code_lock::local_serial_core
[INFO] [stdout]   14:     0x5610df5ffcfd - <scdb[84e78ba4a3e6efd9]::internal::buffers::pool::tests::update_index_out_of_bounds::{closure#0} as core[df12db4294e9bfd3]::ops::function::FnOnce<()>>::call_once
[INFO] [stdout]   15:     0x5610df60fb9b - test[9d35eded1c95d3be]::__rust_begin_short_backtrace::<core[df12db4294e9bfd3]::result::Result<(), alloc[2182bb758b4b3781]::string::String>, fn() -> core[df12db4294e9bfd3]::result::Result<(), alloc[2182bb758b4b3781]::string::String>>
[INFO] [stdout]   16:     0x5610df61d205 - test[9d35eded1c95d3be]::run_test::{closure#0}
[INFO] [stdout]   17:     0x5610df616ac4 - std[70759c8f55707aa4]::sys::backtrace::__rust_begin_short_backtrace::<test[9d35eded1c95d3be]::run_test::{closure#1}, ()>
[INFO] [stdout]   18:     0x5610df620362 - <std[70759c8f55707aa4]::thread::lifecycle::spawn_unchecked<test[9d35eded1c95d3be]::run_test::{closure#1}, ()>::{closure#1} as core[df12db4294e9bfd3]::ops::function::FnOnce<()>>::call_once::{shim:vtable#0}
[INFO] [stdout]   19:     0x5610df69b4b9 - <std[70759c8f55707aa4]::sys::thread::unix::Thread>::new::thread_start
[INFO] [stdout]   20:     0x752f37cfedfa - <unknown>
[INFO] [stdout]   21:     0x752f37d923d4 - clone
[INFO] [stdout]   22:                0x0 - <unknown>
[INFO] [stdout] 
[INFO] [stdout] ---- internal::inverted_index::tests::new_with_existing_file stdout ----
[INFO] [stdout] 
[INFO] [stdout] thread 'internal::inverted_index::tests::new_with_existing_file' (2098) panicked at src/internal/inverted_index.rs:605:22:
[INFO] [stdout] new search index: Os { code: 30, kind: ReadOnlyFilesystem, message: "Read-only file system" }
[INFO] [stdout] stack backtrace:
[INFO] [stdout]    0:     0x5610df69c2a1 - <<std[70759c8f55707aa4]::sys::backtrace::BacktraceLock>::print::DisplayBacktrace as core[df12db4294e9bfd3]::fmt::Display>::fmt
[INFO] [stdout]    1:     0x5610df6b1b5a - core[df12db4294e9bfd3]::fmt::write
[INFO] [stdout]    2:     0x5610df6a0c0c - <alloc[2182bb758b4b3781]::vec::Vec<u8> as core[df12db4294e9bfd3]::io::write::Write>::write_fmt
[INFO] [stdout]    3:     0x5610df676116 - std[70759c8f55707aa4]::panicking::default_hook::{closure#0}
[INFO] [stdout]    4:     0x5610df693099 - std[70759c8f55707aa4]::panicking::default_hook
[INFO] [stdout]    5:     0x5610df61c8b0 - test[9d35eded1c95d3be]::test_main_inner::<test[9d35eded1c95d3be]::test_main_static::{closure#0}>::{closure#0}
[INFO] [stdout]    6:     0x5610df693252 - std[70759c8f55707aa4]::panicking::panic_with_hook
[INFO] [stdout]    7:     0x5610df6761c2 - std[70759c8f55707aa4]::panicking::panic_handler::{closure#0}
[INFO] [stdout]    8:     0x5610df66ec09 - std[70759c8f55707aa4]::sys::backtrace::__rust_end_short_backtrace::<std[70759c8f55707aa4]::panicking::panic_handler::{closure#0}, !>
[INFO] [stdout]    9:     0x5610df676ead - __rustc[8fa7c3cbc660c2b3]::rust_begin_unwind
[INFO] [stdout]   10:     0x5610df6b228c - core[df12db4294e9bfd3]::panicking::panic_fmt
[INFO] [stdout]   11:     0x5610df6b2062 - core[df12db4294e9bfd3]::result::unwrap_failed
[INFO] [stdout]   12:     0x5610df5f3ab7 - <scdb[84e78ba4a3e6efd9]::internal::inverted_index::tests::new_with_existing_file::{closure#0} as core[df12db4294e9bfd3]::ops::function::FnOnce<()>>::call_once
[INFO] [stdout]   13:     0x5610df659bda - serial_test[8d794d855bc65ebd]::serial_code_lock::local_serial_core
[INFO] [stdout]   14:     0x5610df5ff8dd - <scdb[84e78ba4a3e6efd9]::internal::inverted_index::tests::new_with_existing_file::{closure#0} as core[df12db4294e9bfd3]::ops::function::FnOnce<()>>::call_once
[INFO] [stdout]   15:     0x5610df60fb9b - test[9d35eded1c95d3be]::__rust_begin_short_backtrace::<core[df12db4294e9bfd3]::result::Result<(), alloc[2182bb758b4b3781]::string::String>, fn() -> core[df12db4294e9bfd3]::result::Result<(), alloc[2182bb758b4b3781]::string::String>>
[INFO] [stdout]   16:     0x5610df61d205 - test[9d35eded1c95d3be]::run_test::{closure#0}
[INFO] [stdout]   17:     0x5610df616ac4 - std[70759c8f55707aa4]::sys::backtrace::__rust_begin_short_backtrace::<test[9d35eded1c95d3be]::run_test::{closure#1}, ()>
[INFO] [stdout]   18:     0x5610df620362 - <std[70759c8f55707aa4]::thread::lifecycle::spawn_unchecked<test[9d35eded1c95d3be]::run_test::{closure#1}, ()>::{closure#1} as core[df12db4294e9bfd3]::ops::function::FnOnce<()>>::call_once::{shim:vtable#0}
[INFO] [stdout]   19:     0x5610df69b4b9 - <std[70759c8f55707aa4]::sys::thread::unix::Thread>::new::thread_start
[INFO] [stdout]   20:     0x752f37cfedfa - <unknown>
[INFO] [stdout]   21:     0x752f37d923d4 - clone
[INFO] [stdout]   22:                0x0 - <unknown>
[INFO] [stdout] 
[INFO] [stdout] ---- internal::entries::headers::db_file_header::tests::db_file_header_from_file stdout ----
[INFO] [stdout] 
[INFO] [stdout] thread 'internal::entries::headers::db_file_header::tests::db_file_header_from_file' (2068) panicked at src/internal/entries/headers/db_file_header.rs:411:65:
[INFO] [stdout] generate file with data: Os { code: 30, kind: ReadOnlyFilesystem, message: "Read-only file system" }
[INFO] [stdout] stack backtrace:
[INFO] [stdout]    0:     0x5610df69c2a1 - <<std[70759c8f55707aa4]::sys::backtrace::BacktraceLock>::print::DisplayBacktrace as core[df12db4294e9bfd3]::fmt::Display>::fmt
[INFO] [stdout]    1:     0x5610df6b1b5a - core[df12db4294e9bfd3]::fmt::write
[INFO] [stdout]    2:     0x5610df6a0c0c - <alloc[2182bb758b4b3781]::vec::Vec<u8> as core[df12db4294e9bfd3]::io::write::Write>::write_fmt
[INFO] [stdout]    3:     0x5610df676116 - std[70759c8f55707aa4]::panicking::default_hook::{closure#0}
[INFO] [stdout]    4:     0x5610df693099 - std[70759c8f55707aa4]::panicking::default_hook
[INFO] [stdout]    5:     0x5610df61c8b0 - test[9d35eded1c95d3be]::test_main_inner::<test[9d35eded1c95d3be]::test_main_static::{closure#0}>::{closure#0}
[INFO] [stdout]    6:     0x5610df693252 - std[70759c8f55707aa4]::panicking::panic_with_hook
[INFO] [stdout]    7:     0x5610df6761c2 - std[70759c8f55707aa4]::panicking::panic_handler::{closure#0}
[INFO] [stdout]    8:     0x5610df66ec09 - std[70759c8f55707aa4]::sys::backtrace::__rust_end_short_backtrace::<std[70759c8f55707aa4]::panicking::panic_handler::{closure#0}, !>
[INFO] [stdout]    9:     0x5610df676ead - __rustc[8fa7c3cbc660c2b3]::rust_begin_unwind
[INFO] [stdout]   10:     0x5610df6b228c - core[df12db4294e9bfd3]::panicking::panic_fmt
[INFO] [stdout]   11:     0x5610df6b2062 - core[df12db4294e9bfd3]::result::unwrap_failed
[INFO] [stdout]   12:     0x5610df5dc890 - <scdb[84e78ba4a3e6efd9]::internal::entries::headers::db_file_header::tests::db_file_header_from_file::{closure#0} as core[df12db4294e9bfd3]::ops::function::FnOnce<()>>::call_once
[INFO] [stdout]   13:     0x5610df659bda - serial_test[8d794d855bc65ebd]::serial_code_lock::local_serial_core
[INFO] [stdout]   14:     0x5610df6001dd - <scdb[84e78ba4a3e6efd9]::internal::entries::headers::db_file_header::tests::db_file_header_from_file::{closure#0} as core[df12db4294e9bfd3]::ops::function::FnOnce<()>>::call_once
[INFO] [stdout]   15:     0x5610df60fb9b - test[9d35eded1c95d3be]::__rust_begin_short_backtrace::<core[df12db4294e9bfd3]::result::Result<(), alloc[2182bb758b4b3781]::string::String>, fn() -> core[df12db4294e9bfd3]::result::Result<(), alloc[2182bb758b4b3781]::string::String>>
[INFO] [stdout]   16:     0x5610df61d205 - test[9d35eded1c95d3be]::run_test::{closure#0}
[INFO] [stdout]   17:     0x5610df616ac4 - std[70759c8f55707aa4]::sys::backtrace::__rust_begin_short_backtrace::<test[9d35eded1c95d3be]::run_test::{closure#1}, ()>
[INFO] [stdout]   18:     0x5610df620362 - <std[70759c8f55707aa4]::thread::lifecycle::spawn_unchecked<test[9d35eded1c95d3be]::run_test::{closure#1}, ()>::{closure#1} as core[df12db4294e9bfd3]::ops::function::FnOnce<()>>::call_once::{shim:vtable#0}
[INFO] [stdout]   19:     0x5610df69b4b9 - <std[70759c8f55707aa4]::sys::thread::unix::Thread>::new::thread_start
[INFO] [stdout]   20:     0x752f37cfedfa - <unknown>
[INFO] [stdout]   21:     0x752f37d923d4 - clone
[INFO] [stdout]   22:                0x0 - <unknown>
[INFO] [stdout] 
[INFO] [stdout] ---- internal::inverted_index::tests::clear_works stdout ----
[INFO] [stdout] 
[INFO] [stdout] thread 'internal::inverted_index::tests::clear_works' (2097) panicked at src/internal/inverted_index.rs:843:14:
[INFO] [stdout] create a new instance of SearchIndex: Os { code: 30, kind: ReadOnlyFilesystem, message: "Read-only file system" }
[INFO] [stdout] stack backtrace:
[INFO] [stdout]    0:     0x5610df69c2a1 - <<std[70759c8f55707aa4]::sys::backtrace::BacktraceLock>::print::DisplayBacktrace as core[df12db4294e9bfd3]::fmt::Display>::fmt
[INFO] [stdout]    1:     0x5610df6b1b5a - core[df12db4294e9bfd3]::fmt::write
[INFO] [stdout]    2:     0x5610df6a0c0c - <alloc[2182bb758b4b3781]::vec::Vec<u8> as core[df12db4294e9bfd3]::io::write::Write>::write_fmt
[INFO] [stdout]    3:     0x5610df676116 - std[70759c8f55707aa4]::panicking::default_hook::{closure#0}
[INFO] [stdout]    4:     0x5610df693099 - std[70759c8f55707aa4]::panicking::default_hook
[INFO] [stdout]    5:     0x5610df61c8b0 - test[9d35eded1c95d3be]::test_main_inner::<test[9d35eded1c95d3be]::test_main_static::{closure#0}>::{closure#0}
[INFO] [stdout]    6:     0x5610df693252 - std[70759c8f55707aa4]::panicking::panic_with_hook
[INFO] [stdout]    7:     0x5610df6761c2 - std[70759c8f55707aa4]::panicking::panic_handler::{closure#0}
[INFO] [stdout]    8:     0x5610df66ec09 - std[70759c8f55707aa4]::sys::backtrace::__rust_end_short_backtrace::<std[70759c8f55707aa4]::panicking::panic_handler::{closure#0}, !>
[INFO] [stdout]    9:     0x5610df676ead - __rustc[8fa7c3cbc660c2b3]::rust_begin_unwind
[INFO] [stdout]   10:     0x5610df6b228c - core[df12db4294e9bfd3]::panicking::panic_fmt
[INFO] [stdout]   11:     0x5610df6b2062 - core[df12db4294e9bfd3]::result::unwrap_failed
[INFO] [stdout]   12:     0x5610df5ef952 - scdb[84e78ba4a3e6efd9]::internal::inverted_index::tests::create_search_index
[INFO] [stdout]   13:     0x5610df5efe34 - <scdb[84e78ba4a3e6efd9]::internal::inverted_index::tests::clear_works::{closure#0} as core[df12db4294e9bfd3]::ops::function::FnOnce<()>>::call_once
[INFO] [stdout]   14:     0x5610df659bda - serial_test[8d794d855bc65ebd]::serial_code_lock::local_serial_core
[INFO] [stdout]   15:     0x5610df5ff81d - <scdb[84e78ba4a3e6efd9]::internal::inverted_index::tests::clear_works::{closure#0} as core[df12db4294e9bfd3]::ops::function::FnOnce<()>>::call_once
[INFO] [stdout]   16:     0x5610df60fb9b - test[9d35eded1c95d3be]::__rust_begin_short_backtrace::<core[df12db4294e9bfd3]::result::Result<(), alloc[2182bb758b4b3781]::string::String>, fn() -> core[df12db4294e9bfd3]::result::Result<(), alloc[2182bb758b4b3781]::string::String>>
[INFO] [stdout]   17:     0x5610df61d205 - test[9d35eded1c95d3be]::run_test::{closure#0}
[INFO] [stdout]   18:     0x5610df616ac4 - std[70759c8f55707aa4]::sys::backtrace::__rust_begin_short_backtrace::<test[9d35eded1c95d3be]::run_test::{closure#1}, ()>
[INFO] [stdout]   19:     0x5610df620362 - <std[70759c8f55707aa4]::thread::lifecycle::spawn_unchecked<test[9d35eded1c95d3be]::run_test::{closure#1}, ()>::{closure#1} as core[df12db4294e9bfd3]::ops::function::FnOnce<()>>::call_once::{shim:vtable#0}
[INFO] [stdout]   20:     0x5610df69b4b9 - <std[70759c8f55707aa4]::sys::thread::unix::Thread>::new::thread_start
[INFO] [stdout]   21:     0x752f37cfedfa - <unknown>
[INFO] [stdout]   22:     0x752f37d923d4 - clone
[INFO] [stdout]   23:                0x0 - <unknown>
[INFO] [stdout] 
[INFO] [stdout] ---- internal::buffers::pool::tests::new_with_existing_file stdout ----
[INFO] [stdout] 
[INFO] [stdout] thread 'internal::buffers::pool::tests::new_with_existing_file' (2056) panicked at src/internal/buffers/pool.rs:634:22:
[INFO] [stdout] new buffer pool: Os { code: 30, kind: ReadOnlyFilesystem, message: "Read-only file system" }
[INFO] [stdout] stack backtrace:
[INFO] [stdout]    0:     0x5610df69c2a1 - <<std[70759c8f55707aa4]::sys::backtrace::BacktraceLock>::print::DisplayBacktrace as core[df12db4294e9bfd3]::fmt::Display>::fmt
[INFO] [stdout]    1:     0x5610df6b1b5a - core[df12db4294e9bfd3]::fmt::write
[INFO] [stdout]    2:     0x5610df6a0c0c - <alloc[2182bb758b4b3781]::vec::Vec<u8> as core[df12db4294e9bfd3]::io::write::Write>::write_fmt
[INFO] [stdout]    3:     0x5610df676116 - std[70759c8f55707aa4]::panicking::default_hook::{closure#0}
[INFO] [stdout]    4:     0x5610df693099 - std[70759c8f55707aa4]::panicking::default_hook
[INFO] [stdout]    5:     0x5610df61c8b0 - test[9d35eded1c95d3be]::test_main_inner::<test[9d35eded1c95d3be]::test_main_static::{closure#0}>::{closure#0}
[INFO] [stdout]    6:     0x5610df693252 - std[70759c8f55707aa4]::panicking::panic_with_hook
[INFO] [stdout]    7:     0x5610df6761c2 - std[70759c8f55707aa4]::panicking::panic_handler::{closure#0}
[INFO] [stdout]    8:     0x5610df66ec09 - std[70759c8f55707aa4]::sys::backtrace::__rust_end_short_backtrace::<std[70759c8f55707aa4]::panicking::panic_handler::{closure#0}, !>
[INFO] [stdout]    9:     0x5610df676ead - __rustc[8fa7c3cbc660c2b3]::rust_begin_unwind
[INFO] [stdout]   10:     0x5610df6b228c - core[df12db4294e9bfd3]::panicking::panic_fmt
[INFO] [stdout]   11:     0x5610df6b2062 - core[df12db4294e9bfd3]::result::unwrap_failed
[INFO] [stdout]   12:     0x5610df5c8090 - <scdb[84e78ba4a3e6efd9]::internal::buffers::pool::tests::new_with_existing_file::{closure#0} as core[df12db4294e9bfd3]::ops::function::FnOnce<()>>::call_once
[INFO] [stdout]   13:     0x5610df659bda - serial_test[8d794d855bc65ebd]::serial_code_lock::local_serial_core
[INFO] [stdout]   14:     0x5610df5ffc0d - <scdb[84e78ba4a3e6efd9]::internal::buffers::pool::tests::new_with_existing_file::{closure#0} as core[df12db4294e9bfd3]::ops::function::FnOnce<()>>::call_once
[INFO] [stdout]   15:     0x5610df60fb9b - test[9d35eded1c95d3be]::__rust_begin_short_backtrace::<core[df12db4294e9bfd3]::result::Result<(), alloc[2182bb758b4b3781]::string::String>, fn() -> core[df12db4294e9bfd3]::result::Result<(), alloc[2182bb758b4b3781]::string::String>>
[INFO] [stdout]   16:     0x5610df61d205 - test[9d35eded1c95d3be]::run_test::{closure#0}
[INFO] [stdout]   17:     0x5610df616ac4 - std[70759c8f55707aa4]::sys::backtrace::__rust_begin_short_backtrace::<test[9d35eded1c95d3be]::run_test::{closure#1}, ()>
[INFO] [stdout]   18:     0x5610df620362 - <std[70759c8f55707aa4]::thread::lifecycle::spawn_unchecked<test[9d35eded1c95d3be]::run_test::{closure#1}, ()>::{closure#1} as core[df12db4294e9bfd3]::ops::function::FnOnce<()>>::call_once::{shim:vtable#0}
[INFO] [stdout]   19:     0x5610df69b4b9 - <std[70759c8f55707aa4]::sys::thread::unix::Thread>::new::thread_start
[INFO] [stdout]   20:     0x752f37cfedfa - <unknown>
[INFO] [stdout]   21:     0x752f37d923d4 - clone
[INFO] [stdout]   22:                0x0 - <unknown>
[INFO] [stdout] 
[INFO] [stdout] ---- internal::inverted_index::tests::new_with_non_existing_file stdout ----
[INFO] [stdout] 
[INFO] [stdout] thread 'internal::inverted_index::tests::new_with_non_existing_file' (2099) panicked at src/internal/inverted_index.rs:578:18:
[INFO] [stdout] new search index: Os { code: 30, kind: ReadOnlyFilesystem, message: "Read-only file system" }
[INFO] [stdout] stack backtrace:
[INFO] [stdout]    0:     0x5610df69c2a1 - <<std[70759c8f55707aa4]::sys::backtrace::BacktraceLock>::print::DisplayBacktrace as core[df12db4294e9bfd3]::fmt::Display>::fmt
[INFO] [stdout]    1:     0x5610df6b1b5a - core[df12db4294e9bfd3]::fmt::write
[INFO] [stdout]    2:     0x5610df6a0c0c - <alloc[2182bb758b4b3781]::vec::Vec<u8> as core[df12db4294e9bfd3]::io::write::Write>::write_fmt
[INFO] [stdout]    3:     0x5610df676116 - std[70759c8f55707aa4]::panicking::default_hook::{closure#0}
[INFO] [stdout]    4:     0x5610df693099 - std[70759c8f55707aa4]::panicking::default_hook
[INFO] [stdout]    5:     0x5610df61c8b0 - test[9d35eded1c95d3be]::test_main_inner::<test[9d35eded1c95d3be]::test_main_static::{closure#0}>::{closure#0}
[INFO] [stdout]    6:     0x5610df693252 - std[70759c8f55707aa4]::panicking::panic_with_hook
[INFO] [stdout]    7:     0x5610df6761c2 - std[70759c8f55707aa4]::panicking::panic_handler::{closure#0}
[INFO] [stdout]    8:     0x5610df66ec09 - std[70759c8f55707aa4]::sys::backtrace::__rust_end_short_backtrace::<std[70759c8f55707aa4]::panicking::panic_handler::{closure#0}, !>
[INFO] [stdout]    9:     0x5610df676ead - __rustc[8fa7c3cbc660c2b3]::rust_begin_unwind
[INFO] [stdout]   10:     0x5610df6b228c - core[df12db4294e9bfd3]::panicking::panic_fmt
[INFO] [stdout]   11:     0x5610df6b2062 - core[df12db4294e9bfd3]::result::unwrap_failed
[INFO] [stdout]   12:     0x5610df5f4d7f - <scdb[84e78ba4a3e6efd9]::internal::inverted_index::tests::new_with_non_existing_file::{closure#0} as core[df12db4294e9bfd3]::ops::function::FnOnce<()>>::call_once
[INFO] [stdout]   13:     0x5610df659bda - serial_test[8d794d855bc65ebd]::serial_code_lock::local_serial_core
[INFO] [stdout]   14:     0x5610df5ff90d - <scdb[84e78ba4a3e6efd9]::internal::inverted_index::tests::new_with_non_existing_file::{closure#0} as core[df12db4294e9bfd3]::ops::function::FnOnce<()>>::call_once
[INFO] [stdout]   15:     0x5610df60fb9b - test[9d35eded1c95d3be]::__rust_begin_short_backtrace::<core[df12db4294e9bfd3]::result::Result<(), alloc[2182bb758b4b3781]::string::String>, fn() -> core[df12db4294e9bfd3]::result::Result<(), alloc[2182bb758b4b3781]::string::String>>
[INFO] [stdout]   16:     0x5610df61d205 - test[9d35eded1c95d3be]::run_test::{closure#0}
[INFO] [stdout]   17:     0x5610df616ac4 - std[70759c8f55707aa4]::sys::backtrace::__rust_begin_short_backtrace::<test[9d35eded1c95d3be]::run_test::{closure#1}, ()>
[INFO] [stdout]   18:     0x5610df620362 - <std[70759c8f55707aa4]::thread::lifecycle::spawn_unchecked<test[9d35eded1c95d3be]::run_test::{closure#1}, ()>::{closure#1} as core[df12db4294e9bfd3]::ops::function::FnOnce<()>>::call_once::{shim:vtable#0}
[INFO] [stdout]   19:     0x5610df69b4b9 - <std[70759c8f55707aa4]::sys::thread::unix::Thread>::new::thread_start
[INFO] [stdout]   20:     0x752f37cfedfa - <unknown>
[INFO] [stdout]   21:     0x752f37d923d4 - clone
[INFO] [stdout]   22:                0x0 - <unknown>
[INFO] [stdout] 
[INFO] [stdout] ---- store::tests::background_task_compacts_db_file stdout ----
[INFO] [stdout] 
[INFO] [stdout] thread 'store::tests::background_task_compacts_db_file' (2107) panicked at src/store.rs:1193:70:
[INFO] [stdout] create store: Os { code: 30, kind: ReadOnlyFilesystem, message: "Read-only file system" }
[INFO] [stdout] stack backtrace:
[INFO] [stdout]    0:     0x5610df69c2a1 - <<std[70759c8f55707aa4]::sys::backtrace::BacktraceLock>::print::DisplayBacktrace as core[df12db4294e9bfd3]::fmt::Display>::fmt
[INFO] [stdout]    1:     0x5610df6b1b5a - core[df12db4294e9bfd3]::fmt::write
[INFO] [stdout]    2:     0x5610df6a0c0c - <alloc[2182bb758b4b3781]::vec::Vec<u8> as core[df12db4294e9bfd3]::io::write::Write>::write_fmt
[INFO] [stdout]    3:     0x5610df676116 - std[70759c8f55707aa4]::panicking::default_hook::{closure#0}
[INFO] [stdout]    4:     0x5610df693099 - std[70759c8f55707aa4]::panicking::default_hook
[INFO] [stdout]    5:     0x5610df61c8b0 - test[9d35eded1c95d3be]::test_main_inner::<test[9d35eded1c95d3be]::test_main_static::{closure#0}>::{closure#0}
[INFO] [stdout]    6:     0x5610df693252 - std[70759c8f55707aa4]::panicking::panic_with_hook
[INFO] [stdout]    7:     0x5610df6761c2 - std[70759c8f55707aa4]::panicking::panic_handler::{closure#0}
[INFO] [stdout]    8:     0x5610df66ec09 - std[70759c8f55707aa4]::sys::backtrace::__rust_end_short_backtrace::<std[70759c8f55707aa4]::panicking::panic_handler::{closure#0}, !>
[INFO] [stdout]    9:     0x5610df676ead - __rustc[8fa7c3cbc660c2b3]::rust_begin_unwind
[INFO] [stdout]   10:     0x5610df6b228c - core[df12db4294e9bfd3]::panicking::panic_fmt
[INFO] [stdout]   11:     0x5610df6b2062 - core[df12db4294e9bfd3]::result::unwrap_failed
[INFO] [stdout]   12:     0x5610df5bb8a1 - <scdb[84e78ba4a3e6efd9]::store::tests::background_task_compacts_db_file::{closure#0} as core[df12db4294e9bfd3]::ops::function::FnOnce<()>>::call_once
[INFO] [stdout]   13:     0x5610df659bda - serial_test[8d794d855bc65ebd]::serial_code_lock::local_serial_core
[INFO] [stdout]   14:     0x5610df5ff6fd - <scdb[84e78ba4a3e6efd9]::store::tests::background_task_compacts_db_file::{closure#0} as core[df12db4294e9bfd3]::ops::function::FnOnce<()>>::call_once
[INFO] [stdout]   15:     0x5610df60fb9b - test[9d35eded1c95d3be]::__rust_begin_short_backtrace::<core[df12db4294e9bfd3]::result::Result<(), alloc[2182bb758b4b3781]::string::String>, fn() -> core[df12db4294e9bfd3]::result::Result<(), alloc[2182bb758b4b3781]::string::String>>
[INFO] [stdout]   16:     0x5610df61d205 - test[9d35eded1c95d3be]::run_test::{closure#0}
[INFO] [stdout]   17:     0x5610df616ac4 - std[70759c8f55707aa4]::sys::backtrace::__rust_begin_short_backtrace::<test[9d35eded1c95d3be]::run_test::{closure#1}, ()>
[INFO] [stdout]   18:     0x5610df620362 - <std[70759c8f55707aa4]::thread::lifecycle::spawn_unchecked<test[9d35eded1c95d3be]::run_test::{closure#1}, ()>::{closure#1} as core[df12db4294e9bfd3]::ops::function::FnOnce<()>>::call_once::{shim:vtable#0}
[INFO] [stdout]   19:     0x5610df69b4b9 - <std[70759c8f55707aa4]::sys::thread::unix::Thread>::new::thread_start
[INFO] [stdout]   20:     0x752f37cfedfa - <unknown>
[INFO] [stdout]   21:     0x752f37d923d4 - clone
[INFO] [stdout]   22:                0x0 - <unknown>
[INFO] [stdout] 
[INFO] [stdout] ---- store::tests::persists_to_file_after_clear stdout ----
[INFO] [stdout] 
[INFO] [stdout] thread 'store::tests::persists_to_file_after_clear' (2116) panicked at src/store.rs:1027:70:
[INFO] [stdout] create store: Os { code: 30, kind: ReadOnlyFilesystem, message: "Read-only file system" }
[INFO] [stdout] stack backtrace:
[INFO] [stdout]    0:     0x5610df69c2a1 - <<std[70759c8f55707aa4]::sys::backtrace::BacktraceLock>::print::DisplayBacktrace as core[df12db4294e9bfd3]::fmt::Display>::fmt
[INFO] [stdout]    1:     0x5610df6b1b5a - core[df12db4294e9bfd3]::fmt::write
[INFO] [stdout]    2:     0x5610df6a0c0c - <alloc[2182bb758b4b3781]::vec::Vec<u8> as core[df12db4294e9bfd3]::io::write::Write>::write_fmt
[INFO] [stdout]    3:     0x5610df676116 - std[70759c8f55707aa4]::panicking::default_hook::{closure#0}
[INFO] [stdout]    4:     0x5610df693099 - std[70759c8f55707aa4]::panicking::default_hook
[INFO] [stdout]    5:     0x5610df61c8b0 - test[9d35eded1c95d3be]::test_main_inner::<test[9d35eded1c95d3be]::test_main_static::{closure#0}>::{closure#0}
[INFO] [stdout]    6:     0x5610df693252 - std[70759c8f55707aa4]::panicking::panic_with_hook
[INFO] [stdout]    7:     0x5610df6761c2 - std[70759c8f55707aa4]::panicking::panic_handler::{closure#0}
[INFO] [stdout]    8:     0x5610df66ec09 - std[70759c8f55707aa4]::sys::backtrace::__rust_end_short_backtrace::<std[70759c8f55707aa4]::panicking::panic_handler::{closure#0}, !>
[INFO] [stdout]    9:     0x5610df676ead - __rustc[8fa7c3cbc660c2b3]::rust_begin_unwind
[INFO] [stderr] error: test failed, to rerun pass `--lib`
[INFO] [stdout]   10:     0x5610df6b228c - core[df12db4294e9bfd3]::panicking::panic_fmt
[INFO] [stdout]   11:     0x5610df6b2062 - core[df12db4294e9bfd3]::result::unwrap_failed
[INFO] [stdout]   12:     0x5610df5b9819 - <scdb[84e78ba4a3e6efd9]::store::tests::persists_to_file_after_clear::{closure#0} as core[df12db4294e9bfd3]::ops::function::FnOnce<()>>::call_once
[INFO] [stdout]   13:     0x5610df659bda - serial_test[8d794d855bc65ebd]::serial_code_lock::local_serial_core
[INFO] [stdout]   14:     0x5610df5ff69d - <scdb[84e78ba4a3e6efd9]::store::tests::persists_to_file_after_clear::{closure#0} as core[df12db4294e9bfd3]::ops::function::FnOnce<()>>::call_once
[INFO] [stdout]   15:     0x5610df60fb9b - test[9d35eded1c95d3be]::__rust_begin_short_backtrace::<core[df12db4294e9bfd3]::result::Result<(), alloc[2182bb758b4b3781]::string::String>, fn() -> core[df12db4294e9bfd3]::result::Result<(), alloc[2182bb758b4b3781]::string::String>>
[INFO] [stdout]   16:     0x5610df61d205 - test[9d35eded1c95d3be]::run_test::{closure#0}
[INFO] [stdout]   17:     0x5610df616ac4 - std[70759c8f55707aa4]::sys::backtrace::__rust_begin_short_backtrace::<test[9d35eded1c95d3be]::run_test::{closure#1}, ()>
[INFO] [stdout]   18:     0x5610df620362 - <std[70759c8f55707aa4]::thread::lifecycle::spawn_unchecked<test[9d35eded1c95d3be]::run_test::{closure#1}, ()>::{closure#1} as core[df12db4294e9bfd3]::ops::function::FnOnce<()>>::call_once::{shim:vtable#0}
[INFO] [stdout]   19:     0x5610df69b4b9 - <std[70759c8f55707aa4]::sys::thread::unix::Thread>::new::thread_start
[INFO] [stdout]   20:     0x752f37cfedfa - <unknown>
[INFO] [stdout]   21:     0x752f37d923d4 - clone
[INFO] [stdout]   22:                0x0 - <unknown>
[INFO] [stdout] 
[INFO] [stdout] ---- store::tests::get_does_not_err_for_empty_string_values stdout ----
[INFO] [stdout] 
[INFO] [stdout] thread 'store::tests::get_does_not_err_for_empty_string_values' (2113) panicked at src/store.rs:1332:70:
[INFO] [stdout] create store: Os { code: 30, kind: ReadOnlyFilesystem, message: "Read-only file system" }
[INFO] [stdout] stack backtrace:
[INFO] [stdout]    0:     0x5610df69c2a1 - <<std[70759c8f55707aa4]::sys::backtrace::BacktraceLock>::print::DisplayBacktrace as core[df12db4294e9bfd3]::fmt::Display>::fmt
[INFO] [stdout]    1:     0x5610df6b1b5a - core[df12db4294e9bfd3]::fmt::write
[INFO] [stdout]    2:     0x5610df6a0c0c - <alloc[2182bb758b4b3781]::vec::Vec<u8> as core[df12db4294e9bfd3]::io::write::Write>::write_fmt
[INFO] [stdout]    3:     0x5610df676116 - std[70759c8f55707aa4]::panicking::default_hook::{closure#0}
[INFO] [stdout]    4:     0x5610df693099 - std[70759c8f55707aa4]::panicking::default_hook
[INFO] [stdout]    5:     0x5610df61c8b0 - test[9d35eded1c95d3be]::test_main_inner::<test[9d35eded1c95d3be]::test_main_static::{closure#0}>::{closure#0}
[INFO] [stdout]    6:     0x5610df693252 - std[70759c8f55707aa4]::panicking::panic_with_hook
[INFO] [stdout]    7:     0x5610df6761c2 - std[70759c8f55707aa4]::panicking::panic_handler::{closure#0}
[INFO] [stdout]    8:     0x5610df66ec09 - std[70759c8f55707aa4]::sys::backtrace::__rust_end_short_backtrace::<std[70759c8f55707aa4]::panicking::panic_handler::{closure#0}, !>
[INFO] [stdout]    9:     0x5610df676ead - __rustc[8fa7c3cbc660c2b3]::rust_begin_unwind
[INFO] [stdout]   10:     0x5610df6b228c - core[df12db4294e9bfd3]::panicking::panic_fmt
[INFO] [stdout]   11:     0x5610df6b2062 - core[df12db4294e9bfd3]::result::unwrap_failed
[INFO] [stdout]   12:     0x5610df5bc28e - <scdb[84e78ba4a3e6efd9]::store::tests::get_does_not_err_for_empty_string_values::{closure#0} as core[df12db4294e9bfd3]::ops::function::FnOnce<()>>::call_once
[INFO] [stdout]   13:     0x5610df659bda - serial_test[8d794d855bc65ebd]::serial_code_lock::local_serial_core
[INFO] [stdout]   14:     0x5610df5ff72d - <scdb[84e78ba4a3e6efd9]::store::tests::get_does_not_err_for_empty_string_values::{closure#0} as core[df12db4294e9bfd3]::ops::function::FnOnce<()>>::call_once
[INFO] [stdout]   15:     0x5610df60fb9b - test[9d35eded1c95d3be]::__rust_begin_short_backtrace::<core[df12db4294e9bfd3]::result::Result<(), alloc[2182bb758b4b3781]::string::String>, fn() -> core[df12db4294e9bfd3]::result::Result<(), alloc[2182bb758b4b3781]::string::String>>
[INFO] [stdout]   16:     0x5610df61d205 - test[9d35eded1c95d3be]::run_test::{closure#0}
[INFO] [stdout]   17:     0x5610df616ac4 - std[70759c8f55707aa4]::sys::backtrace::__rust_begin_short_backtrace::<test[9d35eded1c95d3be]::run_test::{closure#1}, ()>
[INFO] [stdout]   18:     0x5610df620362 - <std[70759c8f55707aa4]::thread::lifecycle::spawn_unchecked<test[9d35eded1c95d3be]::run_test::{closure#1}, ()>::{closure#1} as core[df12db4294e9bfd3]::ops::function::FnOnce<()>>::call_once::{shim:vtable#0}
[INFO] [stdout]   19:     0x5610df69b4b9 - <std[70759c8f55707aa4]::sys::thread::unix::Thread>::new::thread_start
[INFO] [stdout]   20:     0x752f37cfedfa - <unknown>
[INFO] [stdout]   21:     0x752f37d923d4 - clone
[INFO] [stdout]   22:                0x0 - <unknown>
[INFO] [stdout] 
[INFO] [stdout] ---- store::tests::search_works_after_delete stdout ----
[INFO] [stdout] 
[INFO] [stdout] thread 'store::tests::search_works_after_delete' (2121) panicked at src/store.rs:855:69:
[INFO] [stdout] create store: Os { code: 30, kind: ReadOnlyFilesystem, message: "Read-only file system" }
[INFO] [stdout] stack backtrace:
[INFO] [stdout]    0:     0x5610df69c2a1 - <<std[70759c8f55707aa4]::sys::backtrace::BacktraceLock>::print::DisplayBacktrace as core[df12db4294e9bfd3]::fmt::Display>::fmt
[INFO] [stdout]    1:     0x5610df6b1b5a - core[df12db4294e9bfd3]::fmt::write
[INFO] [stdout]    2:     0x5610df6a0c0c - <alloc[2182bb758b4b3781]::vec::Vec<u8> as core[df12db4294e9bfd3]::io::write::Write>::write_fmt
[INFO] [stdout]    3:     0x5610df676116 - std[70759c8f55707aa4]::panicking::default_hook::{closure#0}
[INFO] [stdout]    4:     0x5610df693099 - std[70759c8f55707aa4]::panicking::default_hook
[INFO] [stdout]    5:     0x5610df61c8b0 - test[9d35eded1c95d3be]::test_main_inner::<test[9d35eded1c95d3be]::test_main_static::{closure#0}>::{closure#0}
[INFO] [stdout]    6:     0x5610df693252 - std[70759c8f55707aa4]::panicking::panic_with_hook
[INFO] [stdout]    7:     0x5610df6761c2 - std[70759c8f55707aa4]::panicking::panic_handler::{closure#0}
[INFO] [stdout]    8:     0x5610df66ec09 - std[70759c8f55707aa4]::sys::backtrace::__rust_end_short_backtrace::<std[70759c8f55707aa4]::panicking::panic_handler::{closure#0}, !>
[INFO] [stdout]    9:     0x5610df676ead - __rustc[8fa7c3cbc660c2b3]::rust_begin_unwind
[INFO] [stdout]   10:     0x5610df6b228c - core[df12db4294e9bfd3]::panicking::panic_fmt
[INFO] [stdout]   11:     0x5610df6b2062 - core[df12db4294e9bfd3]::result::unwrap_failed
[INFO] [stdout]   12:     0x5610df5b56a0 - <scdb[84e78ba4a3e6efd9]::store::tests::search_works_after_delete::{closure#0} as core[df12db4294e9bfd3]::ops::function::FnOnce<()>>::call_once
[INFO] [stdout]   13:     0x5610df659bda - serial_test[8d794d855bc65ebd]::serial_code_lock::local_serial_core
[INFO] [stdout]   14:     0x5610df5ff63d - <scdb[84e78ba4a3e6efd9]::store::tests::search_works_after_delete::{closure#0} as core[df12db4294e9bfd3]::ops::function::FnOnce<()>>::call_once
[INFO] [stdout]   15:     0x5610df60fb9b - test[9d35eded1c95d3be]::__rust_begin_short_backtrace::<core[df12db4294e9bfd3]::result::Result<(), alloc[2182bb758b4b3781]::string::String>, fn() -> core[df12db4294e9bfd3]::result::Result<(), alloc[2182bb758b4b3781]::string::String>>
[INFO] [stdout]   16:     0x5610df61d205 - test[9d35eded1c95d3be]::run_test::{closure#0}
[INFO] [stdout]   17:     0x5610df616ac4 - std[70759c8f55707aa4]::sys::backtrace::__rust_begin_short_backtrace::<test[9d35eded1c95d3be]::run_test::{closure#1}, ()>
[INFO] [stdout]   18:     0x5610df620362 - <std[70759c8f55707aa4]::thread::lifecycle::spawn_unchecked<test[9d35eded1c95d3be]::run_test::{closure#1}, ()>::{closure#1} as core[df12db4294e9bfd3]::ops::function::FnOnce<()>>::call_once::{shim:vtable#0}
[INFO] [stdout]   19:     0x5610df69b4b9 - <std[70759c8f55707aa4]::sys::thread::unix::Thread>::new::thread_start
[INFO] [stdout]   20:     0x752f37cfedfa - <unknown>
[INFO] [stdout]   21:     0x752f37d923d4 - clone
[INFO] [stdout]   22:                0x0 - <unknown>
[INFO] [stdout] 
[INFO] [stdout] ---- store::tests::search_works_after_expire stdout ----
[INFO] [stdout] 
[INFO] [stdout] thread 'store::tests::search_works_after_expire' (2122) panicked at src/store.rs:806:69:
[INFO] [stdout] create store: Os { code: 30, kind: ReadOnlyFilesystem, message: "Read-only file system" }
[INFO] [stdout] stack backtrace:
[INFO] [stdout]    0:     0x5610df69c2a1 - <<std[70759c8f55707aa4]::sys::backtrace::BacktraceLock>::print::DisplayBacktrace as core[df12db4294e9bfd3]::fmt::Display>::fmt
[INFO] [stdout]    1:     0x5610df6b1b5a - core[df12db4294e9bfd3]::fmt::write
[INFO] [stdout]    2:     0x5610df6a0c0c - <alloc[2182bb758b4b3781]::vec::Vec<u8> as core[df12db4294e9bfd3]::io::write::Write>::write_fmt
[INFO] [stdout]    3:     0x5610df676116 - std[70759c8f55707aa4]::panicking::default_hook::{closure#0}
[INFO] [stdout]    4:     0x5610df693099 - std[70759c8f55707aa4]::panicking::default_hook
[INFO] [stdout]    5:     0x5610df61c8b0 - test[9d35eded1c95d3be]::test_main_inner::<test[9d35eded1c95d3be]::test_main_static::{closure#0}>::{closure#0}
[INFO] [stdout]    6:     0x5610df693252 - std[70759c8f55707aa4]::panicking::panic_with_hook
[INFO] [stdout]    7:     0x5610df6761c2 - std[70759c8f55707aa4]::panicking::panic_handler::{closure#0}
[INFO] [stdout]    8:     0x5610df66ec09 - std[70759c8f55707aa4]::sys::backtrace::__rust_end_short_backtrace::<std[70759c8f55707aa4]::panicking::panic_handler::{closure#0}, !>
[INFO] [stdout]    9:     0x5610df676ead - __rustc[8fa7c3cbc660c2b3]::rust_begin_unwind
[INFO] [stdout]   10:     0x5610df6b228c - core[df12db4294e9bfd3]::panicking::panic_fmt
[INFO] [stdout]   11:     0x5610df6b2062 - core[df12db4294e9bfd3]::result::unwrap_failed
[INFO] [stdout]   12:     0x5610df5b73d2 - <scdb[84e78ba4a3e6efd9]::store::tests::search_works_after_expire::{closure#0} as core[df12db4294e9bfd3]::ops::function::FnOnce<()>>::call_once
[INFO] [stdout]   13:     0x5610df659bda - serial_test[8d794d855bc65ebd]::serial_code_lock::local_serial_core
[INFO] [stdout]   14:     0x5610df5ff66d - <scdb[84e78ba4a3e6efd9]::store::tests::search_works_after_expire::{closure#0} as core[df12db4294e9bfd3]::ops::function::FnOnce<()>>::call_once
[INFO] [stdout]   15:     0x5610df60fb9b - test[9d35eded1c95d3be]::__rust_begin_short_backtrace::<core[df12db4294e9bfd3]::result::Result<(), alloc[2182bb758b4b3781]::string::String>, fn() -> core[df12db4294e9bfd3]::result::Result<(), alloc[2182bb758b4b3781]::string::String>>
[INFO] [stdout]   16:     0x5610df61d205 - test[9d35eded1c95d3be]::run_test::{closure#0}
[INFO] [stdout]   17:     0x5610df616ac4 - std[70759c8f55707aa4]::sys::backtrace::__rust_begin_short_backtrace::<test[9d35eded1c95d3be]::run_test::{closure#1}, ()>
[INFO] [stdout]   18:     0x5610df620362 - <std[70759c8f55707aa4]::thread::lifecycle::spawn_unchecked<test[9d35eded1c95d3be]::run_test::{closure#1}, ()>::{closure#1} as core[df12db4294e9bfd3]::ops::function::FnOnce<()>>::call_once::{shim:vtable#0}
[INFO] [stdout]   19:     0x5610df69b4b9 - <std[70759c8f55707aa4]::sys::thread::unix::Thread>::new::thread_start
[INFO] [stdout]   20:     0x752f37cfedfa - <unknown>
[INFO] [stdout]   21:     0x752f37d923d4 - clone
[INFO] [stdout]   22:                0x0 - <unknown>
[INFO] [stdout] 
[INFO] [stdout] ---- store::tests::compact_removes_deleted_and_expired_from_db_file stdout ----
[INFO] [stdout] 
[INFO] [stdout] thread 'store::tests::compact_removes_deleted_and_expired_from_db_file' (2110) panicked at src/store.rs:1055:70:
[INFO] [stdout] create store: Os { code: 30, kind: ReadOnlyFilesystem, message: "Read-only file system" }
[INFO] [stdout] stack backtrace:
[INFO] [stdout]    0:     0x5610df69c2a1 - <<std[70759c8f55707aa4]::sys::backtrace::BacktraceLock>::print::DisplayBacktrace as core[df12db4294e9bfd3]::fmt::Display>::fmt
[INFO] [stdout]    1:     0x5610df6b1b5a - core[df12db4294e9bfd3]::fmt::write
[INFO] [stdout]    2:     0x5610df6a0c0c - <alloc[2182bb758b4b3781]::vec::Vec<u8> as core[df12db4294e9bfd3]::io::write::Write>::write_fmt
[INFO] [stdout]    3:     0x5610df676116 - std[70759c8f55707aa4]::panicking::default_hook::{closure#0}
[INFO] [stdout]    4:     0x5610df693099 - std[70759c8f55707aa4]::panicking::default_hook
[INFO] [stdout]    5:     0x5610df61c8b0 - test[9d35eded1c95d3be]::test_main_inner::<test[9d35eded1c95d3be]::test_main_static::{closure#0}>::{closure#0}
[INFO] [stdout]    6:     0x5610df693252 - std[70759c8f55707aa4]::panicking::panic_with_hook
[INFO] [stdout]    7:     0x5610df6761c2 - std[70759c8f55707aa4]::panicking::panic_handler::{closure#0}
[INFO] [stdout]    8:     0x5610df66ec09 - std[70759c8f55707aa4]::sys::backtrace::__rust_end_short_backtrace::<std[70759c8f55707aa4]::panicking::panic_handler::{closure#0}, !>
[INFO] [stdout]    9:     0x5610df676ead - __rustc[8fa7c3cbc660c2b3]::rust_begin_unwind
[INFO] [stdout]   10:     0x5610df6b228c - core[df12db4294e9bfd3]::panicking::panic_fmt
[INFO] [stdout]   11:     0x5610df6b2062 - core[df12db4294e9bfd3]::result::unwrap_failed
[INFO] [stdout]   12:     0x5610df5c28cd - <scdb[84e78ba4a3e6efd9]::store::tests::compact_removes_deleted_and_expired_from_db_file::{closure#0} as core[df12db4294e9bfd3]::ops::function::FnOnce<()>>::call_once
[INFO] [stdout]   13:     0x5610df659bda - serial_test[8d794d855bc65ebd]::serial_code_lock::local_serial_core
[INFO] [stdout]   14:     0x5610df5ff7bd - <scdb[84e78ba4a3e6efd9]::store::tests::compact_removes_deleted_and_expired_from_db_file::{closure#0} as core[df12db4294e9bfd3]::ops::function::FnOnce<()>>::call_once
[INFO] [stdout]   15:     0x5610df60fb9b - test[9d35eded1c95d3be]::__rust_begin_short_backtrace::<core[df12db4294e9bfd3]::result::Result<(), alloc[2182bb758b4b3781]::string::String>, fn() -> core[df12db4294e9bfd3]::result::Result<(), alloc[2182bb758b4b3781]::string::String>>
[INFO] [stdout]   16:     0x5610df61d205 - test[9d35eded1c95d3be]::run_test::{closure#0}
[INFO] [stdout]   17:     0x5610df616ac4 - std[70759c8f55707aa4]::sys::backtrace::__rust_begin_short_backtrace::<test[9d35eded1c95d3be]::run_test::{closure#1}, ()>
[INFO] [stdout]   18:     0x5610df620362 - <std[70759c8f55707aa4]::thread::lifecycle::spawn_unchecked<test[9d35eded1c95d3be]::run_test::{closure#1}, ()>::{closure#1} as core[df12db4294e9bfd3]::ops::function::FnOnce<()>>::call_once::{shim:vtable#0}
[INFO] [stdout]   19:     0x5610df69b4b9 - <std[70759c8f55707aa4]::sys::thread::unix::Thread>::new::thread_start
[INFO] [stdout]   20:     0x752f37cfedfa - <unknown>
[INFO] [stdout]   21:     0x752f37d923d4 - clone
[INFO] [stdout]   22:                0x0 - <unknown>
[INFO] [stdout] 
[INFO] [stdout] ---- internal::inverted_index::tests::remove_works stdout ----
[INFO] [stdout] 
[INFO] [stdout] thread 'internal::inverted_index::tests::remove_works' (2100) panicked at src/internal/inverted_index.rs:843:14:
[INFO] [stdout] create a new instance of SearchIndex: Os { code: 30, kind: ReadOnlyFilesystem, message: "Read-only file system" }
[INFO] [stdout] stack backtrace:
[INFO] [stdout]    0:     0x5610df69c2a1 - <<std[70759c8f55707aa4]::sys::backtrace::BacktraceLock>::print::DisplayBacktrace as core[df12db4294e9bfd3]::fmt::Display>::fmt
[INFO] [stdout]    1:     0x5610df6b1b5a - core[df12db4294e9bfd3]::fmt::write
[INFO] [stdout]    2:     0x5610df6a0c0c - <alloc[2182bb758b4b3781]::vec::Vec<u8> as core[df12db4294e9bfd3]::io::write::Write>::write_fmt
[INFO] [stdout]    3:     0x5610df676116 - std[70759c8f55707aa4]::panicking::default_hook::{closure#0}
[INFO] [stdout]    4:     0x5610df693099 - std[70759c8f55707aa4]::panicking::default_hook
[INFO] [stdout]    5:     0x5610df61c8b0 - test[9d35eded1c95d3be]::test_main_inner::<test[9d35eded1c95d3be]::test_main_static::{closure#0}>::{closure#0}
[INFO] [stdout]    6:     0x5610df693252 - std[70759c8f55707aa4]::panicking::panic_with_hook
[INFO] [stdout]    7:     0x5610df6761c2 - std[70759c8f55707aa4]::panicking::panic_handler::{closure#0}
[INFO] [stdout]    8:     0x5610df66ec09 - std[70759c8f55707aa4]::sys::backtrace::__rust_end_short_backtrace::<std[70759c8f55707aa4]::panicking::panic_handler::{closure#0}, !>
[INFO] [stdout]    9:     0x5610df676ead - __rustc[8fa7c3cbc660c2b3]::rust_begin_unwind
[INFO] [stdout]   10:     0x5610df6b228c - core[df12db4294e9bfd3]::panicking::panic_fmt
[INFO] [stdout]   11:     0x5610df6b2062 - core[df12db4294e9bfd3]::result::unwrap_failed
[INFO] [stdout]   12:     0x5610df5ef952 - scdb[84e78ba4a3e6efd9]::internal::inverted_index::tests::create_search_index
[INFO] [stdout]   13:     0x5610df5f0770 - <scdb[84e78ba4a3e6efd9]::internal::inverted_index::tests::remove_works::{closure#0} as core[df12db4294e9bfd3]::ops::function::FnOnce<()>>::call_once
[INFO] [stdout]   14:     0x5610df659bda - serial_test[8d794d855bc65ebd]::serial_code_lock::local_serial_core
[INFO] [stdout]   15:     0x5610df5ff84d - <scdb[84e78ba4a3e6efd9]::internal::inverted_index::tests::remove_works::{closure#0} as core[df12db4294e9bfd3]::ops::function::FnOnce<()>>::call_once
[INFO] [stdout]   16:     0x5610df60fb9b - test[9d35eded1c95d3be]::__rust_begin_short_backtrace::<core[df12db4294e9bfd3]::result::Result<(), alloc[2182bb758b4b3781]::string::String>, fn() -> core[df12db4294e9bfd3]::result::Result<(), alloc[2182bb758b4b3781]::string::String>>
[INFO] [stdout]   17:     0x5610df61d205 - test[9d35eded1c95d3be]::run_test::{closure#0}
[INFO] [stdout]   18:     0x5610df616ac4 - std[70759c8f55707aa4]::sys::backtrace::__rust_begin_short_backtrace::<test[9d35eded1c95d3be]::run_test::{closure#1}, ()>
[INFO] [stdout]   19:     0x5610df620362 - <std[70759c8f55707aa4]::thread::lifecycle::spawn_unchecked<test[9d35eded1c95d3be]::run_test::{closure#1}, ()>::{closure#1} as core[df12db4294e9bfd3]::ops::function::FnOnce<()>>::call_once::{shim:vtable#0}
[INFO] [stdout]   20:     0x5610df69b4b9 - <std[70759c8f55707aa4]::sys::thread::unix::Thread>::new::thread_start
[INFO] [stdout]   21:     0x752f37cfedfa - <unknown>
[INFO] [stdout]   22:     0x752f37d923d4 - clone
[INFO] [stdout]   23:                0x0 - <unknown>
[INFO] [stdout] 
[INFO] [stdout] ---- store::tests::set_works stdout ----
[INFO] [stdout] 
[INFO] [stdout] thread 'store::tests::set_works' (2125) panicked at src/store.rs:631:70:
[INFO] [stdout] create store: Os { code: 30, kind: ReadOnlyFilesystem, message: "Read-only file system" }
[INFO] [stdout] stack backtrace:
[INFO] [stdout]    0:     0x5610df69c2a1 - <<std[70759c8f55707aa4]::sys::backtrace::BacktraceLock>::print::DisplayBacktrace as core[df12db4294e9bfd3]::fmt::Display>::fmt
[INFO] [stdout]    1:     0x5610df6b1b5a - core[df12db4294e9bfd3]::fmt::write
[INFO] [stdout]    2:     0x5610df6a0c0c - <alloc[2182bb758b4b3781]::vec::Vec<u8> as core[df12db4294e9bfd3]::io::write::Write>::write_fmt
[INFO] [stdout]    3:     0x5610df676116 - std[70759c8f55707aa4]::panicking::default_hook::{closure#0}
[INFO] [stdout]    4:     0x5610df693099 - std[70759c8f55707aa4]::panicking::default_hook
[INFO] [stdout]    5:     0x5610df61c8b0 - test[9d35eded1c95d3be]::test_main_inner::<test[9d35eded1c95d3be]::test_main_static::{closure#0}>::{closure#0}
[INFO] [stdout]    6:     0x5610df693252 - std[70759c8f55707aa4]::panicking::panic_with_hook
[INFO] [stdout]    7:     0x5610df6761c2 - std[70759c8f55707aa4]::panicking::panic_handler::{closure#0}
[INFO] [stdout]    8:     0x5610df66ec09 - std[70759c8f55707aa4]::sys::backtrace::__rust_end_short_backtrace::<std[70759c8f55707aa4]::panicking::panic_handler::{closure#0}, !>
[INFO] [stdout]    9:     0x5610df676ead - __rustc[8fa7c3cbc660c2b3]::rust_begin_unwind
[INFO] [stdout]   10:     0x5610df6b228c - core[df12db4294e9bfd3]::panicking::panic_fmt
[INFO] [stdout]   11:     0x5610df6b2062 - core[df12db4294e9bfd3]::result::unwrap_failed
[INFO] [stdout]   12:     0x5610df5c342c - <scdb[84e78ba4a3e6efd9]::store::tests::set_works::{closure#0} as core[df12db4294e9bfd3]::ops::function::FnOnce<()>>::call_once
[INFO] [stdout]   13:     0x5610df659bda - serial_test[8d794d855bc65ebd]::serial_code_lock::local_serial_core
[INFO] [stdout]   14:     0x5610df5ff7ed - <scdb[84e78ba4a3e6efd9]::store::tests::set_works::{closure#0} as core[df12db4294e9bfd3]::ops::function::FnOnce<()>>::call_once
[INFO] [stdout]   15:     0x5610df60fb9b - test[9d35eded1c95d3be]::__rust_begin_short_backtrace::<core[df12db4294e9bfd3]::result::Result<(), alloc[2182bb758b4b3781]::string::String>, fn() -> core[df12db4294e9bfd3]::result::Result<(), alloc[2182bb758b4b3781]::string::String>>
[INFO] [stdout]   16:     0x5610df61d205 - test[9d35eded1c95d3be]::run_test::{closure#0}
[INFO] [stdout]   17:     0x5610df616ac4 - std[70759c8f55707aa4]::sys::backtrace::__rust_begin_short_backtrace::<test[9d35eded1c95d3be]::run_test::{closure#1}, ()>
[INFO] [stdout]   18:     0x5610df620362 - <std[70759c8f55707aa4]::thread::lifecycle::spawn_unchecked<test[9d35eded1c95d3be]::run_test::{closure#1}, ()>::{closure#1} as core[df12db4294e9bfd3]::ops::function::FnOnce<()>>::call_once::{shim:vtable#0}
[INFO] [stdout]   19:     0x5610df69b4b9 - <std[70759c8f55707aa4]::sys::thread::unix::Thread>::new::thread_start
[INFO] [stdout]   20:     0x752f37cfedfa - <unknown>
[INFO] [stdout]   21:     0x752f37d923d4 - clone
[INFO] [stdout]   22:                0x0 - <unknown>
[INFO] [stdout] 
[INFO] [stdout] ---- internal::utils::tests::initialize_db_folder_creates_non_existing_db_folder stdout ----
[INFO] [stdout] 
[INFO] [stdout] thread 'internal::utils::tests::initialize_db_folder_creates_non_existing_db_folder' (2105) panicked at src/internal/utils.rs:96:42:
[INFO] [stdout] initializes db folder: Os { code: 30, kind: ReadOnlyFilesystem, message: "Read-only file system" }
[INFO] [stdout] stack backtrace:
[INFO] [stdout]    0:     0x5610df69c2a1 - <<std[70759c8f55707aa4]::sys::backtrace::BacktraceLock>::print::DisplayBacktrace as core[df12db4294e9bfd3]::fmt::Display>::fmt
[INFO] [stdout]    1:     0x5610df6b1b5a - core[df12db4294e9bfd3]::fmt::write
[INFO] [stdout]    2:     0x5610df6a0c0c - <alloc[2182bb758b4b3781]::vec::Vec<u8> as core[df12db4294e9bfd3]::io::write::Write>::write_fmt
[INFO] [stdout]    3:     0x5610df676116 - std[70759c8f55707aa4]::panicking::default_hook::{closure#0}
[INFO] [stdout]    4:     0x5610df693099 - std[70759c8f55707aa4]::panicking::default_hook
[INFO] [stdout]    5:     0x5610df61c8b0 - test[9d35eded1c95d3be]::test_main_inner::<test[9d35eded1c95d3be]::test_main_static::{closure#0}>::{closure#0}
[INFO] [stdout]    6:     0x5610df693252 - std[70759c8f55707aa4]::panicking::panic_with_hook
[INFO] [stdout]    7:     0x5610df6761c2 - std[70759c8f55707aa4]::panicking::panic_handler::{closure#0}
[INFO] [stdout]    8:     0x5610df66ec09 - std[70759c8f55707aa4]::sys::backtrace::__rust_end_short_backtrace::<std[70759c8f55707aa4]::panicking::panic_handler::{closure#0}, !>
[INFO] [stdout]    9:     0x5610df676ead - __rustc[8fa7c3cbc660c2b3]::rust_begin_unwind
[INFO] [stdout]   10:     0x5610df6b228c - core[df12db4294e9bfd3]::panicking::panic_fmt
[INFO] [stdout]   11:     0x5610df6b2062 - core[df12db4294e9bfd3]::result::unwrap_failed
[INFO] [stdout]   12:     0x5610df6081b1 - scdb[84e78ba4a3e6efd9]::internal::utils::tests::initialize_db_folder_creates_non_existing_db_folder
[INFO] [stdout]   13:     0x5610df5ffa29 - <scdb[84e78ba4a3e6efd9]::internal::utils::tests::initialize_db_folder_creates_non_existing_db_folder::{closure#0} as core[df12db4294e9bfd3]::ops::function::FnOnce<()>>::call_once
[INFO] [stdout]   14:     0x5610df60fb9b - test[9d35eded1c95d3be]::__rust_begin_short_backtrace::<core[df12db4294e9bfd3]::result::Result<(), alloc[2182bb758b4b3781]::string::String>, fn() -> core[df12db4294e9bfd3]::result::Result<(), alloc[2182bb758b4b3781]::string::String>>
[INFO] [stdout]   15:     0x5610df61d205 - test[9d35eded1c95d3be]::run_test::{closure#0}
[INFO] [stdout]   16:     0x5610df616ac4 - std[70759c8f55707aa4]::sys::backtrace::__rust_begin_short_backtrace::<test[9d35eded1c95d3be]::run_test::{closure#1}, ()>
[INFO] [stdout]   17:     0x5610df620362 - <std[70759c8f55707aa4]::thread::lifecycle::spawn_unchecked<test[9d35eded1c95d3be]::run_test::{closure#1}, ()>::{closure#1} as core[df12db4294e9bfd3]::ops::function::FnOnce<()>>::call_once::{shim:vtable#0}
[INFO] [stdout]   18:     0x5610df69b4b9 - <std[70759c8f55707aa4]::sys::thread::unix::Thread>::new::thread_start
[INFO] [stdout]   19:     0x752f37cfedfa - <unknown>
[INFO] [stdout]   20:     0x752f37d923d4 - clone
[INFO] [stdout]   21:                0x0 - <unknown>
[INFO] [stdout] 
[INFO] [stdout] ---- store::tests::background_task_compacts_search_index_file stdout ----
[INFO] [stdout] 
[INFO] [stdout] thread 'store::tests::background_task_compacts_search_index_file' (2108) panicked at src/store.rs:1256:69:
[INFO] [stdout] create store: Os { code: 30, kind: ReadOnlyFilesystem, message: "Read-only file system" }
[INFO] [stdout] stack backtrace:
[INFO] [stdout]    0:     0x5610df69c2a1 - <<std[70759c8f55707aa4]::sys::backtrace::BacktraceLock>::print::DisplayBacktrace as core[df12db4294e9bfd3]::fmt::Display>::fmt
[INFO] [stdout]    1:     0x5610df6b1b5a - core[df12db4294e9bfd3]::fmt::write
[INFO] [stdout]    2:     0x5610df6a0c0c - <alloc[2182bb758b4b3781]::vec::Vec<u8> as core[df12db4294e9bfd3]::io::write::Write>::write_fmt
[INFO] [stdout]    3:     0x5610df676116 - std[70759c8f55707aa4]::panicking::default_hook::{closure#0}
[INFO] [stdout]    4:     0x5610df693099 - std[70759c8f55707aa4]::panicking::default_hook
[INFO] [stdout]    5:     0x5610df61c8b0 - test[9d35eded1c95d3be]::test_main_inner::<test[9d35eded1c95d3be]::test_main_static::{closure#0}>::{closure#0}
[INFO] [stdout]    6:     0x5610df693252 - std[70759c8f55707aa4]::panicking::panic_with_hook
[INFO] [stdout]    7:     0x5610df6761c2 - std[70759c8f55707aa4]::panicking::panic_handler::{closure#0}
[INFO] [stdout]    8:     0x5610df66ec09 - std[70759c8f55707aa4]::sys::backtrace::__rust_end_short_backtrace::<std[70759c8f55707aa4]::panicking::panic_handler::{closure#0}, !>
[INFO] [stdout]    9:     0x5610df676ead - __rustc[8fa7c3cbc660c2b3]::rust_begin_unwind
[INFO] [stdout]   10:     0x5610df6b228c - core[df12db4294e9bfd3]::panicking::panic_fmt
[INFO] [stdout]   11:     0x5610df6b2062 - core[df12db4294e9bfd3]::result::unwrap_failed
[INFO] [stdout]   12:     0x5610df5bcda8 - <scdb[84e78ba4a3e6efd9]::store::tests::background_task_compacts_search_index_file::{closure#0} as core[df12db4294e9bfd3]::ops::function::FnOnce<()>>::call_once
[INFO] [stdout]   13:     0x5610df659bda - serial_test[8d794d855bc65ebd]::serial_code_lock::local_serial_core
[INFO] [stdout]   14:     0x5610df5ff75d - <scdb[84e78ba4a3e6efd9]::store::tests::background_task_compacts_search_index_file::{closure#0} as core[df12db4294e9bfd3]::ops::function::FnOnce<()>>::call_once
[INFO] [stdout]   15:     0x5610df60fb9b - test[9d35eded1c95d3be]::__rust_begin_short_backtrace::<core[df12db4294e9bfd3]::result::Result<(), alloc[2182bb758b4b3781]::string::String>, fn() -> core[df12db4294e9bfd3]::result::Result<(), alloc[2182bb758b4b3781]::string::String>>
[INFO] [stdout]   16:     0x5610df61d205 - test[9d35eded1c95d3be]::run_test::{closure#0}
[INFO] [stdout]   17:     0x5610df616ac4 - std[70759c8f55707aa4]::sys::backtrace::__rust_begin_short_backtrace::<test[9d35eded1c95d3be]::run_test::{closure#1}, ()>
[INFO] [stdout]   18:     0x5610df620362 - <std[70759c8f55707aa4]::thread::lifecycle::spawn_unchecked<test[9d35eded1c95d3be]::run_test::{closure#1}, ()>::{closure#1} as core[df12db4294e9bfd3]::ops::function::FnOnce<()>>::call_once::{shim:vtable#0}
[INFO] [stdout]   19:     0x5610df69b4b9 - <std[70759c8f55707aa4]::sys::thread::unix::Thread>::new::thread_start
[INFO] [stdout]   20:     0x752f37cfedfa - <unknown>
[INFO] [stdout]   21:     0x752f37d923d4 - clone
[INFO] [stdout]   22:                0x0 - <unknown>
[INFO] [stdout] 
[INFO] [stdout] ---- internal::buffers::pool::tests::get_many_key_values_expired stdout ----
[INFO] [stdout] 
[INFO] [stdout] thread 'internal::buffers::pool::tests::get_many_key_values_expired' (2050) panicked at src/internal/buffers/pool.rs:1064:14:
[INFO] [stdout] new buffer pool: Os { code: 30, kind: ReadOnlyFilesystem, message: "Read-only file system" }
[INFO] [stdout] stack backtrace:
[INFO] [stdout]    0:     0x5610df69c2a1 - <<std[70759c8f55707aa4]::sys::backtrace::BacktraceLock>::print::DisplayBacktrace as core[df12db4294e9bfd3]::fmt::Display>::fmt
[INFO] [stdout]    1:     0x5610df6b1b5a - core[df12db4294e9bfd3]::fmt::write
[INFO] [stdout]    2:     0x5610df6a0c0c - <alloc[2182bb758b4b3781]::vec::Vec<u8> as core[df12db4294e9bfd3]::io::write::Write>::write_fmt
[INFO] [stdout]    3:     0x5610df676116 - std[70759c8f55707aa4]::panicking::default_hook::{closure#0}
[INFO] [stdout]    4:     0x5610df693099 - std[70759c8f55707aa4]::panicking::default_hook
[INFO] [stdout]    5:     0x5610df61c8b0 - test[9d35eded1c95d3be]::test_main_inner::<test[9d35eded1c95d3be]::test_main_static::{closure#0}>::{closure#0}
[INFO] [stdout]    6:     0x5610df693252 - std[70759c8f55707aa4]::panicking::panic_with_hook
[INFO] [stdout]    7:     0x5610df6761c2 - std[70759c8f55707aa4]::panicking::panic_handler::{closure#0}
[INFO] [stdout]    8:     0x5610df66ec09 - std[70759c8f55707aa4]::sys::backtrace::__rust_end_short_backtrace::<std[70759c8f55707aa4]::panicking::panic_handler::{closure#0}, !>
[INFO] [stdout]    9:     0x5610df676ead - __rustc[8fa7c3cbc660c2b3]::rust_begin_unwind
[INFO] [stdout]   10:     0x5610df6b228c - core[df12db4294e9bfd3]::panicking::panic_fmt
[INFO] [stdout]   11:     0x5610df6b2062 - core[df12db4294e9bfd3]::result::unwrap_failed
[INFO] [stdout]   12:     0x5610df5cd485 - <scdb[84e78ba4a3e6efd9]::internal::buffers::pool::tests::get_many_key_values_expired::{closure#0} as core[df12db4294e9bfd3]::ops::function::FnOnce<()>>::call_once
[INFO] [stdout]   13:     0x5610df659bda - serial_test[8d794d855bc65ebd]::serial_code_lock::local_serial_core
[INFO] [stdout]   14:     0x5610df5ffd5d - <scdb[84e78ba4a3e6efd9]::internal::buffers::pool::tests::get_many_key_values_expired::{closure#0} as core[df12db4294e9bfd3]::ops::function::FnOnce<()>>::call_once
[INFO] [stdout]   15:     0x5610df60fb9b - test[9d35eded1c95d3be]::__rust_begin_short_backtrace::<core[df12db4294e9bfd3]::result::Result<(), alloc[2182bb758b4b3781]::string::String>, fn() -> core[df12db4294e9bfd3]::result::Result<(), alloc[2182bb758b4b3781]::string::String>>
[INFO] [stdout]   16:     0x5610df61d205 - test[9d35eded1c95d3be]::run_test::{closure#0}
[INFO] [stdout]   17:     0x5610df616ac4 - std[70759c8f55707aa4]::sys::backtrace::__rust_begin_short_backtrace::<test[9d35eded1c95d3be]::run_test::{closure#1}, ()>
[INFO] [stdout]   18:     0x5610df620362 - <std[70759c8f55707aa4]::thread::lifecycle::spawn_unchecked<test[9d35eded1c95d3be]::run_test::{closure#1}, ()>::{closure#1} as core[df12db4294e9bfd3]::ops::function::FnOnce<()>>::call_once::{shim:vtable#0}
[INFO] [stdout]   19:     0x5610df69b4b9 - <std[70759c8f55707aa4]::sys::thread::unix::Thread>::new::thread_start
[INFO] [stdout]   20:     0x752f37cfedfa - <unknown>
[INFO] [stdout]   21:     0x752f37d923d4 - clone
[INFO] [stdout]   22:                0x0 - <unknown>
[INFO] [stdout] 
[INFO] [stdout] ---- store::tests::clear_works stdout ----
[INFO] [stdout] 
[INFO] [stdout] thread 'store::tests::clear_works' (2109) panicked at src/store.rs:729:70:
[INFO] [stdout] create store: Os { code: 30, kind: ReadOnlyFilesystem, message: "Read-only file system" }
[INFO] [stdout] stack backtrace:
[INFO] [stdout]    0:     0x5610df69c2a1 - <<std[70759c8f55707aa4]::sys::backtrace::BacktraceLock>::print::DisplayBacktrace as core[df12db4294e9bfd3]::fmt::Display>::fmt
[INFO] [stdout]    1:     0x5610df6b1b5a - core[df12db4294e9bfd3]::fmt::write
[INFO] [stdout]    2:     0x5610df6a0c0c - <alloc[2182bb758b4b3781]::vec::Vec<u8> as core[df12db4294e9bfd3]::io::write::Write>::write_fmt
[INFO] [stdout]    3:     0x5610df676116 - std[70759c8f55707aa4]::panicking::default_hook::{closure#0}
[INFO] [stdout]    4:     0x5610df693099 - std[70759c8f55707aa4]::panicking::default_hook
[INFO] [stdout]    5:     0x5610df61c8b0 - test[9d35eded1c95d3be]::test_main_inner::<test[9d35eded1c95d3be]::test_main_static::{closure#0}>::{closure#0}
[INFO] [stdout]    6:     0x5610df693252 - std[70759c8f55707aa4]::panicking::panic_with_hook
[INFO] [stdout]    7:     0x5610df6761c2 - std[70759c8f55707aa4]::panicking::panic_handler::{closure#0}
[INFO] [stdout]    8:     0x5610df66ec09 - std[70759c8f55707aa4]::sys::backtrace::__rust_end_short_backtrace::<std[70759c8f55707aa4]::panicking::panic_handler::{closure#0}, !>
[INFO] [stdout]    9:     0x5610df676ead - __rustc[8fa7c3cbc660c2b3]::rust_begin_unwind
[INFO] [stdout]   10:     0x5610df6b228c - core[df12db4294e9bfd3]::panicking::panic_fmt
[INFO] [stdout]   11:     0x5610df6b2062 - core[df12db4294e9bfd3]::result::unwrap_failed
[INFO] [stdout]   12:     0x5610df5abfa9 - <scdb[84e78ba4a3e6efd9]::store::tests::clear_works::{closure#0} as core[df12db4294e9bfd3]::ops::function::FnOnce<()>>::call_once
[INFO] [stdout]   13:     0x5610df659bda - serial_test[8d794d855bc65ebd]::serial_code_lock::local_serial_core
[INFO] [stdout]   14:     0x5610df5ff48d - <scdb[84e78ba4a3e6efd9]::store::tests::clear_works::{closure#0} as core[df12db4294e9bfd3]::ops::function::FnOnce<()>>::call_once
[INFO] [stdout]   15:     0x5610df60fb9b - test[9d35eded1c95d3be]::__rust_begin_short_backtrace::<core[df12db4294e9bfd3]::result::Result<(), alloc[2182bb758b4b3781]::string::String>, fn() -> core[df12db4294e9bfd3]::result::Result<(), alloc[2182bb758b4b3781]::string::String>>
[INFO] [stdout]   16:     0x5610df61d205 - test[9d35eded1c95d3be]::run_test::{closure#0}
[INFO] [stdout]   17:     0x5610df616ac4 - std[70759c8f55707aa4]::sys::backtrace::__rust_begin_short_backtrace::<test[9d35eded1c95d3be]::run_test::{closure#1}, ()>
[INFO] [stdout]   18:     0x5610df620362 - <std[70759c8f55707aa4]::thread::lifecycle::spawn_unchecked<test[9d35eded1c95d3be]::run_test::{closure#1}, ()>::{closure#1} as core[df12db4294e9bfd3]::ops::function::FnOnce<()>>::call_once::{shim:vtable#0}
[INFO] [stdout]   19:     0x5610df69b4b9 - <std[70759c8f55707aa4]::sys::thread::unix::Thread>::new::thread_start
[INFO] [stdout]   20:     0x752f37cfedfa - <unknown>
[INFO] [stdout]   21:     0x752f37d923d4 - clone
[INFO] [stdout]   22:                0x0 - <unknown>
[INFO] [stdout] 
[INFO] [stdout] ---- store::tests::search_errs_when_disabled stdout ----
[INFO] [stdout] 
[INFO] [stdout] thread 'store::tests::search_errs_when_disabled' (2118) panicked at src/store.rs:749:70:
[INFO] [stdout] create store: Os { code: 30, kind: ReadOnlyFilesystem, message: "Read-only file system" }
[INFO] [stdout] stack backtrace:
[INFO] [stdout]    0:     0x5610df69c2a1 - <<std[70759c8f55707aa4]::sys::backtrace::BacktraceLock>::print::DisplayBacktrace as core[df12db4294e9bfd3]::fmt::Display>::fmt
[INFO] [stdout]    1:     0x5610df6b1b5a - core[df12db4294e9bfd3]::fmt::write
[INFO] [stdout]    2:     0x5610df6a0c0c - <alloc[2182bb758b4b3781]::vec::Vec<u8> as core[df12db4294e9bfd3]::io::write::Write>::write_fmt
[INFO] [stdout]    3:     0x5610df676116 - std[70759c8f55707aa4]::panicking::default_hook::{closure#0}
[INFO] [stdout]    4:     0x5610df693099 - std[70759c8f55707aa4]::panicking::default_hook
[INFO] [stdout]    5:     0x5610df61c8b0 - test[9d35eded1c95d3be]::test_main_inner::<test[9d35eded1c95d3be]::test_main_static::{closure#0}>::{closure#0}
[INFO] [stdout]    6:     0x5610df693252 - std[70759c8f55707aa4]::panicking::panic_with_hook
[INFO] [stdout]    7:     0x5610df6761c2 - std[70759c8f55707aa4]::panicking::panic_handler::{closure#0}
[INFO] [stdout]    8:     0x5610df66ec09 - std[70759c8f55707aa4]::sys::backtrace::__rust_end_short_backtrace::<std[70759c8f55707aa4]::panicking::panic_handler::{closure#0}, !>
[INFO] [stdout]    9:     0x5610df676ead - __rustc[8fa7c3cbc660c2b3]::rust_begin_unwind
[INFO] [stdout]   10:     0x5610df6b228c - core[df12db4294e9bfd3]::panicking::panic_fmt
[INFO] [stdout]   11:     0x5610df6b2062 - core[df12db4294e9bfd3]::result::unwrap_failed
[INFO] [stdout]   12:     0x5610df5b497c - <scdb[84e78ba4a3e6efd9]::store::tests::search_errs_when_disabled::{closure#0} as core[df12db4294e9bfd3]::ops::function::FnOnce<()>>::call_once
[INFO] [stdout]   13:     0x5610df659bda - serial_test[8d794d855bc65ebd]::serial_code_lock::local_serial_core
[INFO] [stdout]   14:     0x5610df5ff60d - <scdb[84e78ba4a3e6efd9]::store::tests::search_errs_when_disabled::{closure#0} as core[df12db4294e9bfd3]::ops::function::FnOnce<()>>::call_once
[INFO] [stdout]   15:     0x5610df60fb9b - test[9d35eded1c95d3be]::__rust_begin_short_backtrace::<core[df12db4294e9bfd3]::result::Result<(), alloc[2182bb758b4b3781]::string::String>, fn() -> core[df12db4294e9bfd3]::result::Result<(), alloc[2182bb758b4b3781]::string::String>>
[INFO] [stdout]   16:     0x5610df61d205 - test[9d35eded1c95d3be]::run_test::{closure#0}
[INFO] [stdout]   17:     0x5610df616ac4 - std[70759c8f55707aa4]::sys::backtrace::__rust_begin_short_backtrace::<test[9d35eded1c95d3be]::run_test::{closure#1}, ()>
[INFO] [stdout]   18:     0x5610df620362 - <std[70759c8f55707aa4]::thread::lifecycle::spawn_unchecked<test[9d35eded1c95d3be]::run_test::{closure#1}, ()>::{closure#1} as core[df12db4294e9bfd3]::ops::function::FnOnce<()>>::call_once::{shim:vtable#0}
[INFO] [stdout]   19:     0x5610df69b4b9 - <std[70759c8f55707aa4]::sys::thread::unix::Thread>::new::thread_start
[INFO] [stdout]   20:     0x752f37cfedfa - <unknown>
[INFO] [stdout]   21:     0x752f37d923d4 - clone
[INFO] [stdout]   22:                0x0 - <unknown>
[INFO] [stdout] 
[INFO] [stdout] ---- store::tests::search_works_after_clear stdout ----
[INFO] [stdout] 
[INFO] [stdout] thread 'store::tests::search_works_after_clear' (2120) panicked at src/store.rs:899:69:
[INFO] [stdout] create store: Os { code: 30, kind: ReadOnlyFilesystem, message: "Read-only file system" }
[INFO] [stdout] stack backtrace:
[INFO] [stdout]    0:     0x5610df69c2a1 - <<std[70759c8f55707aa4]::sys::backtrace::BacktraceLock>::print::DisplayBacktrace as core[df12db4294e9bfd3]::fmt::Display>::fmt
[INFO] [stdout]    1:     0x5610df6b1b5a - core[df12db4294e9bfd3]::fmt::write
[INFO] [stdout]    2:     0x5610df6a0c0c - <alloc[2182bb758b4b3781]::vec::Vec<u8> as core[df12db4294e9bfd3]::io::write::Write>::write_fmt
[INFO] [stdout]    3:     0x5610df676116 - std[70759c8f55707aa4]::panicking::default_hook::{closure#0}
[INFO] [stdout]    4:     0x5610df693099 - std[70759c8f55707aa4]::panicking::default_hook
[INFO] [stdout]    5:     0x5610df61c8b0 - test[9d35eded1c95d3be]::test_main_inner::<test[9d35eded1c95d3be]::test_main_static::{closure#0}>::{closure#0}
[INFO] [stdout]    6:     0x5610df693252 - std[70759c8f55707aa4]::panicking::panic_with_hook
[INFO] [stdout]    7:     0x5610df6761c2 - std[70759c8f55707aa4]::panicking::panic_handler::{closure#0}
[INFO] [stdout]    8:     0x5610df66ec09 - std[70759c8f55707aa4]::sys::backtrace::__rust_end_short_backtrace::<std[70759c8f55707aa4]::panicking::panic_handler::{closure#0}, !>
[INFO] [stdout]    9:     0x5610df676ead - __rustc[8fa7c3cbc660c2b3]::rust_begin_unwind
[INFO] [stdout]   10:     0x5610df6b228c - core[df12db4294e9bfd3]::panicking::panic_fmt
[INFO] [stdout]   11:     0x5610df6b2062 - core[df12db4294e9bfd3]::result::unwrap_failed
[INFO] [stdout]   12:     0x5610df5b33af - <scdb[84e78ba4a3e6efd9]::store::tests::search_works_after_clear::{closure#0} as core[df12db4294e9bfd3]::ops::function::FnOnce<()>>::call_once
[INFO] [stdout]   13:     0x5610df659bda - serial_test[8d794d855bc65ebd]::serial_code_lock::local_serial_core
[INFO] [stdout]   14:     0x5610df5ff5dd - <scdb[84e78ba4a3e6efd9]::store::tests::search_works_after_clear::{closure#0} as core[df12db4294e9bfd3]::ops::function::FnOnce<()>>::call_once
[INFO] [stdout]   15:     0x5610df60fb9b - test[9d35eded1c95d3be]::__rust_begin_short_backtrace::<core[df12db4294e9bfd3]::result::Result<(), alloc[2182bb758b4b3781]::string::String>, fn() -> core[df12db4294e9bfd3]::result::Result<(), alloc[2182bb758b4b3781]::string::String>>
[INFO] [stdout]   16:     0x5610df61d205 - test[9d35eded1c95d3be]::run_test::{closure#0}
[INFO] [stdout]   17:     0x5610df616ac4 - std[70759c8f55707aa4]::sys::backtrace::__rust_begin_short_backtrace::<test[9d35eded1c95d3be]::run_test::{closure#1}, ()>
[INFO] [stdout]   18:     0x5610df620362 - <std[70759c8f55707aa4]::thread::lifecycle::spawn_unchecked<test[9d35eded1c95d3be]::run_test::{closure#1}, ()>::{closure#1} as core[df12db4294e9bfd3]::ops::function::FnOnce<()>>::call_once::{shim:vtable#0}
[INFO] [stdout]   19:     0x5610df69b4b9 - <std[70759c8f55707aa4]::sys::thread::unix::Thread>::new::thread_start
[INFO] [stdout]   20:     0x752f37cfedfa - <unknown>
[INFO] [stdout]   21:     0x752f37d923d4 - clone
[INFO] [stdout]   22:                0x0 - <unknown>
[INFO] [stdout] 
[INFO] [stdout] ---- store::tests::compact_removes_expired_from_search_index_file stdout ----
[INFO] [stdout] 
[INFO] [stdout] thread 'store::tests::compact_removes_expired_from_search_index_file' (2111) panicked at src/store.rs:1116:69:
[INFO] [stdout] create store: Os { code: 30, kind: ReadOnlyFilesystem, message: "Read-only file system" }
[INFO] [stdout] stack backtrace:
[INFO] [stdout]    0:     0x5610df69c2a1 - <<std[70759c8f55707aa4]::sys::backtrace::BacktraceLock>::print::DisplayBacktrace as core[df12db4294e9bfd3]::fmt::Display>::fmt
[INFO] [stdout]    1:     0x5610df6b1b5a - core[df12db4294e9bfd3]::fmt::write
[INFO] [stdout]    2:     0x5610df6a0c0c - <alloc[2182bb758b4b3781]::vec::Vec<u8> as core[df12db4294e9bfd3]::io::write::Write>::write_fmt
[INFO] [stdout]    3:     0x5610df676116 - std[70759c8f55707aa4]::panicking::default_hook::{closure#0}
[INFO] [stdout]    4:     0x5610df693099 - std[70759c8f55707aa4]::panicking::default_hook
[INFO] [stdout]    5:     0x5610df61c8b0 - test[9d35eded1c95d3be]::test_main_inner::<test[9d35eded1c95d3be]::test_main_static::{closure#0}>::{closure#0}
[INFO] [stdout]    6:     0x5610df693252 - std[70759c8f55707aa4]::panicking::panic_with_hook
[INFO] [stdout]    7:     0x5610df6761c2 - std[70759c8f55707aa4]::panicking::panic_handler::{closure#0}
[INFO] [stdout]    8:     0x5610df66ec09 - std[70759c8f55707aa4]::sys::backtrace::__rust_end_short_backtrace::<std[70759c8f55707aa4]::panicking::panic_handler::{closure#0}, !>
[INFO] [stdout]    9:     0x5610df676ead - __rustc[8fa7c3cbc660c2b3]::rust_begin_unwind
[INFO] [stdout]   10:     0x5610df6b228c - core[df12db4294e9bfd3]::panicking::panic_fmt
[INFO] [stdout]   11:     0x5610df6b2062 - core[df12db4294e9bfd3]::result::unwrap_failed
[INFO] [stdout]   12:     0x5610df5bf768 - <scdb[84e78ba4a3e6efd9]::store::tests::compact_removes_expired_from_search_index_file::{closure#0} as core[df12db4294e9bfd3]::ops::function::FnOnce<()>>::call_once
[INFO] [stdout]   13:     0x5610df659bda - serial_test[8d794d855bc65ebd]::serial_code_lock::local_serial_core
[INFO] [stdout]   14:     0x5610df5ff78d - <scdb[84e78ba4a3e6efd9]::store::tests::compact_removes_expired_from_search_index_file::{closure#0} as core[df12db4294e9bfd3]::ops::function::FnOnce<()>>::call_once
[INFO] [stdout]   15:     0x5610df60fb9b - test[9d35eded1c95d3be]::__rust_begin_short_backtrace::<core[df12db4294e9bfd3]::result::Result<(), alloc[2182bb758b4b3781]::string::String>, fn() -> core[df12db4294e9bfd3]::result::Result<(), alloc[2182bb758b4b3781]::string::String>>
[INFO] [stdout]   16:     0x5610df61d205 - test[9d35eded1c95d3be]::run_test::{closure#0}
[INFO] [stdout]   17:     0x5610df616ac4 - std[70759c8f55707aa4]::sys::backtrace::__rust_begin_short_backtrace::<test[9d35eded1c95d3be]::run_test::{closure#1}, ()>
[INFO] [stdout]   18:     0x5610df620362 - <std[70759c8f55707aa4]::thread::lifecycle::spawn_unchecked<test[9d35eded1c95d3be]::run_test::{closure#1}, ()>::{closure#1} as core[df12db4294e9bfd3]::ops::function::FnOnce<()>>::call_once::{shim:vtable#0}
[INFO] [stdout]   19:     0x5610df69b4b9 - <std[70759c8f55707aa4]::sys::thread::unix::Thread>::new::thread_start
[INFO] [stdout]   20:     0x752f37cfedfa - <unknown>
[INFO] [stdout]   21:     0x752f37d923d4 - clone
[INFO] [stdout]   22:                0x0 - <unknown>
[INFO] [stdout] 
[INFO] [stdout] ---- store::tests::set_can_update stdout ----
[INFO] [stdout] 
[INFO] [stdout] thread 'store::tests::set_can_update' (2123) panicked at src/store.rs:674:70:
[INFO] [stdout] create store: Os { code: 30, kind: ReadOnlyFilesystem, message: "Read-only file system" }
[INFO] [stdout] stack backtrace:
[INFO] [stdout]    0:     0x5610df69c2a1 - <<std[70759c8f55707aa4]::sys::backtrace::BacktraceLock>::print::DisplayBacktrace as core[df12db4294e9bfd3]::fmt::Display>::fmt
[INFO] [stdout]    1:     0x5610df6b1b5a - core[df12db4294e9bfd3]::fmt::write
[INFO] [stdout]    2:     0x5610df6a0c0c - <alloc[2182bb758b4b3781]::vec::Vec<u8> as core[df12db4294e9bfd3]::io::write::Write>::write_fmt
[INFO] [stdout]    3:     0x5610df676116 - std[70759c8f55707aa4]::panicking::default_hook::{closure#0}
[INFO] [stdout]    4:     0x5610df693099 - std[70759c8f55707aa4]::panicking::default_hook
[INFO] [stdout]    5:     0x5610df61c8b0 - test[9d35eded1c95d3be]::test_main_inner::<test[9d35eded1c95d3be]::test_main_static::{closure#0}>::{closure#0}
[INFO] [stdout]    6:     0x5610df693252 - std[70759c8f55707aa4]::panicking::panic_with_hook
[INFO] [stdout]    7:     0x5610df6761c2 - std[70759c8f55707aa4]::panicking::panic_handler::{closure#0}
[INFO] [stdout]    8:     0x5610df66ec09 - std[70759c8f55707aa4]::sys::backtrace::__rust_end_short_backtrace::<std[70759c8f55707aa4]::panicking::panic_handler::{closure#0}, !>
[INFO] [stdout]    9:     0x5610df676ead - __rustc[8fa7c3cbc660c2b3]::rust_begin_unwind
[INFO] [stdout]   10:     0x5610df6b228c - core[df12db4294e9bfd3]::panicking::panic_fmt
[INFO] [stdout]   11:     0x5610df6b2062 - core[df12db4294e9bfd3]::result::unwrap_failed
[INFO] [stdout]   12:     0x5610df5af4bd - <scdb[84e78ba4a3e6efd9]::store::tests::set_can_update::{closure#0} as core[df12db4294e9bfd3]::ops::function::FnOnce<()>>::call_once
[INFO] [stdout]   13:     0x5610df659bda - serial_test[8d794d855bc65ebd]::serial_code_lock::local_serial_core
[INFO] [stdout]   14:     0x5610df5ff51d - <scdb[84e78ba4a3e6efd9]::store::tests::set_can_update::{closure#0} as core[df12db4294e9bfd3]::ops::function::FnOnce<()>>::call_once
[INFO] [stdout]   15:     0x5610df60fb9b - test[9d35eded1c95d3be]::__rust_begin_short_backtrace::<core[df12db4294e9bfd3]::result::Result<(), alloc[2182bb758b4b3781]::string::String>, fn() -> core[df12db4294e9bfd3]::result::Result<(), alloc[2182bb758b4b3781]::string::String>>
[INFO] [stdout]   16:     0x5610df61d205 - test[9d35eded1c95d3be]::run_test::{closure#0}
[INFO] [stdout]   17:     0x5610df616ac4 - std[70759c8f55707aa4]::sys::backtrace::__rust_begin_short_backtrace::<test[9d35eded1c95d3be]::run_test::{closure#1}, ()>
[INFO] [stdout]   18:     0x5610df620362 - <std[70759c8f55707aa4]::thread::lifecycle::spawn_unchecked<test[9d35eded1c95d3be]::run_test::{closure#1}, ()>::{closure#1} as core[df12db4294e9bfd3]::ops::function::FnOnce<()>>::call_once::{shim:vtable#0}
[INFO] [stdout]   19:     0x5610df69b4b9 - <std[70759c8f55707aa4]::sys::thread::unix::Thread>::new::thread_start
[INFO] [stdout]   20:     0x752f37cfedfa - <unknown>
[INFO] [stdout]   21:     0x752f37d923d4 - clone
[INFO] [stdout]   22:                0x0 - <unknown>
[INFO] [stdout] 
[INFO] [stdout] ---- store::tests::set_with_ttl_works stdout ----
[INFO] [stdout] 
[INFO] [stdout] thread 'store::tests::set_with_ttl_works' (2124) panicked at src/store.rs:649:70:
[INFO] [stdout] create store: Os { code: 30, kind: ReadOnlyFilesystem, message: "Read-only file system" }
[INFO] [stdout] stack backtrace:
[INFO] [stdout]    0:     0x5610df69c2a1 - <<std[70759c8f55707aa4]::sys::backtrace::BacktraceLock>::print::DisplayBacktrace as core[df12db4294e9bfd3]::fmt::Display>::fmt
[INFO] [stdout]    1:     0x5610df6b1b5a - core[df12db4294e9bfd3]::fmt::write
[INFO] [stdout]    2:     0x5610df6a0c0c - <alloc[2182bb758b4b3781]::vec::Vec<u8> as core[df12db4294e9bfd3]::io::write::Write>::write_fmt
[INFO] [stdout]    3:     0x5610df676116 - std[70759c8f55707aa4]::panicking::default_hook::{closure#0}
[INFO] [stdout]    4:     0x5610df693099 - std[70759c8f55707aa4]::panicking::default_hook
[INFO] [stdout]    5:     0x5610df61c8b0 - test[9d35eded1c95d3be]::test_main_inner::<test[9d35eded1c95d3be]::test_main_static::{closure#0}>::{closure#0}
[INFO] [stdout]    6:     0x5610df693252 - std[70759c8f55707aa4]::panicking::panic_with_hook
[INFO] [stdout]    7:     0x5610df6761c2 - std[70759c8f55707aa4]::panicking::panic_handler::{closure#0}
[INFO] [stdout]    8:     0x5610df66ec09 - std[70759c8f55707aa4]::sys::backtrace::__rust_end_short_backtrace::<std[70759c8f55707aa4]::panicking::panic_handler::{closure#0}, !>
[INFO] [stdout]    9:     0x5610df676ead - __rustc[8fa7c3cbc660c2b3]::rust_begin_unwind
[INFO] [stdout]   10:     0x5610df6b228c - core[df12db4294e9bfd3]::panicking::panic_fmt
[INFO] [stdout]   11:     0x5610df6b2062 - core[df12db4294e9bfd3]::result::unwrap_failed
[INFO] [stdout]   12:     0x5610df5b0a97 - <scdb[84e78ba4a3e6efd9]::store::tests::set_with_ttl_works::{closure#0} as core[df12db4294e9bfd3]::ops::function::FnOnce<()>>::call_once
[INFO] [stdout]   13:     0x5610df659bda - serial_test[8d794d855bc65ebd]::serial_code_lock::local_serial_core
[INFO] [stdout]   14:     0x5610df5ff57d - <scdb[84e78ba4a3e6efd9]::store::tests::set_with_ttl_works::{closure#0} as core[df12db4294e9bfd3]::ops::function::FnOnce<()>>::call_once
[INFO] [stdout]   15:     0x5610df60fb9b - test[9d35eded1c95d3be]::__rust_begin_short_backtrace::<core[df12db4294e9bfd3]::result::Result<(), alloc[2182bb758b4b3781]::string::String>, fn() -> core[df12db4294e9bfd3]::result::Result<(), alloc[2182bb758b4b3781]::string::String>>
[INFO] [stdout]   16:     0x5610df61d205 - test[9d35eded1c95d3be]::run_test::{closure#0}
[INFO] [stdout]   17:     0x5610df616ac4 - std[70759c8f55707aa4]::sys::backtrace::__rust_begin_short_backtrace::<test[9d35eded1c95d3be]::run_test::{closure#1}, ()>
[INFO] [stdout]   18:     0x5610df620362 - <std[70759c8f55707aa4]::thread::lifecycle::spawn_unchecked<test[9d35eded1c95d3be]::run_test::{closure#1}, ()>::{closure#1} as core[df12db4294e9bfd3]::ops::function::FnOnce<()>>::call_once::{shim:vtable#0}
[INFO] [stdout]   19:     0x5610df69b4b9 - <std[70759c8f55707aa4]::sys::thread::unix::Thread>::new::thread_start
[INFO] [stdout]   20:     0x752f37cfedfa - <unknown>
[INFO] [stdout]   21:     0x752f37d923d4 - clone
[INFO] [stdout]   22:                0x0 - <unknown>
[INFO] [stdout] 
[INFO] [stdout] ---- internal::inverted_index::tests::search_works stdout ----
[INFO] [stdout] 
[INFO] [stdout] thread 'internal::inverted_index::tests::search_works' (2101) panicked at src/internal/inverted_index.rs:843:14:
[INFO] [stdout] create a new instance of SearchIndex: Os { code: 30, kind: ReadOnlyFilesystem, message: "Read-only file system" }
[INFO] [stdout] stack backtrace:
[INFO] [stdout]    0:     0x5610df69c2a1 - <<std[70759c8f55707aa4]::sys::backtrace::BacktraceLock>::print::DisplayBacktrace as core[df12db4294e9bfd3]::fmt::Display>::fmt
[INFO] [stdout]    1:     0x5610df6b1b5a - core[df12db4294e9bfd3]::fmt::write
[INFO] [stdout]    2:     0x5610df6a0c0c - <alloc[2182bb758b4b3781]::vec::Vec<u8> as core[df12db4294e9bfd3]::io::write::Write>::write_fmt
[INFO] [stdout]    3:     0x5610df676116 - std[70759c8f55707aa4]::panicking::default_hook::{closure#0}
[INFO] [stdout]    4:     0x5610df693099 - std[70759c8f55707aa4]::panicking::default_hook
[INFO] [stdout]    5:     0x5610df61c8b0 - test[9d35eded1c95d3be]::test_main_inner::<test[9d35eded1c95d3be]::test_main_static::{closure#0}>::{closure#0}
[INFO] [stdout]    6:     0x5610df693252 - std[70759c8f55707aa4]::panicking::panic_with_hook
[INFO] [stdout]    7:     0x5610df6761c2 - std[70759c8f55707aa4]::panicking::panic_handler::{closure#0}
[INFO] [stdout]    8:     0x5610df66ec09 - std[70759c8f55707aa4]::sys::backtrace::__rust_end_short_backtrace::<std[70759c8f55707aa4]::panicking::panic_handler::{closure#0}, !>
[INFO] [stdout]    9:     0x5610df676ead - __rustc[8fa7c3cbc660c2b3]::rust_begin_unwind
[INFO] [stdout]   10:     0x5610df6b228c - core[df12db4294e9bfd3]::panicking::panic_fmt
[INFO] [stdout]   11:     0x5610df6b2062 - core[df12db4294e9bfd3]::result::unwrap_failed
[INFO] [stdout]   12:     0x5610df5ef952 - scdb[84e78ba4a3e6efd9]::internal::inverted_index::tests::create_search_index
[INFO] [stdout]   13:     0x5610df5f1599 - <scdb[84e78ba4a3e6efd9]::internal::inverted_index::tests::search_works::{closure#0} as core[df12db4294e9bfd3]::ops::function::FnOnce<()>>::call_once
[INFO] [stdout]   14:     0x5610df659bda - serial_test[8d794d855bc65ebd]::serial_code_lock::local_serial_core
[INFO] [stdout]   15:     0x5610df5ff87d - <scdb[84e78ba4a3e6efd9]::internal::inverted_index::tests::search_works::{closure#0} as core[df12db4294e9bfd3]::ops::function::FnOnce<()>>::call_once
[INFO] [stdout]   16:     0x5610df60fb9b - test[9d35eded1c95d3be]::__rust_begin_short_backtrace::<core[df12db4294e9bfd3]::result::Result<(), alloc[2182bb758b4b3781]::string::String>, fn() -> core[df12db4294e9bfd3]::result::Result<(), alloc[2182bb758b4b3781]::string::String>>
[INFO] [stdout]   17:     0x5610df61d205 - test[9d35eded1c95d3be]::run_test::{closure#0}
[INFO] [stdout]   18:     0x5610df616ac4 - std[70759c8f55707aa4]::sys::backtrace::__rust_begin_short_backtrace::<test[9d35eded1c95d3be]::run_test::{closure#1}, ()>
[INFO] [stdout]   19:     0x5610df620362 - <std[70759c8f55707aa4]::thread::lifecycle::spawn_unchecked<test[9d35eded1c95d3be]::run_test::{closure#1}, ()>::{closure#1} as core[df12db4294e9bfd3]::ops::function::FnOnce<()>>::call_once::{shim:vtable#0}
[INFO] [stdout]   20:     0x5610df69b4b9 - <std[70759c8f55707aa4]::sys::thread::unix::Thread>::new::thread_start
[INFO] [stdout]   21:     0x752f37cfedfa - <unknown>
[INFO] [stdout]   22:     0x752f37d923d4 - clone
[INFO] [stdout]   23:                0x0 - <unknown>
[INFO] [stdout] 
[INFO] [stdout] ---- store::tests::persists_to_file_after_delete stdout ----
[INFO] [stdout] 
[INFO] [stdout] thread 'store::tests::persists_to_file_after_delete' (2117) panicked at src/store.rs:999:70:
[INFO] [stdout] create store: Os { code: 30, kind: ReadOnlyFilesystem, message: "Read-only file system" }
[INFO] [stdout] stack backtrace:
[INFO] [stdout]    0:     0x5610df69c2a1 - <<std[70759c8f55707aa4]::sys::backtrace::BacktraceLock>::print::DisplayBacktrace as core[df12db4294e9bfd3]::fmt::Display>::fmt
[INFO] [stdout]    1:     0x5610df6b1b5a - core[df12db4294e9bfd3]::fmt::write
[INFO] [stdout]    2:     0x5610df6a0c0c - <alloc[2182bb758b4b3781]::vec::Vec<u8> as core[df12db4294e9bfd3]::io::write::Write>::write_fmt
[INFO] [stdout]    3:     0x5610df676116 - std[70759c8f55707aa4]::panicking::default_hook::{closure#0}
[INFO] [stdout]    4:     0x5610df693099 - std[70759c8f55707aa4]::panicking::default_hook
[INFO] [stdout]    5:     0x5610df61c8b0 - test[9d35eded1c95d3be]::test_main_inner::<test[9d35eded1c95d3be]::test_main_static::{closure#0}>::{closure#0}
[INFO] [stdout]    6:     0x5610df693252 - std[70759c8f55707aa4]::panicking::panic_with_hook
[INFO] [stdout]    7:     0x5610df6761c2 - std[70759c8f55707aa4]::panicking::panic_handler::{closure#0}
[INFO] [stdout]    8:     0x5610df66ec09 - std[70759c8f55707aa4]::sys::backtrace::__rust_end_short_backtrace::<std[70759c8f55707aa4]::panicking::panic_handler::{closure#0}, !>
[INFO] [stdout]    9:     0x5610df676ead - __rustc[8fa7c3cbc660c2b3]::rust_begin_unwind
[INFO] [stdout]   10:     0x5610df6b228c - core[df12db4294e9bfd3]::panicking::panic_fmt
[INFO] [stdout]   11:     0x5610df6b2062 - core[df12db4294e9bfd3]::result::unwrap_failed
[INFO] [stdout]   12:     0x5610df5ba314 - <scdb[84e78ba4a3e6efd9]::store::tests::persists_to_file_after_delete::{closure#0} as core[df12db4294e9bfd3]::ops::function::FnOnce<()>>::call_once
[INFO] [stdout]   13:     0x5610df659bda - serial_test[8d794d855bc65ebd]::serial_code_lock::local_serial_core
[INFO] [stdout]   14:     0x5610df5ff6cd - <scdb[84e78ba4a3e6efd9]::store::tests::persists_to_file_after_delete::{closure#0} as core[df12db4294e9bfd3]::ops::function::FnOnce<()>>::call_once
[INFO] [stdout]   15:     0x5610df60fb9b - test[9d35eded1c95d3be]::__rust_begin_short_backtrace::<core[df12db4294e9bfd3]::result::Result<(), alloc[2182bb758b4b3781]::string::String>, fn() -> core[df12db4294e9bfd3]::result::Result<(), alloc[2182bb758b4b3781]::string::String>>
[INFO] [stdout]   16:     0x5610df61d205 - test[9d35eded1c95d3be]::run_test::{closure#0}
[INFO] [stdout]   17:     0x5610df616ac4 - std[70759c8f55707aa4]::sys::backtrace::__rust_begin_short_backtrace::<test[9d35eded1c95d3be]::run_test::{closure#1}, ()>
[INFO] [stdout]   18:     0x5610df620362 - <std[70759c8f55707aa4]::thread::lifecycle::spawn_unchecked<test[9d35eded1c95d3be]::run_test::{closure#1}, ()>::{closure#1} as core[df12db4294e9bfd3]::ops::function::FnOnce<()>>::call_once::{shim:vtable#0}
[INFO] [stdout]   19:     0x5610df69b4b9 - <std[70759c8f55707aa4]::sys::thread::unix::Thread>::new::thread_start
[INFO] [stdout]   20:     0x752f37cfedfa - <unknown>
[INFO] [stdout]   21:     0x752f37d923d4 - clone
[INFO] [stdout]   22:                0x0 - <unknown>
[INFO] [stdout] 
[INFO] [stdout] ---- store::tests::search_works stdout ----
[INFO] [stdout] 
[INFO] [stdout] thread 'store::tests::search_works' (2119) panicked at src/store.rs:763:69:
[INFO] [stdout] create store: Os { code: 30, kind: ReadOnlyFilesystem, message: "Read-only file system" }
[INFO] [stdout] stack backtrace:
[INFO] [stdout]    0:     0x5610df69c2a1 - <<std[70759c8f55707aa4]::sys::backtrace::BacktraceLock>::print::DisplayBacktrace as core[df12db4294e9bfd3]::fmt::Display>::fmt
[INFO] [stdout]    1:     0x5610df6b1b5a - core[df12db4294e9bfd3]::fmt::write
[INFO] [stdout]    2:     0x5610df6a0c0c - <alloc[2182bb758b4b3781]::vec::Vec<u8> as core[df12db4294e9bfd3]::io::write::Write>::write_fmt
[INFO] [stdout]    3:     0x5610df676116 - std[70759c8f55707aa4]::panicking::default_hook::{closure#0}
[INFO] [stdout]    4:     0x5610df693099 - std[70759c8f55707aa4]::panicking::default_hook
[INFO] [stdout]    5:     0x5610df61c8b0 - test[9d35eded1c95d3be]::test_main_inner::<test[9d35eded1c95d3be]::test_main_static::{closure#0}>::{closure#0}
[INFO] [stdout]    6:     0x5610df693252 - std[70759c8f55707aa4]::panicking::panic_with_hook
[INFO] [stdout]    7:     0x5610df6761c2 - std[70759c8f55707aa4]::panicking::panic_handler::{closure#0}
[INFO] [stdout]    8:     0x5610df66ec09 - std[70759c8f55707aa4]::sys::backtrace::__rust_end_short_backtrace::<std[70759c8f55707aa4]::panicking::panic_handler::{closure#0}, !>
[INFO] [stdout]    9:     0x5610df676ead - __rustc[8fa7c3cbc660c2b3]::rust_begin_unwind
[INFO] [stdout]   10:     0x5610df6b228c - core[df12db4294e9bfd3]::panicking::panic_fmt
[INFO] [stdout]   11:     0x5610df6b2062 - core[df12db4294e9bfd3]::result::unwrap_failed
[INFO] [stdout]   12:     0x5610df5ad634 - <scdb[84e78ba4a3e6efd9]::store::tests::search_works::{closure#0} as core[df12db4294e9bfd3]::ops::function::FnOnce<()>>::call_once
[INFO] [stdout]   13:     0x5610df659bda - serial_test[8d794d855bc65ebd]::serial_code_lock::local_serial_core
[INFO] [stdout]   14:     0x5610df5ff4ed - <scdb[84e78ba4a3e6efd9]::store::tests::search_works::{closure#0} as core[df12db4294e9bfd3]::ops::function::FnOnce<()>>::call_once
[INFO] [stdout]   15:     0x5610df60fb9b - test[9d35eded1c95d3be]::__rust_begin_short_backtrace::<core[df12db4294e9bfd3]::result::Result<(), alloc[2182bb758b4b3781]::string::String>, fn() -> core[df12db4294e9bfd3]::result::Result<(), alloc[2182bb758b4b3781]::string::String>>
[INFO] [stdout]   16:     0x5610df61d205 - test[9d35eded1c95d3be]::run_test::{closure#0}
[INFO] [stdout]   17:     0x5610df616ac4 - std[70759c8f55707aa4]::sys::backtrace::__rust_begin_short_backtrace::<test[9d35eded1c95d3be]::run_test::{closure#1}, ()>
[INFO] [stdout]   18:     0x5610df620362 - <std[70759c8f55707aa4]::thread::lifecycle::spawn_unchecked<test[9d35eded1c95d3be]::run_test::{closure#1}, ()>::{closure#1} as core[df12db4294e9bfd3]::ops::function::FnOnce<()>>::call_once::{shim:vtable#0}
[INFO] [stdout]   19:     0x5610df69b4b9 - <std[70759c8f55707aa4]::sys::thread::unix::Thread>::new::thread_start
[INFO] [stdout]   20:     0x752f37cfedfa - <unknown>
[INFO] [stdout]   21:     0x752f37d923d4 - clone
[INFO] [stdout]   22:                0x0 - <unknown>
[INFO] [stdout] 
[INFO] [stdout] ---- store::tests::delete_works stdout ----
[INFO] [stdout] 
[INFO] [stdout] thread 'store::tests::delete_works' (2112) panicked at src/store.rs:705:70:
[INFO] [stdout] create store: Os { code: 30, kind: ReadOnlyFilesystem, message: "Read-only file system" }
[INFO] [stdout] stack backtrace:
[INFO] [stdout]    0:     0x5610df69c2a1 - <<std[70759c8f55707aa4]::sys::backtrace::BacktraceLock>::print::DisplayBacktrace as core[df12db4294e9bfd3]::fmt::Display>::fmt
[INFO] [stdout]    1:     0x5610df6b1b5a - core[df12db4294e9bfd3]::fmt::write
[INFO] [stdout]    2:     0x5610df6a0c0c - <alloc[2182bb758b4b3781]::vec::Vec<u8> as core[df12db4294e9bfd3]::io::write::Write>::write_fmt
[INFO] [stdout]    3:     0x5610df676116 - std[70759c8f55707aa4]::panicking::default_hook::{closure#0}
[INFO] [stdout]    4:     0x5610df693099 - std[70759c8f55707aa4]::panicking::default_hook
[INFO] [stdout]    5:     0x5610df61c8b0 - test[9d35eded1c95d3be]::test_main_inner::<test[9d35eded1c95d3be]::test_main_static::{closure#0}>::{closure#0}
[INFO] [stdout]    6:     0x5610df693252 - std[70759c8f55707aa4]::panicking::panic_with_hook
[INFO] [stdout]    7:     0x5610df6761c2 - std[70759c8f55707aa4]::panicking::panic_handler::{closure#0}
[INFO] [stdout]    8:     0x5610df66ec09 - std[70759c8f55707aa4]::sys::backtrace::__rust_end_short_backtrace::<std[70759c8f55707aa4]::panicking::panic_handler::{closure#0}, !>
[INFO] [stdout]    9:     0x5610df676ead - __rustc[8fa7c3cbc660c2b3]::rust_begin_unwind
[INFO] [stdout]   10:     0x5610df6b228c - core[df12db4294e9bfd3]::panicking::panic_fmt
[INFO] [stdout]   11:     0x5610df6b2062 - core[df12db4294e9bfd3]::result::unwrap_failed
[INFO] [stdout]   12:     0x5610df5ac964 - <scdb[84e78ba4a3e6efd9]::store::tests::delete_works::{closure#0} as core[df12db4294e9bfd3]::ops::function::FnOnce<()>>::call_once
[INFO] [stdout]   13:     0x5610df659bda - serial_test[8d794d855bc65ebd]::serial_code_lock::local_serial_core
[INFO] [stdout]   14:     0x5610df5ff4bd - <scdb[84e78ba4a3e6efd9]::store::tests::delete_works::{closure#0} as core[df12db4294e9bfd3]::ops::function::FnOnce<()>>::call_once
[INFO] [stdout]   15:     0x5610df60fb9b - test[9d35eded1c95d3be]::__rust_begin_short_backtrace::<core[df12db4294e9bfd3]::result::Result<(), alloc[2182bb758b4b3781]::string::String>, fn() -> core[df12db4294e9bfd3]::result::Result<(), alloc[2182bb758b4b3781]::string::String>>
[INFO] [stdout]   16:     0x5610df61d205 - test[9d35eded1c95d3be]::run_test::{closure#0}
[INFO] [stdout]   17:     0x5610df616ac4 - std[70759c8f55707aa4]::sys::backtrace::__rust_begin_short_backtrace::<test[9d35eded1c95d3be]::run_test::{closure#1}, ()>
[INFO] [stdout]   18:     0x5610df620362 - <std[70759c8f55707aa4]::thread::lifecycle::spawn_unchecked<test[9d35eded1c95d3be]::run_test::{closure#1}, ()>::{closure#1} as core[df12db4294e9bfd3]::ops::function::FnOnce<()>>::call_once::{shim:vtable#0}
[INFO] [stdout]   19:     0x5610df69b4b9 - <std[70759c8f55707aa4]::sys::thread::unix::Thread>::new::thread_start
[INFO] [stdout]   20:     0x752f37cfedfa - <unknown>
[INFO] [stdout]   21:     0x752f37d923d4 - clone
[INFO] [stdout]   22:                0x0 - <unknown>
[INFO] [stdout] 
[INFO] [stdout] ---- store::tests::persists_to_file stdout ----
[INFO] [stdout] 
[INFO] [stdout] thread 'store::tests::persists_to_file' (2115) panicked at src/store.rs:975:70:
[INFO] [stdout] create store: Os { code: 30, kind: ReadOnlyFilesystem, message: "Read-only file system" }
[INFO] [stdout] stack backtrace:
[INFO] [stdout]    0:     0x5610df69c2a1 - <<std[70759c8f55707aa4]::sys::backtrace::BacktraceLock>::print::DisplayBacktrace as core[df12db4294e9bfd3]::fmt::Display>::fmt
[INFO] [stdout]    1:     0x5610df6b1b5a - core[df12db4294e9bfd3]::fmt::write
[INFO] [stdout]    2:     0x5610df6a0c0c - <alloc[2182bb758b4b3781]::vec::Vec<u8> as core[df12db4294e9bfd3]::io::write::Write>::write_fmt
[INFO] [stdout]    3:     0x5610df676116 - std[70759c8f55707aa4]::panicking::default_hook::{closure#0}
[INFO] [stdout]    4:     0x5610df693099 - std[70759c8f55707aa4]::panicking::default_hook
[INFO] [stdout]    5:     0x5610df61c8b0 - test[9d35eded1c95d3be]::test_main_inner::<test[9d35eded1c95d3be]::test_main_static::{closure#0}>::{closure#0}
[INFO] [stdout]    6:     0x5610df693252 - std[70759c8f55707aa4]::panicking::panic_with_hook
[INFO] [stdout]    7:     0x5610df6761c2 - std[70759c8f55707aa4]::panicking::panic_handler::{closure#0}
[INFO] [stdout]    8:     0x5610df66ec09 - std[70759c8f55707aa4]::sys::backtrace::__rust_end_short_backtrace::<std[70759c8f55707aa4]::panicking::panic_handler::{closure#0}, !>
[INFO] [stdout]    9:     0x5610df676ead - __rustc[8fa7c3cbc660c2b3]::rust_begin_unwind
[INFO] [stdout]   10:     0x5610df6b228c - core[df12db4294e9bfd3]::panicking::panic_fmt
[INFO] [stdout]   11:     0x5610df6b2062 - core[df12db4294e9bfd3]::result::unwrap_failed
[INFO] [stdout]   12:     0x5610df5aff0c - <scdb[84e78ba4a3e6efd9]::store::tests::persists_to_file::{closure#0} as core[df12db4294e9bfd3]::ops::function::FnOnce<()>>::call_once
[INFO] [stdout]   13:     0x5610df659bda - serial_test[8d794d855bc65ebd]::serial_code_lock::local_serial_core
[INFO] [stdout]   14:     0x5610df5ff54d - <scdb[84e78ba4a3e6efd9]::store::tests::persists_to_file::{closure#0} as core[df12db4294e9bfd3]::ops::function::FnOnce<()>>::call_once
[INFO] [stdout]   15:     0x5610df60fb9b - test[9d35eded1c95d3be]::__rust_begin_short_backtrace::<core[df12db4294e9bfd3]::result::Result<(), alloc[2182bb758b4b3781]::string::String>, fn() -> core[df12db4294e9bfd3]::result::Result<(), alloc[2182bb758b4b3781]::string::String>>
[INFO] [stdout]   16:     0x5610df61d205 - test[9d35eded1c95d3be]::run_test::{closure#0}
[INFO] [stdout]   17:     0x5610df616ac4 - std[70759c8f55707aa4]::sys::backtrace::__rust_begin_short_backtrace::<test[9d35eded1c95d3be]::run_test::{closure#1}, ()>
[INFO] [stdout]   18:     0x5610df620362 - <std[70759c8f55707aa4]::thread::lifecycle::spawn_unchecked<test[9d35eded1c95d3be]::run_test::{closure#1}, ()>::{closure#1} as core[df12db4294e9bfd3]::ops::function::FnOnce<()>>::call_once::{shim:vtable#0}
[INFO] [stdout]   19:     0x5610df69b4b9 - <std[70759c8f55707aa4]::sys::thread::unix::Thread>::new::thread_start
[INFO] [stdout]   20:     0x752f37cfedfa - <unknown>
[INFO] [stdout]   21:     0x752f37d923d4 - clone
[INFO] [stdout]   22:                0x0 - <unknown>
[INFO] [stdout] 
[INFO] [stdout] ---- store::tests::paginated_search_works stdout ----
[INFO] [stdout] 
[INFO] [stdout] thread 'store::tests::paginated_search_works' (2114) panicked at src/store.rs:926:69:
[INFO] [stdout] create store: Os { code: 30, kind: ReadOnlyFilesystem, message: "Read-only file system" }
[INFO] [stdout] stack backtrace:
[INFO] [stdout]    0:     0x5610df69c2a1 - <<std[70759c8f55707aa4]::sys::backtrace::BacktraceLock>::print::DisplayBacktrace as core[df12db4294e9bfd3]::fmt::Display>::fmt
[INFO] [stdout]    1:     0x5610df6b1b5a - core[df12db4294e9bfd3]::fmt::write
[INFO] [stdout]    2:     0x5610df6a0c0c - <alloc[2182bb758b4b3781]::vec::Vec<u8> as core[df12db4294e9bfd3]::io::write::Write>::write_fmt
[INFO] [stdout]    3:     0x5610df676116 - std[70759c8f55707aa4]::panicking::default_hook::{closure#0}
[INFO] [stdout]    4:     0x5610df693099 - std[70759c8f55707aa4]::panicking::default_hook
[INFO] [stdout]    5:     0x5610df61c8b0 - test[9d35eded1c95d3be]::test_main_inner::<test[9d35eded1c95d3be]::test_main_static::{closure#0}>::{closure#0}
[INFO] [stdout]    6:     0x5610df693252 - std[70759c8f55707aa4]::panicking::panic_with_hook
[INFO] [stdout]    7:     0x5610df6761c2 - std[70759c8f55707aa4]::panicking::panic_handler::{closure#0}
[INFO] [stdout]    8:     0x5610df66ec09 - std[70759c8f55707aa4]::sys::backtrace::__rust_end_short_backtrace::<std[70759c8f55707aa4]::panicking::panic_handler::{closure#0}, !>
[INFO] [stdout]    9:     0x5610df676ead - __rustc[8fa7c3cbc660c2b3]::rust_begin_unwind
[INFO] [stdout]   10:     0x5610df6b228c - core[df12db4294e9bfd3]::panicking::panic_fmt
[INFO] [stdout]   11:     0x5610df6b2062 - core[df12db4294e9bfd3]::result::unwrap_failed
[INFO] [stdout]   12:     0x5610df5b1663 - <scdb[84e78ba4a3e6efd9]::store::tests::paginated_search_works::{closure#0} as core[df12db4294e9bfd3]::ops::function::FnOnce<()>>::call_once
[INFO] [stdout]   13:     0x5610df659bda - serial_test[8d794d855bc65ebd]::serial_code_lock::local_serial_core
[INFO] [stdout]   14:     0x5610df5ff5ad - <scdb[84e78ba4a3e6efd9]::store::tests::paginated_search_works::{closure#0} as core[df12db4294e9bfd3]::ops::function::FnOnce<()>>::call_once
[INFO] [stdout]   15:     0x5610df60fb9b - test[9d35eded1c95d3be]::__rust_begin_short_backtrace::<core[df12db4294e9bfd3]::result::Result<(), alloc[2182bb758b4b3781]::string::String>, fn() -> core[df12db4294e9bfd3]::result::Result<(), alloc[2182bb758b4b3781]::string::String>>
[INFO] [stdout]   16:     0x5610df61d205 - test[9d35eded1c95d3be]::run_test::{closure#0}
[INFO] [stdout]   17:     0x5610df616ac4 - std[70759c8f55707aa4]::sys::backtrace::__rust_begin_short_backtrace::<test[9d35eded1c95d3be]::run_test::{closure#1}, ()>
[INFO] [stdout]   18:     0x5610df620362 - <std[70759c8f55707aa4]::thread::lifecycle::spawn_unchecked<test[9d35eded1c95d3be]::run_test::{closure#1}, ()>::{closure#1} as core[df12db4294e9bfd3]::ops::function::FnOnce<()>>::call_once::{shim:vtable#0}
[INFO] [stdout]   19:     0x5610df69b4b9 - <std[70759c8f55707aa4]::sys::thread::unix::Thread>::new::thread_start
[INFO] [stdout]   20:     0x752f37cfedfa - <unknown>
[INFO] [stdout]   21:     0x752f37d923d4 - clone
[INFO] [stdout]   22:                0x0 - <unknown>
[INFO] [stdout] 
[INFO] [stdout] 
[INFO] [stdout] failures:
[INFO] [stdout]     internal::buffers::pool::tests::addr_belongs_to_key_expired_returns_true
[INFO] [stdout]     internal::buffers::pool::tests::addr_belongs_to_key_works
[INFO] [stdout]     internal::buffers::pool::tests::addr_belongs_to_key_works_out_of_bounds
[INFO] [stdout]     internal::buffers::pool::tests::append_to_file
[INFO] [stdout]     internal::buffers::pool::tests::append_to_pre_existing_buffer
[INFO] [stdout]     internal::buffers::pool::tests::clear_file_works
[INFO] [stdout]     internal::buffers::pool::tests::compact_file_works
[INFO] [stdout]     internal::buffers::pool::tests::get_many_key_values_deleted
[INFO] [stdout]     internal::buffers::pool::tests::get_many_key_values_expired
[INFO] [stdout]     internal::buffers::pool::tests::get_many_key_values_works
[INFO] [stdout]     internal::buffers::pool::tests::get_value_deleted
[INFO] [stdout]     internal::buffers::pool::tests::get_value_expired
[INFO] [stdout]     internal::buffers::pool::tests::get_value_from_buffer
[INFO] [stdout]     internal::buffers::pool::tests::get_value_works
[INFO] [stdout]     internal::buffers::pool::tests::new_with_existing_file
[INFO] [stdout]     internal::buffers::pool::tests::new_with_non_existing_file
[INFO] [stdout]     internal::buffers::pool::tests::read_at_works_out_of_bounds
[INFO] [stdout]     internal::buffers::pool::tests::read_index_works
[INFO] [stdout]     internal::buffers::pool::tests::try_delete_kv_entry_works
[INFO] [stdout]     internal::buffers::pool::tests::update_index_in_file
[INFO] [stdout]     internal::buffers::pool::tests::update_index_in_pre_existing_buffer
[INFO] [stdout]     internal::buffers::pool::tests::update_index_out_of_bounds
[INFO] [stdout]     internal::entries::headers::db_file_header::tests::db_file_header_from_data_file_out_of_bounds
[INFO] [stdout]     internal::entries::headers::db_file_header::tests::db_file_header_from_file
[INFO] [stdout]     internal::entries::headers::inverted_index_header::tests::search_file_header_from_data_file_out_of_bounds
[INFO] [stdout]     internal::entries::headers::inverted_index_header::tests::search_file_header_from_file
[INFO] [stdout]     internal::inverted_index::tests::add_can_update
[INFO] [stdout]     internal::inverted_index::tests::add_works
[INFO] [stdout]     internal::inverted_index::tests::clear_works
[INFO] [stdout]     internal::inverted_index::tests::new_with_existing_file
[INFO] [stdout]     internal::inverted_index::tests::new_with_non_existing_file
[INFO] [stdout]     internal::inverted_index::tests::remove_works
[INFO] [stdout]     internal::inverted_index::tests::search_works
[INFO] [stdout]     internal::utils::tests::initialize_db_folder_creates_non_existing_db_folder
[INFO] [stdout]     store::tests::background_task_compacts_db_file
[INFO] [stdout]     store::tests::background_task_compacts_search_index_file
[INFO] [stdout]     store::tests::clear_works
[INFO] [stdout]     store::tests::compact_removes_deleted_and_expired_from_db_file
[INFO] [stdout]     store::tests::compact_removes_expired_from_search_index_file
[INFO] [stdout]     store::tests::delete_works
[INFO] [stdout]     store::tests::get_does_not_err_for_empty_string_values
[INFO] [stdout]     store::tests::paginated_search_works
[INFO] [stdout]     store::tests::persists_to_file
[INFO] [stdout]     store::tests::persists_to_file_after_clear
[INFO] [stdout]     store::tests::persists_to_file_after_delete
[INFO] [stdout]     store::tests::search_errs_when_disabled
[INFO] [stdout]     store::tests::search_works
[INFO] [stdout]     store::tests::search_works_after_clear
[INFO] [stdout]     store::tests::search_works_after_delete
[INFO] [stdout]     store::tests::search_works_after_expire
[INFO] [stdout]     store::tests::set_can_update
[INFO] [stdout]     store::tests::set_with_ttl_works
[INFO] [stdout]     store::tests::set_works
[INFO] [stdout] 
[INFO] [stdout] test result: FAILED. 45 passed; 53 failed; 0 ignored; 0 measured; 0 filtered out; finished in 2.02s
[INFO] [stdout] 
[INFO] running `Command { std: "docker" "inspect" "60d0a24871051eef47f371a6a4ef555caf7c22b0c35611ac5dc819d5cd89e2a0", kill_on_drop: false }`
[INFO] running `Command { std: "docker" "rm" "-f" "60d0a24871051eef47f371a6a4ef555caf7c22b0c35611ac5dc819d5cd89e2a0", kill_on_drop: false }`
[INFO] [stdout] 60d0a24871051eef47f371a6a4ef555caf7c22b0c35611ac5dc819d5cd89e2a0
