[INFO] fetching crate scarp 0.2.0...
[INFO] testing scarp-0.2.0 against 1.99.0-beta.8+cargoflags=--release for beta-release-1.100-2
[INFO] extracting crate scarp 0.2.0 into /workspace/builds/worker-7-tc1/source
[INFO] started tweaking crates.io crate scarp 0.2.0
[INFO] removed 0 missing tests
[INFO] finished tweaking crates.io crate scarp 0.2.0
[INFO] tweaked toml for crates.io crate scarp 0.2.0 written to /workspace/builds/worker-7-tc1/source/Cargo.toml
[INFO] validating manifest of crates.io crate scarp 0.2.0 on toolchain 1.99.0-beta.8
[INFO] running `Command { std: CARGO_HOME="/workspace/cargo-home" RUSTUP_HOME="/workspace/rustup-home" "/workspace/cargo-home/bin/cargo" "+1.99.0-beta.8" "metadata" "--manifest-path" "Cargo.toml" "--no-deps", kill_on_drop: false }`
[INFO] crate crates.io crate scarp 0.2.0 already has a lockfile, it will not be regenerated
[INFO] running `Command { std: CARGO_HOME="/workspace/cargo-home" RUSTUP_HOME="/workspace/rustup-home" "/workspace/cargo-home/bin/cargo" "+1.99.0-beta.8" "fetch" "--manifest-path" "Cargo.toml", kill_on_drop: false }`
[INFO] [stderr]  Downloading crates ...
[INFO] [stderr]   Downloaded clap v4.6.3
[INFO] [stderr]   Downloaded clap_derive v4.6.3
[INFO] running `Command { std: "docker" "create" "-v" "/var/lib/crater-agent-workspace/builds/worker-7-tc1/source:/opt/rustwide/workdir:ro,Z" "-v" "/var/lib/crater-agent-workspace/builds/worker-7-tc1/target:/opt/rustwide/target:rw,Z" "-v" "/var/lib/crater-agent-workspace/cargo-home:/opt/rustwide/cargo-home:ro,Z" "-v" "/var/lib/crater-agent-workspace/rustup-home:/opt/rustwide/rustup-home:ro,Z" "-m" "1610612736" "--network" "none" "ghcr.io/rust-lang/crates-build-env/linux@sha256:77db811e55d90add9212f6832c23229e3de5f1c1f9905e8cb07319ea15df73ac" "sleep" "infinity", kill_on_drop: false }`
[INFO] [stdout] 20199a98417573f1057ae3c33c54453dc5b5613f119e0d15638b404056bb01bf
[INFO] running `Command { std: "docker" "start" "20199a98417573f1057ae3c33c54453dc5b5613f119e0d15638b404056bb01bf", kill_on_drop: false }`
[INFO] running `Command { std: "docker" "inspect" "20199a98417573f1057ae3c33c54453dc5b5613f119e0d15638b404056bb01bf", kill_on_drop: false }`
[INFO] running `Command { std: "docker" "exec" "-e" "SOURCE_DIR=/opt/rustwide/workdir" "-e" "CARGO_HOME=/opt/rustwide/cargo-home" "-e" "RUSTUP_HOME=/opt/rustwide/rustup-home" "-e" "CARGO_TARGET_DIR=/opt/rustwide/target" "-w" "/opt/rustwide/workdir" "--user" "0:0" "20199a98417573f1057ae3c33c54453dc5b5613f119e0d15638b404056bb01bf" "/opt/rustwide/cargo-home/bin/cargo" "+1.99.0-beta.8" "metadata" "--no-deps" "--format-version=1", kill_on_drop: false }`
[INFO] running `Command { std: "docker" "inspect" "20199a98417573f1057ae3c33c54453dc5b5613f119e0d15638b404056bb01bf", kill_on_drop: false }`
[INFO] running `Command { std: "docker" "exec" "-e" "SOURCE_DIR=/opt/rustwide/workdir" "-e" "CARGO_HOME=/opt/rustwide/cargo-home" "-e" "RUSTUP_HOME=/opt/rustwide/rustup-home" "-e" "CARGO_TARGET_DIR=/opt/rustwide/target" "-e" "CARGO_INCREMENTAL=0" "-e" "RUST_BACKTRACE=full" "-e" "RUSTFLAGS=--cap-lints=warn" "-e" "RUSTDOCFLAGS=--cap-lints=warn" "-w" "/opt/rustwide/workdir" "--user" "0:0" "20199a98417573f1057ae3c33c54453dc5b5613f119e0d15638b404056bb01bf" "/opt/rustwide/cargo-home/bin/cargo" "+1.99.0-beta.8" "build" "--frozen" "--message-format=json" "--release", kill_on_drop: false }`
[INFO] [stderr]    Compiling libc v0.2.186
[INFO] [stderr]    Compiling ppv-lite86 v0.2.21
[INFO] [stderr]    Compiling clap_derive v4.6.3
[INFO] [stderr]    Compiling toml_parser v1.1.2+spec-1.1.0
[INFO] [stderr]    Compiling serde v1.0.229
[INFO] [stderr]    Compiling toml_datetime v0.7.5+spec-1.1.0
[INFO] [stderr]    Compiling jiff-core v0.1.0
[INFO] [stderr]    Compiling unsafe-libyaml v0.2.11
[INFO] [stderr]    Compiling winnow v0.7.15
[INFO] [stderr]    Compiling jiff v0.2.34
[INFO] [stderr]    Compiling serde_yaml_ng v0.10.0
[INFO] [stderr]    Compiling getrandom v0.3.4
[INFO] [stderr]    Compiling getrandom v0.4.3
[INFO] [stderr]    Compiling rand_core v0.9.5
[INFO] [stderr]    Compiling tempfile v3.27.0
[INFO] [stderr]    Compiling rand_chacha v0.9.0
[INFO] [stderr]    Compiling clap v4.6.3
[INFO] [stderr]    Compiling clap_complete v4.6.7
[INFO] [stderr]    Compiling rand v0.9.5
[INFO] [stderr]    Compiling toml v0.9.12+spec-1.1.0
[INFO] [stderr]    Compiling ulid v1.2.1
[INFO] [stderr]    Compiling scarp v0.2.0 (/opt/rustwide/workdir)
[INFO] [stderr]     Finished `release` profile [optimized] target(s) in 1m 00s
[INFO] running `Command { std: "docker" "inspect" "20199a98417573f1057ae3c33c54453dc5b5613f119e0d15638b404056bb01bf", kill_on_drop: false }`
[INFO] running `Command { std: "docker" "exec" "-e" "SOURCE_DIR=/opt/rustwide/workdir" "-e" "CARGO_HOME=/opt/rustwide/cargo-home" "-e" "RUSTUP_HOME=/opt/rustwide/rustup-home" "-e" "CARGO_TARGET_DIR=/opt/rustwide/target" "-e" "CARGO_INCREMENTAL=0" "-e" "RUST_BACKTRACE=full" "-e" "RUSTFLAGS=--cap-lints=warn" "-e" "RUSTDOCFLAGS=--cap-lints=warn" "-w" "/opt/rustwide/workdir" "--user" "0:0" "20199a98417573f1057ae3c33c54453dc5b5613f119e0d15638b404056bb01bf" "/opt/rustwide/cargo-home/bin/cargo" "+1.99.0-beta.8" "test" "--frozen" "--no-run" "--message-format=json" "--release", kill_on_drop: false }`
[INFO] [stderr]    Compiling scarp v0.2.0 (/opt/rustwide/workdir)
[INFO] [stderr]     Finished `release` profile [optimized] target(s) in 35.57s
[INFO] running `Command { std: "docker" "inspect" "20199a98417573f1057ae3c33c54453dc5b5613f119e0d15638b404056bb01bf", kill_on_drop: false }`
[INFO] running `Command { std: "docker" "exec" "-e" "SOURCE_DIR=/opt/rustwide/workdir" "-e" "CARGO_HOME=/opt/rustwide/cargo-home" "-e" "RUSTUP_HOME=/opt/rustwide/rustup-home" "-e" "CARGO_TARGET_DIR=/opt/rustwide/target" "-e" "CARGO_INCREMENTAL=0" "-e" "RUST_BACKTRACE=full" "-e" "RUSTFLAGS=--cap-lints=warn" "-e" "RUSTDOCFLAGS=--cap-lints=warn" "-w" "/opt/rustwide/workdir" "--user" "0:0" "20199a98417573f1057ae3c33c54453dc5b5613f119e0d15638b404056bb01bf" "/opt/rustwide/cargo-home/bin/cargo" "+1.99.0-beta.8" "test" "--frozen" "--release", kill_on_drop: false }`
[INFO] [stderr]     Finished `release` profile [optimized] target(s) in 0.20s
[INFO] [stderr]      Running unittests src/lib.rs (/opt/rustwide/target/release/deps/scarp-6935e2d9cd18090e)
[INFO] [stdout] 
[INFO] [stdout] running 238 tests
[INFO] [stdout] test artifact::tests::a_rejected_body_writes_nothing_and_burns_no_sequence ... ok
[INFO] [stdout] test artifact::tests::an_unusable_proposal_value_is_refused_before_writing ... ok
[INFO] [stdout] test artifact::tests::a_realized_idea_carries_its_proposal_url_in_front_matter ... ok
[INFO] [stdout] test artifact::tests::body_filled_artifact_is_byte_identical_to_the_hand_filled_template ... ok
[INFO] [stdout] test artifact::tests::body_sections_render_in_template_order_not_input_order ... ok
[INFO] [stdout] test artifact::tests::an_unclosed_fence_keeps_the_remainder_as_content ... ok
[INFO] [stdout] test artifact::tests::concurrent_active_sprints_are_created_normally ... ok
[INFO] [stdout] test artifact::tests::an_unstamped_idea_has_no_proposal_field ... ok
[INFO] [stdout] test artifact::tests::control_character_titles_are_refused_before_trim_without_writing ... ok
[INFO] [stdout] test artifact::tests::create_sprint_writes_template_in_a_fresh_containment_directory ... ok
[INFO] [stdout] test artifact::tests::create_decision_writes_an_accepted_artifact_with_decision_template ... ok
[INFO] [stdout] test artifact::tests::create_writes_zero_padded_filename_with_front_matter_and_headings ... ok
[INFO] [stdout] test artifact::tests::crlf_body_is_normalized_to_lf ... ok
[INFO] [stdout] test artifact::tests::create_idea_writes_a_parked_artifact_with_idea_template ... ok
[INFO] [stdout] test artifact::tests::create_idea_materializes_the_ideas_directory_on_first_use ... ok
[INFO] [stdout] test artifact::tests::create_materializes_missing_managed_directories ... ok
[INFO] [stdout] test artifact::tests::dot_entries_are_not_artifacts_and_are_ignored ... ok
[INFO] [stdout] test artifact::tests::deeper_headings_are_content_not_sections ... ok
[INFO] [stdout] test artifact::tests::decision_sequences_continue_after_the_existing_corpus ... ok
[INFO] [stdout] test artifact::tests::create_stamps_an_iso_date ... ok
[INFO] [stdout] test artifact::tests::failed_sprint_write_rolls_back_created_directories_and_returns_the_original_error ... ok
[INFO] [stdout] test artifact::tests::fence_closes_only_on_a_matching_marker ... ok
[INFO] [stdout] test artifact::tests::destination_conflict_refuses_overwrite_and_leaves_no_temporary ... ok
[INFO] [stdout] test artifact::tests::failed_sprint_write_rolls_back_every_ancestor_it_created ... ok
[INFO] [stdout] test artifact::tests::every_creator_validates_the_title_before_other_work ... ok
[INFO] [stdout] test artifact::tests::headings_inside_fenced_code_blocks_are_content ... ok
[INFO] [stdout] test artifact::tests::idea_sequences_are_collection_scoped_and_ignore_dragons ... ok
[INFO] [stdout] test artifact::tests::invalid_title_creates_nothing ... ok
[INFO] [stdout] test artifact::tests::every_narrative_collection_accepts_a_body ... ok
[INFO] [stdout] test artifact::tests::generated_ids_are_prefixed_uppercase_ulids_and_unique ... ok
[INFO] [stdout] test artifact::tests::marker_significant_punctuation_remains_legal_title_content ... ok
[INFO] [stdout] test artifact::tests::malformed_filenames_are_reported_not_skipped ... ok
[INFO] [stdout] test artifact::tests::non_directory_at_managed_path_is_a_conflict ... ok
[INFO] [stdout] test artifact::tests::parse_dir_sequence_accepts_only_containment_directory_names ... ok
[INFO] [stdout] test artifact::tests::parse_sequence_accepts_only_valid_dragon_filenames ... ok
[INFO] [stdout] test artifact::tests::oversized_body_is_refused ... ok
[INFO] [stdout] test artifact::tests::sequence_exhaustion_is_a_typed_error_not_a_five_digit_filename ... ok
[INFO] [stdout] test artifact::tests::slugify_rejects_titles_with_nothing_sluggable ... ok
[INFO] [stdout] test artifact::tests::induced_write_failure_leaves_no_partial_artifact ... FAILED
[INFO] [stdout] test artifact::tests::obstructed_rollback_is_a_filesystem_failure_naming_original_and_leftover ... ok
[INFO] [stdout] test artifact::tests::sprint_sequences_continue_after_closed_sprints ... ok
[INFO] [stdout] test artifact::tests::seeded_non_ulid_ids_are_left_untouched ... ok
[INFO] [stdout] test artifact::tests::unknown_section_refusal_names_the_offender_and_the_template ... ok
[INFO] [stdout] test artifact::tests::sequence_allocation_spans_every_lifecycle_state ... ok
[INFO] [stdout] test artifact::tests::slugify_treats_non_ascii_as_separators_without_transliterating ... ok
[INFO] [stdout] test cli::tests::artifact_ref_accepts_zero_padded_sequences ... ok
[INFO] [stdout] test cli::tests::artifact_ref_displays_canonical_singular_form ... ok
[INFO] [stdout] test cli::tests::artifact_ref_rejects_zero_sequence ... ok
[INFO] [stdout] test cli::tests::artifact_ref_rejects_missing_separator ... ok
[INFO] [stdout] test cli::tests::artifact_ref_rejects_non_numeric_sequence ... ok
[INFO] [stdout] test cli::tests::collection_accepts_singular_and_plural ... ok
[INFO] [stdout] test cli::tests::collection_rejects_unknown_names_with_guidance ... ok
[INFO] [stdout] test cli::tests::show_target_parses_human_references_and_opaque_ids ... ok
[INFO] [stdout] test cli::tests::cli_definition_is_internally_consistent ... ok
[INFO] [stdout] test cli::tests::show_target_rejects_invalid_human_references_and_empty_ids ... ok
[INFO] [stdout] test cli::tests::unaddressable_bare_ids_are_refused_naming_the_class ... ok
[INFO] [stdout] test artifact::tests::rollback_preserves_preexisting_directories_and_the_retry_reuses_the_sequence ... ok
[INFO] [stdout] test artifact::tests::slugify_is_deterministic_kebab_case ... ok
[INFO] [stdout] test artifact::tests::unsupplied_and_empty_sections_render_as_the_bare_template ... ok
[INFO] [stdout] test cli::tests::artifact_ref_parses_canonical_form ... ok
[INFO] [stdout] test doctor::tests::accepted_whitespace_around_a_status_value_is_not_a_finding ... ok
[INFO] [stdout] test doctor::tests::concurrent_active_sprints_are_doctor_green ... ok
[INFO] [stdout] test doctor::tests::dangling_edge_target_is_an_error ... ok
[INFO] [stdout] test doctor::tests::display_sequences_are_collection_scoped_but_ids_are_global ... ok
[INFO] [stdout] test doctor::tests::decisions_are_validated_under_the_same_invariants ... ok
[INFO] [stdout] test doctor::tests::duplicate_decision_ids_and_sequences_are_findings ... ok
[INFO] [stdout] test doctor::tests::decision_sequences_are_collection_scoped_against_other_kinds ... ok
[INFO] [stdout] test doctor::tests::canonical_and_rejected_claimants_share_one_duplicate_vocabulary ... ok
[INFO] [stdout] test doctor::tests::edge_targeting_an_idea_is_an_error ... ok
[INFO] [stdout] test doctor::tests::finding_json_field_names_and_order_are_stable ... ok
[INFO] [stdout] test doctor::tests::edge_on_the_wrong_source_kind_is_an_error ... ok
[INFO] [stdout] test doctor::tests::edge_to_a_multiply_claimed_id_is_ambiguous_never_validated ... ok
[INFO] [stdout] test doctor::tests::duplicate_sequences_and_ids_are_single_findings_naming_every_path ... ok
[INFO] [stdout] test doctor::tests::findings_are_sorted_deterministically_by_path ... ok
[INFO] [stdout] test doctor::tests::dangling_prose_reference_is_advice_not_corruption ... ok
[INFO] [stdout] test doctor::tests::healthy_repository_reports_no_findings ... ok
[INFO] [stdout] test doctor::tests::lifecycle_contradicting_edge_is_advice ... ok
[INFO] [stdout] test doctor::tests::leftover_lifecycle_subdirectory_is_a_conflict_finding ... ok
[INFO] [stdout] test doctor::tests::noncanonical_status_carriers_are_findings_on_parseable_artifacts ... ok
[INFO] [stdout] test doctor::tests::marker_only_repository_is_healthy ... ok
[INFO] [stdout] test doctor::tests::malformed_sprint_directories_are_findings_not_fatal ... ok
[INFO] [stdout] test doctor::tests::multiple_rejected_claimants_sharing_an_id_are_a_duplicate_finding ... ok
[INFO] [stdout] test doctor::tests::managed_and_unmanaged_claimants_sharing_an_id_are_a_duplicate_finding ... ok
[INFO] [stdout] test doctor::tests::ideas_are_validated_alongside_dragons ... ok
[INFO] [stdout] test doctor::tests::non_directory_at_managed_path_is_a_conflict_finding ... ok
[INFO] [stdout] test doctor::tests::one_malformed_file_does_not_hide_the_rest ... ok
[INFO] [stdout] test doctor::tests::quoting_an_id_alone_is_not_a_finding ... ok
[INFO] [stdout] test doctor::tests::oversized_artifact_is_a_bounded_read_finding_not_an_abort ... ok
[INFO] [stdout] test doctor::tests::sprints_are_validated_and_a_single_active_sprint_is_healthy ... ok
[INFO] [stdout] test doctor::tests::sugar_edge_value_is_advice_not_corruption ... ok
[INFO] [stdout] test doctor::tests::two_unmanaged_claimants_sharing_an_id_are_a_duplicate_finding ... ok
[INFO] [stdout] test doctor::tests::symlink_boundary::external_identity_via_directory_symlink_no_longer_satisfies_edges ... ok
[INFO] [stdout] test doctor::tests::symlink_boundary::symlinked_artifact_position_is_a_conflict_finding_not_fatal ... ok
[INFO] [stdout] test doctor::tests::unaddressable_claimant_ids_are_non_canonical_findings ... ok
[INFO] [stdout] test doctor::tests::tasks_misfiled_outside_their_named_sprint_are_errors ... ok
[INFO] [stdout] test doctor::tests::symlink_boundary::symlinked_containment_directory_and_sprint_file_are_findings ... ok
[INFO] [stdout] test doctor::tests::symlink_boundary::symlinked_task_file_is_a_conflict_finding ... ok
[INFO] [stdout] test doctor::tests::unquoted_edge_marker_is_an_error_naming_the_yaml_footgun ... ok
[INFO] [stdout] test doctor::tests::symlink_boundary::symlinked_managed_directory_is_a_conflict_finding ... ok
[INFO] [stdout] test edges::tests::addressability_classifies_each_excluded_character_class ... ok
[INFO] [stdout] test doctor::tests::unreadable_file_is_reported_not_fatal ... FAILED
[INFO] [stdout] test doctor::tests::unaddressable_duplicate_claimants_draw_both_findings ... ok
[INFO] [stdout] test edges::tests::every_current_id_shape_remains_addressable ... ok
[INFO] [stdout] test doctor::tests::unknown_front_matter_keys_are_inert ... ok
[INFO] [stdout] test edges::tests::claim_admission_threshold_is_exact ... ok
[INFO] [stdout] test edges::tests::parse_marker_accepts_bound_and_sugar_forms ... ok
[INFO] [stdout] test edges::tests::dispositions_are_explicit_and_not_inferred_from_optional_fields ... ok
[INFO] [stdout] test edges::tests::label_validity_names_the_offending_class ... ok
[INFO] [stdout] test doctor::tests::valid_provenance_edges_pass_and_target_managed_decisions ... ok
[INFO] [stdout] test edges::tests::non_addressable_claimants_stay_catalogued_and_ambiguous ... ok
[INFO] [stdout] test edges::tests::harvest_retains_every_claimant_and_the_catalog_classifies_ambiguity ... ok
[INFO] [stdout] test edges::tests::parse_marker_accepts_single_brackets_in_labels_and_round_trips ... ok
[INFO] [stdout] test edges::tests::parse_marker_rejects_bracket_bearing_targets ... ok
[INFO] [stdout] test edges::tests::parse_marker_rejects_non_markers ... ok
[INFO] [stdout] test edges::tests::prose_scan_extracts_multiple_markers_per_line_and_skips_fences ... ok
[INFO] [stdout] test edges::tests::prose_scan_skips_inline_code_spans_but_not_unpaired_backticks ... ok
[INFO] [stdout] test edges::tests::symlink_boundary::harvest_ignores_ancestor_loops_without_a_visited_set ... ok
[INFO] [stdout] test edges::tests::symlink_boundary::harvest_ignores_a_symlinked_archaeology_root ... ok
[INFO] [stdout] test edges::tests::symlink_boundary::harvest_never_reads_a_symlinked_file ... ok
[INFO] [stdout] test edges::tests::prose_scan_never_advises_on_ambiguous_targets ... ok
[INFO] [stdout] test edges::tests::harvest_skips_oversized_files_through_the_bounded_seam ... ok
[INFO] [stdout] test edges::tests::prose_scan_advises_once_per_missing_id_and_skips_resolvable_and_sugar ... ok
[INFO] [stdout] test edges::tests::symlink_boundary::harvest_never_descends_a_symlinked_directory ... ok
[INFO] [stdout] test edges::tests::vocabulary_never_admits_idea_targets ... ok
[INFO] [stdout] test error::tests::error_codes_are_distinct ... ok
[INFO] [stdout] test error::tests::exit_codes_match_documented_contract ... ok
[INFO] [stdout] test edges::tests::catalog_order_is_path_sorted_under_opposite_creation_orders ... ok
[INFO] [stdout] test error::tests::messages_name_the_path_involved ... ok
[INFO] [stdout] test edges::tests::quoted_and_unquoted_id_spellings_claim_the_same_decoded_identity ... ok
[INFO] [stdout] test fortune::tests::age_days_parses_iso_dates_and_degrades_on_anything_else ... ok
[INFO] [stdout] test fortune::tests::age_text_covers_every_shape ... ok
[INFO] [stdout] test fortune::tests::every_positive_weight_is_reachable ... ok
[INFO] [stdout] test fortune::tests::excerpt_of_a_template_only_body_is_empty ... ok
[INFO] [stdout] test error::tests::messages_suggest_a_next_step ... ok
[INFO] [stdout] test error::tests::render_leads_with_stable_machine_token ... ok
[INFO] [stdout] test fortune::tests::excerpt_takes_prose_and_skips_structure ... ok
[INFO] [stdout] test fortune::tests::pick_walks_the_cumulative_weight_line ... ok
[INFO] [stdout] test fortune::tests::weight_is_monotonic_in_age_and_everywhere_nonzero ... ok
[INFO] [stdout] test proposal::tests::crlf_input_is_normalized ... ok
[INFO] [stdout] test proposal::tests::headings_inside_fenced_blocks_are_untouched ... ok
[INFO] [stdout] test fortune::tests::unknown_and_future_ages_weigh_like_today ... ok
[INFO] [stdout] test proposal::tests::the_no_response_placeholder_is_dropped ... ok
[INFO] [stdout] test proposal::tests::known_form_headings_are_promoted_to_sections ... ok
[INFO] [stdout] test proposal::tests::unknown_third_level_headings_are_left_alone ... ok
[INFO] [stdout] test read::tests::any_admitted_status_is_legal_anywhere_in_the_collection_directory ... ok
[INFO] [stdout] test read::tests::bare_carriage_return_is_diagnosed_distinctly_from_crlf ... ok
[INFO] [stdout] test read::tests::bounded_invalid_utf8_keeps_the_typed_distinction ... ok
[INFO] [stdout] test read::tests::collection_lifecycle_data_answers_transitions_and_statuses ... ok
[INFO] [stdout] test read::tests::content_is_preserved_byte_for_byte ... ok
[INFO] [stdout] test read::tests::crlf_artifact_is_refused_naming_line_endings_not_front_matter ... ok
[INFO] [stdout] test read::tests::decision_status_vocabulary_admits_only_accepted ... ok
[INFO] [stdout] test read::tests::decisions_define_no_lifecycle_transitions ... ok
[INFO] [stdout] test read::tests::directory_inside_a_collection_directory_is_a_conflict ... ok
[INFO] [stdout] test read::tests::dot_entries_are_ignored_during_scan ... ok
[INFO] [stdout] test read::tests::duplicate_title_headings_are_malformed ... ok
[INFO] [stdout] test read::tests::empty_id_is_malformed ... ok
[INFO] [stdout] test read::tests::idea_status_vocabulary_excludes_dragon_statuses ... ok
[INFO] [stdout] test read::tests::lf_violation_accepts_lf_only_content ... ok
[INFO] [stdout] test read::tests::filename_and_front_matter_sequence_must_agree ... ok
[INFO] [stdout] test read::tests::invalid_status_is_malformed ... ok
[INFO] [stdout] test read::tests::heading_lines_inside_code_fences_are_not_titles ... ok
[INFO] [stdout] test read::tests::malformed_filename_is_a_typed_error_naming_the_path ... ok
[INFO] [stdout] test read::tests::loose_file_in_the_sprints_directory_is_malformed ... ok
[INFO] [stdout] test read::tests::marker_only_repository_scans_as_empty ... ok
[INFO] [stdout] test read::tests::non_directory_at_managed_path_is_a_conflict ... ok
[INFO] [stdout] test read::tests::missing_front_matter_is_malformed ... ok
[INFO] [stdout] test read::tests::out_of_range_sequence_is_malformed ... ok
[INFO] [stdout] test read::tests::missing_managed_directory_scans_as_an_empty_collection ... ok
[INFO] [stdout] test read::tests::missing_title_heading_is_malformed ... ok
[INFO] [stdout] test read::tests::resolve_by_sequence_and_by_id ... ok
[INFO] [stdout] test read::tests::oversized_regular_artifact_fails_the_scan_with_the_cap ... ok
[INFO] [stdout] test read::tests::resolve_refuses_duplicate_ids ... ok
[INFO] [stdout] test read::tests::read_accepts_a_file_exactly_at_the_byte_limit ... ok
[INFO] [stdout] test read::tests::resolve_refuses_duplicate_sequences ... ok
[INFO] [stdout] test read::tests::read_refuses_one_byte_over_the_limit_naming_the_cap ... ok
[INFO] [stdout] test read::tests::resolve_reports_not_found_with_the_reference ... ok
[INFO] [stdout] test read::tests::split_front_matter_requires_both_delimiters ... ok
[INFO] [stdout] test read::tests::missing_required_field_is_malformed ... ok
[INFO] [stdout] test read::tests::sprint_directory_and_front_matter_sequence_must_agree ... ok
[INFO] [stdout] test read::tests::scan_parses_generated_and_legacy_artifacts ... ok
[INFO] [stdout] test read::tests::scan_sorts_by_sequence_then_path ... ok
[INFO] [stdout] test read::tests::sprint_directory_without_sprint_file_is_malformed ... ok
[INFO] [stdout] test read::tests::summary_json_field_names_and_order_are_stable ... ok
[INFO] [stdout] test read::tests::symlink_boundary::symlinked_sprint_containment_directory_is_refused ... ok
[INFO] [stdout] test read::tests::scan_sprints_parses_containment_directories ... ok
[INFO] [stdout] test read::tests::symlink_boundary::symlinked_sprint_file_is_refused ... ok
[INFO] [stdout] test read::tests::symlink_boundary::directory_symlink_at_a_flat_artifact_position_remains_a_conflict ... ok
[INFO] [stdout] test read::tests::symlink_boundary::file_symlink_at_a_flat_artifact_position_is_refused_unread ... ok
[INFO] [stdout] test read::tests::symlink_boundary::symlinked_task_file_is_refused ... ok
[INFO] [stdout] test read::tests::unterminated_front_matter_is_malformed ... ok
[INFO] [stdout] test read::tests::symlink_boundary::symlinked_managed_directory_is_a_conflict_never_traversed ... ok
[INFO] [stdout] test read::tests::task_summaries_serialize_the_owning_sprint ... ok
[INFO] [stdout] test read::tests::unparseable_front_matter_mapping_is_malformed ... ok
[INFO] [stdout] test read::tests::tasks_scan_across_sprints_and_require_the_sprint_field ... ok
[INFO] [stdout] test read::tests::scan_ideas_spans_all_three_lifecycle_states ... ok
[INFO] [stdout] test repo::tests::config_path_occupied_by_symlink_is_a_conflict ... ok
[INFO] [stdout] test read::tests::scan_of_empty_repository_returns_no_artifacts ... ok
[INFO] [stdout] test repo::tests::discover_finds_root_from_a_nested_directory ... ok
[INFO] [stdout] test repo::tests::discover_finds_root_from_the_root_itself ... ok
[INFO] [stdout] test repo::tests::discover_rejects_directory_at_marker_path ... ok
[INFO] [stdout] test repo::tests::discover_rejects_malformed_marker_instead_of_walking_past_it ... ok
[INFO] [stdout] test repo::tests::failed_config_write_leaves_no_partial_file ... FAILED
[INFO] [stdout] test repo::tests::gitattributes_path_occupied_by_directory_is_a_conflict ... ok
[INFO] [stdout] test read::tests::wrong_kind_is_malformed ... ok
[INFO] [stdout] test repo::tests::config_path_occupied_by_directory_is_a_conflict ... ok
[INFO] [stdout] test repo::tests::init_creates_config_and_required_directories ... ok
[INFO] [stdout] test repo::tests::existing_valid_config_is_preserved_byte_for_byte ... ok
[INFO] [stdout] test repo::tests::init_materializes_the_nested_line_ending_policy_only ... ok
[INFO] [stdout] test repo::tests::existing_required_directories_are_accepted ... ok
[INFO] [stdout] test repo::tests::init_preserves_an_existing_valid_crlf_config_byte_for_byte ... ok
[INFO] [stdout] test repo::tests::root_gitattributes_is_ignored_and_untouched_even_when_it_disagrees ... ok
[INFO] [stdout] test read::tests::wrong_field_type_is_malformed ... ok
[INFO] [stdout] test repo::tests::rerun_is_nondestructive_and_reports_nothing_created ... ok
[INFO] [stdout] test repo::tests::initialized_repository_missing_gitattributes_gains_it_on_rerun ... ok
[INFO] [stdout] test repo::tests::required_directory_path_occupied_by_file_is_a_conflict ... ok
[INFO] [stdout] test repo::tests::discover_reports_missing_repository_with_the_search_origin ... ok
[INFO] [stdout] test repo::tests::validate_config_accepts_supported_version_with_unknown_keys ... ok
[INFO] [stdout] test repo::tests::unparseable_config_is_malformed_and_untouched ... ok
[INFO] [stdout] test repo::tests::unsupported_config_version_is_malformed_and_untouched ... ok
[INFO] [stdout] test repo::tests::validate_config_accepts_crlf_line_endings ... ok
[INFO] [stdout] test repo::tests::validate_config_rejects_missing_wrong_type_and_unsupported_version ... ok
[INFO] [stdout] test transition::tests::duplicate_and_indented_status_carriers_are_refused_or_ignored ... ok
[INFO] [stdout] test transition::tests::rewrite_status_changes_exactly_the_status_value ... ok
[INFO] [stdout] test transition::tests::rewrite_status_preserves_unusual_spacing_around_the_value ... ok
[INFO] [stdout] test transition::tests::binding_freezes_a_single_bracket_title_that_round_trips ... ok
[INFO] [stdout] test transition::tests::rewrite_status_refuses_quoted_or_commented_values_naming_the_canonical_spelling ... ok
[INFO] [stdout] test transition::tests::binding_refuses_an_unaddressable_unique_target_before_mutation ... ok
[INFO] [stdout] test transition::tests::binding_refuses_a_double_bracket_title_before_mutation ... ok
[INFO] [stdout] test transition::tests::failed_write_leaves_the_original_bytes_untouched ... FAILED
[INFO] [stdout] test transition::tests::rewrite_status_refuses_when_no_status_line_exists ... ok
[INFO] [stdout] test transition::tests::closing_a_sprint_with_pending_tasks_is_refused_naming_them ... ok
[INFO] [stdout] test transition::tests::stamp_closed_leaves_an_existing_closed_line_untouched ... ok
[INFO] [stdout] test transition::tests::stable_id_binding_refuses_an_ambiguous_target_before_mutation ... ok
[INFO] [stdout] test transition::tests::undefined_transitions_are_invalid_invocations_naming_the_lifecycle ... ok
[INFO] [stdout] test transition::tests::transition_rewrites_in_place_without_moving_the_file ... ok
[INFO] [stdout] test transition::tests::closing_a_sprint_stamps_the_closed_date ... ok
[INFO] [stdout] test transition::tests::unique_rejected_claimant_binding_preserves_the_deferred_seam ... ok
[INFO] [stdout] test repo::tests::existing_gitattributes_is_preserved_byte_for_byte_and_never_parsed ... ok
[INFO] [stdout] 
[INFO] [stdout] failures:
[INFO] [stdout] 
[INFO] [stdout] ---- artifact::tests::induced_write_failure_leaves_no_partial_artifact stdout ----
[INFO] [stdout] 
[INFO] [stdout] thread 'artifact::tests::induced_write_failure_leaves_no_partial_artifact' (1009) panicked at src/artifact.rs:1716:9:
[INFO] [stdout] Ok(NewArtifact { kind: "dragon", id: "drg_01M57XJ5KW09K8AWQP8W9M6MMS", sequence: 1, relative_path: "archaeology/dragons/0001-cannot-be-written.md" })
[INFO] [stdout] stack backtrace:
[INFO] [stdout]    0:     0x56a929a595b1 - <<std[70759c8f55707aa4]::sys::backtrace::BacktraceLock>::print::DisplayBacktrace as core[df12db4294e9bfd3]::fmt::Display>::fmt
[INFO] [stdout]    1:     0x56a929a6feba - core[df12db4294e9bfd3]::fmt::write
[INFO] [stdout]    2:     0x56a929a5dd3c - <alloc[2182bb758b4b3781]::vec::Vec<u8> as core[df12db4294e9bfd3]::io::write::Write>::write_fmt
[INFO] [stdout]    3:     0x56a929a32586 - std[70759c8f55707aa4]::panicking::default_hook::{closure#0}
[INFO] [stdout]    4:     0x56a929a50259 - std[70759c8f55707aa4]::panicking::default_hook
[INFO] [stdout]    5:     0x56a92999cce0 - test[9d35eded1c95d3be]::test_main_inner::<test[9d35eded1c95d3be]::test_main_static::{closure#0}>::{closure#0}
[INFO] [stdout]    6:     0x56a929a50412 - std[70759c8f55707aa4]::panicking::panic_with_hook
[INFO] [stdout]    7:     0x56a929a32632 - std[70759c8f55707aa4]::panicking::panic_handler::{closure#0}
[INFO] [stdout]    8:     0x56a929a2af99 - std[70759c8f55707aa4]::sys::backtrace::__rust_end_short_backtrace::<std[70759c8f55707aa4]::panicking::panic_handler::{closure#0}, !>
[INFO] [stdout]    9:     0x56a929a334cd - __rustc[8fa7c3cbc660c2b3]::rust_begin_unwind
[INFO] [stdout]   10:     0x56a929a706ac - core[df12db4294e9bfd3]::panicking::panic_fmt
[INFO] [stdout]   11:     0x56a9298adfdf - scarp[fa385b89fce68e3e]::artifact::tests::induced_write_failure_leaves_no_partial_artifact
[INFO] [stdout]   12:     0x56a9298e0ac9 - <scarp[fa385b89fce68e3e]::artifact::tests::induced_write_failure_leaves_no_partial_artifact::{closure#0} as core[df12db4294e9bfd3]::ops::function::FnOnce<()>>::call_once
[INFO] [stdout]   13:     0x56a92998ffcb - test[9d35eded1c95d3be]::__rust_begin_short_backtrace::<core[df12db4294e9bfd3]::result::Result<(), alloc[2182bb758b4b3781]::string::String>, fn() -> core[df12db4294e9bfd3]::result::Result<(), alloc[2182bb758b4b3781]::string::String>>
[INFO] [stdout]   14:     0x56a92999d635 - test[9d35eded1c95d3be]::run_test::{closure#0}
[INFO] [stdout]   15:     0x56a929996ef4 - std[70759c8f55707aa4]::sys::backtrace::__rust_begin_short_backtrace::<test[9d35eded1c95d3be]::run_test::{closure#1}, ()>
[INFO] [stdout]   16:     0x56a9299a0792 - <std[70759c8f55707aa4]::thread::lifecycle::spawn_unchecked<test[9d35eded1c95d3be]::run_test::{closure#1}, ()>::{closure#1} as core[df12db4294e9bfd3]::ops::function::FnOnce<()>>::call_once::{shim:vtable#0}
[INFO] [stdout]   17:     0x56a929a58599 - <std[70759c8f55707aa4]::sys::thread::unix::Thread>::new::thread_start
[INFO] [stdout]   18:     0x7345c0353dfa - <unknown>
[INFO] [stdout]   19:     0x7345c03e73d4 - clone
[INFO] [stdout]   20:                0x0 - <unknown>
[INFO] [stdout] 
[INFO] [stdout] ---- doctor::tests::unreadable_file_is_reported_not_fatal stdout ----
[INFO] [stdout] 
[INFO] [stdout] thread 'doctor::tests::unreadable_file_is_reported_not_fatal' (1081) panicked at src/doctor.rs:1318:9:
[INFO] [stdout] assertion `left == right` failed
[INFO] [stdout]   left: [("malformed-artifact", "archaeology/dragons/0002-locked.md")]
[INFO] [stdout]  right: [("unreadable-artifact", "archaeology/dragons/0002-locked.md")]
[INFO] [stdout] stack backtrace:
[INFO] [stdout]    0:     0x56a929a595b1 - <<std[70759c8f55707aa4]::sys::backtrace::BacktraceLock>::print::DisplayBacktrace as core[df12db4294e9bfd3]::fmt::Display>::fmt
[INFO] [stdout]    1:     0x56a929a6feba - core[df12db4294e9bfd3]::fmt::write
[INFO] [stdout]    2:     0x56a929a5dd3c - <alloc[2182bb758b4b3781]::vec::Vec<u8> as core[df12db4294e9bfd3]::io::write::Write>::write_fmt
[INFO] [stdout]    3:     0x56a929a32586 - std[70759c8f55707aa4]::panicking::default_hook::{closure#0}
[INFO] [stdout]    4:     0x56a929a50259 - std[70759c8f55707aa4]::panicking::default_hook
[INFO] [stdout]    5:     0x56a92999cce0 - test[9d35eded1c95d3be]::test_main_inner::<test[9d35eded1c95d3be]::test_main_static::{closure#0}>::{closure#0}
[INFO] [stdout]    6:     0x56a929a50412 - std[70759c8f55707aa4]::panicking::panic_with_hook
[INFO] [stdout]    7:     0x56a929a32632 - std[70759c8f55707aa4]::panicking::panic_handler::{closure#0}
[INFO] [stdout]    8:     0x56a929a2af99 - std[70759c8f55707aa4]::sys::backtrace::__rust_end_short_backtrace::<std[70759c8f55707aa4]::panicking::panic_handler::{closure#0}, !>
[INFO] [stdout]    9:     0x56a929a334cd - __rustc[8fa7c3cbc660c2b3]::rust_begin_unwind
[INFO] [stdout]   10:     0x56a929a706ac - core[df12db4294e9bfd3]::panicking::panic_fmt
[INFO] [stdout]   11:     0x56a929a705c3 - core[df12db4294e9bfd3]::panicking::assert_failed_inner
[INFO] [stdout]   12:     0x56a929929e2b - core[df12db4294e9bfd3]::panicking::assert_failed::<alloc[2182bb758b4b3781]::vec::Vec<(&str, &str)>, alloc[2182bb758b4b3781]::vec::Vec<(&str, &str)>>
[INFO] [stdout]   13:     0x56a9298d362c - <scarp[fa385b89fce68e3e]::doctor::tests::unreadable_file_is_reported_not_fatal::{closure#0} as core[df12db4294e9bfd3]::ops::function::FnOnce<()>>::call_once
[INFO] [stdout]   14:     0x56a92998ffcb - test[9d35eded1c95d3be]::__rust_begin_short_backtrace::<core[df12db4294e9bfd3]::result::Result<(), alloc[2182bb758b4b3781]::string::String>, fn() -> core[df12db4294e9bfd3]::result::Result<(), alloc[2182bb758b4b3781]::string::String>>
[INFO] [stdout]   15:     0x56a92999d635 - test[9d35eded1c95d3be]::run_test::{closure#0}
[INFO] [stdout]   16:     0x56a929996ef4 - std[70759c8f55707aa4]::sys::backtrace::__rust_begin_short_backtrace::<test[9d35eded1c95d3be]::run_test::{closure#1}, ()>
[INFO] [stdout]   17:     0x56a9299a0792 - <std[70759c8f55707aa4]::thread::lifecycle::spawn_unchecked<test[9d35eded1c95d3be]::run_test::{closure#1}, ()>::{closure#1} as core[df12db4294e9bfd3]::ops::function::FnOnce<()>>::call_once::{shim:vtable#0}
[INFO] [stdout]   18:     0x56a929a58599 - <std[70759c8f55707aa4]::sys::thread::unix::Thread>::new::thread_start
[INFO] [stdout]   19:     0x7345c0353dfa - <unknown>
[INFO] [stdout]   20:     0x7345c03e73d4 - clone
[INFO] [stdout]   21:                0x0 - <unknown>
[INFO] [stdout] 
[INFO] [stdout] ---- repo::tests::failed_config_write_leaves_no_partial_file stdout ----
[INFO] [stdout] 
[INFO] [stdout] thread 'repo::tests::failed_config_write_leaves_no_partial_file' (1188) panicked at src/repo.rs:651:9:
[INFO] [stdout] Ok(InitReport { created: ["archaeology/.gitattributes", ".scarp.toml"] })
[INFO] [stdout] stack backtrace:
[INFO] [stdout]    0:     0x56a929a595b1 - <<std[70759c8f55707aa4]::sys::backtrace::BacktraceLock>::print::DisplayBacktrace as core[df12db4294e9bfd3]::fmt::Display>::fmt
[INFO] [stdout]    1:     0x56a929a6feba - core[df12db4294e9bfd3]::fmt::write
[INFO] [stdout]    2:     0x56a929a5dd3c - <alloc[2182bb758b4b3781]::vec::Vec<u8> as core[df12db4294e9bfd3]::io::write::Write>::write_fmt
[INFO] [stdout]    3:     0x56a929a32586 - std[70759c8f55707aa4]::panicking::default_hook::{closure#0}
[INFO] [stdout]    4:     0x56a929a50259 - std[70759c8f55707aa4]::panicking::default_hook
[INFO] [stdout]    5:     0x56a92999cce0 - test[9d35eded1c95d3be]::test_main_inner::<test[9d35eded1c95d3be]::test_main_static::{closure#0}>::{closure#0}
[INFO] [stdout]    6:     0x56a929a50412 - std[70759c8f55707aa4]::panicking::panic_with_hook
[INFO] [stdout]    7:     0x56a929a32632 - std[70759c8f55707aa4]::panicking::panic_handler::{closure#0}
[INFO] [stdout]    8:     0x56a929a2af99 - std[70759c8f55707aa4]::sys::backtrace::__rust_end_short_backtrace::<std[70759c8f55707aa4]::panicking::panic_handler::{closure#0}, !>
[INFO] [stdout]    9:     0x56a929a334cd - __rustc[8fa7c3cbc660c2b3]::rust_begin_unwind
[INFO] [stdout]   10:     0x56a929a706ac - core[df12db4294e9bfd3]::panicking::panic_fmt
[INFO] [stdout]   11:     0x56a929930fd4 - scarp[fa385b89fce68e3e]::repo::tests::failed_config_write_leaves_no_partial_file
[INFO] [stdout]   12:     0x56a9298d0d49 - <scarp[fa385b89fce68e3e]::repo::tests::failed_config_write_leaves_no_partial_file::{closure#0} as core[df12db4294e9bfd3]::ops::function::FnOnce<()>>::call_once
[INFO] [stdout]   13:     0x56a92998ffcb - test[9d35eded1c95d3be]::__rust_begin_short_backtrace::<core[df12db4294e9bfd3]::result::Result<(), alloc[2182bb758b4b3781]::string::String>, fn() -> core[df12db4294e9bfd3]::result::Result<(), alloc[2182bb758b4b3781]::string::String>>
[INFO] [stdout]   14:     0x56a92999d635 - test[9d35eded1c95d3be]::run_test::{closure#0}
[INFO] [stdout]   15:     0x56a929996ef4 - std[70759c8f55707aa4]::sys::backtrace::__rust_begin_short_backtrace::<test[9d35eded1c95d3be]::run_test::{closure#1}, ()>
[INFO] [stdout]   16:     0x56a9299a0792 - <std[70759c8f55707aa4]::thread::lifecycle::spawn_unchecked<test[9d35eded1c95d3be]::run_test::{closure#1}, ()>::{closure#1} as core[df12db4294e9bfd3]::ops::function::FnOnce<()>>::call_once::{shim:vtable#0}
[INFO] [stdout]   17:     0x56a929a58599 - <std[70759c8f55707aa4]::sys::thread::unix::Thread>::new::thread_start
[INFO] [stdout]   18:     0x7345c0353dfa - <unknown>
[INFO] [stdout]   19:     0x7345c03e73d4 - clone
[INFO] [stdout]   20:                0x0 - <unknown>
[INFO] [stdout] 
[INFO] [stdout] ---- transition::tests::failed_write_leaves_the_original_bytes_untouched stdout ----
[INFO] [stdout] 
[INFO] [stdout] thread 'transition::tests::failed_write_leaves_the_original_bytes_untouched' (1208) panicked at src/transition.rs:958:9:
[INFO] [stdout] Ok(Transition { reference: "dragon:1", from: Open, to: Closed, path: "archaeology/dragons/0001-rich-dragon.md" })
[INFO] [stdout] stack backtrace:
[INFO] [stdout]    0:     0x56a929a595b1 - <<std[70759c8f55707aa4]::sys::backtrace::BacktraceLock>::print::DisplayBacktrace as core[df12db4294e9bfd3]::fmt::Display>::fmt
[INFO] [stdout]    1:     0x56a929a6feba - core[df12db4294e9bfd3]::fmt::write
[INFO] [stdout]    2:     0x56a929a5dd3c - <alloc[2182bb758b4b3781]::vec::Vec<u8> as core[df12db4294e9bfd3]::io::write::Write>::write_fmt
[INFO] [stdout]    3:     0x56a929a32586 - std[70759c8f55707aa4]::panicking::default_hook::{closure#0}
[INFO] [stdout]    4:     0x56a929a50259 - std[70759c8f55707aa4]::panicking::default_hook
[INFO] [stdout]    5:     0x56a92999cce0 - test[9d35eded1c95d3be]::test_main_inner::<test[9d35eded1c95d3be]::test_main_static::{closure#0}>::{closure#0}
[INFO] [stdout]    6:     0x56a929a50412 - std[70759c8f55707aa4]::panicking::panic_with_hook
[INFO] [stdout]    7:     0x56a929a32632 - std[70759c8f55707aa4]::panicking::panic_handler::{closure#0}
[INFO] [stdout]    8:     0x56a929a2af99 - std[70759c8f55707aa4]::sys::backtrace::__rust_end_short_backtrace::<std[70759c8f55707aa4]::panicking::panic_handler::{closure#0}, !>
[INFO] [stdout]    9:     0x56a929a334cd - __rustc[8fa7c3cbc660c2b3]::rust_begin_unwind
[INFO] [stdout]   10:     0x56a929a706ac - core[df12db4294e9bfd3]::panicking::panic_fmt
[INFO] [stdout]   11:     0x56a929918d5a - scarp[fa385b89fce68e3e]::transition::tests::failed_write_leaves_the_original_bytes_untouched
[INFO] [stdout]   12:     0x56a9298d03b9 - <scarp[fa385b89fce68e3e]::transition::tests::failed_write_leaves_the_original_bytes_untouched::{closure#0} as core[df12db4294e9bfd3]::ops::function::FnOnce<()>>::call_once
[INFO] [stdout]   13:     0x56a92998ffcb - test[9d35eded1c95d3be]::__rust_begin_short_backtrace::<core[df12db4294e9bfd3]::result::Result<(), alloc[2182bb758b4b3781]::string::String>, fn() -> core[df12db4294e9bfd3]::result::Result<(), alloc[2182bb758b4b3781]::string::String>>
[INFO] [stdout]   14:     0x56a92999d635 - test[9d35eded1c95d3be]::run_test::{closure#0}
[INFO] [stdout]   15:     0x56a929996ef4 - std[70759c8f55707aa4]::sys::backtrace::__rust_begin_short_backtrace::<test[9d35eded1c95d3be]::run_test::{closure#1}, ()>
[INFO] [stdout]   16:     0x56a9299a0792 - <std[70759c8f55707aa4]::thread::lifecycle::spawn_unchecked<test[9d35eded1c95d3be]::run_test::{closure#1}, ()>::{closure#1} as core[df12db4294e9bfd3]::ops::function::FnOnce<()>>::call_once::{shim:vtable#0}
[INFO] [stdout]   17:     0x56a929a58599 - <std[70759c8f55707aa4]::sys::thread::unix::Thread>::new::thread_start
[INFO] [stdout]   18:     0x7345c0353dfa - <unknown>
[INFO] [stdout]   19:     0x7345c03e73d4 - clone
[INFO] [stdout]   20:                0x0 - <unknown>
[INFO] [stdout] 
[INFO] [stdout] 
[INFO] [stdout] failures:
[INFO] [stdout]     artifact::tests::induced_write_failure_leaves_no_partial_artifact
[INFO] [stdout]     doctor::tests::unreadable_file_is_reported_not_fatal
[INFO] [stdout]     repo::tests::failed_config_write_leaves_no_partial_file
[INFO] [stdout]     transition::tests::failed_write_leaves_the_original_bytes_untouched
[INFO] [stdout] 
[INFO] [stdout] test result: FAILED. 234 passed; 4 failed; 0 ignored; 0 measured; 0 filtered out; finished in 0.23s
[INFO] [stdout] 
[INFO] [stderr] error: test failed, to rerun pass `--lib`
[INFO] running `Command { std: "docker" "inspect" "20199a98417573f1057ae3c33c54453dc5b5613f119e0d15638b404056bb01bf", kill_on_drop: false }`
[INFO] running `Command { std: "docker" "rm" "-f" "20199a98417573f1057ae3c33c54453dc5b5613f119e0d15638b404056bb01bf", kill_on_drop: false }`
[INFO] [stdout] 20199a98417573f1057ae3c33c54453dc5b5613f119e0d15638b404056bb01bf
