[INFO] fetching crate scanward 0.14.0...
[INFO] testing scanward-0.14.0 against 1.99.0-beta.8+cargoflags=--release for beta-release-1.100-2
[INFO] extracting crate scanward 0.14.0 into /workspace/builds/worker-0-tc1/source
[INFO] started tweaking crates.io crate scanward 0.14.0
[INFO] removed 0 missing examples
[INFO] removed 0 missing tests
[INFO] finished tweaking crates.io crate scanward 0.14.0
[INFO] tweaked toml for crates.io crate scanward 0.14.0 written to /workspace/builds/worker-0-tc1/source/Cargo.toml
[INFO] validating manifest of crates.io crate scanward 0.14.0 on toolchain 1.99.0-beta.8
[INFO] running `Command { std: CARGO_HOME="/workspace/cargo-home" RUSTUP_HOME="/workspace/rustup-home" "/workspace/cargo-home/bin/cargo" "+1.99.0-beta.8" "metadata" "--manifest-path" "Cargo.toml" "--no-deps", kill_on_drop: false }`
[INFO] crate crates.io crate scanward 0.14.0 already has a lockfile, it will not be regenerated
[INFO] running `Command { std: CARGO_HOME="/workspace/cargo-home" RUSTUP_HOME="/workspace/rustup-home" "/workspace/cargo-home/bin/cargo" "+1.99.0-beta.8" "fetch" "--manifest-path" "Cargo.toml", kill_on_drop: false }`
[INFO] [stderr]     Updating crates.io index
[INFO] [stderr]  Downloading crates ...
[INFO] [stderr]   Downloaded cg-parser v0.3.0
[INFO] [stderr]   Downloaded cg-rules v0.3.1
[INFO] [stderr]   Downloaded cg-ir v0.2.1
[INFO] [stderr]   Downloaded cg-taint v0.2.0
[INFO] [stderr]   Downloaded cg-matcher v0.3.0
[INFO] [stderr]   Downloaded cg-deps v0.1.0
[INFO] [stderr]   Downloaded tree-sitter v0.27.0
[INFO] running `Command { std: "docker" "create" "-v" "/var/lib/crater-agent-workspace/builds/worker-0-tc1/source:/opt/rustwide/workdir:ro,Z" "-v" "/var/lib/crater-agent-workspace/builds/worker-0-tc1/target:/opt/rustwide/target:rw,Z" "-v" "/var/lib/crater-agent-workspace/cargo-home:/opt/rustwide/cargo-home:ro,Z" "-v" "/var/lib/crater-agent-workspace/rustup-home:/opt/rustwide/rustup-home:ro,Z" "-m" "1610612736" "--network" "none" "ghcr.io/rust-lang/crates-build-env/linux@sha256:77db811e55d90add9212f6832c23229e3de5f1c1f9905e8cb07319ea15df73ac" "sleep" "infinity", kill_on_drop: false }`
[INFO] [stdout] 3f108b8eed4ce96152b709e97522f64c6bc01ba9e46b0fad5a402c96a6c84a3d
[INFO] running `Command { std: "docker" "start" "3f108b8eed4ce96152b709e97522f64c6bc01ba9e46b0fad5a402c96a6c84a3d", kill_on_drop: false }`
[INFO] running `Command { std: "docker" "inspect" "3f108b8eed4ce96152b709e97522f64c6bc01ba9e46b0fad5a402c96a6c84a3d", kill_on_drop: false }`
[INFO] running `Command { std: "docker" "exec" "-e" "SOURCE_DIR=/opt/rustwide/workdir" "-e" "CARGO_HOME=/opt/rustwide/cargo-home" "-e" "RUSTUP_HOME=/opt/rustwide/rustup-home" "-e" "CARGO_TARGET_DIR=/opt/rustwide/target" "-w" "/opt/rustwide/workdir" "--user" "0:0" "3f108b8eed4ce96152b709e97522f64c6bc01ba9e46b0fad5a402c96a6c84a3d" "/opt/rustwide/cargo-home/bin/cargo" "+1.99.0-beta.8" "metadata" "--no-deps" "--format-version=1", kill_on_drop: false }`
[INFO] running `Command { std: "docker" "inspect" "3f108b8eed4ce96152b709e97522f64c6bc01ba9e46b0fad5a402c96a6c84a3d", kill_on_drop: false }`
[INFO] running `Command { std: "docker" "exec" "-e" "SOURCE_DIR=/opt/rustwide/workdir" "-e" "CARGO_HOME=/opt/rustwide/cargo-home" "-e" "RUSTUP_HOME=/opt/rustwide/rustup-home" "-e" "CARGO_TARGET_DIR=/opt/rustwide/target" "-e" "CARGO_INCREMENTAL=0" "-e" "RUST_BACKTRACE=full" "-e" "RUSTFLAGS=--cap-lints=warn" "-e" "RUSTDOCFLAGS=--cap-lints=warn" "-w" "/opt/rustwide/workdir" "--user" "0:0" "3f108b8eed4ce96152b709e97522f64c6bc01ba9e46b0fad5a402c96a6c84a3d" "/opt/rustwide/cargo-home/bin/cargo" "+1.99.0-beta.8" "build" "--frozen" "--message-format=json" "--release", kill_on_drop: false }`
[INFO] [stderr]    Compiling cc v1.4.6
[INFO] [stderr]    Compiling tree-sitter-language v0.1.8
[INFO] [stderr]    Compiling serde_json v1.0.151
[INFO] [stderr]    Compiling aho-corasick v1.1.5
[INFO] [stderr]    Compiling serde_core v1.0.229
[INFO] [stderr]    Compiling zmij v1.0.23
[INFO] [stderr]    Compiling indexmap v2.14.2
[INFO] [stderr]    Compiling syn v3.0.5
[INFO] [stderr]    Compiling toml_datetime v0.7.5+spec-1.1.0
[INFO] [stderr]    Compiling bstr v1.13.1
[INFO] [stderr]    Compiling winnow v0.7.15
[INFO] [stderr]    Compiling clap_builder v4.6.7
[INFO] [stderr]    Compiling tree-sitter-c v0.24.2
[INFO] [stderr]    Compiling tree-sitter-cpp v0.23.4
[INFO] [stderr]    Compiling tree-sitter-javascript v0.25.0
[INFO] [stderr]    Compiling tree-sitter-c-sharp v0.23.5
[INFO] [stderr]    Compiling tree-sitter-java v0.23.5
[INFO] [stderr]    Compiling tree-sitter-go v0.25.0
[INFO] [stderr]    Compiling tree-sitter-typescript v0.23.2
[INFO] [stderr]    Compiling tree-sitter-ruby v0.23.1
[INFO] [stderr]    Compiling tree-sitter-python v0.25.0
[INFO] [stderr]    Compiling tree-sitter-php v0.24.2
[INFO] [stderr]    Compiling regex-automata v0.4.18
[INFO] [stderr]    Compiling toml v0.9.12+spec-1.1.0
[INFO] [stderr]    Compiling serde_derive v1.0.229
[INFO] [stderr]    Compiling clap_derive v4.6.7
[INFO] [stderr]    Compiling tree-sitter v0.27.0
[INFO] [stderr]    Compiling regex v1.13.1
[INFO] [stderr]    Compiling globset v0.4.20
[INFO] [stderr]    Compiling ignore v0.4.33
[INFO] [stderr]    Compiling clap v4.6.7
[INFO] [stderr]    Compiling serde v1.0.229
[INFO] [stderr]    Compiling serde_yaml v0.9.34+deprecated
[INFO] [stderr]    Compiling cg-deps v0.1.0
[INFO] [stderr]    Compiling cg-rules v0.3.1
[INFO] [stderr]    Compiling cg-parser v0.3.0
[INFO] [stderr]    Compiling cg-ir v0.2.1
[INFO] [stderr]    Compiling cg-taint v0.2.0
[INFO] [stderr]    Compiling cg-matcher v0.3.0
[INFO] [stderr]    Compiling scanward v0.14.0 (/opt/rustwide/workdir)
[INFO] [stderr]     Finished `release` profile [optimized] target(s) in 1m 17s
[INFO] running `Command { std: "docker" "inspect" "3f108b8eed4ce96152b709e97522f64c6bc01ba9e46b0fad5a402c96a6c84a3d", kill_on_drop: false }`
[INFO] running `Command { std: "docker" "exec" "-e" "SOURCE_DIR=/opt/rustwide/workdir" "-e" "CARGO_HOME=/opt/rustwide/cargo-home" "-e" "RUSTUP_HOME=/opt/rustwide/rustup-home" "-e" "CARGO_TARGET_DIR=/opt/rustwide/target" "-e" "CARGO_INCREMENTAL=0" "-e" "RUST_BACKTRACE=full" "-e" "RUSTFLAGS=--cap-lints=warn" "-e" "RUSTDOCFLAGS=--cap-lints=warn" "-w" "/opt/rustwide/workdir" "--user" "0:0" "3f108b8eed4ce96152b709e97522f64c6bc01ba9e46b0fad5a402c96a6c84a3d" "/opt/rustwide/cargo-home/bin/cargo" "+1.99.0-beta.8" "test" "--frozen" "--no-run" "--message-format=json" "--release", kill_on_drop: false }`
[INFO] [stderr]    Compiling scanward v0.14.0 (/opt/rustwide/workdir)
[INFO] [stderr]     Finished `release` profile [optimized] target(s) in 7.74s
[INFO] running `Command { std: "docker" "inspect" "3f108b8eed4ce96152b709e97522f64c6bc01ba9e46b0fad5a402c96a6c84a3d", kill_on_drop: false }`
[INFO] running `Command { std: "docker" "exec" "-e" "SOURCE_DIR=/opt/rustwide/workdir" "-e" "CARGO_HOME=/opt/rustwide/cargo-home" "-e" "RUSTUP_HOME=/opt/rustwide/rustup-home" "-e" "CARGO_TARGET_DIR=/opt/rustwide/target" "-e" "CARGO_INCREMENTAL=0" "-e" "RUST_BACKTRACE=full" "-e" "RUSTFLAGS=--cap-lints=warn" "-e" "RUSTDOCFLAGS=--cap-lints=warn" "-w" "/opt/rustwide/workdir" "--user" "0:0" "3f108b8eed4ce96152b709e97522f64c6bc01ba9e46b0fad5a402c96a6c84a3d" "/opt/rustwide/cargo-home/bin/cargo" "+1.99.0-beta.8" "test" "--frozen" "--release", kill_on_drop: false }`
[INFO] [stderr]     Finished `release` profile [optimized] target(s) in 0.09s
[INFO] [stderr]      Running unittests src/lib.rs (/opt/rustwide/target/release/deps/scanward-df2429862a2f6829)
[INFO] [stdout] 
[INFO] [stdout] running 39 tests
[INFO] [stdout] test licences::tests::check_is_sorted_and_summary_counts ... ok
[INFO] [stdout] test licences::tests::allowed_permissive_and_denied_are_distinguished ... ok
[INFO] [stdout] test inventory::tests::a_single_manifest_file_can_be_scanned ... ok
[INFO] [stdout] test licences::tests::scope_direct_ignores_transitive_by_default ... ok
[INFO] [stdout] test licences::tests::or_expression_takes_the_best_side ... ok
[INFO] [stdout] test licences::tests::unlicensed_ignore_removes_the_record ... ok
[INFO] [stdout] test licences::tests::absent_is_never_free ... ok
[INFO] [stdout] test licences::tests::unrecognised_licence_is_unknown_not_allowed ... ok
[INFO] [stdout] test suppress::tests::applies_ands_all_specified_fields ... ok
[INFO] [stdout] test suppress::tests::expiry_stops_apply_after_date ... ok
[INFO] [stdout] test licences::tests::malformed_policy_fails_closed ... ok
[INFO] [stdout] test suppress::tests::inline_requires_comment_marker_and_boundary ... ok
[INFO] [stdout] test suppress::tests::inline_same_line_and_next_line ... ok
[INFO] [stdout] test suppress::tests::legacy_codegrep_ignore_marker_still_suppresses ... ok
[INFO] [stdout] test inventory::tests::tree_without_manifests_yields_nothing ... ok
[INFO] [stdout] test licences::tests::an_unreadable_licence_is_not_the_same_as_an_absent_one ... ok
[INFO] [stdout] test suppress::tests::suppression_file_parses_and_requires_reason ... ok
[INFO] [stdout] test tests::path_filter_exclude_include ... ok
[INFO] [stdout] test tests::junit_empty_scan_is_valid_placeholder ... ok
[INFO] [stdout] test tests::junit_groups_by_file_and_escapes_xml ... ok
[INFO] [stdout] test tests::severity_ordering ... ok
[INFO] [stdout] test typosquat::tests::go_module_paths_are_handled ... ok
[INFO] [stdout] test typosquat::tests::classic_typos_are_caught ... ok
[INFO] [stdout] test typosquat::tests::homoglyph_and_case_spoofs_are_caught ... ok
[INFO] [stdout] test typosquat::tests::generic_wrapper_suffixes_are_not_treated_as_typosquats ... ok
[INFO] [stdout] test inventory::tests::reports_paths_relative_to_root ... ok
[INFO] [stdout] test tests::sarif_has_rule_metadata ... ok
[INFO] [stdout] test typosquat::tests::scores_are_ordered_by_how_deliberate_the_signal_is ... ok
[INFO] [stdout] test typosquat::tests::check_is_deterministic_and_sorted ... ok
[INFO] [stdout] test tests::glob_segment_rules ... ok
[INFO] [stdout] test typosquat::tests::separator_only_variants_are_caught_but_real_names_are_not ... ok
[INFO] [stdout] test typosquat::tests::suffixed_variants_are_caught ... ok
[INFO] [stdout] test typosquat::tests::short_names_are_held_to_distance_one ... ok
[INFO] [stdout] test inventory::tests::collects_across_ecosystems_and_merges ... ok
[INFO] [stdout] test typosquat::tests::homoglyph_folding_handles_digit_and_digraph_swaps ... ok
[INFO] [stdout] test typosquat::tests::the_real_name_is_never_a_suspect ... ok
[INFO] [stdout] test typosquat::tests::unrelated_names_are_left_alone ... ok
[INFO] [stdout] test typosquat::tests::the_most_deliberate_signal_wins ... ok
[INFO] [stdout] test inventory::tests::scanning_this_repository_lists_its_own_dependencies has been running for over 60 seconds
[INFO] [stdout] test inventory::tests::scanning_this_repository_lists_its_own_dependencies ... ok
[INFO] [stderr]      Running unittests src/main.rs (/opt/rustwide/target/release/deps/scanward-8aa5edfe0ef795f7)
[INFO] [stdout] 
[INFO] [stdout] test result: ok. 39 passed; 0 failed; 0 ignored; 0 measured; 0 filtered out; finished in 189.60s
[INFO] [stdout] 
[INFO] [stdout] 
[INFO] [stdout] running 0 tests
[INFO] [stdout] 
[INFO] [stdout] test result: ok. 0 passed; 0 failed; 0 ignored; 0 measured; 0 filtered out; finished in 0.00s
[INFO] [stdout] 
[INFO] [stderr]      Running tests/cpp_scan.rs (/opt/rustwide/target/release/deps/cpp_scan-94776274dd71226c)
[INFO] [stdout] 
[INFO] [stdout] running 1 test
[INFO] [stdout] test c_family_files_scanned_with_c_rules ... FAILED
[INFO] [stdout] 
[INFO] [stdout] failures:
[INFO] [stdout] 
[INFO] [stdout] ---- c_family_files_scanned_with_c_rules stdout ----
[INFO] [stdout] 
[INFO] [stdout] thread 'c_family_files_scanned_with_c_rules' (1799) panicked at tests/cpp_scan.rs:43:5:
[INFO] [stdout] assertion failed: report.rules_loaded >= 1000
[INFO] [stdout] stack backtrace:
[INFO] [stdout]    0:     0x58c2946e1b11 - <<std[70759c8f55707aa4]::sys::backtrace::BacktraceLock>::print::DisplayBacktrace as core[df12db4294e9bfd3]::fmt::Display>::fmt
[INFO] [stdout]    1:     0x58c2946f963a - core[df12db4294e9bfd3]::fmt::write
[INFO] [stdout]    2:     0x58c2946e67ec - <alloc[2182bb758b4b3781]::vec::Vec<u8> as core[df12db4294e9bfd3]::io::write::Write>::write_fmt
[INFO] [stdout]    3:     0x58c2946bb0c6 - std[70759c8f55707aa4]::panicking::default_hook::{closure#0}
[INFO] [stdout]    4:     0x58c2946d9079 - std[70759c8f55707aa4]::panicking::default_hook
[INFO] [stdout]    5:     0x58c2944be2d0 - test[9d35eded1c95d3be]::test_main_inner::<test[9d35eded1c95d3be]::test_main_static::{closure#0}>::{closure#0}
[INFO] [stdout]    6:     0x58c2946d93a2 - std[70759c8f55707aa4]::panicking::panic_with_hook
[INFO] [stdout]    7:     0x58c2946bb1a4 - std[70759c8f55707aa4]::panicking::panic_handler::{closure#0}
[INFO] [stdout]    8:     0x58c2946b3619 - std[70759c8f55707aa4]::sys::backtrace::__rust_end_short_backtrace::<std[70759c8f55707aa4]::panicking::panic_handler::{closure#0}, !>
[INFO] [stdout]    9:     0x58c2946bbe7d - __rustc[8fa7c3cbc660c2b3]::rust_begin_unwind
[INFO] [stdout]   10:     0x58c2946f9e1c - core[df12db4294e9bfd3]::panicking::panic_fmt
[INFO] [stdout]   11:     0x58c2946f9de2 - core[df12db4294e9bfd3]::panicking::panic
[INFO] [stdout]   12:     0x58c2944b13b0 - <cpp_scan[9dad7f6ab4f42b02]::c_family_files_scanned_with_c_rules::{closure#0} as core[df12db4294e9bfd3]::ops::function::FnOnce<()>>::call_once
[INFO] [stdout]   13:     0x58c2944b15bb - test[9d35eded1c95d3be]::__rust_begin_short_backtrace::<core[df12db4294e9bfd3]::result::Result<(), alloc[2182bb758b4b3781]::string::String>, fn() -> core[df12db4294e9bfd3]::result::Result<(), alloc[2182bb758b4b3781]::string::String>>
[INFO] [stdout]   14:     0x58c2944bec25 - test[9d35eded1c95d3be]::run_test::{closure#0}
[INFO] [stdout]   15:     0x58c2944b84e4 - std[70759c8f55707aa4]::sys::backtrace::__rust_begin_short_backtrace::<test[9d35eded1c95d3be]::run_test::{closure#1}, ()>
[INFO] [stdout]   16:     0x58c2944c1d82 - <std[70759c8f55707aa4]::thread::lifecycle::spawn_unchecked<test[9d35eded1c95d3be]::run_test::{closure#1}, ()>::{closure#1} as core[df12db4294e9bfd3]::ops::function::FnOnce<()>>::call_once::{shim:vtable#0}
[INFO] [stdout]   17:     0x58c2946e0e79 - <std[70759c8f55707aa4]::sys::thread::unix::Thread>::new::thread_start
[INFO] [stdout]   18:     0x7e352c80edfa - <unknown>
[INFO] [stdout]   19:     0x7e352c8a23d4 - clone
[INFO] [stdout]   20:                0x0 - <unknown>
[INFO] [stdout] 
[INFO] [stdout] 
[INFO] [stdout] failures:
[INFO] [stdout]     c_family_files_scanned_with_c_rules
[INFO] [stdout] 
[INFO] [stdout] test result: FAILED. 0 passed; 1 failed; 0 ignored; 0 measured; 0 filtered out; finished in 0.01s
[INFO] [stdout] 
[INFO] [stderr] error: test failed, to rerun pass `--test cpp_scan`
[INFO] running `Command { std: "docker" "inspect" "3f108b8eed4ce96152b709e97522f64c6bc01ba9e46b0fad5a402c96a6c84a3d", kill_on_drop: false }`
[INFO] running `Command { std: "docker" "rm" "-f" "3f108b8eed4ce96152b709e97522f64c6bc01ba9e46b0fad5a402c96a6c84a3d", kill_on_drop: false }`
[INFO] [stdout] 3f108b8eed4ce96152b709e97522f64c6bc01ba9e46b0fad5a402c96a6c84a3d
