[INFO] fetching crate scanning 2.1.0...
[INFO] testing scanning-2.1.0 against 1.100.0-beta.1+cargoflags=--release for beta-release-1.100-2
[INFO] extracting crate scanning 2.1.0 into /workspace/builds/worker-5-tc2/source
[INFO] removed /workspace/builds/worker-5-tc2/source/rust-toolchain.toml
[INFO] started tweaking crates.io crate scanning 2.1.0
[INFO] finished tweaking crates.io crate scanning 2.1.0
[INFO] tweaked toml for crates.io crate scanning 2.1.0 written to /workspace/builds/worker-5-tc2/source/Cargo.toml
[INFO] validating manifest of crates.io crate scanning 2.1.0 on toolchain 1.100.0-beta.1
[INFO] running `Command { std: CARGO_HOME="/workspace/cargo-home" RUSTUP_HOME="/workspace/rustup-home" "/workspace/cargo-home/bin/cargo" "+1.100.0-beta.1" "metadata" "--manifest-path" "Cargo.toml" "--no-deps", kill_on_drop: false }`
[INFO] crate crates.io crate scanning 2.1.0 already has a lockfile, it will not be regenerated
[INFO] running `Command { std: CARGO_HOME="/workspace/cargo-home" RUSTUP_HOME="/workspace/rustup-home" "/workspace/cargo-home/bin/cargo" "+1.100.0-beta.1" "fetch" "--manifest-path" "Cargo.toml", kill_on_drop: false }`
[INFO] [stderr] warning: `package.homepage` is redundant with `package.repository`
[INFO] [stderr]   --> Cargo.toml:32:12
[INFO] [stderr]    |
[INFO] [stderr] 32 | homepage = "https://github.com/ofluffydev/scanning"
[INFO] [stderr]    |            ^^^^^^^^^^^^^^^^^^^^^^^^^^^^^^^^^^^^^^^^
[INFO] [stderr] ...
[INFO] [stderr] 37 | repository = "https://github.com/ofluffydev/scanning"
[INFO] [stderr]    |              ----------------------------------------
[INFO] [stderr]    |
[INFO] [stderr]    = note: `cargo::redundant_homepage` is set to `warn` by default
[INFO] [stderr] help: consider removing `package.homepage`
[INFO] [stderr] warning: `scanning` (manifest) generated 1 warning
[INFO] running `Command { std: "docker" "create" "-v" "/var/lib/crater-agent-workspace/builds/worker-5-tc2/source:/opt/rustwide/workdir:ro,Z" "-v" "/var/lib/crater-agent-workspace/builds/worker-5-tc2/target:/opt/rustwide/target:rw,Z" "-v" "/var/lib/crater-agent-workspace/cargo-home:/opt/rustwide/cargo-home:ro,Z" "-v" "/var/lib/crater-agent-workspace/rustup-home:/opt/rustwide/rustup-home:ro,Z" "-m" "1610612736" "--network" "none" "ghcr.io/rust-lang/crates-build-env/linux@sha256:77db811e55d90add9212f6832c23229e3de5f1c1f9905e8cb07319ea15df73ac" "sleep" "infinity", kill_on_drop: false }`
[INFO] [stdout] d9d2c69a3217d556d7d0a0a770c2c539a9ed13523bb28672ff630806bbae1820
[INFO] running `Command { std: "docker" "start" "d9d2c69a3217d556d7d0a0a770c2c539a9ed13523bb28672ff630806bbae1820", kill_on_drop: false }`
[INFO] running `Command { std: "docker" "inspect" "d9d2c69a3217d556d7d0a0a770c2c539a9ed13523bb28672ff630806bbae1820", kill_on_drop: false }`
[INFO] running `Command { std: "docker" "exec" "-e" "SOURCE_DIR=/opt/rustwide/workdir" "-e" "CARGO_HOME=/opt/rustwide/cargo-home" "-e" "RUSTUP_HOME=/opt/rustwide/rustup-home" "-e" "CARGO_TARGET_DIR=/opt/rustwide/target" "-w" "/opt/rustwide/workdir" "--user" "0:0" "d9d2c69a3217d556d7d0a0a770c2c539a9ed13523bb28672ff630806bbae1820" "/opt/rustwide/cargo-home/bin/cargo" "+1.100.0-beta.1" "metadata" "--no-deps" "--format-version=1", kill_on_drop: false }`
[INFO] running `Command { std: "docker" "inspect" "d9d2c69a3217d556d7d0a0a770c2c539a9ed13523bb28672ff630806bbae1820", kill_on_drop: false }`
[INFO] running `Command { std: "docker" "exec" "-e" "SOURCE_DIR=/opt/rustwide/workdir" "-e" "CARGO_HOME=/opt/rustwide/cargo-home" "-e" "RUSTUP_HOME=/opt/rustwide/rustup-home" "-e" "CARGO_TARGET_DIR=/opt/rustwide/target" "-e" "CARGO_INCREMENTAL=0" "-e" "RUST_BACKTRACE=full" "-e" "RUSTFLAGS=--cap-lints=warn" "-e" "RUSTDOCFLAGS=--cap-lints=warn" "-w" "/opt/rustwide/workdir" "--user" "0:0" "d9d2c69a3217d556d7d0a0a770c2c539a9ed13523bb28672ff630806bbae1820" "/opt/rustwide/cargo-home/bin/cargo" "+1.100.0-beta.1" "build" "--frozen" "--message-format=json" "--release", kill_on_drop: false }`
[INFO] [stderr] warning: `package.homepage` is redundant with `package.repository`
[INFO] [stderr]   --> Cargo.toml:32:12
[INFO] [stderr]    |
[INFO] [stderr] 32 | homepage = "https://github.com/ofluffydev/scanning"
[INFO] [stderr]    |            ^^^^^^^^^^^^^^^^^^^^^^^^^^^^^^^^^^^^^^^^
[INFO] [stderr] ...
[INFO] [stderr] 37 | repository = "https://github.com/ofluffydev/scanning"
[INFO] [stderr]    |              ----------------------------------------
[INFO] [stderr]    |
[INFO] [stderr]    = note: `cargo::redundant_homepage` is set to `warn` by default
[INFO] [stderr] help: consider removing `package.homepage`
[INFO] [stderr] warning: `scanning` (manifest) generated 1 warning
[INFO] [stderr]    Compiling scanning v2.1.0 (/opt/rustwide/workdir)
[INFO] [stderr]     Finished `release` profile [optimized] target(s) in 1.26s
[INFO] running `Command { std: "docker" "inspect" "d9d2c69a3217d556d7d0a0a770c2c539a9ed13523bb28672ff630806bbae1820", kill_on_drop: false }`
[INFO] running `Command { std: "docker" "exec" "-e" "SOURCE_DIR=/opt/rustwide/workdir" "-e" "CARGO_HOME=/opt/rustwide/cargo-home" "-e" "RUSTUP_HOME=/opt/rustwide/rustup-home" "-e" "CARGO_TARGET_DIR=/opt/rustwide/target" "-e" "CARGO_INCREMENTAL=0" "-e" "RUST_BACKTRACE=full" "-e" "RUSTFLAGS=--cap-lints=warn" "-e" "RUSTDOCFLAGS=--cap-lints=warn" "-w" "/opt/rustwide/workdir" "--user" "0:0" "d9d2c69a3217d556d7d0a0a770c2c539a9ed13523bb28672ff630806bbae1820" "/opt/rustwide/cargo-home/bin/cargo" "+1.100.0-beta.1" "test" "--frozen" "--no-run" "--message-format=json" "--release", kill_on_drop: false }`
[INFO] [stderr] warning: `package.homepage` is redundant with `package.repository`
[INFO] [stderr]   --> Cargo.toml:32:12
[INFO] [stderr]    |
[INFO] [stderr] 32 | homepage = "https://github.com/ofluffydev/scanning"
[INFO] [stderr]    |            ^^^^^^^^^^^^^^^^^^^^^^^^^^^^^^^^^^^^^^^^
[INFO] [stderr] ...
[INFO] [stderr] 37 | repository = "https://github.com/ofluffydev/scanning"
[INFO] [stderr]    |              ----------------------------------------
[INFO] [stderr]    |
[INFO] [stderr]    = note: `cargo::redundant_homepage` is set to `warn` by default
[INFO] [stderr] help: consider removing `package.homepage`
[INFO] [stderr] warning: `scanning` (manifest) generated 1 warning
[INFO] [stderr]    Compiling scanning v2.1.0 (/opt/rustwide/workdir)
[INFO] [stderr]     Finished `release` profile [optimized] target(s) in 2.87s
[INFO] running `Command { std: "docker" "inspect" "d9d2c69a3217d556d7d0a0a770c2c539a9ed13523bb28672ff630806bbae1820", kill_on_drop: false }`
[INFO] running `Command { std: "docker" "exec" "-e" "SOURCE_DIR=/opt/rustwide/workdir" "-e" "CARGO_HOME=/opt/rustwide/cargo-home" "-e" "RUSTUP_HOME=/opt/rustwide/rustup-home" "-e" "CARGO_TARGET_DIR=/opt/rustwide/target" "-e" "CARGO_INCREMENTAL=0" "-e" "RUST_BACKTRACE=full" "-e" "RUSTFLAGS=--cap-lints=warn" "-e" "RUSTDOCFLAGS=--cap-lints=warn" "-w" "/opt/rustwide/workdir" "--user" "0:0" "d9d2c69a3217d556d7d0a0a770c2c539a9ed13523bb28672ff630806bbae1820" "/opt/rustwide/cargo-home/bin/cargo" "+1.100.0-beta.1" "test" "--frozen" "--release", kill_on_drop: false }`
[INFO] [stderr] warning: `package.homepage` is redundant with `package.repository`
[INFO] [stderr]   --> Cargo.toml:32:12
[INFO] [stderr]    |
[INFO] [stderr] 32 | homepage = "https://github.com/ofluffydev/scanning"
[INFO] [stderr]    |            ^^^^^^^^^^^^^^^^^^^^^^^^^^^^^^^^^^^^^^^^
[INFO] [stderr] ...
[INFO] [stderr] 37 | repository = "https://github.com/ofluffydev/scanning"
[INFO] [stderr]    |              ----------------------------------------
[INFO] [stderr]    |
[INFO] [stderr]    = note: `cargo::redundant_homepage` is set to `warn` by default
[INFO] [stderr] help: consider removing `package.homepage`
[INFO] [stderr] warning: `scanning` (manifest) generated 1 warning
[INFO] [stderr]     Finished `release` profile [optimized] target(s) in 0.05s
[INFO] [stderr]      Running unittests src/lib.rs (/opt/rustwide/target/release/build/scanning/f57803d45ad86641/out/scanning-f57803d45ad86641)
[INFO] [stdout] 
[INFO] [stdout] running 96 tests
[INFO] [stdout] test generators::ascii::tests::code_93_as_ascii_small_height_double_weight ... ok
[INFO] [stdout] test generators::ascii::tests::ean2_as_ascii ... ok
[INFO] [stdout] test generators::ascii::tests::ean5_as_ascii ... ok
[INFO] [stdout] test generators::ascii::tests::ean_13_as_ascii ... ok
[INFO] [stdout] test generators::ascii::tests::ean_13_as_ascii_small_height_double_width ... ok
[INFO] [stdout] test generators::ascii::tests::ean_8_as_ascii ... ok
[INFO] [stdout] test generators::ascii::tests::ean_8_as_ascii_small_height_double_width ... ok
[INFO] [stdout] test generators::ascii::tests::itf_as_ascii ... ok
[INFO] [stdout] test generators::json::tests::codabar_as_json ... ok
[INFO] [stdout] test generators::ascii::tests::codabar_as_ascii ... ok
[INFO] [stdout] test generators::json::tests::code11_as_json ... ok
[INFO] [stdout] test generators::json::tests::code_128_as_json ... ok
[INFO] [stdout] test generators::json::tests::code_128_as_json_small_height_double_weight ... ok
[INFO] [stdout] test generators::json::tests::code_39_as_json ... ok
[INFO] [stdout] test generators::json::tests::code_39_as_json_small_height_double_weight ... ok
[INFO] [stdout] test generators::json::tests::code_93_as_json ... ok
[INFO] [stdout] test generators::json::tests::code_93_as_json_small_height_double_weight ... ok
[INFO] [stdout] test generators::json::tests::ean2_as_json ... ok
[INFO] [stdout] test generators::json::tests::ean5_as_json ... ok
[INFO] [stdout] test generators::json::tests::ean_13_as_json ... ok
[INFO] [stdout] test generators::json::tests::ean_13_as_json_small_height_double_width ... ok
[INFO] [stdout] test generators::json::tests::ean_8_as_json ... ok
[INFO] [stdout] test generators::json::tests::ean_8_as_json_small_height_double_width ... ok
[INFO] [stdout] test generators::json::tests::itf_as_json ... ok
[INFO] [stdout] test generators::ascii::tests::code_128_as_ascii_small_height_double_weight ... ok
[INFO] [stdout] test generators::json::tests::codabar_as_json_small_height_double_weight ... ok
[INFO] [stdout] test generators::ascii::tests::code_39_as_ascii_small_height_double_weight ... ok
[INFO] [stdout] test generators::ascii::tests::code_39_as_ascii ... ok
[INFO] [stdout] test generators::ascii::tests::code_93_as_ascii ... ok
[INFO] [stdout] test generators::ascii::tests::code_11_as_ascii ... ok
[INFO] [stdout] test generators::ascii::tests::code_128_as_ascii ... ok
[INFO] [stdout] test generators::svg::tests::code11_as_svg ... FAILED
[INFO] [stdout] test generators::svg::tests::code128_as_svg ... FAILED
[INFO] [stdout] test generators::svg::tests::codabar_as_svg ... FAILED
[INFO] [stdout] test generators::svg::tests::code93_as_svg ... FAILED
[INFO] [stdout] test generators::ascii::tests::codabar_as_ascii_small_height_double_weight ... ok
[INFO] [stdout] test generators::svg::tests::code39_as_svg ... FAILED
[INFO] [stdout] test sym::codabar::tests::invalid_length_codabar ... ok
[INFO] [stdout] test sym::code128::tests::code128_encode ... ok
[INFO] [stdout] test sym::code11::tests::code11_encode_less_than_10_chars ... ok
[INFO] [stdout] test sym::code11::tests::invalid_data_code11 ... ok
[INFO] [stdout] test sym::code11::tests::invalid_length_code11 ... ok
[INFO] [stdout] test sym::code128::tests::code128_encode_longhand ... ok
[INFO] [stdout] test generators::svg::tests::colored_semi_transparent_ean_13_as_svg ... FAILED
[INFO] [stdout] test generators::svg::tests::ean_13_as_svg ... FAILED
[INFO] [stdout] test generators::svg::tests::ean_2_as_svg ... FAILED
[INFO] [stdout] test sym::code128::tests::code128_encode_special_chars ... ok
[INFO] [stdout] test sym::code128::tests::invalid_data_code128 ... ok
[INFO] [stdout] test sym::code39::tests::code39_encode_with_checksum ... ok
[INFO] [stdout] test sym::code39::tests::invalid_data_code39 ... ok
[INFO] [stdout] test sym::code39::tests::new_code39 ... ok
[INFO] [stdout] test sym::code128::tests::invalid_length_code128 ... ok
[INFO] [stdout] test generators::svg::tests::ean_8_as_svg ... FAILED
[INFO] [stdout] test generators::svg::tests::colored_ean_13_as_svg ... FAILED
[INFO] [stdout] test sym::codabar::tests::codabar_encode ... ok
[INFO] [stdout] test generators::svg::tests::itf_as_svg ... FAILED
[INFO] [stdout] test sym::code11::tests::code11_encode_more_than_10_chars ... ok
[INFO] [stdout] test sym::codabar::tests::invalid_data_codabar ... ok
[INFO] [stdout] test sym::code93::tests::code93_encode ... ok
[INFO] [stdout] test sym::code128::tests::code128_encode_fnc_chars ... ok
[INFO] [stdout] test sym::code93::tests::invalid_data_code93 ... ok
[INFO] [stdout] test sym::ean13::tests::ean13_encode ... ok
[INFO] [stdout] test sym::ean13::tests::ean13_encode_as_bookland ... ok
[INFO] [stdout] test sym::ean13::tests::invalid_data_ean13 ... ok
[INFO] [stdout] test sym::code93::tests::invalid_length_code93 ... ok
[INFO] [stdout] test sym::ean13::tests::invalid_len_ean13 ... ok
[INFO] [stdout] test sym::ean13::tests::new_bookland ... ok
[INFO] [stdout] test sym::ean13::tests::new_ean13 ... ok
[INFO] [stdout] test sym::ean8::tests::ean8_encode ... ok
[INFO] [stdout] test sym::ean8::tests::invalid_checksum_ean8 ... ok
[INFO] [stdout] test sym::ean8::tests::new_ean8 ... ok
[INFO] [stdout] test sym::ean_supp::tests::ean2_encode ... ok
[INFO] [stdout] test sym::ean_supp::tests::ean5_encode ... ok
[INFO] [stdout] test sym::ean_supp::tests::invalid_data_ean2 ... ok
[INFO] [stdout] test sym::ean_supp::tests::invalid_len_ean2 ... ok
[INFO] [stdout] test sym::ean_supp::tests::new_ean2 ... ok
[INFO] [stdout] test sym::ean_supp::tests::new_ean5 ... ok
[INFO] [stdout] test sym::tf::tests::invalid_data_itf ... ok
[INFO] [stdout] test sym::tf::tests::invalid_data_stf ... ok
[INFO] [stdout] test sym::tf::tests::itf_raw_data ... ok
[INFO] [stdout] test sym::tf::tests::new_itf ... ok
[INFO] [stdout] test sym::tf::tests::new_stf ... ok
[INFO] [stdout] test sym::tf::tests::stf_encode ... ok
[INFO] [stdout] test sym::upca::tests::invalid_checksum_upca ... ok
[INFO] [stdout] test sym::ean8::tests::invalid_data_ean8 ... ok
[INFO] [stdout] test sym::upca::tests::invalid_data_upca ... ok
[INFO] [stdout] test sym::ean8::tests::invalid_len_ean8 ... ok
[INFO] [stdout] test sym::tf::tests::itf_encode ... ok
[INFO] [stdout] test sym::upca::tests::invalid_len_upca ... ok
[INFO] [stdout] test sym::ean13::tests::invalid_checksum_ean13 ... ok
[INFO] [stdout] test sym::code128::tests::new_code128 ... ok
[INFO] [stdout] test sym::code39::tests::code39_encode ... ok
[INFO] [stdout] test sym::code39::tests::invalid_len_code39 ... ok
[INFO] [stdout] test sym::upca::tests::upce_encode ... ok
[INFO] [stdout] test sym::upca::tests::valid_checksum_upca ... ok
[INFO] [stdout] test sym::upca::tests::new_upca ... ok
[INFO] [stderr] error: test failed, to rerun pass `--lib`
[INFO] [stdout] 
[INFO] [stdout] failures:
[INFO] [stdout] 
[INFO] [stdout] ---- generators::svg::tests::code11_as_svg stdout ----
[INFO] [stdout] 
[INFO] [stdout] thread 'generators::svg::tests::code11_as_svg' (205) panicked at src/generators/svg.rs:257:14:
[INFO] [stdout] Failed to create file: Os { code: 2, kind: NotFound, message: "No such file or directory" }
[INFO] [stdout] stack backtrace:
[INFO] [stdout]    0:     0x62db22d1ac81 - <<std[617be2ca0a6fd877]::sys::backtrace::BacktraceLock>::print::DisplayBacktrace as core[a373ad73a504971]::fmt::Display>::fmt
[INFO] [stdout]    1:     0x62db22d2ec7a - core[a373ad73a504971]::fmt::write
[INFO] [stdout]    2:     0x62db22d1ee9c - <alloc[2e1b2a31b91974c5]::vec::Vec<u8> as core[a373ad73a504971]::io::write::Write>::write_fmt
[INFO] [stdout]    3:     0x62db22cf70e6 - std[617be2ca0a6fd877]::panicking::default_hook::{closure#0}
[INFO] [stdout]    4:     0x62db22d13319 - std[617be2ca0a6fd877]::panicking::default_hook
[INFO] [stdout]    5:     0x62db22caf9c0 - test[aada8e7e76ba119b]::test_main_inner::{closure#0}
[INFO] [stdout]    6:     0x62db22d134d2 - std[617be2ca0a6fd877]::panicking::panic_with_hook
[INFO] [stdout]    7:     0x62db22cf7192 - std[617be2ca0a6fd877]::panicking::panic_handler::{closure#0}
[INFO] [stdout]    8:     0x62db22cefea9 - std[617be2ca0a6fd877]::sys::backtrace::__rust_end_short_backtrace::<std[617be2ca0a6fd877]::panicking::panic_handler::{closure#0}, !>
[INFO] [stdout]    9:     0x62db22cf7d9d - __rustc[ea4f61d10b84890b]::rust_begin_unwind
[INFO] [stdout]   10:     0x62db22d2f3ac - core[a373ad73a504971]::panicking::panic_fmt
[INFO] [stdout]   11:     0x62db22d2f182 - core[a373ad73a504971]::result::unwrap_failed
[INFO] [stdout]   12:     0x62db22c9c82e - scanning[4e49bcf91fc0c8e8]::generators::svg::tests::write_file
[INFO] [stdout]   13:     0x62db22c9d181 - <scanning[4e49bcf91fc0c8e8]::generators::svg::tests::code11_as_svg::{closure#0} as core[a373ad73a504971]::ops::function::FnOnce<()>>::call_once
[INFO] [stdout]   14:     0x62db22ca2e0b - test[aada8e7e76ba119b]::__rust_begin_short_backtrace::<core[a373ad73a504971]::result::Result<(), alloc[2e1b2a31b91974c5]::string::String>, fn() -> core[a373ad73a504971]::result::Result<(), alloc[2e1b2a31b91974c5]::string::String>>
[INFO] [stdout]   15:     0x62db22caffe5 - test[aada8e7e76ba119b]::run_test::{closure#0}
[INFO] [stdout]   16:     0x62db22ca98d4 - std[617be2ca0a6fd877]::sys::backtrace::__rust_begin_short_backtrace::<test[aada8e7e76ba119b]::run_test::{closure#1}, ()>
[INFO] [stdout]   17:     0x62db22cb3072 - <std[617be2ca0a6fd877]::thread::lifecycle::spawn_unchecked<test[aada8e7e76ba119b]::run_test::{closure#1}, ()>::{closure#1} as core[a373ad73a504971]::ops::function::FnOnce<()>>::call_once::{shim:vtable#0}
[INFO] [stdout]   18:     0x62db22d1a4df - <std[617be2ca0a6fd877]::sys::thread::unix::Thread>::new::thread_start
[INFO] [stdout]   19:     0x7be305b5ddfa - <unknown>
[INFO] [stdout]   20:     0x7be305bf13d4 - clone
[INFO] [stdout]   21:                0x0 - <unknown>
[INFO] [stdout] 
[INFO] [stdout] ---- generators::svg::tests::code128_as_svg stdout ----
[INFO] [stdout] 
[INFO] [stdout] thread 'generators::svg::tests::code128_as_svg' (206) panicked at src/generators/svg.rs:257:14:
[INFO] [stdout] Failed to create file: Os { code: 2, kind: NotFound, message: "No such file or directory" }
[INFO] [stdout] stack backtrace:
[INFO] [stdout]    0:     0x62db22d1ac81 - <<std[617be2ca0a6fd877]::sys::backtrace::BacktraceLock>::print::DisplayBacktrace as core[a373ad73a504971]::fmt::Display>::fmt
[INFO] [stdout]    1:     0x62db22d2ec7a - core[a373ad73a504971]::fmt::write
[INFO] [stdout]    2:     0x62db22d1ee9c - <alloc[2e1b2a31b91974c5]::vec::Vec<u8> as core[a373ad73a504971]::io::write::Write>::write_fmt
[INFO] [stdout]    3:     0x62db22cf70e6 - std[617be2ca0a6fd877]::panicking::default_hook::{closure#0}
[INFO] [stdout]    4:     0x62db22d13319 - std[617be2ca0a6fd877]::panicking::default_hook
[INFO] [stdout]    5:     0x62db22caf9c0 - test[aada8e7e76ba119b]::test_main_inner::{closure#0}
[INFO] [stdout]    6:     0x62db22d134d2 - std[617be2ca0a6fd877]::panicking::panic_with_hook
[INFO] [stdout]    7:     0x62db22cf7192 - std[617be2ca0a6fd877]::panicking::panic_handler::{closure#0}
[INFO] [stdout]    8:     0x62db22cefea9 - std[617be2ca0a6fd877]::sys::backtrace::__rust_end_short_backtrace::<std[617be2ca0a6fd877]::panicking::panic_handler::{closure#0}, !>
[INFO] [stdout]    9:     0x62db22cf7d9d - __rustc[ea4f61d10b84890b]::rust_begin_unwind
[INFO] [stdout]   10:     0x62db22d2f3ac - core[a373ad73a504971]::panicking::panic_fmt
[INFO] [stdout]   11:     0x62db22d2f182 - core[a373ad73a504971]::result::unwrap_failed
[INFO] [stdout]   12:     0x62db22c9c82e - scanning[4e49bcf91fc0c8e8]::generators::svg::tests::write_file
[INFO] [stdout]   13:     0x62db22c9dd96 - <scanning[4e49bcf91fc0c8e8]::generators::svg::tests::code128_as_svg::{closure#0} as core[a373ad73a504971]::ops::function::FnOnce<()>>::call_once
[INFO] [stdout]   14:     0x62db22ca2e0b - test[aada8e7e76ba119b]::__rust_begin_short_backtrace::<core[a373ad73a504971]::result::Result<(), alloc[2e1b2a31b91974c5]::string::String>, fn() -> core[a373ad73a504971]::result::Result<(), alloc[2e1b2a31b91974c5]::string::String>>
[INFO] [stdout]   15:     0x62db22caffe5 - test[aada8e7e76ba119b]::run_test::{closure#0}
[INFO] [stdout]   16:     0x62db22ca98d4 - std[617be2ca0a6fd877]::sys::backtrace::__rust_begin_short_backtrace::<test[aada8e7e76ba119b]::run_test::{closure#1}, ()>
[INFO] [stdout]   17:     0x62db22cb3072 - <std[617be2ca0a6fd877]::thread::lifecycle::spawn_unchecked<test[aada8e7e76ba119b]::run_test::{closure#1}, ()>::{closure#1} as core[a373ad73a504971]::ops::function::FnOnce<()>>::call_once::{shim:vtable#0}
[INFO] [stdout]   18:     0x62db22d1a4df - <std[617be2ca0a6fd877]::sys::thread::unix::Thread>::new::thread_start
[INFO] [stdout]   19:     0x7be305b5ddfa - <unknown>
[INFO] [stdout]   20:     0x7be305bf13d4 - clone
[INFO] [stdout]   21:                0x0 - <unknown>
[INFO] [stdout] 
[INFO] [stdout] ---- generators::svg::tests::codabar_as_svg stdout ----
[INFO] [stdout] 
[INFO] [stdout] thread 'generators::svg::tests::codabar_as_svg' (204) panicked at src/generators/svg.rs:257:14:
[INFO] [stdout] Failed to create file: Os { code: 2, kind: NotFound, message: "No such file or directory" }
[INFO] [stdout] stack backtrace:
[INFO] [stdout]    0:     0x62db22d1ac81 - <<std[617be2ca0a6fd877]::sys::backtrace::BacktraceLock>::print::DisplayBacktrace as core[a373ad73a504971]::fmt::Display>::fmt
[INFO] [stdout]    1:     0x62db22d2ec7a - core[a373ad73a504971]::fmt::write
[INFO] [stdout]    2:     0x62db22d1ee9c - <alloc[2e1b2a31b91974c5]::vec::Vec<u8> as core[a373ad73a504971]::io::write::Write>::write_fmt
[INFO] [stdout]    3:     0x62db22cf70e6 - std[617be2ca0a6fd877]::panicking::default_hook::{closure#0}
[INFO] [stdout]    4:     0x62db22d13319 - std[617be2ca0a6fd877]::panicking::default_hook
[INFO] [stdout]    5:     0x62db22caf9c0 - test[aada8e7e76ba119b]::test_main_inner::{closure#0}
[INFO] [stdout]    6:     0x62db22d134d2 - std[617be2ca0a6fd877]::panicking::panic_with_hook
[INFO] [stdout]    7:     0x62db22cf7192 - std[617be2ca0a6fd877]::panicking::panic_handler::{closure#0}
[INFO] [stdout]    8:     0x62db22cefea9 - std[617be2ca0a6fd877]::sys::backtrace::__rust_end_short_backtrace::<std[617be2ca0a6fd877]::panicking::panic_handler::{closure#0}, !>
[INFO] [stdout]    9:     0x62db22cf7d9d - __rustc[ea4f61d10b84890b]::rust_begin_unwind
[INFO] [stdout]   10:     0x62db22d2f3ac - core[a373ad73a504971]::panicking::panic_fmt
[INFO] [stdout]   11:     0x62db22d2f182 - core[a373ad73a504971]::result::unwrap_failed
[INFO] [stdout]   12:     0x62db22c9c82e - scanning[4e49bcf91fc0c8e8]::generators::svg::tests::write_file
[INFO] [stdout]   13:     0x62db22c9db14 - <scanning[4e49bcf91fc0c8e8]::generators::svg::tests::codabar_as_svg::{closure#0} as core[a373ad73a504971]::ops::function::FnOnce<()>>::call_once
[INFO] [stdout]   14:     0x62db22ca2e0b - test[aada8e7e76ba119b]::__rust_begin_short_backtrace::<core[a373ad73a504971]::result::Result<(), alloc[2e1b2a31b91974c5]::string::String>, fn() -> core[a373ad73a504971]::result::Result<(), alloc[2e1b2a31b91974c5]::string::String>>
[INFO] [stdout]   15:     0x62db22caffe5 - test[aada8e7e76ba119b]::run_test::{closure#0}
[INFO] [stdout]   16:     0x62db22ca98d4 - std[617be2ca0a6fd877]::sys::backtrace::__rust_begin_short_backtrace::<test[aada8e7e76ba119b]::run_test::{closure#1}, ()>
[INFO] [stdout]   17:     0x62db22cb3072 - <std[617be2ca0a6fd877]::thread::lifecycle::spawn_unchecked<test[aada8e7e76ba119b]::run_test::{closure#1}, ()>::{closure#1} as core[a373ad73a504971]::ops::function::FnOnce<()>>::call_once::{shim:vtable#0}
[INFO] [stdout]   18:     0x62db22d1a4df - <std[617be2ca0a6fd877]::sys::thread::unix::Thread>::new::thread_start
[INFO] [stdout]   19:     0x7be305b5ddfa - <unknown>
[INFO] [stdout]   20:     0x7be305bf13d4 - clone
[INFO] [stdout]   21:                0x0 - <unknown>
[INFO] [stdout] 
[INFO] [stdout] ---- generators::svg::tests::code93_as_svg stdout ----
[INFO] [stdout] 
[INFO] [stdout] thread 'generators::svg::tests::code93_as_svg' (208) panicked at src/generators/svg.rs:257:14:
[INFO] [stdout] Failed to create file: Os { code: 2, kind: NotFound, message: "No such file or directory" }
[INFO] [stdout] stack backtrace:
[INFO] [stdout]    0:     0x62db22d1ac81 - <<std[617be2ca0a6fd877]::sys::backtrace::BacktraceLock>::print::DisplayBacktrace as core[a373ad73a504971]::fmt::Display>::fmt
[INFO] [stdout]    1:     0x62db22d2ec7a - core[a373ad73a504971]::fmt::write
[INFO] [stdout]    2:     0x62db22d1ee9c - <alloc[2e1b2a31b91974c5]::vec::Vec<u8> as core[a373ad73a504971]::io::write::Write>::write_fmt
[INFO] [stdout]    3:     0x62db22cf70e6 - std[617be2ca0a6fd877]::panicking::default_hook::{closure#0}
[INFO] [stdout]    4:     0x62db22d13319 - std[617be2ca0a6fd877]::panicking::default_hook
[INFO] [stdout]    5:     0x62db22caf9c0 - test[aada8e7e76ba119b]::test_main_inner::{closure#0}
[INFO] [stdout]    6:     0x62db22d134d2 - std[617be2ca0a6fd877]::panicking::panic_with_hook
[INFO] [stdout]    7:     0x62db22cf7192 - std[617be2ca0a6fd877]::panicking::panic_handler::{closure#0}
[INFO] [stdout]    8:     0x62db22cefea9 - std[617be2ca0a6fd877]::sys::backtrace::__rust_end_short_backtrace::<std[617be2ca0a6fd877]::panicking::panic_handler::{closure#0}, !>
[INFO] [stdout]    9:     0x62db22cf7d9d - __rustc[ea4f61d10b84890b]::rust_begin_unwind
[INFO] [stdout]   10:     0x62db22d2f3ac - core[a373ad73a504971]::panicking::panic_fmt
[INFO] [stdout]   11:     0x62db22d2f182 - core[a373ad73a504971]::result::unwrap_failed
[INFO] [stdout]   12:     0x62db22c9c82e - scanning[4e49bcf91fc0c8e8]::generators::svg::tests::write_file
[INFO] [stdout]   13:     0x62db22c9d674 - <scanning[4e49bcf91fc0c8e8]::generators::svg::tests::code93_as_svg::{closure#0} as core[a373ad73a504971]::ops::function::FnOnce<()>>::call_once
[INFO] [stdout]   14:     0x62db22ca2e0b - test[aada8e7e76ba119b]::__rust_begin_short_backtrace::<core[a373ad73a504971]::result::Result<(), alloc[2e1b2a31b91974c5]::string::String>, fn() -> core[a373ad73a504971]::result::Result<(), alloc[2e1b2a31b91974c5]::string::String>>
[INFO] [stdout]   15:     0x62db22caffe5 - test[aada8e7e76ba119b]::run_test::{closure#0}
[INFO] [stdout]   16:     0x62db22ca98d4 - std[617be2ca0a6fd877]::sys::backtrace::__rust_begin_short_backtrace::<test[aada8e7e76ba119b]::run_test::{closure#1}, ()>
[INFO] [stdout]   17:     0x62db22cb3072 - <std[617be2ca0a6fd877]::thread::lifecycle::spawn_unchecked<test[aada8e7e76ba119b]::run_test::{closure#1}, ()>::{closure#1} as core[a373ad73a504971]::ops::function::FnOnce<()>>::call_once::{shim:vtable#0}
[INFO] [stdout]   18:     0x62db22d1a4df - <std[617be2ca0a6fd877]::sys::thread::unix::Thread>::new::thread_start
[INFO] [stdout]   19:     0x7be305b5ddfa - <unknown>
[INFO] [stdout]   20:     0x7be305bf13d4 - clone
[INFO] [stdout]   21:                0x0 - <unknown>
[INFO] [stdout] 
[INFO] [stdout] ---- generators::svg::tests::code39_as_svg stdout ----
[INFO] [stdout] 
[INFO] [stdout] thread 'generators::svg::tests::code39_as_svg' (207) panicked at src/generators/svg.rs:257:14:
[INFO] [stdout] Failed to create file: Os { code: 2, kind: NotFound, message: "No such file or directory" }
[INFO] [stdout] stack backtrace:
[INFO] [stdout]    0:     0x62db22d1ac81 - <<std[617be2ca0a6fd877]::sys::backtrace::BacktraceLock>::print::DisplayBacktrace as core[a373ad73a504971]::fmt::Display>::fmt
[INFO] [stdout]    1:     0x62db22d2ec7a - core[a373ad73a504971]::fmt::write
[INFO] [stdout]    2:     0x62db22d1ee9c - <alloc[2e1b2a31b91974c5]::vec::Vec<u8> as core[a373ad73a504971]::io::write::Write>::write_fmt
[INFO] [stdout]    3:     0x62db22cf70e6 - std[617be2ca0a6fd877]::panicking::default_hook::{closure#0}
[INFO] [stdout]    4:     0x62db22d13319 - std[617be2ca0a6fd877]::panicking::default_hook
[INFO] [stdout]    5:     0x62db22caf9c0 - test[aada8e7e76ba119b]::test_main_inner::{closure#0}
[INFO] [stdout]    6:     0x62db22d134d2 - std[617be2ca0a6fd877]::panicking::panic_with_hook
[INFO] [stdout]    7:     0x62db22cf7192 - std[617be2ca0a6fd877]::panicking::panic_handler::{closure#0}
[INFO] [stdout]    8:     0x62db22cefea9 - std[617be2ca0a6fd877]::sys::backtrace::__rust_end_short_backtrace::<std[617be2ca0a6fd877]::panicking::panic_handler::{closure#0}, !>
[INFO] [stdout]    9:     0x62db22cf7d9d - __rustc[ea4f61d10b84890b]::rust_begin_unwind
[INFO] [stdout]   10:     0x62db22d2f3ac - core[a373ad73a504971]::panicking::panic_fmt
[INFO] [stdout]   11:     0x62db22d2f182 - core[a373ad73a504971]::result::unwrap_failed
[INFO] [stdout]   12:     0x62db22c9c82e - scanning[4e49bcf91fc0c8e8]::generators::svg::tests::write_file
[INFO] [stdout]   13:     0x62db22c9d3dc - <scanning[4e49bcf91fc0c8e8]::generators::svg::tests::code39_as_svg::{closure#0} as core[a373ad73a504971]::ops::function::FnOnce<()>>::call_once
[INFO] [stdout]   14:     0x62db22ca2e0b - test[aada8e7e76ba119b]::__rust_begin_short_backtrace::<core[a373ad73a504971]::result::Result<(), alloc[2e1b2a31b91974c5]::string::String>, fn() -> core[a373ad73a504971]::result::Result<(), alloc[2e1b2a31b91974c5]::string::String>>
[INFO] [stdout]   15:     0x62db22caffe5 - test[aada8e7e76ba119b]::run_test::{closure#0}
[INFO] [stdout]   16:     0x62db22ca98d4 - std[617be2ca0a6fd877]::sys::backtrace::__rust_begin_short_backtrace::<test[aada8e7e76ba119b]::run_test::{closure#1}, ()>
[INFO] [stdout]   17:     0x62db22cb3072 - <std[617be2ca0a6fd877]::thread::lifecycle::spawn_unchecked<test[aada8e7e76ba119b]::run_test::{closure#1}, ()>::{closure#1} as core[a373ad73a504971]::ops::function::FnOnce<()>>::call_once::{shim:vtable#0}
[INFO] [stdout]   18:     0x62db22d1a4df - <std[617be2ca0a6fd877]::sys::thread::unix::Thread>::new::thread_start
[INFO] [stdout]   19:     0x7be305b5ddfa - <unknown>
[INFO] [stdout]   20:     0x7be305bf13d4 - clone
[INFO] [stdout]   21:                0x0 - <unknown>
[INFO] [stdout] 
[INFO] [stdout] ---- generators::svg::tests::colored_semi_transparent_ean_13_as_svg stdout ----
[INFO] [stdout] 
[INFO] [stdout] thread 'generators::svg::tests::colored_semi_transparent_ean_13_as_svg' (210) panicked at src/generators/svg.rs:257:14:
[INFO] [stdout] Failed to create file: Os { code: 2, kind: NotFound, message: "No such file or directory" }
[INFO] [stdout] stack backtrace:
[INFO] [stdout]    0:     0x62db22d1ac81 - <<std[617be2ca0a6fd877]::sys::backtrace::BacktraceLock>::print::DisplayBacktrace as core[a373ad73a504971]::fmt::Display>::fmt
[INFO] [stdout]    1:     0x62db22d2ec7a - core[a373ad73a504971]::fmt::write
[INFO] [stdout]    2:     0x62db22d1ee9c - <alloc[2e1b2a31b91974c5]::vec::Vec<u8> as core[a373ad73a504971]::io::write::Write>::write_fmt
[INFO] [stdout]    3:     0x62db22cf70e6 - std[617be2ca0a6fd877]::panicking::default_hook::{closure#0}
[INFO] [stdout]    4:     0x62db22d13319 - std[617be2ca0a6fd877]::panicking::default_hook
[INFO] [stdout]    5:     0x62db22caf9c0 - test[aada8e7e76ba119b]::test_main_inner::{closure#0}
[INFO] [stdout]    6:     0x62db22d134d2 - std[617be2ca0a6fd877]::panicking::panic_with_hook
[INFO] [stdout]    7:     0x62db22cf7192 - std[617be2ca0a6fd877]::panicking::panic_handler::{closure#0}
[INFO] [stdout]    8:     0x62db22cefea9 - std[617be2ca0a6fd877]::sys::backtrace::__rust_end_short_backtrace::<std[617be2ca0a6fd877]::panicking::panic_handler::{closure#0}, !>
[INFO] [stdout]    9:     0x62db22cf7d9d - __rustc[ea4f61d10b84890b]::rust_begin_unwind
[INFO] [stdout]   10:     0x62db22d2f3ac - core[a373ad73a504971]::panicking::panic_fmt
[INFO] [stdout]   11:     0x62db22d2f182 - core[a373ad73a504971]::result::unwrap_failed
[INFO] [stdout]   12:     0x62db22c9c82e - scanning[4e49bcf91fc0c8e8]::generators::svg::tests::write_file
[INFO] [stdout]   13:     0x62db22c9e1f1 - <scanning[4e49bcf91fc0c8e8]::generators::svg::tests::colored_semi_transparent_ean_13_as_svg::{closure#0} as core[a373ad73a504971]::ops::function::FnOnce<()>>::call_once
[INFO] [stdout]   14:     0x62db22ca2e0b - test[aada8e7e76ba119b]::__rust_begin_short_backtrace::<core[a373ad73a504971]::result::Result<(), alloc[2e1b2a31b91974c5]::string::String>, fn() -> core[a373ad73a504971]::result::Result<(), alloc[2e1b2a31b91974c5]::string::String>>
[INFO] [stdout]   15:     0x62db22caffe5 - test[aada8e7e76ba119b]::run_test::{closure#0}
[INFO] [stdout]   16:     0x62db22ca98d4 - std[617be2ca0a6fd877]::sys::backtrace::__rust_begin_short_backtrace::<test[aada8e7e76ba119b]::run_test::{closure#1}, ()>
[INFO] [stdout]   17:     0x62db22cb3072 - <std[617be2ca0a6fd877]::thread::lifecycle::spawn_unchecked<test[aada8e7e76ba119b]::run_test::{closure#1}, ()>::{closure#1} as core[a373ad73a504971]::ops::function::FnOnce<()>>::call_once::{shim:vtable#0}
[INFO] [stdout]   18:     0x62db22d1a4df - <std[617be2ca0a6fd877]::sys::thread::unix::Thread>::new::thread_start
[INFO] [stdout]   19:     0x7be305b5ddfa - <unknown>
[INFO] [stdout]   20:     0x7be305bf13d4 - clone
[INFO] [stdout]   21:                0x0 - <unknown>
[INFO] [stdout] 
[INFO] [stdout] ---- generators::svg::tests::ean_13_as_svg stdout ----
[INFO] [stdout] 
[INFO] [stdout] thread 'generators::svg::tests::ean_13_as_svg' (211) panicked at src/generators/svg.rs:257:14:
[INFO] [stdout] Failed to create file: Os { code: 2, kind: NotFound, message: "No such file or directory" }
[INFO] [stdout] stack backtrace:
[INFO] [stdout]    0:     0x62db22d1ac81 - <<std[617be2ca0a6fd877]::sys::backtrace::BacktraceLock>::print::DisplayBacktrace as core[a373ad73a504971]::fmt::Display>::fmt
[INFO] [stdout]    1:     0x62db22d2ec7a - core[a373ad73a504971]::fmt::write
[INFO] [stdout]    2:     0x62db22d1ee9c - <alloc[2e1b2a31b91974c5]::vec::Vec<u8> as core[a373ad73a504971]::io::write::Write>::write_fmt
[INFO] [stdout]    3:     0x62db22cf70e6 - std[617be2ca0a6fd877]::panicking::default_hook::{closure#0}
[INFO] [stdout]    4:     0x62db22d13319 - std[617be2ca0a6fd877]::panicking::default_hook
[INFO] [stdout]    5:     0x62db22caf9c0 - test[aada8e7e76ba119b]::test_main_inner::{closure#0}
[INFO] [stdout]    6:     0x62db22d134d2 - std[617be2ca0a6fd877]::panicking::panic_with_hook
[INFO] [stdout]    7:     0x62db22cf7192 - std[617be2ca0a6fd877]::panicking::panic_handler::{closure#0}
[INFO] [stdout]    8:     0x62db22cefea9 - std[617be2ca0a6fd877]::sys::backtrace::__rust_end_short_backtrace::<std[617be2ca0a6fd877]::panicking::panic_handler::{closure#0}, !>
[INFO] [stdout]    9:     0x62db22cf7d9d - __rustc[ea4f61d10b84890b]::rust_begin_unwind
[INFO] [stdout]   10:     0x62db22d2f3ac - core[a373ad73a504971]::panicking::panic_fmt
[INFO] [stdout]   11:     0x62db22d2f182 - core[a373ad73a504971]::result::unwrap_failed
[INFO] [stdout]   12:     0x62db22c9c82e - scanning[4e49bcf91fc0c8e8]::generators::svg::tests::write_file
[INFO] [stdout]   13:     0x62db22c9d8c1 - <scanning[4e49bcf91fc0c8e8]::generators::svg::tests::ean_13_as_svg::{closure#0} as core[a373ad73a504971]::ops::function::FnOnce<()>>::call_once
[INFO] [stdout]   14:     0x62db22ca2e0b - test[aada8e7e76ba119b]::__rust_begin_short_backtrace::<core[a373ad73a504971]::result::Result<(), alloc[2e1b2a31b91974c5]::string::String>, fn() -> core[a373ad73a504971]::result::Result<(), alloc[2e1b2a31b91974c5]::string::String>>
[INFO] [stdout]   15:     0x62db22caffe5 - test[aada8e7e76ba119b]::run_test::{closure#0}
[INFO] [stdout]   16:     0x62db22ca98d4 - std[617be2ca0a6fd877]::sys::backtrace::__rust_begin_short_backtrace::<test[aada8e7e76ba119b]::run_test::{closure#1}, ()>
[INFO] [stdout]   17:     0x62db22cb3072 - <std[617be2ca0a6fd877]::thread::lifecycle::spawn_unchecked<test[aada8e7e76ba119b]::run_test::{closure#1}, ()>::{closure#1} as core[a373ad73a504971]::ops::function::FnOnce<()>>::call_once::{shim:vtable#0}
[INFO] [stdout]   18:     0x62db22d1a4df - <std[617be2ca0a6fd877]::sys::thread::unix::Thread>::new::thread_start
[INFO] [stdout]   19:     0x7be305b5ddfa - <unknown>
[INFO] [stdout]   20:     0x7be305bf13d4 - clone
[INFO] [stdout]   21:                0x0 - <unknown>
[INFO] [stdout] 
[INFO] [stdout] ---- generators::svg::tests::ean_2_as_svg stdout ----
[INFO] [stdout] 
[INFO] [stdout] thread 'generators::svg::tests::ean_2_as_svg' (212) panicked at src/generators/svg.rs:257:14:
[INFO] [stdout] Failed to create file: Os { code: 2, kind: NotFound, message: "No such file or directory" }
[INFO] [stdout] stack backtrace:
[INFO] [stdout]    0:     0x62db22d1ac81 - <<std[617be2ca0a6fd877]::sys::backtrace::BacktraceLock>::print::DisplayBacktrace as core[a373ad73a504971]::fmt::Display>::fmt
[INFO] [stdout]    1:     0x62db22d2ec7a - core[a373ad73a504971]::fmt::write
[INFO] [stdout]    2:     0x62db22d1ee9c - <alloc[2e1b2a31b91974c5]::vec::Vec<u8> as core[a373ad73a504971]::io::write::Write>::write_fmt
[INFO] [stdout]    3:     0x62db22cf70e6 - std[617be2ca0a6fd877]::panicking::default_hook::{closure#0}
[INFO] [stdout]    4:     0x62db22d13319 - std[617be2ca0a6fd877]::panicking::default_hook
[INFO] [stdout]    5:     0x62db22caf9c0 - test[aada8e7e76ba119b]::test_main_inner::{closure#0}
[INFO] [stdout]    6:     0x62db22d134d2 - std[617be2ca0a6fd877]::panicking::panic_with_hook
[INFO] [stdout]    7:     0x62db22cf7192 - std[617be2ca0a6fd877]::panicking::panic_handler::{closure#0}
[INFO] [stdout]    8:     0x62db22cefea9 - std[617be2ca0a6fd877]::sys::backtrace::__rust_end_short_backtrace::<std[617be2ca0a6fd877]::panicking::panic_handler::{closure#0}, !>
[INFO] [stdout]    9:     0x62db22cf7d9d - __rustc[ea4f61d10b84890b]::rust_begin_unwind
[INFO] [stdout]   10:     0x62db22d2f3ac - core[a373ad73a504971]::panicking::panic_fmt
[INFO] [stdout]   11:     0x62db22d2f182 - core[a373ad73a504971]::result::unwrap_failed
[INFO] [stdout]   12:     0x62db22c9c82e - scanning[4e49bcf91fc0c8e8]::generators::svg::tests::write_file
[INFO] [stdout]   13:     0x62db22c9ccb9 - <scanning[4e49bcf91fc0c8e8]::generators::svg::tests::ean_2_as_svg::{closure#0} as core[a373ad73a504971]::ops::function::FnOnce<()>>::call_once
[INFO] [stdout]   14:     0x62db22ca2e0b - test[aada8e7e76ba119b]::__rust_begin_short_backtrace::<core[a373ad73a504971]::result::Result<(), alloc[2e1b2a31b91974c5]::string::String>, fn() -> core[a373ad73a504971]::result::Result<(), alloc[2e1b2a31b91974c5]::string::String>>
[INFO] [stdout]   15:     0x62db22caffe5 - test[aada8e7e76ba119b]::run_test::{closure#0}
[INFO] [stdout]   16:     0x62db22ca98d4 - std[617be2ca0a6fd877]::sys::backtrace::__rust_begin_short_backtrace::<test[aada8e7e76ba119b]::run_test::{closure#1}, ()>
[INFO] [stdout]   17:     0x62db22cb3072 - <std[617be2ca0a6fd877]::thread::lifecycle::spawn_unchecked<test[aada8e7e76ba119b]::run_test::{closure#1}, ()>::{closure#1} as core[a373ad73a504971]::ops::function::FnOnce<()>>::call_once::{shim:vtable#0}
[INFO] [stdout]   18:     0x62db22d1a4df - <std[617be2ca0a6fd877]::sys::thread::unix::Thread>::new::thread_start
[INFO] [stdout]   19:     0x7be305b5ddfa - <unknown>
[INFO] [stdout]   20:     0x7be305bf13d4 - clone
[INFO] [stdout]   21:                0x0 - <unknown>
[INFO] [stdout] 
[INFO] [stdout] ---- generators::svg::tests::ean_8_as_svg stdout ----
[INFO] [stdout] 
[INFO] [stdout] thread 'generators::svg::tests::ean_8_as_svg' (213) panicked at src/generators/svg.rs:257:14:
[INFO] [stdout] Failed to create file: Os { code: 2, kind: NotFound, message: "No such file or directory" }
[INFO] [stdout] stack backtrace:
[INFO] [stdout]    0:     0x62db22d1ac81 - <<std[617be2ca0a6fd877]::sys::backtrace::BacktraceLock>::print::DisplayBacktrace as core[a373ad73a504971]::fmt::Display>::fmt
[INFO] [stdout]    1:     0x62db22d2ec7a - core[a373ad73a504971]::fmt::write
[INFO] [stdout]    2:     0x62db22d1ee9c - <alloc[2e1b2a31b91974c5]::vec::Vec<u8> as core[a373ad73a504971]::io::write::Write>::write_fmt
[INFO] [stdout]    3:     0x62db22cf70e6 - std[617be2ca0a6fd877]::panicking::default_hook::{closure#0}
[INFO] [stdout]    4:     0x62db22d13319 - std[617be2ca0a6fd877]::panicking::default_hook
[INFO] [stdout]    5:     0x62db22caf9c0 - test[aada8e7e76ba119b]::test_main_inner::{closure#0}
[INFO] [stdout]    6:     0x62db22d134d2 - std[617be2ca0a6fd877]::panicking::panic_with_hook
[INFO] [stdout]    7:     0x62db22cf7192 - std[617be2ca0a6fd877]::panicking::panic_handler::{closure#0}
[INFO] [stdout]    8:     0x62db22cefea9 - std[617be2ca0a6fd877]::sys::backtrace::__rust_end_short_backtrace::<std[617be2ca0a6fd877]::panicking::panic_handler::{closure#0}, !>
[INFO] [stdout]    9:     0x62db22cf7d9d - __rustc[ea4f61d10b84890b]::rust_begin_unwind
[INFO] [stdout]   10:     0x62db22d2f3ac - core[a373ad73a504971]::panicking::panic_fmt
[INFO] [stdout]   11:     0x62db22d2f182 - core[a373ad73a504971]::result::unwrap_failed
[INFO] [stdout]   12:     0x62db22c9c82e - scanning[4e49bcf91fc0c8e8]::generators::svg::tests::write_file
[INFO] [stdout]   13:     0x62db22c9cf44 - <scanning[4e49bcf91fc0c8e8]::generators::svg::tests::ean_8_as_svg::{closure#0} as core[a373ad73a504971]::ops::function::FnOnce<()>>::call_once
[INFO] [stdout]   14:     0x62db22ca2e0b - test[aada8e7e76ba119b]::__rust_begin_short_backtrace::<core[a373ad73a504971]::result::Result<(), alloc[2e1b2a31b91974c5]::string::String>, fn() -> core[a373ad73a504971]::result::Result<(), alloc[2e1b2a31b91974c5]::string::String>>
[INFO] [stdout]   15:     0x62db22caffe5 - test[aada8e7e76ba119b]::run_test::{closure#0}
[INFO] [stdout]   16:     0x62db22ca98d4 - std[617be2ca0a6fd877]::sys::backtrace::__rust_begin_short_backtrace::<test[aada8e7e76ba119b]::run_test::{closure#1}, ()>
[INFO] [stdout]   17:     0x62db22cb3072 - <std[617be2ca0a6fd877]::thread::lifecycle::spawn_unchecked<test[aada8e7e76ba119b]::run_test::{closure#1}, ()>::{closure#1} as core[a373ad73a504971]::ops::function::FnOnce<()>>::call_once::{shim:vtable#0}
[INFO] [stdout]   18:     0x62db22d1a4df - <std[617be2ca0a6fd877]::sys::thread::unix::Thread>::new::thread_start
[INFO] [stdout]   19:     0x7be305b5ddfa - <unknown>
[INFO] [stdout]   20:     0x7be305bf13d4 - clone
[INFO] [stdout]   21:                0x0 - <unknown>
[INFO] [stdout] 
[INFO] [stdout] ---- generators::svg::tests::colored_ean_13_as_svg stdout ----
[INFO] [stdout] 
[INFO] [stdout] thread 'generators::svg::tests::colored_ean_13_as_svg' (209) panicked at src/generators/svg.rs:257:14:
[INFO] [stdout] Failed to create file: Os { code: 2, kind: NotFound, message: "No such file or directory" }
[INFO] [stdout] stack backtrace:
[INFO] [stdout]    0:     0x62db22d1ac81 - <<std[617be2ca0a6fd877]::sys::backtrace::BacktraceLock>::print::DisplayBacktrace as core[a373ad73a504971]::fmt::Display>::fmt
[INFO] [stdout]    1:     0x62db22d2ec7a - core[a373ad73a504971]::fmt::write
[INFO] [stdout]    2:     0x62db22d1ee9c - <alloc[2e1b2a31b91974c5]::vec::Vec<u8> as core[a373ad73a504971]::io::write::Write>::write_fmt
[INFO] [stdout]    3:     0x62db22cf70e6 - std[617be2ca0a6fd877]::panicking::default_hook::{closure#0}
[INFO] [stdout]    4:     0x62db22d13319 - std[617be2ca0a6fd877]::panicking::default_hook
[INFO] [stdout]    5:     0x62db22caf9c0 - test[aada8e7e76ba119b]::test_main_inner::{closure#0}
[INFO] [stdout]    6:     0x62db22d134d2 - std[617be2ca0a6fd877]::panicking::panic_with_hook
[INFO] [stdout]    7:     0x62db22cf7192 - std[617be2ca0a6fd877]::panicking::panic_handler::{closure#0}
[INFO] [stdout]    8:     0x62db22cefea9 - std[617be2ca0a6fd877]::sys::backtrace::__rust_end_short_backtrace::<std[617be2ca0a6fd877]::panicking::panic_handler::{closure#0}, !>
[INFO] [stdout]    9:     0x62db22cf7d9d - __rustc[ea4f61d10b84890b]::rust_begin_unwind
[INFO] [stdout]   10:     0x62db22d2f3ac - core[a373ad73a504971]::panicking::panic_fmt
[INFO] [stdout]   11:     0x62db22d2f182 - core[a373ad73a504971]::result::unwrap_failed
[INFO] [stdout]   12:     0x62db22c9c82e - scanning[4e49bcf91fc0c8e8]::generators::svg::tests::write_file
[INFO] [stdout]   13:     0x62db22c9dfe1 - <scanning[4e49bcf91fc0c8e8]::generators::svg::tests::colored_ean_13_as_svg::{closure#0} as core[a373ad73a504971]::ops::function::FnOnce<()>>::call_once
[INFO] [stdout]   14:     0x62db22ca2e0b - test[aada8e7e76ba119b]::__rust_begin_short_backtrace::<core[a373ad73a504971]::result::Result<(), alloc[2e1b2a31b91974c5]::string::String>, fn() -> core[a373ad73a504971]::result::Result<(), alloc[2e1b2a31b91974c5]::string::String>>
[INFO] [stdout]   15:     0x62db22caffe5 - test[aada8e7e76ba119b]::run_test::{closure#0}
[INFO] [stdout]   16:     0x62db22ca98d4 - std[617be2ca0a6fd877]::sys::backtrace::__rust_begin_short_backtrace::<test[aada8e7e76ba119b]::run_test::{closure#1}, ()>
[INFO] [stdout]   17:     0x62db22cb3072 - <std[617be2ca0a6fd877]::thread::lifecycle::spawn_unchecked<test[aada8e7e76ba119b]::run_test::{closure#1}, ()>::{closure#1} as core[a373ad73a504971]::ops::function::FnOnce<()>>::call_once::{shim:vtable#0}
[INFO] [stdout]   18:     0x62db22d1a4df - <std[617be2ca0a6fd877]::sys::thread::unix::Thread>::new::thread_start
[INFO] [stdout]   19:     0x7be305b5ddfa - <unknown>
[INFO] [stdout]   20:     0x7be305bf13d4 - clone
[INFO] [stdout]   21:                0x0 - <unknown>
[INFO] [stdout] 
[INFO] [stdout] ---- generators::svg::tests::itf_as_svg stdout ----
[INFO] [stdout] 
[INFO] [stdout] thread 'generators::svg::tests::itf_as_svg' (214) panicked at src/generators/svg.rs:257:14:
[INFO] [stdout] Failed to create file: Os { code: 2, kind: NotFound, message: "No such file or directory" }
[INFO] [stdout] stack backtrace:
[INFO] [stdout]    0:     0x62db22d1ac81 - <<std[617be2ca0a6fd877]::sys::backtrace::BacktraceLock>::print::DisplayBacktrace as core[a373ad73a504971]::fmt::Display>::fmt
[INFO] [stdout]    1:     0x62db22d2ec7a - core[a373ad73a504971]::fmt::write
[INFO] [stdout]    2:     0x62db22d1ee9c - <alloc[2e1b2a31b91974c5]::vec::Vec<u8> as core[a373ad73a504971]::io::write::Write>::write_fmt
[INFO] [stdout]    3:     0x62db22cf70e6 - std[617be2ca0a6fd877]::panicking::default_hook::{closure#0}
[INFO] [stdout]    4:     0x62db22d13319 - std[617be2ca0a6fd877]::panicking::default_hook
[INFO] [stdout]    5:     0x62db22caf9c0 - test[aada8e7e76ba119b]::test_main_inner::{closure#0}
[INFO] [stdout]    6:     0x62db22d134d2 - std[617be2ca0a6fd877]::panicking::panic_with_hook
[INFO] [stdout]    7:     0x62db22cf7192 - std[617be2ca0a6fd877]::panicking::panic_handler::{closure#0}
[INFO] [stdout]    8:     0x62db22cefea9 - std[617be2ca0a6fd877]::sys::backtrace::__rust_end_short_backtrace::<std[617be2ca0a6fd877]::panicking::panic_handler::{closure#0}, !>
[INFO] [stdout]    9:     0x62db22cf7d9d - __rustc[ea4f61d10b84890b]::rust_begin_unwind
[INFO] [stdout]   10:     0x62db22d2f3ac - core[a373ad73a504971]::panicking::panic_fmt
[INFO] [stdout]   11:     0x62db22d2f182 - core[a373ad73a504971]::result::unwrap_failed
[INFO] [stdout]   12:     0x62db22c9c82e - scanning[4e49bcf91fc0c8e8]::generators::svg::tests::write_file
[INFO] [stdout]   13:     0x62db22c9ca60 - <scanning[4e49bcf91fc0c8e8]::generators::svg::tests::itf_as_svg::{closure#0} as core[a373ad73a504971]::ops::function::FnOnce<()>>::call_once
[INFO] [stdout]   14:     0x62db22ca2e0b - test[aada8e7e76ba119b]::__rust_begin_short_backtrace::<core[a373ad73a504971]::result::Result<(), alloc[2e1b2a31b91974c5]::string::String>, fn() -> core[a373ad73a504971]::result::Result<(), alloc[2e1b2a31b91974c5]::string::String>>
[INFO] [stdout]   15:     0x62db22caffe5 - test[aada8e7e76ba119b]::run_test::{closure#0}
[INFO] [stdout]   16:     0x62db22ca98d4 - std[617be2ca0a6fd877]::sys::backtrace::__rust_begin_short_backtrace::<test[aada8e7e76ba119b]::run_test::{closure#1}, ()>
[INFO] [stdout]   17:     0x62db22cb3072 - <std[617be2ca0a6fd877]::thread::lifecycle::spawn_unchecked<test[aada8e7e76ba119b]::run_test::{closure#1}, ()>::{closure#1} as core[a373ad73a504971]::ops::function::FnOnce<()>>::call_once::{shim:vtable#0}
[INFO] [stdout]   18:     0x62db22d1a4df - <std[617be2ca0a6fd877]::sys::thread::unix::Thread>::new::thread_start
[INFO] [stdout]   19:     0x7be305b5ddfa - <unknown>
[INFO] [stdout]   20:     0x7be305bf13d4 - clone
[INFO] [stdout]   21:                0x0 - <unknown>
[INFO] [stdout] 
[INFO] [stdout] 
[INFO] [stdout] failures:
[INFO] [stdout]     generators::svg::tests::codabar_as_svg
[INFO] [stdout]     generators::svg::tests::code11_as_svg
[INFO] [stdout]     generators::svg::tests::code128_as_svg
[INFO] [stdout]     generators::svg::tests::code39_as_svg
[INFO] [stdout]     generators::svg::tests::code93_as_svg
[INFO] [stdout]     generators::svg::tests::colored_ean_13_as_svg
[INFO] [stdout]     generators::svg::tests::colored_semi_transparent_ean_13_as_svg
[INFO] [stdout]     generators::svg::tests::ean_13_as_svg
[INFO] [stdout]     generators::svg::tests::ean_2_as_svg
[INFO] [stdout]     generators::svg::tests::ean_8_as_svg
[INFO] [stdout]     generators::svg::tests::itf_as_svg
[INFO] [stdout] 
[INFO] [stdout] test result: FAILED. 85 passed; 11 failed; 0 ignored; 0 measured; 0 filtered out; finished in 0.02s
[INFO] [stdout] 
[INFO] running `Command { std: "docker" "inspect" "d9d2c69a3217d556d7d0a0a770c2c539a9ed13523bb28672ff630806bbae1820", kill_on_drop: false }`
[INFO] running `Command { std: "docker" "rm" "-f" "d9d2c69a3217d556d7d0a0a770c2c539a9ed13523bb28672ff630806bbae1820", kill_on_drop: false }`
[INFO] [stdout] d9d2c69a3217d556d7d0a0a770c2c539a9ed13523bb28672ff630806bbae1820
