[INFO] fetching crate scanastudio-client 0.2.9...
[INFO] testing scanastudio-client-0.2.9 against 1.100.0-beta.1+cargoflags=--release for beta-release-1.100-2
[INFO] extracting crate scanastudio-client 0.2.9 into /workspace/builds/worker-2-tc2/source
[INFO] started tweaking crates.io crate scanastudio-client 0.2.9
[INFO] removed 0 missing tests
[INFO] finished tweaking crates.io crate scanastudio-client 0.2.9
[INFO] tweaked toml for crates.io crate scanastudio-client 0.2.9 written to /workspace/builds/worker-2-tc2/source/Cargo.toml
[INFO] validating manifest of crates.io crate scanastudio-client 0.2.9 on toolchain 1.100.0-beta.1
[INFO] running `Command { std: CARGO_HOME="/workspace/cargo-home" RUSTUP_HOME="/workspace/rustup-home" "/workspace/cargo-home/bin/cargo" "+1.100.0-beta.1" "metadata" "--manifest-path" "Cargo.toml" "--no-deps", kill_on_drop: false }`
[INFO] crate crates.io crate scanastudio-client 0.2.9 already has a lockfile, it will not be regenerated
[INFO] running `Command { std: CARGO_HOME="/workspace/cargo-home" RUSTUP_HOME="/workspace/rustup-home" "/workspace/cargo-home/bin/cargo" "+1.100.0-beta.1" "fetch" "--manifest-path" "Cargo.toml", kill_on_drop: false }`
[INFO] running `Command { std: "docker" "create" "-v" "/var/lib/crater-agent-workspace/builds/worker-2-tc2/source:/opt/rustwide/workdir:ro,Z" "-v" "/var/lib/crater-agent-workspace/builds/worker-2-tc2/target:/opt/rustwide/target:rw,Z" "-v" "/var/lib/crater-agent-workspace/cargo-home:/opt/rustwide/cargo-home:ro,Z" "-v" "/var/lib/crater-agent-workspace/rustup-home:/opt/rustwide/rustup-home:ro,Z" "-m" "1610612736" "--network" "none" "ghcr.io/rust-lang/crates-build-env/linux@sha256:77db811e55d90add9212f6832c23229e3de5f1c1f9905e8cb07319ea15df73ac" "sleep" "infinity", kill_on_drop: false }`
[INFO] [stdout] 3155430a99068be5680645887c51c1f5b8e1ba4414a42b63f8c03e6c6e8b03d1
[INFO] running `Command { std: "docker" "start" "3155430a99068be5680645887c51c1f5b8e1ba4414a42b63f8c03e6c6e8b03d1", kill_on_drop: false }`
[INFO] running `Command { std: "docker" "inspect" "3155430a99068be5680645887c51c1f5b8e1ba4414a42b63f8c03e6c6e8b03d1", kill_on_drop: false }`
[INFO] running `Command { std: "docker" "exec" "-e" "SOURCE_DIR=/opt/rustwide/workdir" "-e" "CARGO_HOME=/opt/rustwide/cargo-home" "-e" "RUSTUP_HOME=/opt/rustwide/rustup-home" "-e" "CARGO_TARGET_DIR=/opt/rustwide/target" "-w" "/opt/rustwide/workdir" "--user" "0:0" "3155430a99068be5680645887c51c1f5b8e1ba4414a42b63f8c03e6c6e8b03d1" "/opt/rustwide/cargo-home/bin/cargo" "+1.100.0-beta.1" "metadata" "--no-deps" "--format-version=1", kill_on_drop: false }`
[INFO] running `Command { std: "docker" "inspect" "3155430a99068be5680645887c51c1f5b8e1ba4414a42b63f8c03e6c6e8b03d1", kill_on_drop: false }`
[INFO] running `Command { std: "docker" "exec" "-e" "SOURCE_DIR=/opt/rustwide/workdir" "-e" "CARGO_HOME=/opt/rustwide/cargo-home" "-e" "RUSTUP_HOME=/opt/rustwide/rustup-home" "-e" "CARGO_TARGET_DIR=/opt/rustwide/target" "-e" "CARGO_INCREMENTAL=0" "-e" "RUST_BACKTRACE=full" "-e" "RUSTFLAGS=--cap-lints=warn" "-e" "RUSTDOCFLAGS=--cap-lints=warn" "-w" "/opt/rustwide/workdir" "--user" "0:0" "3155430a99068be5680645887c51c1f5b8e1ba4414a42b63f8c03e6c6e8b03d1" "/opt/rustwide/cargo-home/bin/cargo" "+1.100.0-beta.1" "build" "--frozen" "--message-format=json" "--release", kill_on_drop: false }`
[INFO] [stderr]    Compiling http v1.5.0
[INFO] [stderr]    Compiling data-encoding v2.11.1
[INFO] [stderr]    Compiling futures-sink v0.3.34
[INFO] [stderr]    Compiling utf-8 v0.7.6
[INFO] [stderr]    Compiling syn v3.0.4
[INFO] [stderr]    Compiling rand_chacha v0.3.1
[INFO] [stderr]    Compiling sha1 v0.10.7
[INFO] [stderr]    Compiling futures-util v0.3.34
[INFO] [stderr]    Compiling rand v0.8.8
[INFO] [stderr]    Compiling tungstenite v0.24.0
[INFO] [stderr]    Compiling serde_derive v1.0.229
[INFO] [stderr]    Compiling tokio-macros v2.7.2
[INFO] [stderr]    Compiling thiserror-impl v2.0.20
[INFO] [stderr]    Compiling tokio v1.53.1
[INFO] [stderr]    Compiling thiserror v2.0.20
[INFO] [stderr]    Compiling serde v1.0.229
[INFO] [stderr]    Compiling scanastudio-proto v6.0.19
[INFO] [stderr]    Compiling tokio-tungstenite v0.24.0
[INFO] [stderr]    Compiling scanastudio-client v0.2.9 (/opt/rustwide/workdir)
[INFO] [stderr]     Finished `release` profile [optimized] target(s) in 43.25s
[INFO] running `Command { std: "docker" "inspect" "3155430a99068be5680645887c51c1f5b8e1ba4414a42b63f8c03e6c6e8b03d1", kill_on_drop: false }`
[INFO] running `Command { std: "docker" "exec" "-e" "SOURCE_DIR=/opt/rustwide/workdir" "-e" "CARGO_HOME=/opt/rustwide/cargo-home" "-e" "RUSTUP_HOME=/opt/rustwide/rustup-home" "-e" "CARGO_TARGET_DIR=/opt/rustwide/target" "-e" "CARGO_INCREMENTAL=0" "-e" "RUST_BACKTRACE=full" "-e" "RUSTFLAGS=--cap-lints=warn" "-e" "RUSTDOCFLAGS=--cap-lints=warn" "-w" "/opt/rustwide/workdir" "--user" "0:0" "3155430a99068be5680645887c51c1f5b8e1ba4414a42b63f8c03e6c6e8b03d1" "/opt/rustwide/cargo-home/bin/cargo" "+1.100.0-beta.1" "test" "--frozen" "--no-run" "--message-format=json" "--release", kill_on_drop: false }`
[INFO] [stderr]    Compiling tokio v1.53.1
[INFO] [stderr]    Compiling tokio-tungstenite v0.24.0
[INFO] [stderr]    Compiling scanastudio-client v0.2.9 (/opt/rustwide/workdir)
[INFO] [stderr]     Finished `release` profile [optimized] target(s) in 56.43s
[INFO] running `Command { std: "docker" "inspect" "3155430a99068be5680645887c51c1f5b8e1ba4414a42b63f8c03e6c6e8b03d1", kill_on_drop: false }`
[INFO] running `Command { std: "docker" "exec" "-e" "SOURCE_DIR=/opt/rustwide/workdir" "-e" "CARGO_HOME=/opt/rustwide/cargo-home" "-e" "RUSTUP_HOME=/opt/rustwide/rustup-home" "-e" "CARGO_TARGET_DIR=/opt/rustwide/target" "-e" "CARGO_INCREMENTAL=0" "-e" "RUST_BACKTRACE=full" "-e" "RUSTFLAGS=--cap-lints=warn" "-e" "RUSTDOCFLAGS=--cap-lints=warn" "-w" "/opt/rustwide/workdir" "--user" "0:0" "3155430a99068be5680645887c51c1f5b8e1ba4414a42b63f8c03e6c6e8b03d1" "/opt/rustwide/cargo-home/bin/cargo" "+1.100.0-beta.1" "test" "--frozen" "--release", kill_on_drop: false }`
[INFO] [stderr]     Finished `release` profile [optimized] target(s) in 0.07s
[INFO] [stderr]      Running unittests src/lib.rs (/opt/rustwide/target/release/build/scanastudio-client/5010fe221cc682e1/out/scanastudio_client-5010fe221cc682e1)
[INFO] [stdout] 
[INFO] [stderr]      Running tests/integration.rs (/opt/rustwide/target/release/build/scanastudio-client/e1e2b6c8874c1c1f/out/integration-e1e2b6c8874c1c1f)
[INFO] [stdout] running 8 tests
[INFO] [stdout] test frames::tests::a_frame_that_is_not_one_is_refused ... ok
[INFO] [stdout] test trigger::tests::the_position_is_clamped_rather_than_refused ... ok
[INFO] [stdout] test frames::tests::a_header_yields_its_id_and_body ... ok
[INFO] [stdout] test frames::tests::a_truncated_frame_does_not_panic ... ok
[INFO] [stdout] test trigger::tests::normal_mode_re_arms ... ok
[INFO] [stdout] test frames::tests::transitions_round_trip ... ok
[INFO] [stdout] test trigger::tests::two_triggers_combine_in_order ... ok
[INFO] [stdout] test trigger::tests::an_edge_trigger_names_its_channel_and_direction ... ok
[INFO] [stdout] 
[INFO] [stdout] test result: ok. 8 passed; 0 failed; 0 ignored; 0 measured; 0 filtered out; finished in 0.00s
[INFO] [stdout] 
[INFO] [stdout] 
[INFO] [stdout] running 22 tests
[INFO] [stdout] test a_reopened_workspace_holds_the_capture_that_was_saved ... FAILED
[INFO] [stdout] test an_empty_window_yields_nothing ... FAILED
[INFO] [stdout] test an_unknown_option_says_what_the_script_takes ... FAILED
[INFO] [stdout] test an_unreadable_command_is_refused_not_dropped ... FAILED
[INFO] [stdout] test a_window_starts_with_the_level_in_force ... FAILED
[INFO] [stdout] test a_trigger_reaches_the_server ... FAILED
[INFO] [stdout] test a_missing_script_is_an_error_not_a_hang ... FAILED
[INFO] [stdout] test markers_and_measurements ... FAILED
[INFO] [stdout] test a_decoder_reports_its_analog_channels ... FAILED
[INFO] [stdout] test a_rate_off_the_list_comes_back_coerced ... FAILED
[INFO] [stdout] test a_script_is_written_renamed_copied_and_deleted ... FAILED
[INFO] [stdout] test a_capture_runs_and_reports_its_samples ... FAILED
[INFO] [stdout] test a_decoder_runs_and_reports_what_it_found ... FAILED
[INFO] [stdout] test capabilities_describe_what_a_capture_may_ask_for ... FAILED
[INFO] [stdout] test edge_seeking_agrees_with_the_bulk_read ... FAILED
[INFO] [stdout] test a_workspace_saves_and_a_csv_is_written ... FAILED
[INFO] [stdout] test the_greeting_names_the_protocol ... FAILED
[INFO] [stdout] test a_generator_attaches_and_is_reconfigured ... FAILED
[INFO] [stdout] test zz_stop_the_shared_server ... ok
[INFO] [stdout] test transitions_are_ordered_and_binary ... FAILED
[INFO] [stdout] test devices_include_the_demo_profiles ... FAILED
[INFO] [stdout] test the_workspace_knows_its_channels ... FAILED
[INFO] [stdout] 
[INFO] [stdout] failures:
[INFO] [stdout] 
[INFO] [stdout] ---- a_reopened_workspace_holds_the_capture_that_was_saved stdout ----
[INFO] [stdout] 
[INFO] [stdout] thread 'a_reopened_workspace_holds_the_capture_that_was_saved' (668) panicked at tests/server.rs:65:29:
[INFO] [stdout] no server: build it, or point SCANASTUDIO_SERVER at one
[INFO] [stdout] stack backtrace:
[INFO] [stdout]    0:     0x62419235c201 - <<std[617be2ca0a6fd877]::sys::backtrace::BacktraceLock>::print::DisplayBacktrace as core[a373ad73a504971]::fmt::Display>::fmt
[INFO] [stdout]    1:     0x62419237354a - core[a373ad73a504971]::fmt::write
[INFO] [stdout]    2:     0x624192360c7c - <alloc[2e1b2a31b91974c5]::vec::Vec<u8> as core[a373ad73a504971]::io::write::Write>::write_fmt
[INFO] [stdout]    3:     0x624192335e56 - std[617be2ca0a6fd877]::panicking::default_hook::{closure#0}
[INFO] [stdout]    4:     0x624192353bc9 - std[617be2ca0a6fd877]::panicking::default_hook
[INFO] [stdout]    5:     0x62419226b7f0 - test[aada8e7e76ba119b]::test_main_inner::{closure#0}
[INFO] [stdout]    6:     0x624192353ef2 - std[617be2ca0a6fd877]::panicking::panic_with_hook
[INFO] [stdout]    7:     0x624192335f02 - std[617be2ca0a6fd877]::panicking::panic_handler::{closure#0}
[INFO] [stdout]    8:     0x62419232ea19 - std[617be2ca0a6fd877]::sys::backtrace::__rust_end_short_backtrace::<std[617be2ca0a6fd877]::panicking::panic_handler::{closure#0}, !>
[INFO] [stdout]    9:     0x624192336cfd - __rustc[ea4f61d10b84890b]::rust_begin_unwind
[INFO] [stdout]   10:     0x624192373cac - core[a373ad73a504971]::panicking::panic_fmt
[INFO] [stdout]   11:     0x624192373a04 - core[a373ad73a504971]::option::expect_failed
[INFO] [stdout]   12:     0x624192250cb6 - <std[617be2ca0a6fd877]::sync::once::Once>::call_once_force::<<std[617be2ca0a6fd877]::sync::once_lock::OnceLock<alloc[2e1b2a31b91974c5]::string::String>>::initialize<<std[617be2ca0a6fd877]::sync::once_lock::OnceLock<alloc[2e1b2a31b91974c5]::string::String>>::get_or_init<integration[629e4e676ac52d71]::server::server_url::{closure#0}>::{closure#0}, !>::{closure#0}>::{closure#0}
[INFO] [stdout]   13:     0x62419233c649 - <std[617be2ca0a6fd877]::sys::sync::once::futex::Once>::call
[INFO] [stdout]   14:     0x62419224e3db - <std[617be2ca0a6fd877]::sync::once_lock::OnceLock<alloc[2e1b2a31b91974c5]::string::String>>::initialize::<<std[617be2ca0a6fd877]::sync::once_lock::OnceLock<alloc[2e1b2a31b91974c5]::string::String>>::get_or_init<integration[629e4e676ac52d71]::server::server_url::{closure#0}>::{closure#0}, !>
[INFO] [stdout]   15:     0x6241921e7814 - integration[629e4e676ac52d71]::connect::{closure#0}
[INFO] [stdout]   16:     0x6241921e880f - integration[629e4e676ac52d71]::captured::{closure#0}
[INFO] [stdout]   17:     0x6241921fad21 - integration[629e4e676ac52d71]::a_reopened_workspace_holds_the_capture_that_was_saved::{closure#0}
[INFO] [stdout]   18:     0x62419224e7a3 - <tokio[6eb19ee30c789356]::runtime::scheduler::current_thread::Context>::enter::<core[a373ad73a504971]::task::poll::Poll<()>, <tokio[6eb19ee30c789356]::runtime::scheduler::current_thread::CoreGuard>::block_on<core[a373ad73a504971]::pin::Pin<&mut core[a373ad73a504971]::pin::Pin<&mut dyn core[a373ad73a504971]::future::future::Future<Output = ()>>>>::{closure#0}::{closure#0}>
[INFO] [stdout]   19:     0x624192224b7c - <tokio[6eb19ee30c789356]::runtime::context::scoped::Scoped<tokio[6eb19ee30c789356]::runtime::scheduler::Context>>::set::<<tokio[6eb19ee30c789356]::runtime::scheduler::current_thread::CoreGuard>::enter<<tokio[6eb19ee30c789356]::runtime::scheduler::current_thread::CoreGuard>::block_on<core[a373ad73a504971]::pin::Pin<&mut core[a373ad73a504971]::pin::Pin<&mut dyn core[a373ad73a504971]::future::future::Future<Output = ()>>>>::{closure#0}, core[a373ad73a504971]::option::Option<()>>::{closure#0}, (alloc[2e1b2a31b91974c5]::boxed::Box<tokio[6eb19ee30c789356]::runtime::scheduler::current_thread::Core>, core[a373ad73a504971]::option::Option<()>)>
[INFO] [stdout]   20:     0x62419224f337 - <tokio[6eb19ee30c789356]::runtime::scheduler::current_thread::CoreGuard>::block_on::<core[a373ad73a504971]::pin::Pin<&mut core[a373ad73a504971]::pin::Pin<&mut dyn core[a373ad73a504971]::future::future::Future<Output = ()>>>>
[INFO] [stdout]   21:     0x62419224165b - tokio[6eb19ee30c789356]::runtime::context::runtime::enter_runtime::<<tokio[6eb19ee30c789356]::runtime::scheduler::current_thread::CurrentThread>::block_on<core[a373ad73a504971]::pin::Pin<&mut dyn core[a373ad73a504971]::future::future::Future<Output = ()>>>::{closure#0}, ()>
[INFO] [stdout]   22:     0x62419224e465 - <tokio[6eb19ee30c789356]::runtime::runtime::Runtime>::block_on::<core[a373ad73a504971]::pin::Pin<&mut dyn core[a373ad73a504971]::future::future::Future<Output = ()>>>
[INFO] [stdout]   23:     0x62419220800d - <integration[629e4e676ac52d71]::a_reopened_workspace_holds_the_capture_that_was_saved::{closure#0} as core[a373ad73a504971]::ops::function::FnOnce<()>>::call_once
[INFO] [stdout]   24:     0x62419225ec3b - test[aada8e7e76ba119b]::__rust_begin_short_backtrace::<core[a373ad73a504971]::result::Result<(), alloc[2e1b2a31b91974c5]::string::String>, fn() -> core[a373ad73a504971]::result::Result<(), alloc[2e1b2a31b91974c5]::string::String>>
[INFO] [stdout]   25:     0x62419226be15 - test[aada8e7e76ba119b]::run_test::{closure#0}
[INFO] [stdout]   26:     0x624192265704 - std[617be2ca0a6fd877]::sys::backtrace::__rust_begin_short_backtrace::<test[aada8e7e76ba119b]::run_test::{closure#1}, ()>
[INFO] [stdout]   27:     0x62419226eea2 - <std[617be2ca0a6fd877]::thread::lifecycle::spawn_unchecked<test[aada8e7e76ba119b]::run_test::{closure#1}, ()>::{closure#1} as core[a373ad73a504971]::ops::function::FnOnce<()>>::call_once::{shim:vtable#0}
[INFO] [stdout]   28:     0x62419235b6df - <std[617be2ca0a6fd877]::sys::thread::unix::Thread>::new::thread_start
[INFO] [stdout]   29:     0x702e8c98cdfa - <unknown>
[INFO] [stdout]   30:     0x702e8ca203d4 - clone
[INFO] [stdout]   31:                0x0 - <unknown>
[INFO] [stdout] 
[INFO] [stdout] ---- an_empty_window_yields_nothing stdout ----
[INFO] [stdout] 
[INFO] [stdout] thread 'an_empty_window_yields_nothing' (673) panicked at tests/server.rs:65:29:
[INFO] [stdout] no server: build it, or point SCANASTUDIO_SERVER at one
[INFO] [stdout] stack backtrace:
[INFO] [stdout]    0:     0x62419235c201 - <<std[617be2ca0a6fd877]::sys::backtrace::BacktraceLock>::print::DisplayBacktrace as core[a373ad73a504971]::fmt::Display>::fmt
[INFO] [stdout]    1:     0x62419237354a - core[a373ad73a504971]::fmt::write
[INFO] [stdout]    2:     0x624192360c7c - <alloc[2e1b2a31b91974c5]::vec::Vec<u8> as core[a373ad73a504971]::io::write::Write>::write_fmt
[INFO] [stdout]    3:     0x624192335e56 - std[617be2ca0a6fd877]::panicking::default_hook::{closure#0}
[INFO] [stdout]    4:     0x624192353bc9 - std[617be2ca0a6fd877]::panicking::default_hook
[INFO] [stdout]    5:     0x62419226b7f0 - test[aada8e7e76ba119b]::test_main_inner::{closure#0}
[INFO] [stdout]    6:     0x624192353ef2 - std[617be2ca0a6fd877]::panicking::panic_with_hook
[INFO] [stdout]    7:     0x624192335f02 - std[617be2ca0a6fd877]::panicking::panic_handler::{closure#0}
[INFO] [stdout]    8:     0x62419232ea19 - std[617be2ca0a6fd877]::sys::backtrace::__rust_end_short_backtrace::<std[617be2ca0a6fd877]::panicking::panic_handler::{closure#0}, !>
[INFO] [stdout]    9:     0x624192336cfd - __rustc[ea4f61d10b84890b]::rust_begin_unwind
[INFO] [stdout]   10:     0x624192373cac - core[a373ad73a504971]::panicking::panic_fmt
[INFO] [stdout]   11:     0x624192373a04 - core[a373ad73a504971]::option::expect_failed
[INFO] [stdout]   12:     0x624192250cb6 - <std[617be2ca0a6fd877]::sync::once::Once>::call_once_force::<<std[617be2ca0a6fd877]::sync::once_lock::OnceLock<alloc[2e1b2a31b91974c5]::string::String>>::initialize<<std[617be2ca0a6fd877]::sync::once_lock::OnceLock<alloc[2e1b2a31b91974c5]::string::String>>::get_or_init<integration[629e4e676ac52d71]::server::server_url::{closure#0}>::{closure#0}, !>::{closure#0}>::{closure#0}
[INFO] [stdout]   13:     0x62419233c649 - <std[617be2ca0a6fd877]::sys::sync::once::futex::Once>::call
[INFO] [stdout]   14:     0x62419224e3db - <std[617be2ca0a6fd877]::sync::once_lock::OnceLock<alloc[2e1b2a31b91974c5]::string::String>>::initialize::<<std[617be2ca0a6fd877]::sync::once_lock::OnceLock<alloc[2e1b2a31b91974c5]::string::String>>::get_or_init<integration[629e4e676ac52d71]::server::server_url::{closure#0}>::{closure#0}, !>
[INFO] [stdout]   15:     0x6241921e7814 - integration[629e4e676ac52d71]::connect::{closure#0}
[INFO] [stdout]   16:     0x6241921e880f - integration[629e4e676ac52d71]::captured::{closure#0}
[INFO] [stdout]   17:     0x6241921eb215 - integration[629e4e676ac52d71]::an_empty_window_yields_nothing::{closure#0}
[INFO] [stdout]   18:     0x62419224e7a3 - <tokio[6eb19ee30c789356]::runtime::scheduler::current_thread::Context>::enter::<core[a373ad73a504971]::task::poll::Poll<()>, <tokio[6eb19ee30c789356]::runtime::scheduler::current_thread::CoreGuard>::block_on<core[a373ad73a504971]::pin::Pin<&mut core[a373ad73a504971]::pin::Pin<&mut dyn core[a373ad73a504971]::future::future::Future<Output = ()>>>>::{closure#0}::{closure#0}>
[INFO] [stdout]   19:     0x624192224b7c - <tokio[6eb19ee30c789356]::runtime::context::scoped::Scoped<tokio[6eb19ee30c789356]::runtime::scheduler::Context>>::set::<<tokio[6eb19ee30c789356]::runtime::scheduler::current_thread::CoreGuard>::enter<<tokio[6eb19ee30c789356]::runtime::scheduler::current_thread::CoreGuard>::block_on<core[a373ad73a504971]::pin::Pin<&mut core[a373ad73a504971]::pin::Pin<&mut dyn core[a373ad73a504971]::future::future::Future<Output = ()>>>>::{closure#0}, core[a373ad73a504971]::option::Option<()>>::{closure#0}, (alloc[2e1b2a31b91974c5]::boxed::Box<tokio[6eb19ee30c789356]::runtime::scheduler::current_thread::Core>, core[a373ad73a504971]::option::Option<()>)>
[INFO] [stdout]   20:     0x62419224f337 - <tokio[6eb19ee30c789356]::runtime::scheduler::current_thread::CoreGuard>::block_on::<core[a373ad73a504971]::pin::Pin<&mut core[a373ad73a504971]::pin::Pin<&mut dyn core[a373ad73a504971]::future::future::Future<Output = ()>>>>
[INFO] [stdout]   21:     0x62419224165b - tokio[6eb19ee30c789356]::runtime::context::runtime::enter_runtime::<<tokio[6eb19ee30c789356]::runtime::scheduler::current_thread::CurrentThread>::block_on<core[a373ad73a504971]::pin::Pin<&mut dyn core[a373ad73a504971]::future::future::Future<Output = ()>>>::{closure#0}, ()>
[INFO] [stdout]   22:     0x62419224e465 - <tokio[6eb19ee30c789356]::runtime::runtime::Runtime>::block_on::<core[a373ad73a504971]::pin::Pin<&mut dyn core[a373ad73a504971]::future::future::Future<Output = ()>>>
[INFO] [stdout]   23:     0x62419220664e - <integration[629e4e676ac52d71]::an_empty_window_yields_nothing::{closure#0} as core[a373ad73a504971]::ops::function::FnOnce<()>>::call_once
[INFO] [stdout]   24:     0x62419225ec3b - test[aada8e7e76ba119b]::__rust_begin_short_backtrace::<core[a373ad73a504971]::result::Result<(), alloc[2e1b2a31b91974c5]::string::String>, fn() -> core[a373ad73a504971]::result::Result<(), alloc[2e1b2a31b91974c5]::string::String>>
[INFO] [stdout]   25:     0x62419226be15 - test[aada8e7e76ba119b]::run_test::{closure#0}
[INFO] [stdout]   26:     0x624192265704 - std[617be2ca0a6fd877]::sys::backtrace::__rust_begin_short_backtrace::<test[aada8e7e76ba119b]::run_test::{closure#1}, ()>
[INFO] [stdout]   27:     0x62419226eea2 - <std[617be2ca0a6fd877]::thread::lifecycle::spawn_unchecked<test[aada8e7e76ba119b]::run_test::{closure#1}, ()>::{closure#1} as core[a373ad73a504971]::ops::function::FnOnce<()>>::call_once::{shim:vtable#0}
[INFO] [stdout]   28:     0x62419235b6df - <std[617be2ca0a6fd877]::sys::thread::unix::Thread>::new::thread_start
[INFO] [stdout]   29:     0x702e8c98cdfa - <unknown>
[INFO] [stdout]   30:     0x702e8ca203d4 - clone
[INFO] [stdout]   31:                0x0 - <unknown>
[INFO] [stdout] 
[INFO] [stdout] ---- an_unknown_option_says_what_the_script_takes stdout ----
[INFO] [stdout] 
[INFO] [stdout] thread 'an_unknown_option_says_what_the_script_takes' (674) panicked at tests/server.rs:65:29:
[INFO] [stdout] no server: build it, or point SCANASTUDIO_SERVER at one
[INFO] [stdout] stack backtrace:
[INFO] [stdout]    0:     0x62419235c201 - <<std[617be2ca0a6fd877]::sys::backtrace::BacktraceLock>::print::DisplayBacktrace as core[a373ad73a504971]::fmt::Display>::fmt
[INFO] [stdout]    1:     0x62419237354a - core[a373ad73a504971]::fmt::write
[INFO] [stdout]    2:     0x624192360c7c - <alloc[2e1b2a31b91974c5]::vec::Vec<u8> as core[a373ad73a504971]::io::write::Write>::write_fmt
[INFO] [stdout]    3:     0x624192335e56 - std[617be2ca0a6fd877]::panicking::default_hook::{closure#0}
[INFO] [stdout]    4:     0x624192353bc9 - std[617be2ca0a6fd877]::panicking::default_hook
[INFO] [stdout]    5:     0x62419226b7f0 - test[aada8e7e76ba119b]::test_main_inner::{closure#0}
[INFO] [stdout]    6:     0x624192353ef2 - std[617be2ca0a6fd877]::panicking::panic_with_hook
[INFO] [stdout]    7:     0x624192335f02 - std[617be2ca0a6fd877]::panicking::panic_handler::{closure#0}
[INFO] [stdout]    8:     0x62419232ea19 - std[617be2ca0a6fd877]::sys::backtrace::__rust_end_short_backtrace::<std[617be2ca0a6fd877]::panicking::panic_handler::{closure#0}, !>
[INFO] [stdout]    9:     0x624192336cfd - __rustc[ea4f61d10b84890b]::rust_begin_unwind
[INFO] [stdout]   10:     0x624192373cac - core[a373ad73a504971]::panicking::panic_fmt
[INFO] [stdout]   11:     0x624192373a04 - core[a373ad73a504971]::option::expect_failed
[INFO] [stdout]   12:     0x624192250cb6 - <std[617be2ca0a6fd877]::sync::once::Once>::call_once_force::<<std[617be2ca0a6fd877]::sync::once_lock::OnceLock<alloc[2e1b2a31b91974c5]::string::String>>::initialize<<std[617be2ca0a6fd877]::sync::once_lock::OnceLock<alloc[2e1b2a31b91974c5]::string::String>>::get_or_init<integration[629e4e676ac52d71]::server::server_url::{closure#0}>::{closure#0}, !>::{closure#0}>::{closure#0}
[INFO] [stdout]   13:     0x62419233c649 - <std[617be2ca0a6fd877]::sys::sync::once::futex::Once>::call
[INFO] [stdout]   14:     0x62419224e3db - <std[617be2ca0a6fd877]::sync::once_lock::OnceLock<alloc[2e1b2a31b91974c5]::string::String>>::initialize::<<std[617be2ca0a6fd877]::sync::once_lock::OnceLock<alloc[2e1b2a31b91974c5]::string::String>>::get_or_init<integration[629e4e676ac52d71]::server::server_url::{closure#0}>::{closure#0}, !>
[INFO] [stdout]   15:     0x6241921e7814 - integration[629e4e676ac52d71]::connect::{closure#0}
[INFO] [stdout]   16:     0x6241921f67db - integration[629e4e676ac52d71]::an_unknown_option_says_what_the_script_takes::{closure#0}
[INFO] [stdout]   17:     0x62419224e7a3 - <tokio[6eb19ee30c789356]::runtime::scheduler::current_thread::Context>::enter::<core[a373ad73a504971]::task::poll::Poll<()>, <tokio[6eb19ee30c789356]::runtime::scheduler::current_thread::CoreGuard>::block_on<core[a373ad73a504971]::pin::Pin<&mut core[a373ad73a504971]::pin::Pin<&mut dyn core[a373ad73a504971]::future::future::Future<Output = ()>>>>::{closure#0}::{closure#0}>
[INFO] [stdout]   18:     0x624192224b7c - <tokio[6eb19ee30c789356]::runtime::context::scoped::Scoped<tokio[6eb19ee30c789356]::runtime::scheduler::Context>>::set::<<tokio[6eb19ee30c789356]::runtime::scheduler::current_thread::CoreGuard>::enter<<tokio[6eb19ee30c789356]::runtime::scheduler::current_thread::CoreGuard>::block_on<core[a373ad73a504971]::pin::Pin<&mut core[a373ad73a504971]::pin::Pin<&mut dyn core[a373ad73a504971]::future::future::Future<Output = ()>>>>::{closure#0}, core[a373ad73a504971]::option::Option<()>>::{closure#0}, (alloc[2e1b2a31b91974c5]::boxed::Box<tokio[6eb19ee30c789356]::runtime::scheduler::current_thread::Core>, core[a373ad73a504971]::option::Option<()>)>
[INFO] [stdout]   19:     0x62419224f337 - <tokio[6eb19ee30c789356]::runtime::scheduler::current_thread::CoreGuard>::block_on::<core[a373ad73a504971]::pin::Pin<&mut core[a373ad73a504971]::pin::Pin<&mut dyn core[a373ad73a504971]::future::future::Future<Output = ()>>>>
[INFO] [stdout]   20:     0x62419224165b - tokio[6eb19ee30c789356]::runtime::context::runtime::enter_runtime::<<tokio[6eb19ee30c789356]::runtime::scheduler::current_thread::CurrentThread>::block_on<core[a373ad73a504971]::pin::Pin<&mut dyn core[a373ad73a504971]::future::future::Future<Output = ()>>>::{closure#0}, ()>
[INFO] [stdout]   21:     0x62419224e465 - <tokio[6eb19ee30c789356]::runtime::runtime::Runtime>::block_on::<core[a373ad73a504971]::pin::Pin<&mut dyn core[a373ad73a504971]::future::future::Future<Output = ()>>>
[INFO] [stdout]   22:     0x624192207a7e - <integration[629e4e676ac52d71]::an_unknown_option_says_what_the_script_takes::{closure#0} as core[a373ad73a504971]::ops::function::FnOnce<()>>::call_once
[INFO] [stdout]   23:     0x62419225ec3b - test[aada8e7e76ba119b]::__rust_begin_short_backtrace::<core[a373ad73a504971]::result::Result<(), alloc[2e1b2a31b91974c5]::string::String>, fn() -> core[a373ad73a504971]::result::Result<(), alloc[2e1b2a31b91974c5]::string::String>>
[INFO] [stdout]   24:     0x62419226be15 - test[aada8e7e76ba119b]::run_test::{closure#0}
[INFO] [stdout]   25:     0x624192265704 - std[617be2ca0a6fd877]::sys::backtrace::__rust_begin_short_backtrace::<test[aada8e7e76ba119b]::run_test::{closure#1}, ()>
[INFO] [stdout]   26:     0x62419226eea2 - <std[617be2ca0a6fd877]::thread::lifecycle::spawn_unchecked<test[aada8e7e76ba119b]::run_test::{closure#1}, ()>::{closure#1} as core[a373ad73a504971]::ops::function::FnOnce<()>>::call_once::{shim:vtable#0}
[INFO] [stdout]   27:     0x62419235b6df - <std[617be2ca0a6fd877]::sys::thread::unix::Thread>::new::thread_start
[INFO] [stdout]   28:     0x702e8c98cdfa - <unknown>
[INFO] [stdout]   29:     0x702e8ca203d4 - clone
[INFO] [stdout]   30:                0x0 - <unknown>
[INFO] [stdout] 
[INFO] [stdout] ---- an_unreadable_command_is_refused_not_dropped stdout ----
[INFO] [stdout] 
[INFO] [stdout] thread 'an_unreadable_command_is_refused_not_dropped' (675) panicked at tests/server.rs:65:29:
[INFO] [stdout] no server: build it, or point SCANASTUDIO_SERVER at one
[INFO] [stdout] stack backtrace:
[INFO] [stdout]    0:     0x62419235c201 - <<std[617be2ca0a6fd877]::sys::backtrace::BacktraceLock>::print::DisplayBacktrace as core[a373ad73a504971]::fmt::Display>::fmt
[INFO] [stdout]    1:     0x62419237354a - core[a373ad73a504971]::fmt::write
[INFO] [stdout]    2:     0x624192360c7c - <alloc[2e1b2a31b91974c5]::vec::Vec<u8> as core[a373ad73a504971]::io::write::Write>::write_fmt
[INFO] [stdout]    3:     0x624192335e56 - std[617be2ca0a6fd877]::panicking::default_hook::{closure#0}
[INFO] [stdout]    4:     0x624192353bc9 - std[617be2ca0a6fd877]::panicking::default_hook
[INFO] [stdout]    5:     0x62419226b7f0 - test[aada8e7e76ba119b]::test_main_inner::{closure#0}
[INFO] [stdout]    6:     0x624192353ef2 - std[617be2ca0a6fd877]::panicking::panic_with_hook
[INFO] [stdout]    7:     0x624192335f02 - std[617be2ca0a6fd877]::panicking::panic_handler::{closure#0}
[INFO] [stdout]    8:     0x62419232ea19 - std[617be2ca0a6fd877]::sys::backtrace::__rust_end_short_backtrace::<std[617be2ca0a6fd877]::panicking::panic_handler::{closure#0}, !>
[INFO] [stdout]    9:     0x624192336cfd - __rustc[ea4f61d10b84890b]::rust_begin_unwind
[INFO] [stdout]   10:     0x624192373cac - core[a373ad73a504971]::panicking::panic_fmt
[INFO] [stdout]   11:     0x624192373a04 - core[a373ad73a504971]::option::expect_failed
[INFO] [stdout]   12:     0x624192250cb6 - <std[617be2ca0a6fd877]::sync::once::Once>::call_once_force::<<std[617be2ca0a6fd877]::sync::once_lock::OnceLock<alloc[2e1b2a31b91974c5]::string::String>>::initialize<<std[617be2ca0a6fd877]::sync::once_lock::OnceLock<alloc[2e1b2a31b91974c5]::string::String>>::get_or_init<integration[629e4e676ac52d71]::server::server_url::{closure#0}>::{closure#0}, !>::{closure#0}>::{closure#0}
[INFO] [stdout]   13:     0x62419233c649 - <std[617be2ca0a6fd877]::sys::sync::once::futex::Once>::call
[INFO] [stdout]   14:     0x62419224e3db - <std[617be2ca0a6fd877]::sync::once_lock::OnceLock<alloc[2e1b2a31b91974c5]::string::String>>::initialize::<<std[617be2ca0a6fd877]::sync::once_lock::OnceLock<alloc[2e1b2a31b91974c5]::string::String>>::get_or_init<integration[629e4e676ac52d71]::server::server_url::{closure#0}>::{closure#0}, !>
[INFO] [stdout]   15:     0x6241921e7814 - integration[629e4e676ac52d71]::connect::{closure#0}
[INFO] [stdout]   16:     0x6241921f6e18 - integration[629e4e676ac52d71]::an_unreadable_command_is_refused_not_dropped::{closure#0}
[INFO] [stdout]   17:     0x62419224e7a3 - <tokio[6eb19ee30c789356]::runtime::scheduler::current_thread::Context>::enter::<core[a373ad73a504971]::task::poll::Poll<()>, <tokio[6eb19ee30c789356]::runtime::scheduler::current_thread::CoreGuard>::block_on<core[a373ad73a504971]::pin::Pin<&mut core[a373ad73a504971]::pin::Pin<&mut dyn core[a373ad73a504971]::future::future::Future<Output = ()>>>>::{closure#0}::{closure#0}>
[INFO] [stdout]   18:     0x624192224b7c - <tokio[6eb19ee30c789356]::runtime::context::scoped::Scoped<tokio[6eb19ee30c789356]::runtime::scheduler::Context>>::set::<<tokio[6eb19ee30c789356]::runtime::scheduler::current_thread::CoreGuard>::enter<<tokio[6eb19ee30c789356]::runtime::scheduler::current_thread::CoreGuard>::block_on<core[a373ad73a504971]::pin::Pin<&mut core[a373ad73a504971]::pin::Pin<&mut dyn core[a373ad73a504971]::future::future::Future<Output = ()>>>>::{closure#0}, core[a373ad73a504971]::option::Option<()>>::{closure#0}, (alloc[2e1b2a31b91974c5]::boxed::Box<tokio[6eb19ee30c789356]::runtime::scheduler::current_thread::Core>, core[a373ad73a504971]::option::Option<()>)>
[INFO] [stdout]   19:     0x62419224f337 - <tokio[6eb19ee30c789356]::runtime::scheduler::current_thread::CoreGuard>::block_on::<core[a373ad73a504971]::pin::Pin<&mut core[a373ad73a504971]::pin::Pin<&mut dyn core[a373ad73a504971]::future::future::Future<Output = ()>>>>
[INFO] [stdout]   20:     0x62419224165b - tokio[6eb19ee30c789356]::runtime::context::runtime::enter_runtime::<<tokio[6eb19ee30c789356]::runtime::scheduler::current_thread::CurrentThread>::block_on<core[a373ad73a504971]::pin::Pin<&mut dyn core[a373ad73a504971]::future::future::Future<Output = ()>>>::{closure#0}, ()>
[INFO] [stdout]   21:     0x62419224e465 - <tokio[6eb19ee30c789356]::runtime::runtime::Runtime>::block_on::<core[a373ad73a504971]::pin::Pin<&mut dyn core[a373ad73a504971]::future::future::Future<Output = ()>>>
[INFO] [stdout]   22:     0x624192207bde - <integration[629e4e676ac52d71]::an_unreadable_command_is_refused_not_dropped::{closure#0} as core[a373ad73a504971]::ops::function::FnOnce<()>>::call_once
[INFO] [stdout]   23:     0x62419225ec3b - test[aada8e7e76ba119b]::__rust_begin_short_backtrace::<core[a373ad73a504971]::result::Result<(), alloc[2e1b2a31b91974c5]::string::String>, fn() -> core[a373ad73a504971]::result::Result<(), alloc[2e1b2a31b91974c5]::string::String>>
[INFO] [stdout]   24:     0x62419226be15 - test[aada8e7e76ba119b]::run_test::{closure#0}
[INFO] [stdout]   25:     0x624192265704 - std[617be2ca0a6fd877]::sys::backtrace::__rust_begin_short_backtrace::<test[aada8e7e76ba119b]::run_test::{closure#1}, ()>
[INFO] [stdout]   26:     0x62419226eea2 - <std[617be2ca0a6fd877]::thread::lifecycle::spawn_unchecked<test[aada8e7e76ba119b]::run_test::{closure#1}, ()>::{closure#1} as core[a373ad73a504971]::ops::function::FnOnce<()>>::call_once::{shim:vtable#0}
[INFO] [stdout]   27:     0x62419235b6df - <std[617be2ca0a6fd877]::sys::thread::unix::Thread>::new::thread_start
[INFO] [stdout]   28:     0x702e8c98cdfa - <unknown>
[INFO] [stdout]   29:     0x702e8ca203d4 - clone
[INFO] [stdout]   30:                0x0 - <unknown>
[INFO] [stdout] 
[INFO] [stdout] ---- a_window_starts_with_the_level_in_force stdout ----
[INFO] [stdout] 
[INFO] [stdout] thread 'a_window_starts_with_the_level_in_force' (671) panicked at tests/server.rs:65:29:
[INFO] [stdout] no server: build it, or point SCANASTUDIO_SERVER at one
[INFO] [stdout] stack backtrace:
[INFO] [stdout]    0:     0x62419235c201 - <<std[617be2ca0a6fd877]::sys::backtrace::BacktraceLock>::print::DisplayBacktrace as core[a373ad73a504971]::fmt::Display>::fmt
[INFO] [stdout]    1:     0x62419237354a - core[a373ad73a504971]::fmt::write
[INFO] [stdout]    2:     0x624192360c7c - <alloc[2e1b2a31b91974c5]::vec::Vec<u8> as core[a373ad73a504971]::io::write::Write>::write_fmt
[INFO] [stdout]    3:     0x624192335e56 - std[617be2ca0a6fd877]::panicking::default_hook::{closure#0}
[INFO] [stdout]    4:     0x624192353bc9 - std[617be2ca0a6fd877]::panicking::default_hook
[INFO] [stdout]    5:     0x62419226b7f0 - test[aada8e7e76ba119b]::test_main_inner::{closure#0}
[INFO] [stdout]    6:     0x624192353ef2 - std[617be2ca0a6fd877]::panicking::panic_with_hook
[INFO] [stdout]    7:     0x624192335f02 - std[617be2ca0a6fd877]::panicking::panic_handler::{closure#0}
[INFO] [stdout]    8:     0x62419232ea19 - std[617be2ca0a6fd877]::sys::backtrace::__rust_end_short_backtrace::<std[617be2ca0a6fd877]::panicking::panic_handler::{closure#0}, !>
[INFO] [stdout]    9:     0x624192336cfd - __rustc[ea4f61d10b84890b]::rust_begin_unwind
[INFO] [stdout]   10:     0x624192373cac - core[a373ad73a504971]::panicking::panic_fmt
[INFO] [stdout]   11:     0x624192373a04 - core[a373ad73a504971]::option::expect_failed
[INFO] [stdout]   12:     0x624192250cb6 - <std[617be2ca0a6fd877]::sync::once::Once>::call_once_force::<<std[617be2ca0a6fd877]::sync::once_lock::OnceLock<alloc[2e1b2a31b91974c5]::string::String>>::initialize<<std[617be2ca0a6fd877]::sync::once_lock::OnceLock<alloc[2e1b2a31b91974c5]::string::String>>::get_or_init<integration[629e4e676ac52d71]::server::server_url::{closure#0}>::{closure#0}, !>::{closure#0}>::{closure#0}
[INFO] [stdout]   13:     0x62419233c649 - <std[617be2ca0a6fd877]::sys::sync::once::futex::Once>::call
[INFO] [stdout]   14:     0x62419224e3db - <std[617be2ca0a6fd877]::sync::once_lock::OnceLock<alloc[2e1b2a31b91974c5]::string::String>>::initialize::<<std[617be2ca0a6fd877]::sync::once_lock::OnceLock<alloc[2e1b2a31b91974c5]::string::String>>::get_or_init<integration[629e4e676ac52d71]::server::server_url::{closure#0}>::{closure#0}, !>
[INFO] [stdout]   15:     0x6241921e7814 - integration[629e4e676ac52d71]::connect::{closure#0}
[INFO] [stdout]   16:     0x6241921e880f - integration[629e4e676ac52d71]::captured::{closure#0}
[INFO] [stdout]   17:     0x6241921f158c - integration[629e4e676ac52d71]::a_window_starts_with_the_level_in_force::{closure#0}
[INFO] [stdout]   18:     0x62419224e7a3 - <tokio[6eb19ee30c789356]::runtime::scheduler::current_thread::Context>::enter::<core[a373ad73a504971]::task::poll::Poll<()>, <tokio[6eb19ee30c789356]::runtime::scheduler::current_thread::CoreGuard>::block_on<core[a373ad73a504971]::pin::Pin<&mut core[a373ad73a504971]::pin::Pin<&mut dyn core[a373ad73a504971]::future::future::Future<Output = ()>>>>::{closure#0}::{closure#0}>
[INFO] [stdout]   19:     0x624192224b7c - <tokio[6eb19ee30c789356]::runtime::context::scoped::Scoped<tokio[6eb19ee30c789356]::runtime::scheduler::Context>>::set::<<tokio[6eb19ee30c789356]::runtime::scheduler::current_thread::CoreGuard>::enter<<tokio[6eb19ee30c789356]::runtime::scheduler::current_thread::CoreGuard>::block_on<core[a373ad73a504971]::pin::Pin<&mut core[a373ad73a504971]::pin::Pin<&mut dyn core[a373ad73a504971]::future::future::Future<Output = ()>>>>::{closure#0}, core[a373ad73a504971]::option::Option<()>>::{closure#0}, (alloc[2e1b2a31b91974c5]::boxed::Box<tokio[6eb19ee30c789356]::runtime::scheduler::current_thread::Core>, core[a373ad73a504971]::option::Option<()>)>
[INFO] [stdout]   20:     0x62419224f337 - <tokio[6eb19ee30c789356]::runtime::scheduler::current_thread::CoreGuard>::block_on::<core[a373ad73a504971]::pin::Pin<&mut core[a373ad73a504971]::pin::Pin<&mut dyn core[a373ad73a504971]::future::future::Future<Output = ()>>>>
[INFO] [stdout]   21:     0x62419224165b - tokio[6eb19ee30c789356]::runtime::context::runtime::enter_runtime::<<tokio[6eb19ee30c789356]::runtime::scheduler::current_thread::CurrentThread>::block_on<core[a373ad73a504971]::pin::Pin<&mut dyn core[a373ad73a504971]::future::future::Future<Output = ()>>>::{closure#0}, ()>
[INFO] [stdout]   22:     0x62419224e465 - <tokio[6eb19ee30c789356]::runtime::runtime::Runtime>::block_on::<core[a373ad73a504971]::pin::Pin<&mut dyn core[a373ad73a504971]::future::future::Future<Output = ()>>>
[INFO] [stdout]   23:     0x62419220765e - <integration[629e4e676ac52d71]::a_window_starts_with_the_level_in_force::{closure#0} as core[a373ad73a504971]::ops::function::FnOnce<()>>::call_once
[INFO] [stdout]   24:     0x62419225ec3b - test[aada8e7e76ba119b]::__rust_begin_short_backtrace::<core[a373ad73a504971]::result::Result<(), alloc[2e1b2a31b91974c5]::string::String>, fn() -> core[a373ad73a504971]::result::Result<(), alloc[2e1b2a31b91974c5]::string::String>>
[INFO] [stdout]   25:     0x62419226be15 - test[aada8e7e76ba119b]::run_test::{closure#0}
[INFO] [stdout]   26:     0x624192265704 - std[617be2ca0a6fd877]::sys::backtrace::__rust_begin_short_backtrace::<test[aada8e7e76ba119b]::run_test::{closure#1}, ()>
[INFO] [stdout]   27:     0x62419226eea2 - <std[617be2ca0a6fd877]::thread::lifecycle::spawn_unchecked<test[aada8e7e76ba119b]::run_test::{closure#1}, ()>::{closure#1} as core[a373ad73a504971]::ops::function::FnOnce<()>>::call_once::{shim:vtable#0}
[INFO] [stdout]   28:     0x62419235b6df - <std[617be2ca0a6fd877]::sys::thread::unix::Thread>::new::thread_start
[INFO] [stdout]   29:     0x702e8c98cdfa - <unknown>
[INFO] [stdout]   30:     0x702e8ca203d4 - clone
[INFO] [stdout]   31:                0x0 - <unknown>
[INFO] [stdout] 
[INFO] [stdout] ---- a_trigger_reaches_the_server stdout ----
[INFO] [stdout] 
[INFO] [stdout] thread 'a_trigger_reaches_the_server' (670) panicked at tests/server.rs:65:29:
[INFO] [stdout] no server: build it, or point SCANASTUDIO_SERVER at one
[INFO] [stdout] stack backtrace:
[INFO] [stdout]    0:     0x62419235c201 - <<std[617be2ca0a6fd877]::sys::backtrace::BacktraceLock>::print::DisplayBacktrace as core[a373ad73a504971]::fmt::Display>::fmt
[INFO] [stdout]    1:     0x62419237354a - core[a373ad73a504971]::fmt::write
[INFO] [stdout]    2:     0x624192360c7c - <alloc[2e1b2a31b91974c5]::vec::Vec<u8> as core[a373ad73a504971]::io::write::Write>::write_fmt
[INFO] [stdout]    3:     0x624192335e56 - std[617be2ca0a6fd877]::panicking::default_hook::{closure#0}
[INFO] [stdout]    4:     0x624192353bc9 - std[617be2ca0a6fd877]::panicking::default_hook
[INFO] [stdout]    5:     0x62419226b7f0 - test[aada8e7e76ba119b]::test_main_inner::{closure#0}
[INFO] [stdout]    6:     0x624192353ef2 - std[617be2ca0a6fd877]::panicking::panic_with_hook
[INFO] [stdout]    7:     0x624192335f02 - std[617be2ca0a6fd877]::panicking::panic_handler::{closure#0}
[INFO] [stdout]    8:     0x62419232ea19 - std[617be2ca0a6fd877]::sys::backtrace::__rust_end_short_backtrace::<std[617be2ca0a6fd877]::panicking::panic_handler::{closure#0}, !>
[INFO] [stdout]    9:     0x624192336cfd - __rustc[ea4f61d10b84890b]::rust_begin_unwind
[INFO] [stdout]   10:     0x624192373cac - core[a373ad73a504971]::panicking::panic_fmt
[INFO] [stdout]   11:     0x624192373a04 - core[a373ad73a504971]::option::expect_failed
[INFO] [stdout]   12:     0x624192250cb6 - <std[617be2ca0a6fd877]::sync::once::Once>::call_once_force::<<std[617be2ca0a6fd877]::sync::once_lock::OnceLock<alloc[2e1b2a31b91974c5]::string::String>>::initialize<<std[617be2ca0a6fd877]::sync::once_lock::OnceLock<alloc[2e1b2a31b91974c5]::string::String>>::get_or_init<integration[629e4e676ac52d71]::server::server_url::{closure#0}>::{closure#0}, !>::{closure#0}>::{closure#0}
[INFO] [stdout]   13:     0x62419233c649 - <std[617be2ca0a6fd877]::sys::sync::once::futex::Once>::call
[INFO] [stdout]   14:     0x62419224e3db - <std[617be2ca0a6fd877]::sync::once_lock::OnceLock<alloc[2e1b2a31b91974c5]::string::String>>::initialize::<<std[617be2ca0a6fd877]::sync::once_lock::OnceLock<alloc[2e1b2a31b91974c5]::string::String>>::get_or_init<integration[629e4e676ac52d71]::server::server_url::{closure#0}>::{closure#0}, !>
[INFO] [stdout]   15:     0x6241921e7814 - integration[629e4e676ac52d71]::connect::{closure#0}
[INFO] [stdout]   16:     0x6241921ea9cc - integration[629e4e676ac52d71]::a_trigger_reaches_the_server::{closure#0}
[INFO] [stdout]   17:     0x62419224e7a3 - <tokio[6eb19ee30c789356]::runtime::scheduler::current_thread::Context>::enter::<core[a373ad73a504971]::task::poll::Poll<()>, <tokio[6eb19ee30c789356]::runtime::scheduler::current_thread::CoreGuard>::block_on<core[a373ad73a504971]::pin::Pin<&mut core[a373ad73a504971]::pin::Pin<&mut dyn core[a373ad73a504971]::future::future::Future<Output = ()>>>>::{closure#0}::{closure#0}>
[INFO] [stdout]   18:     0x624192224b7c - <tokio[6eb19ee30c789356]::runtime::context::scoped::Scoped<tokio[6eb19ee30c789356]::runtime::scheduler::Context>>::set::<<tokio[6eb19ee30c789356]::runtime::scheduler::current_thread::CoreGuard>::enter<<tokio[6eb19ee30c789356]::runtime::scheduler::current_thread::CoreGuard>::block_on<core[a373ad73a504971]::pin::Pin<&mut core[a373ad73a504971]::pin::Pin<&mut dyn core[a373ad73a504971]::future::future::Future<Output = ()>>>>::{closure#0}, core[a373ad73a504971]::option::Option<()>>::{closure#0}, (alloc[2e1b2a31b91974c5]::boxed::Box<tokio[6eb19ee30c789356]::runtime::scheduler::current_thread::Core>, core[a373ad73a504971]::option::Option<()>)>
[INFO] [stdout]   19:     0x62419224f337 - <tokio[6eb19ee30c789356]::runtime::scheduler::current_thread::CoreGuard>::block_on::<core[a373ad73a504971]::pin::Pin<&mut core[a373ad73a504971]::pin::Pin<&mut dyn core[a373ad73a504971]::future::future::Future<Output = ()>>>>
[INFO] [stdout]   20:     0x62419224165b - tokio[6eb19ee30c789356]::runtime::context::runtime::enter_runtime::<<tokio[6eb19ee30c789356]::runtime::scheduler::current_thread::CurrentThread>::block_on<core[a373ad73a504971]::pin::Pin<&mut dyn core[a373ad73a504971]::future::future::Future<Output = ()>>>::{closure#0}, ()>
[INFO] [stdout]   21:     0x62419224e465 - <tokio[6eb19ee30c789356]::runtime::runtime::Runtime>::block_on::<core[a373ad73a504971]::pin::Pin<&mut dyn core[a373ad73a504971]::future::future::Future<Output = ()>>>
[INFO] [stdout]   22:     0x6241922064ee - <integration[629e4e676ac52d71]::a_trigger_reaches_the_server::{closure#0} as core[a373ad73a504971]::ops::function::FnOnce<()>>::call_once
[INFO] [stdout]   23:     0x62419225ec3b - test[aada8e7e76ba119b]::__rust_begin_short_backtrace::<core[a373ad73a504971]::result::Result<(), alloc[2e1b2a31b91974c5]::string::String>, fn() -> core[a373ad73a504971]::result::Result<(), alloc[2e1b2a31b91974c5]::string::String>>
[INFO] [stdout]   24:     0x62419226be15 - test[aada8e7e76ba119b]::run_test::{closure#0}
[INFO] [stdout]   25:     0x624192265704 - std[617be2ca0a6fd877]::sys::backtrace::__rust_begin_short_backtrace::<test[aada8e7e76ba119b]::run_test::{closure#1}, ()>
[INFO] [stdout]   26:     0x62419226eea2 - <std[617be2ca0a6fd877]::thread::lifecycle::spawn_unchecked<test[aada8e7e76ba119b]::run_test::{closure#1}, ()>::{closure#1} as core[a373ad73a504971]::ops::function::FnOnce<()>>::call_once::{shim:vtable#0}
[INFO] [stdout]   27:     0x62419235b6df - <std[617be2ca0a6fd877]::sys::thread::unix::Thread>::new::thread_start
[INFO] [stdout]   28:     0x702e8c98cdfa - <unknown>
[INFO] [stdout]   29:     0x702e8ca203d4 - clone
[INFO] [stdout]   30:                0x0 - <unknown>
[INFO] [stdout] 
[INFO] [stdout] ---- a_missing_script_is_an_error_not_a_hang stdout ----
[INFO] [stdout] 
[INFO] [stdout] thread 'a_missing_script_is_an_error_not_a_hang' (666) panicked at tests/server.rs:65:29:
[INFO] [stdout] no server: build it, or point SCANASTUDIO_SERVER at one
[INFO] [stdout] stack backtrace:
[INFO] [stdout]    0:     0x62419235c201 - <<std[617be2ca0a6fd877]::sys::backtrace::BacktraceLock>::print::DisplayBacktrace as core[a373ad73a504971]::fmt::Display>::fmt
[INFO] [stdout]    1:     0x62419237354a - core[a373ad73a504971]::fmt::write
[INFO] [stdout]    2:     0x624192360c7c - <alloc[2e1b2a31b91974c5]::vec::Vec<u8> as core[a373ad73a504971]::io::write::Write>::write_fmt
[INFO] [stdout]    3:     0x624192335e56 - std[617be2ca0a6fd877]::panicking::default_hook::{closure#0}
[INFO] [stdout]    4:     0x624192353bc9 - std[617be2ca0a6fd877]::panicking::default_hook
[INFO] [stdout]    5:     0x62419226b7f0 - test[aada8e7e76ba119b]::test_main_inner::{closure#0}
[INFO] [stdout]    6:     0x624192353ef2 - std[617be2ca0a6fd877]::panicking::panic_with_hook
[INFO] [stdout]    7:     0x624192335f02 - std[617be2ca0a6fd877]::panicking::panic_handler::{closure#0}
[INFO] [stdout]    8:     0x62419232ea19 - std[617be2ca0a6fd877]::sys::backtrace::__rust_end_short_backtrace::<std[617be2ca0a6fd877]::panicking::panic_handler::{closure#0}, !>
[INFO] [stdout]    9:     0x624192336cfd - __rustc[ea4f61d10b84890b]::rust_begin_unwind
[INFO] [stdout]   10:     0x624192373cac - core[a373ad73a504971]::panicking::panic_fmt
[INFO] [stdout]   11:     0x624192373a04 - core[a373ad73a504971]::option::expect_failed
[INFO] [stdout]   12:     0x624192250cb6 - <std[617be2ca0a6fd877]::sync::once::Once>::call_once_force::<<std[617be2ca0a6fd877]::sync::once_lock::OnceLock<alloc[2e1b2a31b91974c5]::string::String>>::initialize<<std[617be2ca0a6fd877]::sync::once_lock::OnceLock<alloc[2e1b2a31b91974c5]::string::String>>::get_or_init<integration[629e4e676ac52d71]::server::server_url::{closure#0}>::{closure#0}, !>::{closure#0}>::{closure#0}
[INFO] [stdout]   13:     0x62419233c649 - <std[617be2ca0a6fd877]::sys::sync::once::futex::Once>::call
[INFO] [stdout]   14:     0x62419224e3db - <std[617be2ca0a6fd877]::sync::once_lock::OnceLock<alloc[2e1b2a31b91974c5]::string::String>>::initialize::<<std[617be2ca0a6fd877]::sync::once_lock::OnceLock<alloc[2e1b2a31b91974c5]::string::String>>::get_or_init<integration[629e4e676ac52d71]::server::server_url::{closure#0}>::{closure#0}, !>
[INFO] [stdout]   15:     0x6241921e7814 - integration[629e4e676ac52d71]::connect::{closure#0}
[INFO] [stdout]   16:     0x6241921f0cbc - integration[629e4e676ac52d71]::a_missing_script_is_an_error_not_a_hang::{closure#0}
[INFO] [stdout]   17:     0x62419224e7a3 - <tokio[6eb19ee30c789356]::runtime::scheduler::current_thread::Context>::enter::<core[a373ad73a504971]::task::poll::Poll<()>, <tokio[6eb19ee30c789356]::runtime::scheduler::current_thread::CoreGuard>::block_on<core[a373ad73a504971]::pin::Pin<&mut core[a373ad73a504971]::pin::Pin<&mut dyn core[a373ad73a504971]::future::future::Future<Output = ()>>>>::{closure#0}::{closure#0}>
[INFO] [stdout]   18:     0x624192224b7c - <tokio[6eb19ee30c789356]::runtime::context::scoped::Scoped<tokio[6eb19ee30c789356]::runtime::scheduler::Context>>::set::<<tokio[6eb19ee30c789356]::runtime::scheduler::current_thread::CoreGuard>::enter<<tokio[6eb19ee30c789356]::runtime::scheduler::current_thread::CoreGuard>::block_on<core[a373ad73a504971]::pin::Pin<&mut core[a373ad73a504971]::pin::Pin<&mut dyn core[a373ad73a504971]::future::future::Future<Output = ()>>>>::{closure#0}, core[a373ad73a504971]::option::Option<()>>::{closure#0}, (alloc[2e1b2a31b91974c5]::boxed::Box<tokio[6eb19ee30c789356]::runtime::scheduler::current_thread::Core>, core[a373ad73a504971]::option::Option<()>)>
[INFO] [stdout]   19:     0x62419224f337 - <tokio[6eb19ee30c789356]::runtime::scheduler::current_thread::CoreGuard>::block_on::<core[a373ad73a504971]::pin::Pin<&mut core[a373ad73a504971]::pin::Pin<&mut dyn core[a373ad73a504971]::future::future::Future<Output = ()>>>>
[INFO] [stdout]   20:     0x62419224165b - tokio[6eb19ee30c789356]::runtime::context::runtime::enter_runtime::<<tokio[6eb19ee30c789356]::runtime::scheduler::current_thread::CurrentThread>::block_on<core[a373ad73a504971]::pin::Pin<&mut dyn core[a373ad73a504971]::future::future::Future<Output = ()>>>::{closure#0}, ()>
[INFO] [stdout]   21:     0x62419224e465 - <tokio[6eb19ee30c789356]::runtime::runtime::Runtime>::block_on::<core[a373ad73a504971]::pin::Pin<&mut dyn core[a373ad73a504971]::future::future::Future<Output = ()>>>
[INFO] [stdout]   22:     0x6241922074fe - <integration[629e4e676ac52d71]::a_missing_script_is_an_error_not_a_hang::{closure#0} as core[a373ad73a504971]::ops::function::FnOnce<()>>::call_once
[INFO] [stdout]   23:     0x62419225ec3b - test[aada8e7e76ba119b]::__rust_begin_short_backtrace::<core[a373ad73a504971]::result::Result<(), alloc[2e1b2a31b91974c5]::string::String>, fn() -> core[a373ad73a504971]::result::Result<(), alloc[2e1b2a31b91974c5]::string::String>>
[INFO] [stdout]   24:     0x62419226be15 - test[aada8e7e76ba119b]::run_test::{closure#0}
[INFO] [stdout]   25:     0x624192265704 - std[617be2ca0a6fd877]::sys::backtrace::__rust_begin_short_backtrace::<test[aada8e7e76ba119b]::run_test::{closure#1}, ()>
[INFO] [stdout]   26:     0x62419226eea2 - <std[617be2ca0a6fd877]::thread::lifecycle::spawn_unchecked<test[aada8e7e76ba119b]::run_test::{closure#1}, ()>::{closure#1} as core[a373ad73a504971]::ops::function::FnOnce<()>>::call_once::{shim:vtable#0}
[INFO] [stdout]   27:     0x62419235b6df - <std[617be2ca0a6fd877]::sys::thread::unix::Thread>::new::thread_start
[INFO] [stdout]   28:     0x702e8c98cdfa - <unknown>
[INFO] [stdout]   29:     0x702e8ca203d4 - clone
[INFO] [stdout]   30:                0x0 - <unknown>
[INFO] [stdout] 
[INFO] [stdout] ---- markers_and_measurements stdout ----
[INFO] [stdout] 
[INFO] [stdout] thread 'markers_and_measurements' (679) panicked at tests/server.rs:65:29:
[INFO] [stdout] no server: build it, or point SCANASTUDIO_SERVER at one
[INFO] [stdout] stack backtrace:
[INFO] [stdout]    0:     0x62419235c201 - <<std[617be2ca0a6fd877]::sys::backtrace::BacktraceLock>::print::DisplayBacktrace as core[a373ad73a504971]::fmt::Display>::fmt
[INFO] [stdout]    1:     0x62419237354a - core[a373ad73a504971]::fmt::write
[INFO] [stdout]    2:     0x624192360c7c - <alloc[2e1b2a31b91974c5]::vec::Vec<u8> as core[a373ad73a504971]::io::write::Write>::write_fmt
[INFO] [stdout]    3:     0x624192335e56 - std[617be2ca0a6fd877]::panicking::default_hook::{closure#0}
[INFO] [stdout]    4:     0x624192353bc9 - std[617be2ca0a6fd877]::panicking::default_hook
[INFO] [stdout]    5:     0x62419226b7f0 - test[aada8e7e76ba119b]::test_main_inner::{closure#0}
[INFO] [stdout]    6:     0x624192353ef2 - std[617be2ca0a6fd877]::panicking::panic_with_hook
[INFO] [stdout]    7:     0x624192335f02 - std[617be2ca0a6fd877]::panicking::panic_handler::{closure#0}
[INFO] [stdout]    8:     0x62419232ea19 - std[617be2ca0a6fd877]::sys::backtrace::__rust_end_short_backtrace::<std[617be2ca0a6fd877]::panicking::panic_handler::{closure#0}, !>
[INFO] [stdout]    9:     0x624192336cfd - __rustc[ea4f61d10b84890b]::rust_begin_unwind
[INFO] [stdout]   10:     0x624192373cac - core[a373ad73a504971]::panicking::panic_fmt
[INFO] [stdout]   11:     0x624192373a04 - core[a373ad73a504971]::option::expect_failed
[INFO] [stdout]   12:     0x624192250cb6 - <std[617be2ca0a6fd877]::sync::once::Once>::call_once_force::<<std[617be2ca0a6fd877]::sync::once_lock::OnceLock<alloc[2e1b2a31b91974c5]::string::String>>::initialize<<std[617be2ca0a6fd877]::sync::once_lock::OnceLock<alloc[2e1b2a31b91974c5]::string::String>>::get_or_init<integration[629e4e676ac52d71]::server::server_url::{closure#0}>::{closure#0}, !>::{closure#0}>::{closure#0}
[INFO] [stdout]   13:     0x62419233c649 - <std[617be2ca0a6fd877]::sys::sync::once::futex::Once>::call
[INFO] [stdout]   14:     0x62419224e3db - <std[617be2ca0a6fd877]::sync::once_lock::OnceLock<alloc[2e1b2a31b91974c5]::string::String>>::initialize::<<std[617be2ca0a6fd877]::sync::once_lock::OnceLock<alloc[2e1b2a31b91974c5]::string::String>>::get_or_init<integration[629e4e676ac52d71]::server::server_url::{closure#0}>::{closure#0}, !>
[INFO] [stdout]   15:     0x6241921e7814 - integration[629e4e676ac52d71]::connect::{closure#0}
[INFO] [stdout]   16:     0x6241921e880f - integration[629e4e676ac52d71]::captured::{closure#0}
[INFO] [stdout]   17:     0x6241921e8e1c - integration[629e4e676ac52d71]::markers_and_measurements::{closure#0}
[INFO] [stdout]   18:     0x62419224e7a3 - <tokio[6eb19ee30c789356]::runtime::scheduler::current_thread::Context>::enter::<core[a373ad73a504971]::task::poll::Poll<()>, <tokio[6eb19ee30c789356]::runtime::scheduler::current_thread::CoreGuard>::block_on<core[a373ad73a504971]::pin::Pin<&mut core[a373ad73a504971]::pin::Pin<&mut dyn core[a373ad73a504971]::future::future::Future<Output = ()>>>>::{closure#0}::{closure#0}>
[INFO] [stdout]   19:     0x624192224b7c - <tokio[6eb19ee30c789356]::runtime::context::scoped::Scoped<tokio[6eb19ee30c789356]::runtime::scheduler::Context>>::set::<<tokio[6eb19ee30c789356]::runtime::scheduler::current_thread::CoreGuard>::enter<<tokio[6eb19ee30c789356]::runtime::scheduler::current_thread::CoreGuard>::block_on<core[a373ad73a504971]::pin::Pin<&mut core[a373ad73a504971]::pin::Pin<&mut dyn core[a373ad73a504971]::future::future::Future<Output = ()>>>>::{closure#0}, core[a373ad73a504971]::option::Option<()>>::{closure#0}, (alloc[2e1b2a31b91974c5]::boxed::Box<tokio[6eb19ee30c789356]::runtime::scheduler::current_thread::Core>, core[a373ad73a504971]::option::Option<()>)>
[INFO] [stdout]   20:     0x62419224f337 - <tokio[6eb19ee30c789356]::runtime::scheduler::current_thread::CoreGuard>::block_on::<core[a373ad73a504971]::pin::Pin<&mut core[a373ad73a504971]::pin::Pin<&mut dyn core[a373ad73a504971]::future::future::Future<Output = ()>>>>
[INFO] [stdout]   21:     0x62419224165b - tokio[6eb19ee30c789356]::runtime::context::runtime::enter_runtime::<<tokio[6eb19ee30c789356]::runtime::scheduler::current_thread::CurrentThread>::block_on<core[a373ad73a504971]::pin::Pin<&mut dyn core[a373ad73a504971]::future::future::Future<Output = ()>>>::{closure#0}, ()>
[INFO] [stdout]   22:     0x62419224e465 - <tokio[6eb19ee30c789356]::runtime::runtime::Runtime>::block_on::<core[a373ad73a504971]::pin::Pin<&mut dyn core[a373ad73a504971]::future::future::Future<Output = ()>>>
[INFO] [stdout]   23:     0x62419220624e - <integration[629e4e676ac52d71]::markers_and_measurements::{closure#0} as core[a373ad73a504971]::ops::function::FnOnce<()>>::call_once
[INFO] [stdout]   24:     0x62419225ec3b - test[aada8e7e76ba119b]::__rust_begin_short_backtrace::<core[a373ad73a504971]::result::Result<(), alloc[2e1b2a31b91974c5]::string::String>, fn() -> core[a373ad73a504971]::result::Result<(), alloc[2e1b2a31b91974c5]::string::String>>
[INFO] [stdout]   25:     0x62419226be15 - test[aada8e7e76ba119b]::run_test::{closure#0}
[INFO] [stdout]   26:     0x624192265704 - std[617be2ca0a6fd877]::sys::backtrace::__rust_begin_short_backtrace::<test[aada8e7e76ba119b]::run_test::{closure#1}, ()>
[INFO] [stdout]   27:     0x62419226eea2 - <std[617be2ca0a6fd877]::thread::lifecycle::spawn_unchecked<test[aada8e7e76ba119b]::run_test::{closure#1}, ()>::{closure#1} as core[a373ad73a504971]::ops::function::FnOnce<()>>::call_once::{shim:vtable#0}
[INFO] [stdout]   28:     0x62419235b6df - <std[617be2ca0a6fd877]::sys::thread::unix::Thread>::new::thread_start
[INFO] [stdout]   29:     0x702e8c98cdfa - <unknown>
[INFO] [stdout]   30:     0x702e8ca203d4 - clone
[INFO] [stdout]   31:                0x0 - <unknown>
[INFO] [stdout] 
[INFO] [stdout] ---- a_decoder_reports_its_analog_channels stdout ----
[INFO] [stdout] 
[INFO] [stdout] thread 'a_decoder_reports_its_analog_channels' (663) panicked at tests/server.rs:65:29:
[INFO] [stdout] no server: build it, or point SCANASTUDIO_SERVER at one
[INFO] [stdout] stack backtrace:
[INFO] [stdout]    0:     0x62419235c201 - <<std[617be2ca0a6fd877]::sys::backtrace::BacktraceLock>::print::DisplayBacktrace as core[a373ad73a504971]::fmt::Display>::fmt
[INFO] [stdout]    1:     0x62419237354a - core[a373ad73a504971]::fmt::write
[INFO] [stdout]    2:     0x624192360c7c - <alloc[2e1b2a31b91974c5]::vec::Vec<u8> as core[a373ad73a504971]::io::write::Write>::write_fmt
[INFO] [stdout]    3:     0x624192335e56 - std[617be2ca0a6fd877]::panicking::default_hook::{closure#0}
[INFO] [stdout]    4:     0x624192353bc9 - std[617be2ca0a6fd877]::panicking::default_hook
[INFO] [stdout]    5:     0x62419226b7f0 - test[aada8e7e76ba119b]::test_main_inner::{closure#0}
[INFO] [stdout]    6:     0x624192353ef2 - std[617be2ca0a6fd877]::panicking::panic_with_hook
[INFO] [stdout]    7:     0x624192335f02 - std[617be2ca0a6fd877]::panicking::panic_handler::{closure#0}
[INFO] [stdout]    8:     0x62419232ea19 - std[617be2ca0a6fd877]::sys::backtrace::__rust_end_short_backtrace::<std[617be2ca0a6fd877]::panicking::panic_handler::{closure#0}, !>
[INFO] [stdout]    9:     0x624192336cfd - __rustc[ea4f61d10b84890b]::rust_begin_unwind
[INFO] [stdout]   10:     0x624192373cac - core[a373ad73a504971]::panicking::panic_fmt
[INFO] [stdout]   11:     0x624192373a04 - core[a373ad73a504971]::option::expect_failed
[INFO] [stdout]   12:     0x624192250cb6 - <std[617be2ca0a6fd877]::sync::once::Once>::call_once_force::<<std[617be2ca0a6fd877]::sync::once_lock::OnceLock<alloc[2e1b2a31b91974c5]::string::String>>::initialize<<std[617be2ca0a6fd877]::sync::once_lock::OnceLock<alloc[2e1b2a31b91974c5]::string::String>>::get_or_init<integration[629e4e676ac52d71]::server::server_url::{closure#0}>::{closure#0}, !>::{closure#0}>::{closure#0}
[INFO] [stdout]   13:     0x62419233c649 - <std[617be2ca0a6fd877]::sys::sync::once::futex::Once>::call
[INFO] [stdout]   14:     0x62419224e3db - <std[617be2ca0a6fd877]::sync::once_lock::OnceLock<alloc[2e1b2a31b91974c5]::string::String>>::initialize::<<std[617be2ca0a6fd877]::sync::once_lock::OnceLock<alloc[2e1b2a31b91974c5]::string::String>>::get_or_init<integration[629e4e676ac52d71]::server::server_url::{closure#0}>::{closure#0}, !>
[INFO] [stdout]   15:     0x6241921e7814 - integration[629e4e676ac52d71]::connect::{closure#0}
[INFO] [stdout]   16:     0x6241921e880f - integration[629e4e676ac52d71]::captured::{closure#0}
[INFO] [stdout]   17:     0x6241921eccef - integration[629e4e676ac52d71]::a_decoder_reports_its_analog_channels::{closure#0}
[INFO] [stdout]   18:     0x62419224e7a3 - <tokio[6eb19ee30c789356]::runtime::scheduler::current_thread::Context>::enter::<core[a373ad73a504971]::task::poll::Poll<()>, <tokio[6eb19ee30c789356]::runtime::scheduler::current_thread::CoreGuard>::block_on<core[a373ad73a504971]::pin::Pin<&mut core[a373ad73a504971]::pin::Pin<&mut dyn core[a373ad73a504971]::future::future::Future<Output = ()>>>>::{closure#0}::{closure#0}>
[INFO] [stdout]   19:     0x624192224b7c - <tokio[6eb19ee30c789356]::runtime::context::scoped::Scoped<tokio[6eb19ee30c789356]::runtime::scheduler::Context>>::set::<<tokio[6eb19ee30c789356]::runtime::scheduler::current_thread::CoreGuard>::enter<<tokio[6eb19ee30c789356]::runtime::scheduler::current_thread::CoreGuard>::block_on<core[a373ad73a504971]::pin::Pin<&mut core[a373ad73a504971]::pin::Pin<&mut dyn core[a373ad73a504971]::future::future::Future<Output = ()>>>>::{closure#0}, core[a373ad73a504971]::option::Option<()>>::{closure#0}, (alloc[2e1b2a31b91974c5]::boxed::Box<tokio[6eb19ee30c789356]::runtime::scheduler::current_thread::Core>, core[a373ad73a504971]::option::Option<()>)>
[INFO] [stdout]   20:     0x62419224f337 - <tokio[6eb19ee30c789356]::runtime::scheduler::current_thread::CoreGuard>::block_on::<core[a373ad73a504971]::pin::Pin<&mut core[a373ad73a504971]::pin::Pin<&mut dyn core[a373ad73a504971]::future::future::Future<Output = ()>>>>
[INFO] [stdout]   21:     0x62419224165b - tokio[6eb19ee30c789356]::runtime::context::runtime::enter_runtime::<<tokio[6eb19ee30c789356]::runtime::scheduler::current_thread::CurrentThread>::block_on<core[a373ad73a504971]::pin::Pin<&mut dyn core[a373ad73a504971]::future::future::Future<Output = ()>>>::{closure#0}, ()>
[INFO] [stdout]   22:     0x62419224e465 - <tokio[6eb19ee30c789356]::runtime::runtime::Runtime>::block_on::<core[a373ad73a504971]::pin::Pin<&mut dyn core[a373ad73a504971]::future::future::Future<Output = ()>>>
[INFO] [stdout]   23:     0x624192206e0e - <integration[629e4e676ac52d71]::a_decoder_reports_its_analog_channels::{closure#0} as core[a373ad73a504971]::ops::function::FnOnce<()>>::call_once
[INFO] [stdout]   24:     0x62419225ec3b - test[aada8e7e76ba119b]::__rust_begin_short_backtrace::<core[a373ad73a504971]::result::Result<(), alloc[2e1b2a31b91974c5]::string::String>, fn() -> core[a373ad73a504971]::result::Result<(), alloc[2e1b2a31b91974c5]::string::String>>
[INFO] [stdout]   25:     0x62419226be15 - test[aada8e7e76ba119b]::run_test::{closure#0}
[INFO] [stdout]   26:     0x624192265704 - std[617be2ca0a6fd877]::sys::backtrace::__rust_begin_short_backtrace::<test[aada8e7e76ba119b]::run_test::{closure#1}, ()>
[INFO] [stdout]   27:     0x62419226eea2 - <std[617be2ca0a6fd877]::thread::lifecycle::spawn_unchecked<test[aada8e7e76ba119b]::run_test::{closure#1}, ()>::{closure#1} as core[a373ad73a504971]::ops::function::FnOnce<()>>::call_once::{shim:vtable#0}
[INFO] [stdout]   28:     0x62419235b6df - <std[617be2ca0a6fd877]::sys::thread::unix::Thread>::new::thread_start
[INFO] [stdout]   29:     0x702e8c98cdfa - <unknown>
[INFO] [stdout]   30:     0x702e8ca203d4 - clone
[INFO] [stdout]   31:                0x0 - <unknown>
[INFO] [stdout] 
[INFO] [stdout] ---- a_rate_off_the_list_comes_back_coerced stdout ----
[INFO] [stdout] 
[INFO] [stdout] thread 'a_rate_off_the_list_comes_back_coerced' (667) panicked at tests/server.rs:65:29:
[INFO] [stdout] no server: build it, or point SCANASTUDIO_SERVER at one
[INFO] [stdout] stack backtrace:
[INFO] [stdout]    0:     0x62419235c201 - <<std[617be2ca0a6fd877]::sys::backtrace::BacktraceLock>::print::DisplayBacktrace as core[a373ad73a504971]::fmt::Display>::fmt
[INFO] [stdout]    1:     0x62419237354a - core[a373ad73a504971]::fmt::write
[INFO] [stdout]    2:     0x624192360c7c - <alloc[2e1b2a31b91974c5]::vec::Vec<u8> as core[a373ad73a504971]::io::write::Write>::write_fmt
[INFO] [stdout]    3:     0x624192335e56 - std[617be2ca0a6fd877]::panicking::default_hook::{closure#0}
[INFO] [stdout]    4:     0x624192353bc9 - std[617be2ca0a6fd877]::panicking::default_hook
[INFO] [stdout]    5:     0x62419226b7f0 - test[aada8e7e76ba119b]::test_main_inner::{closure#0}
[INFO] [stdout]    6:     0x624192353ef2 - std[617be2ca0a6fd877]::panicking::panic_with_hook
[INFO] [stdout]    7:     0x624192335f02 - std[617be2ca0a6fd877]::panicking::panic_handler::{closure#0}
[INFO] [stdout]    8:     0x62419232ea19 - std[617be2ca0a6fd877]::sys::backtrace::__rust_end_short_backtrace::<std[617be2ca0a6fd877]::panicking::panic_handler::{closure#0}, !>
[INFO] [stdout]    9:     0x624192336cfd - __rustc[ea4f61d10b84890b]::rust_begin_unwind
[INFO] [stdout]   10:     0x624192373cac - core[a373ad73a504971]::panicking::panic_fmt
[INFO] [stdout]   11:     0x624192373a04 - core[a373ad73a504971]::option::expect_failed
[INFO] [stdout]   12:     0x624192250cb6 - <std[617be2ca0a6fd877]::sync::once::Once>::call_once_force::<<std[617be2ca0a6fd877]::sync::once_lock::OnceLock<alloc[2e1b2a31b91974c5]::string::String>>::initialize<<std[617be2ca0a6fd877]::sync::once_lock::OnceLock<alloc[2e1b2a31b91974c5]::string::String>>::get_or_init<integration[629e4e676ac52d71]::server::server_url::{closure#0}>::{closure#0}, !>::{closure#0}>::{closure#0}
[INFO] [stdout]   13:     0x62419233c649 - <std[617be2ca0a6fd877]::sys::sync::once::futex::Once>::call
[INFO] [stdout]   14:     0x62419224e3db - <std[617be2ca0a6fd877]::sync::once_lock::OnceLock<alloc[2e1b2a31b91974c5]::string::String>>::initialize::<<std[617be2ca0a6fd877]::sync::once_lock::OnceLock<alloc[2e1b2a31b91974c5]::string::String>>::get_or_init<integration[629e4e676ac52d71]::server::server_url::{closure#0}>::{closure#0}, !>
[INFO] [stdout]   15:     0x6241921e7814 - integration[629e4e676ac52d71]::connect::{closure#0}
[INFO] [stdout]   16:     0x6241921eddea - integration[629e4e676ac52d71]::a_rate_off_the_list_comes_back_coerced::{closure#0}
[INFO] [stdout]   17:     0x62419224e7a3 - <tokio[6eb19ee30c789356]::runtime::scheduler::current_thread::Context>::enter::<core[a373ad73a504971]::task::poll::Poll<()>, <tokio[6eb19ee30c789356]::runtime::scheduler::current_thread::CoreGuard>::block_on<core[a373ad73a504971]::pin::Pin<&mut core[a373ad73a504971]::pin::Pin<&mut dyn core[a373ad73a504971]::future::future::Future<Output = ()>>>>::{closure#0}::{closure#0}>
[INFO] [stdout]   18:     0x624192224b7c - <tokio[6eb19ee30c789356]::runtime::context::scoped::Scoped<tokio[6eb19ee30c789356]::runtime::scheduler::Context>>::set::<<tokio[6eb19ee30c789356]::runtime::scheduler::current_thread::CoreGuard>::enter<<tokio[6eb19ee30c789356]::runtime::scheduler::current_thread::CoreGuard>::block_on<core[a373ad73a504971]::pin::Pin<&mut core[a373ad73a504971]::pin::Pin<&mut dyn core[a373ad73a504971]::future::future::Future<Output = ()>>>>::{closure#0}, core[a373ad73a504971]::option::Option<()>>::{closure#0}, (alloc[2e1b2a31b91974c5]::boxed::Box<tokio[6eb19ee30c789356]::runtime::scheduler::current_thread::Core>, core[a373ad73a504971]::option::Option<()>)>
[INFO] [stdout]   19:     0x62419224f337 - <tokio[6eb19ee30c789356]::runtime::scheduler::current_thread::CoreGuard>::block_on::<core[a373ad73a504971]::pin::Pin<&mut core[a373ad73a504971]::pin::Pin<&mut dyn core[a373ad73a504971]::future::future::Future<Output = ()>>>>
[INFO] [stdout]   20:     0x62419224165b - tokio[6eb19ee30c789356]::runtime::context::runtime::enter_runtime::<<tokio[6eb19ee30c789356]::runtime::scheduler::current_thread::CurrentThread>::block_on<core[a373ad73a504971]::pin::Pin<&mut dyn core[a373ad73a504971]::future::future::Future<Output = ()>>>::{closure#0}, ()>
[INFO] [stdout]   21:     0x62419224e465 - <tokio[6eb19ee30c789356]::runtime::runtime::Runtime>::block_on::<core[a373ad73a504971]::pin::Pin<&mut dyn core[a373ad73a504971]::future::future::Future<Output = ()>>>
[INFO] [stdout]   22:     0x6241922070ea - <integration[629e4e676ac52d71]::a_rate_off_the_list_comes_back_coerced::{closure#0} as core[a373ad73a504971]::ops::function::FnOnce<()>>::call_once
[INFO] [stdout]   23:     0x62419225ec3b - test[aada8e7e76ba119b]::__rust_begin_short_backtrace::<core[a373ad73a504971]::result::Result<(), alloc[2e1b2a31b91974c5]::string::String>, fn() -> core[a373ad73a504971]::result::Result<(), alloc[2e1b2a31b91974c5]::string::String>>
[INFO] [stdout]   24:     0x62419226be15 - test[aada8e7e76ba119b]::run_test::{closure#0}
[INFO] [stdout]   25:     0x624192265704 - std[617be2ca0a6fd877]::sys::backtrace::__rust_begin_short_backtrace::<test[aada8e7e76ba119b]::run_test::{closure#1}, ()>
[INFO] [stdout]   26:     0x62419226eea2 - <std[617be2ca0a6fd877]::thread::lifecycle::spawn_unchecked<test[aada8e7e76ba119b]::run_test::{closure#1}, ()>::{closure#1} as core[a373ad73a504971]::ops::function::FnOnce<()>>::call_once::{shim:vtable#0}
[INFO] [stdout]   27:     0x62419235b6df - <std[617be2ca0a6fd877]::sys::thread::unix::Thread>::new::thread_start
[INFO] [stdout]   28:     0x702e8c98cdfa - <unknown>
[INFO] [stdout]   29:     0x702e8ca203d4 - clone
[INFO] [stdout]   30:                0x0 - <unknown>
[INFO] [stdout] 
[INFO] [stdout] ---- a_script_is_written_renamed_copied_and_deleted stdout ----
[INFO] [stdout] 
[INFO] [stdout] thread 'a_script_is_written_renamed_copied_and_deleted' (669) panicked at tests/server.rs:65:29:
[INFO] [stdout] no server: build it, or point SCANASTUDIO_SERVER at one
[INFO] [stdout] stack backtrace:
[INFO] [stdout]    0:     0x62419235c201 - <<std[617be2ca0a6fd877]::sys::backtrace::BacktraceLock>::print::DisplayBacktrace as core[a373ad73a504971]::fmt::Display>::fmt
[INFO] [stdout]    1:     0x62419237354a - core[a373ad73a504971]::fmt::write
[INFO] [stdout]    2:     0x624192360c7c - <alloc[2e1b2a31b91974c5]::vec::Vec<u8> as core[a373ad73a504971]::io::write::Write>::write_fmt
[INFO] [stdout]    3:     0x624192335e56 - std[617be2ca0a6fd877]::panicking::default_hook::{closure#0}
[INFO] [stdout]    4:     0x624192353bc9 - std[617be2ca0a6fd877]::panicking::default_hook
[INFO] [stdout]    5:     0x62419226b7f0 - test[aada8e7e76ba119b]::test_main_inner::{closure#0}
[INFO] [stdout]    6:     0x624192353ef2 - std[617be2ca0a6fd877]::panicking::panic_with_hook
[INFO] [stdout]    7:     0x624192335f02 - std[617be2ca0a6fd877]::panicking::panic_handler::{closure#0}
[INFO] [stdout]    8:     0x62419232ea19 - std[617be2ca0a6fd877]::sys::backtrace::__rust_end_short_backtrace::<std[617be2ca0a6fd877]::panicking::panic_handler::{closure#0}, !>
[INFO] [stdout]    9:     0x624192336cfd - __rustc[ea4f61d10b84890b]::rust_begin_unwind
[INFO] [stdout]   10:     0x624192373cac - core[a373ad73a504971]::panicking::panic_fmt
[INFO] [stdout]   11:     0x624192373a04 - core[a373ad73a504971]::option::expect_failed
[INFO] [stdout]   12:     0x624192250cb6 - <std[617be2ca0a6fd877]::sync::once::Once>::call_once_force::<<std[617be2ca0a6fd877]::sync::once_lock::OnceLock<alloc[2e1b2a31b91974c5]::string::String>>::initialize<<std[617be2ca0a6fd877]::sync::once_lock::OnceLock<alloc[2e1b2a31b91974c5]::string::String>>::get_or_init<integration[629e4e676ac52d71]::server::server_url::{closure#0}>::{closure#0}, !>::{closure#0}>::{closure#0}
[INFO] [stdout]   13:     0x62419233c649 - <std[617be2ca0a6fd877]::sys::sync::once::futex::Once>::call
[INFO] [stdout]   14:     0x62419224e3db - <std[617be2ca0a6fd877]::sync::once_lock::OnceLock<alloc[2e1b2a31b91974c5]::string::String>>::initialize::<<std[617be2ca0a6fd877]::sync::once_lock::OnceLock<alloc[2e1b2a31b91974c5]::string::String>>::get_or_init<integration[629e4e676ac52d71]::server::server_url::{closure#0}>::{closure#0}, !>
[INFO] [stdout]   15:     0x6241921e7814 - integration[629e4e676ac52d71]::connect::{closure#0}
[INFO] [stdout]   16:     0x6241921f7346 - integration[629e4e676ac52d71]::a_script_is_written_renamed_copied_and_deleted::{closure#0}
[INFO] [stdout]   17:     0x62419224e7a3 - <tokio[6eb19ee30c789356]::runtime::scheduler::current_thread::Context>::enter::<core[a373ad73a504971]::task::poll::Poll<()>, <tokio[6eb19ee30c789356]::runtime::scheduler::current_thread::CoreGuard>::block_on<core[a373ad73a504971]::pin::Pin<&mut core[a373ad73a504971]::pin::Pin<&mut dyn core[a373ad73a504971]::future::future::Future<Output = ()>>>>::{closure#0}::{closure#0}>
[INFO] [stdout]   18:     0x624192224b7c - <tokio[6eb19ee30c789356]::runtime::context::scoped::Scoped<tokio[6eb19ee30c789356]::runtime::scheduler::Context>>::set::<<tokio[6eb19ee30c789356]::runtime::scheduler::current_thread::CoreGuard>::enter<<tokio[6eb19ee30c789356]::runtime::scheduler::current_thread::CoreGuard>::block_on<core[a373ad73a504971]::pin::Pin<&mut core[a373ad73a504971]::pin::Pin<&mut dyn core[a373ad73a504971]::future::future::Future<Output = ()>>>>::{closure#0}, core[a373ad73a504971]::option::Option<()>>::{closure#0}, (alloc[2e1b2a31b91974c5]::boxed::Box<tokio[6eb19ee30c789356]::runtime::scheduler::current_thread::Core>, core[a373ad73a504971]::option::Option<()>)>
[INFO] [stdout]   19:     0x62419224f337 - <tokio[6eb19ee30c789356]::runtime::scheduler::current_thread::CoreGuard>::block_on::<core[a373ad73a504971]::pin::Pin<&mut core[a373ad73a504971]::pin::Pin<&mut dyn core[a373ad73a504971]::future::future::Future<Output = ()>>>>
[INFO] [stdout]   20:     0x62419224165b - tokio[6eb19ee30c789356]::runtime::context::runtime::enter_runtime::<<tokio[6eb19ee30c789356]::runtime::scheduler::current_thread::CurrentThread>::block_on<core[a373ad73a504971]::pin::Pin<&mut dyn core[a373ad73a504971]::future::future::Future<Output = ()>>>::{closure#0}, ()>
[INFO] [stdout]   21:     0x62419224e465 - <tokio[6eb19ee30c789356]::runtime::runtime::Runtime>::block_on::<core[a373ad73a504971]::pin::Pin<&mut dyn core[a373ad73a504971]::future::future::Future<Output = ()>>>
[INFO] [stdout]   22:     0x624192207d3e - <integration[629e4e676ac52d71]::a_script_is_written_renamed_copied_and_deleted::{closure#0} as core[a373ad73a504971]::ops::function::FnOnce<()>>::call_once
[INFO] [stdout]   23:     0x62419225ec3b - test[aada8e7e76ba119b]::__rust_begin_short_backtrace::<core[a373ad73a504971]::result::Result<(), alloc[2e1b2a31b91974c5]::string::String>, fn() -> core[a373ad73a504971]::result::Result<(), alloc[2e1b2a31b91974c5]::string::String>>
[INFO] [stdout]   24:     0x62419226be15 - test[aada8e7e76ba119b]::run_test::{closure#0}
[INFO] [stdout]   25:     0x624192265704 - std[617be2ca0a6fd877]::sys::backtrace::__rust_begin_short_backtrace::<test[aada8e7e76ba119b]::run_test::{closure#1}, ()>
[INFO] [stdout]   26:     0x62419226eea2 - <std[617be2ca0a6fd877]::thread::lifecycle::spawn_unchecked<test[aada8e7e76ba119b]::run_test::{closure#1}, ()>::{closure#1} as core[a373ad73a504971]::ops::function::FnOnce<()>>::call_once::{shim:vtable#0}
[INFO] [stdout]   27:     0x62419235b6df - <std[617be2ca0a6fd877]::sys::thread::unix::Thread>::new::thread_start
[INFO] [stdout]   28:     0x702e8c98cdfa - <unknown>
[INFO] [stdout]   29:     0x702e8ca203d4 - clone
[INFO] [stdout]   30:                0x0 - <unknown>
[INFO] [stdout] 
[INFO] [stdout] ---- a_capture_runs_and_reports_its_samples stdout ----
[INFO] [stdout] 
[INFO] [stdout] thread 'a_capture_runs_and_reports_its_samples' (662) panicked at tests/server.rs:65:29:
[INFO] [stdout] no server: build it, or point SCANASTUDIO_SERVER at one
[INFO] [stdout] stack backtrace:
[INFO] [stdout]    0:     0x62419235c201 - <<std[617be2ca0a6fd877]::sys::backtrace::BacktraceLock>::print::DisplayBacktrace as core[a373ad73a504971]::fmt::Display>::fmt
[INFO] [stdout]    1:     0x62419237354a - core[a373ad73a504971]::fmt::write
[INFO] [stdout]    2:     0x624192360c7c - <alloc[2e1b2a31b91974c5]::vec::Vec<u8> as core[a373ad73a504971]::io::write::Write>::write_fmt
[INFO] [stdout]    3:     0x624192335e56 - std[617be2ca0a6fd877]::panicking::default_hook::{closure#0}
[INFO] [stdout]    4:     0x624192353bc9 - std[617be2ca0a6fd877]::panicking::default_hook
[INFO] [stdout]    5:     0x62419226b7f0 - test[aada8e7e76ba119b]::test_main_inner::{closure#0}
[INFO] [stdout]    6:     0x624192353ef2 - std[617be2ca0a6fd877]::panicking::panic_with_hook
[INFO] [stdout]    7:     0x624192335f02 - std[617be2ca0a6fd877]::panicking::panic_handler::{closure#0}
[INFO] [stdout]    8:     0x62419232ea19 - std[617be2ca0a6fd877]::sys::backtrace::__rust_end_short_backtrace::<std[617be2ca0a6fd877]::panicking::panic_handler::{closure#0}, !>
[INFO] [stdout]    9:     0x624192336cfd - __rustc[ea4f61d10b84890b]::rust_begin_unwind
[INFO] [stdout]   10:     0x624192373cac - core[a373ad73a504971]::panicking::panic_fmt
[INFO] [stdout]   11:     0x624192373a04 - core[a373ad73a504971]::option::expect_failed
[INFO] [stdout]   12:     0x624192250cb6 - <std[617be2ca0a6fd877]::sync::once::Once>::call_once_force::<<std[617be2ca0a6fd877]::sync::once_lock::OnceLock<alloc[2e1b2a31b91974c5]::string::String>>::initialize<<std[617be2ca0a6fd877]::sync::once_lock::OnceLock<alloc[2e1b2a31b91974c5]::string::String>>::get_or_init<integration[629e4e676ac52d71]::server::server_url::{closure#0}>::{closure#0}, !>::{closure#0}>::{closure#0}
[INFO] [stdout]   13:     0x62419233c649 - <std[617be2ca0a6fd877]::sys::sync::once::futex::Once>::call
[INFO] [stdout]   14:     0x62419224e3db - <std[617be2ca0a6fd877]::sync::once_lock::OnceLock<alloc[2e1b2a31b91974c5]::string::String>>::initialize::<<std[617be2ca0a6fd877]::sync::once_lock::OnceLock<alloc[2e1b2a31b91974c5]::string::String>>::get_or_init<integration[629e4e676ac52d71]::server::server_url::{closure#0}>::{closure#0}, !>
[INFO] [stdout]   15:     0x6241921e7814 - integration[629e4e676ac52d71]::connect::{closure#0}
[INFO] [stdout]   16:     0x6241921e880f - integration[629e4e676ac52d71]::captured::{closure#0}
[INFO] [stdout]   17:     0x6241921edb5d - integration[629e4e676ac52d71]::a_capture_runs_and_reports_its_samples::{closure#0}
[INFO] [stdout]   18:     0x62419224e7a3 - <tokio[6eb19ee30c789356]::runtime::scheduler::current_thread::Context>::enter::<core[a373ad73a504971]::task::poll::Poll<()>, <tokio[6eb19ee30c789356]::runtime::scheduler::current_thread::CoreGuard>::block_on<core[a373ad73a504971]::pin::Pin<&mut core[a373ad73a504971]::pin::Pin<&mut dyn core[a373ad73a504971]::future::future::Future<Output = ()>>>>::{closure#0}::{closure#0}>
[INFO] [stdout]   19:     0x624192224b7c - <tokio[6eb19ee30c789356]::runtime::context::scoped::Scoped<tokio[6eb19ee30c789356]::runtime::scheduler::Context>>::set::<<tokio[6eb19ee30c789356]::runtime::scheduler::current_thread::CoreGuard>::enter<<tokio[6eb19ee30c789356]::runtime::scheduler::current_thread::CoreGuard>::block_on<core[a373ad73a504971]::pin::Pin<&mut core[a373ad73a504971]::pin::Pin<&mut dyn core[a373ad73a504971]::future::future::Future<Output = ()>>>>::{closure#0}, core[a373ad73a504971]::option::Option<()>>::{closure#0}, (alloc[2e1b2a31b91974c5]::boxed::Box<tokio[6eb19ee30c789356]::runtime::scheduler::current_thread::Core>, core[a373ad73a504971]::option::Option<()>)>
[INFO] [stderr] error: test failed, to rerun pass `--test integration`
[INFO] [stdout]   20:     0x62419224f337 - <tokio[6eb19ee30c789356]::runtime::scheduler::current_thread::CoreGuard>::block_on::<core[a373ad73a504971]::pin::Pin<&mut core[a373ad73a504971]::pin::Pin<&mut dyn core[a373ad73a504971]::future::future::Future<Output = ()>>>>
[INFO] [stdout]   21:     0x62419224165b - tokio[6eb19ee30c789356]::runtime::context::runtime::enter_runtime::<<tokio[6eb19ee30c789356]::runtime::scheduler::current_thread::CurrentThread>::block_on<core[a373ad73a504971]::pin::Pin<&mut dyn core[a373ad73a504971]::future::future::Future<Output = ()>>>::{closure#0}, ()>
[INFO] [stdout]   22:     0x62419224e465 - <tokio[6eb19ee30c789356]::runtime::runtime::Runtime>::block_on::<core[a373ad73a504971]::pin::Pin<&mut dyn core[a373ad73a504971]::future::future::Future<Output = ()>>>
[INFO] [stdout]   23:     0x624192206f6e - <integration[629e4e676ac52d71]::a_capture_runs_and_reports_its_samples::{closure#0} as core[a373ad73a504971]::ops::function::FnOnce<()>>::call_once
[INFO] [stdout]   24:     0x62419225ec3b - test[aada8e7e76ba119b]::__rust_begin_short_backtrace::<core[a373ad73a504971]::result::Result<(), alloc[2e1b2a31b91974c5]::string::String>, fn() -> core[a373ad73a504971]::result::Result<(), alloc[2e1b2a31b91974c5]::string::String>>
[INFO] [stdout]   25:     0x62419226be15 - test[aada8e7e76ba119b]::run_test::{closure#0}
[INFO] [stdout]   26:     0x624192265704 - std[617be2ca0a6fd877]::sys::backtrace::__rust_begin_short_backtrace::<test[aada8e7e76ba119b]::run_test::{closure#1}, ()>
[INFO] [stdout]   27:     0x62419226eea2 - <std[617be2ca0a6fd877]::thread::lifecycle::spawn_unchecked<test[aada8e7e76ba119b]::run_test::{closure#1}, ()>::{closure#1} as core[a373ad73a504971]::ops::function::FnOnce<()>>::call_once::{shim:vtable#0}
[INFO] [stdout]   28:     0x62419235b6df - <std[617be2ca0a6fd877]::sys::thread::unix::Thread>::new::thread_start
[INFO] [stdout]   29:     0x702e8c98cdfa - <unknown>
[INFO] [stdout]   30:     0x702e8ca203d4 - clone
[INFO] [stdout]   31:                0x0 - <unknown>
[INFO] [stdout] 
[INFO] [stdout] ---- a_decoder_runs_and_reports_what_it_found stdout ----
[INFO] [stdout] 
[INFO] [stdout] thread 'a_decoder_runs_and_reports_what_it_found' (664) panicked at tests/server.rs:65:29:
[INFO] [stdout] no server: build it, or point SCANASTUDIO_SERVER at one
[INFO] [stdout] stack backtrace:
[INFO] [stdout]    0:     0x62419235c201 - <<std[617be2ca0a6fd877]::sys::backtrace::BacktraceLock>::print::DisplayBacktrace as core[a373ad73a504971]::fmt::Display>::fmt
[INFO] [stdout]    1:     0x62419237354a - core[a373ad73a504971]::fmt::write
[INFO] [stdout]    2:     0x624192360c7c - <alloc[2e1b2a31b91974c5]::vec::Vec<u8> as core[a373ad73a504971]::io::write::Write>::write_fmt
[INFO] [stdout]    3:     0x624192335e56 - std[617be2ca0a6fd877]::panicking::default_hook::{closure#0}
[INFO] [stdout]    4:     0x624192353bc9 - std[617be2ca0a6fd877]::panicking::default_hook
[INFO] [stdout]    5:     0x62419226b7f0 - test[aada8e7e76ba119b]::test_main_inner::{closure#0}
[INFO] [stdout]    6:     0x624192353ef2 - std[617be2ca0a6fd877]::panicking::panic_with_hook
[INFO] [stdout]    7:     0x624192335f02 - std[617be2ca0a6fd877]::panicking::panic_handler::{closure#0}
[INFO] [stdout]    8:     0x62419232ea19 - std[617be2ca0a6fd877]::sys::backtrace::__rust_end_short_backtrace::<std[617be2ca0a6fd877]::panicking::panic_handler::{closure#0}, !>
[INFO] [stdout]    9:     0x624192336cfd - __rustc[ea4f61d10b84890b]::rust_begin_unwind
[INFO] [stdout]   10:     0x624192373cac - core[a373ad73a504971]::panicking::panic_fmt
[INFO] [stdout]   11:     0x624192373a04 - core[a373ad73a504971]::option::expect_failed
[INFO] [stdout]   12:     0x624192250cb6 - <std[617be2ca0a6fd877]::sync::once::Once>::call_once_force::<<std[617be2ca0a6fd877]::sync::once_lock::OnceLock<alloc[2e1b2a31b91974c5]::string::String>>::initialize<<std[617be2ca0a6fd877]::sync::once_lock::OnceLock<alloc[2e1b2a31b91974c5]::string::String>>::get_or_init<integration[629e4e676ac52d71]::server::server_url::{closure#0}>::{closure#0}, !>::{closure#0}>::{closure#0}
[INFO] [stdout]   13:     0x62419233c649 - <std[617be2ca0a6fd877]::sys::sync::once::futex::Once>::call
[INFO] [stdout]   14:     0x62419224e3db - <std[617be2ca0a6fd877]::sync::once_lock::OnceLock<alloc[2e1b2a31b91974c5]::string::String>>::initialize::<<std[617be2ca0a6fd877]::sync::once_lock::OnceLock<alloc[2e1b2a31b91974c5]::string::String>>::get_or_init<integration[629e4e676ac52d71]::server::server_url::{closure#0}>::{closure#0}, !>
[INFO] [stdout]   15:     0x6241921e7814 - integration[629e4e676ac52d71]::connect::{closure#0}
[INFO] [stdout]   16:     0x6241921e880f - integration[629e4e676ac52d71]::captured::{closure#0}
[INFO] [stdout]   17:     0x6241921f2191 - integration[629e4e676ac52d71]::a_decoder_runs_and_reports_what_it_found::{closure#0}
[INFO] [stdout]   18:     0x62419224e7a3 - <tokio[6eb19ee30c789356]::runtime::scheduler::current_thread::Context>::enter::<core[a373ad73a504971]::task::poll::Poll<()>, <tokio[6eb19ee30c789356]::runtime::scheduler::current_thread::CoreGuard>::block_on<core[a373ad73a504971]::pin::Pin<&mut core[a373ad73a504971]::pin::Pin<&mut dyn core[a373ad73a504971]::future::future::Future<Output = ()>>>>::{closure#0}::{closure#0}>
[INFO] [stdout]   19:     0x624192224b7c - <tokio[6eb19ee30c789356]::runtime::context::scoped::Scoped<tokio[6eb19ee30c789356]::runtime::scheduler::Context>>::set::<<tokio[6eb19ee30c789356]::runtime::scheduler::current_thread::CoreGuard>::enter<<tokio[6eb19ee30c789356]::runtime::scheduler::current_thread::CoreGuard>::block_on<core[a373ad73a504971]::pin::Pin<&mut core[a373ad73a504971]::pin::Pin<&mut dyn core[a373ad73a504971]::future::future::Future<Output = ()>>>>::{closure#0}, core[a373ad73a504971]::option::Option<()>>::{closure#0}, (alloc[2e1b2a31b91974c5]::boxed::Box<tokio[6eb19ee30c789356]::runtime::scheduler::current_thread::Core>, core[a373ad73a504971]::option::Option<()>)>
[INFO] [stdout]   20:     0x62419224f337 - <tokio[6eb19ee30c789356]::runtime::scheduler::current_thread::CoreGuard>::block_on::<core[a373ad73a504971]::pin::Pin<&mut core[a373ad73a504971]::pin::Pin<&mut dyn core[a373ad73a504971]::future::future::Future<Output = ()>>>>
[INFO] [stdout]   21:     0x62419224165b - tokio[6eb19ee30c789356]::runtime::context::runtime::enter_runtime::<<tokio[6eb19ee30c789356]::runtime::scheduler::current_thread::CurrentThread>::block_on<core[a373ad73a504971]::pin::Pin<&mut dyn core[a373ad73a504971]::future::future::Future<Output = ()>>>::{closure#0}, ()>
[INFO] [stdout]   22:     0x62419224e465 - <tokio[6eb19ee30c789356]::runtime::runtime::Runtime>::block_on::<core[a373ad73a504971]::pin::Pin<&mut dyn core[a373ad73a504971]::future::future::Future<Output = ()>>>
[INFO] [stdout]   23:     0x6241922077be - <integration[629e4e676ac52d71]::a_decoder_runs_and_reports_what_it_found::{closure#0} as core[a373ad73a504971]::ops::function::FnOnce<()>>::call_once
[INFO] [stdout]   24:     0x62419225ec3b - test[aada8e7e76ba119b]::__rust_begin_short_backtrace::<core[a373ad73a504971]::result::Result<(), alloc[2e1b2a31b91974c5]::string::String>, fn() -> core[a373ad73a504971]::result::Result<(), alloc[2e1b2a31b91974c5]::string::String>>
[INFO] [stdout]   25:     0x62419226be15 - test[aada8e7e76ba119b]::run_test::{closure#0}
[INFO] [stdout]   26:     0x624192265704 - std[617be2ca0a6fd877]::sys::backtrace::__rust_begin_short_backtrace::<test[aada8e7e76ba119b]::run_test::{closure#1}, ()>
[INFO] [stdout]   27:     0x62419226eea2 - <std[617be2ca0a6fd877]::thread::lifecycle::spawn_unchecked<test[aada8e7e76ba119b]::run_test::{closure#1}, ()>::{closure#1} as core[a373ad73a504971]::ops::function::FnOnce<()>>::call_once::{shim:vtable#0}
[INFO] [stdout]   28:     0x62419235b6df - <std[617be2ca0a6fd877]::sys::thread::unix::Thread>::new::thread_start
[INFO] [stdout]   29:     0x702e8c98cdfa - <unknown>
[INFO] [stdout]   30:     0x702e8ca203d4 - clone
[INFO] [stdout]   31:                0x0 - <unknown>
[INFO] [stdout] 
[INFO] [stdout] ---- capabilities_describe_what_a_capture_may_ask_for stdout ----
[INFO] [stdout] 
[INFO] [stdout] thread 'capabilities_describe_what_a_capture_may_ask_for' (676) panicked at tests/server.rs:65:29:
[INFO] [stdout] no server: build it, or point SCANASTUDIO_SERVER at one
[INFO] [stdout] stack backtrace:
[INFO] [stdout]    0:     0x62419235c201 - <<std[617be2ca0a6fd877]::sys::backtrace::BacktraceLock>::print::DisplayBacktrace as core[a373ad73a504971]::fmt::Display>::fmt
[INFO] [stdout]    1:     0x62419237354a - core[a373ad73a504971]::fmt::write
[INFO] [stdout]    2:     0x624192360c7c - <alloc[2e1b2a31b91974c5]::vec::Vec<u8> as core[a373ad73a504971]::io::write::Write>::write_fmt
[INFO] [stdout]    3:     0x624192335e56 - std[617be2ca0a6fd877]::panicking::default_hook::{closure#0}
[INFO] [stdout]    4:     0x624192353bc9 - std[617be2ca0a6fd877]::panicking::default_hook
[INFO] [stdout]    5:     0x62419226b7f0 - test[aada8e7e76ba119b]::test_main_inner::{closure#0}
[INFO] [stdout]    6:     0x624192353ef2 - std[617be2ca0a6fd877]::panicking::panic_with_hook
[INFO] [stdout]    7:     0x624192335f02 - std[617be2ca0a6fd877]::panicking::panic_handler::{closure#0}
[INFO] [stdout]    8:     0x62419232ea19 - std[617be2ca0a6fd877]::sys::backtrace::__rust_end_short_backtrace::<std[617be2ca0a6fd877]::panicking::panic_handler::{closure#0}, !>
[INFO] [stdout]    9:     0x624192336cfd - __rustc[ea4f61d10b84890b]::rust_begin_unwind
[INFO] [stdout]   10:     0x624192373cac - core[a373ad73a504971]::panicking::panic_fmt
[INFO] [stdout]   11:     0x624192373a04 - core[a373ad73a504971]::option::expect_failed
[INFO] [stdout]   12:     0x624192250cb6 - <std[617be2ca0a6fd877]::sync::once::Once>::call_once_force::<<std[617be2ca0a6fd877]::sync::once_lock::OnceLock<alloc[2e1b2a31b91974c5]::string::String>>::initialize<<std[617be2ca0a6fd877]::sync::once_lock::OnceLock<alloc[2e1b2a31b91974c5]::string::String>>::get_or_init<integration[629e4e676ac52d71]::server::server_url::{closure#0}>::{closure#0}, !>::{closure#0}>::{closure#0}
[INFO] [stdout]   13:     0x62419233c649 - <std[617be2ca0a6fd877]::sys::sync::once::futex::Once>::call
[INFO] [stdout]   14:     0x62419224e3db - <std[617be2ca0a6fd877]::sync::once_lock::OnceLock<alloc[2e1b2a31b91974c5]::string::String>>::initialize::<<std[617be2ca0a6fd877]::sync::once_lock::OnceLock<alloc[2e1b2a31b91974c5]::string::String>>::get_or_init<integration[629e4e676ac52d71]::server::server_url::{closure#0}>::{closure#0}, !>
[INFO] [stdout]   15:     0x6241921e7814 - integration[629e4e676ac52d71]::connect::{closure#0}
[INFO] [stdout]   16:     0x6241921f9fac - integration[629e4e676ac52d71]::capabilities_describe_what_a_capture_may_ask_for::{closure#0}
[INFO] [stdout]   17:     0x62419224e7a3 - <tokio[6eb19ee30c789356]::runtime::scheduler::current_thread::Context>::enter::<core[a373ad73a504971]::task::poll::Poll<()>, <tokio[6eb19ee30c789356]::runtime::scheduler::current_thread::CoreGuard>::block_on<core[a373ad73a504971]::pin::Pin<&mut core[a373ad73a504971]::pin::Pin<&mut dyn core[a373ad73a504971]::future::future::Future<Output = ()>>>>::{closure#0}::{closure#0}>
[INFO] [stdout]   18:     0x624192224b7c - <tokio[6eb19ee30c789356]::runtime::context::scoped::Scoped<tokio[6eb19ee30c789356]::runtime::scheduler::Context>>::set::<<tokio[6eb19ee30c789356]::runtime::scheduler::current_thread::CoreGuard>::enter<<tokio[6eb19ee30c789356]::runtime::scheduler::current_thread::CoreGuard>::block_on<core[a373ad73a504971]::pin::Pin<&mut core[a373ad73a504971]::pin::Pin<&mut dyn core[a373ad73a504971]::future::future::Future<Output = ()>>>>::{closure#0}, core[a373ad73a504971]::option::Option<()>>::{closure#0}, (alloc[2e1b2a31b91974c5]::boxed::Box<tokio[6eb19ee30c789356]::runtime::scheduler::current_thread::Core>, core[a373ad73a504971]::option::Option<()>)>
[INFO] [stdout]   19:     0x62419224f337 - <tokio[6eb19ee30c789356]::runtime::scheduler::current_thread::CoreGuard>::block_on::<core[a373ad73a504971]::pin::Pin<&mut core[a373ad73a504971]::pin::Pin<&mut dyn core[a373ad73a504971]::future::future::Future<Output = ()>>>>
[INFO] [stdout]   20:     0x62419224165b - tokio[6eb19ee30c789356]::runtime::context::runtime::enter_runtime::<<tokio[6eb19ee30c789356]::runtime::scheduler::current_thread::CurrentThread>::block_on<core[a373ad73a504971]::pin::Pin<&mut dyn core[a373ad73a504971]::future::future::Future<Output = ()>>>::{closure#0}, ()>
[INFO] [stdout]   21:     0x62419224e465 - <tokio[6eb19ee30c789356]::runtime::runtime::Runtime>::block_on::<core[a373ad73a504971]::pin::Pin<&mut dyn core[a373ad73a504971]::future::future::Future<Output = ()>>>
[INFO] [stdout]   22:     0x624192207e9e - <integration[629e4e676ac52d71]::capabilities_describe_what_a_capture_may_ask_for::{closure#0} as core[a373ad73a504971]::ops::function::FnOnce<()>>::call_once
[INFO] [stdout]   23:     0x62419225ec3b - test[aada8e7e76ba119b]::__rust_begin_short_backtrace::<core[a373ad73a504971]::result::Result<(), alloc[2e1b2a31b91974c5]::string::String>, fn() -> core[a373ad73a504971]::result::Result<(), alloc[2e1b2a31b91974c5]::string::String>>
[INFO] [stdout]   24:     0x62419226be15 - test[aada8e7e76ba119b]::run_test::{closure#0}
[INFO] [stdout]   25:     0x624192265704 - std[617be2ca0a6fd877]::sys::backtrace::__rust_begin_short_backtrace::<test[aada8e7e76ba119b]::run_test::{closure#1}, ()>
[INFO] [stdout]   26:     0x62419226eea2 - <std[617be2ca0a6fd877]::thread::lifecycle::spawn_unchecked<test[aada8e7e76ba119b]::run_test::{closure#1}, ()>::{closure#1} as core[a373ad73a504971]::ops::function::FnOnce<()>>::call_once::{shim:vtable#0}
[INFO] [stdout]   27:     0x62419235b6df - <std[617be2ca0a6fd877]::sys::thread::unix::Thread>::new::thread_start
[INFO] [stdout]   28:     0x702e8c98cdfa - <unknown>
[INFO] [stdout]   29:     0x702e8ca203d4 - clone
[INFO] [stdout]   30:                0x0 - <unknown>
[INFO] [stdout] 
[INFO] [stdout] ---- edge_seeking_agrees_with_the_bulk_read stdout ----
[INFO] [stdout] 
[INFO] [stdout] thread 'edge_seeking_agrees_with_the_bulk_read' (678) panicked at tests/server.rs:65:29:
[INFO] [stdout] no server: build it, or point SCANASTUDIO_SERVER at one
[INFO] [stdout] stack backtrace:
[INFO] [stdout]    0:     0x62419235c201 - <<std[617be2ca0a6fd877]::sys::backtrace::BacktraceLock>::print::DisplayBacktrace as core[a373ad73a504971]::fmt::Display>::fmt
[INFO] [stdout]    1:     0x62419237354a - core[a373ad73a504971]::fmt::write
[INFO] [stdout]    2:     0x624192360c7c - <alloc[2e1b2a31b91974c5]::vec::Vec<u8> as core[a373ad73a504971]::io::write::Write>::write_fmt
[INFO] [stdout]    3:     0x624192335e56 - std[617be2ca0a6fd877]::panicking::default_hook::{closure#0}
[INFO] [stdout]    4:     0x624192353bc9 - std[617be2ca0a6fd877]::panicking::default_hook
[INFO] [stdout]    5:     0x62419226b7f0 - test[aada8e7e76ba119b]::test_main_inner::{closure#0}
[INFO] [stdout]    6:     0x624192353ef2 - std[617be2ca0a6fd877]::panicking::panic_with_hook
[INFO] [stdout]    7:     0x624192335f02 - std[617be2ca0a6fd877]::panicking::panic_handler::{closure#0}
[INFO] [stdout]    8:     0x62419232ea19 - std[617be2ca0a6fd877]::sys::backtrace::__rust_end_short_backtrace::<std[617be2ca0a6fd877]::panicking::panic_handler::{closure#0}, !>
[INFO] [stdout]    9:     0x624192336cfd - __rustc[ea4f61d10b84890b]::rust_begin_unwind
[INFO] [stdout]   10:     0x624192373cac - core[a373ad73a504971]::panicking::panic_fmt
[INFO] [stdout]   11:     0x624192373a04 - core[a373ad73a504971]::option::expect_failed
[INFO] [stdout]   12:     0x624192250cb6 - <std[617be2ca0a6fd877]::sync::once::Once>::call_once_force::<<std[617be2ca0a6fd877]::sync::once_lock::OnceLock<alloc[2e1b2a31b91974c5]::string::String>>::initialize<<std[617be2ca0a6fd877]::sync::once_lock::OnceLock<alloc[2e1b2a31b91974c5]::string::String>>::get_or_init<integration[629e4e676ac52d71]::server::server_url::{closure#0}>::{closure#0}, !>::{closure#0}>::{closure#0}
[INFO] [stdout]   13:     0x62419233c649 - <std[617be2ca0a6fd877]::sys::sync::once::futex::Once>::call
[INFO] [stdout]   14:     0x62419224e3db - <std[617be2ca0a6fd877]::sync::once_lock::OnceLock<alloc[2e1b2a31b91974c5]::string::String>>::initialize::<<std[617be2ca0a6fd877]::sync::once_lock::OnceLock<alloc[2e1b2a31b91974c5]::string::String>>::get_or_init<integration[629e4e676ac52d71]::server::server_url::{closure#0}>::{closure#0}, !>
[INFO] [stdout]   15:     0x6241921e7814 - integration[629e4e676ac52d71]::connect::{closure#0}
[INFO] [stdout]   16:     0x6241921e880f - integration[629e4e676ac52d71]::captured::{closure#0}
[INFO] [stdout]   17:     0x6241921f021c - integration[629e4e676ac52d71]::edge_seeking_agrees_with_the_bulk_read::{closure#0}
[INFO] [stdout]   18:     0x62419224e7a3 - <tokio[6eb19ee30c789356]::runtime::scheduler::current_thread::Context>::enter::<core[a373ad73a504971]::task::poll::Poll<()>, <tokio[6eb19ee30c789356]::runtime::scheduler::current_thread::CoreGuard>::block_on<core[a373ad73a504971]::pin::Pin<&mut core[a373ad73a504971]::pin::Pin<&mut dyn core[a373ad73a504971]::future::future::Future<Output = ()>>>>::{closure#0}::{closure#0}>
[INFO] [stdout]   19:     0x624192224b7c - <tokio[6eb19ee30c789356]::runtime::context::scoped::Scoped<tokio[6eb19ee30c789356]::runtime::scheduler::Context>>::set::<<tokio[6eb19ee30c789356]::runtime::scheduler::current_thread::CoreGuard>::enter<<tokio[6eb19ee30c789356]::runtime::scheduler::current_thread::CoreGuard>::block_on<core[a373ad73a504971]::pin::Pin<&mut core[a373ad73a504971]::pin::Pin<&mut dyn core[a373ad73a504971]::future::future::Future<Output = ()>>>>::{closure#0}, core[a373ad73a504971]::option::Option<()>>::{closure#0}, (alloc[2e1b2a31b91974c5]::boxed::Box<tokio[6eb19ee30c789356]::runtime::scheduler::current_thread::Core>, core[a373ad73a504971]::option::Option<()>)>
[INFO] [stdout]   20:     0x62419224f337 - <tokio[6eb19ee30c789356]::runtime::scheduler::current_thread::CoreGuard>::block_on::<core[a373ad73a504971]::pin::Pin<&mut core[a373ad73a504971]::pin::Pin<&mut dyn core[a373ad73a504971]::future::future::Future<Output = ()>>>>
[INFO] [stdout]   21:     0x62419224165b - tokio[6eb19ee30c789356]::runtime::context::runtime::enter_runtime::<<tokio[6eb19ee30c789356]::runtime::scheduler::current_thread::CurrentThread>::block_on<core[a373ad73a504971]::pin::Pin<&mut dyn core[a373ad73a504971]::future::future::Future<Output = ()>>>::{closure#0}, ()>
[INFO] [stdout]   22:     0x62419224e465 - <tokio[6eb19ee30c789356]::runtime::runtime::Runtime>::block_on::<core[a373ad73a504971]::pin::Pin<&mut dyn core[a373ad73a504971]::future::future::Future<Output = ()>>>
[INFO] [stdout]   23:     0x62419220739e - <integration[629e4e676ac52d71]::edge_seeking_agrees_with_the_bulk_read::{closure#0} as core[a373ad73a504971]::ops::function::FnOnce<()>>::call_once
[INFO] [stdout]   24:     0x62419225ec3b - test[aada8e7e76ba119b]::__rust_begin_short_backtrace::<core[a373ad73a504971]::result::Result<(), alloc[2e1b2a31b91974c5]::string::String>, fn() -> core[a373ad73a504971]::result::Result<(), alloc[2e1b2a31b91974c5]::string::String>>
[INFO] [stdout]   25:     0x62419226be15 - test[aada8e7e76ba119b]::run_test::{closure#0}
[INFO] [stdout]   26:     0x624192265704 - std[617be2ca0a6fd877]::sys::backtrace::__rust_begin_short_backtrace::<test[aada8e7e76ba119b]::run_test::{closure#1}, ()>
[INFO] [stdout]   27:     0x62419226eea2 - <std[617be2ca0a6fd877]::thread::lifecycle::spawn_unchecked<test[aada8e7e76ba119b]::run_test::{closure#1}, ()>::{closure#1} as core[a373ad73a504971]::ops::function::FnOnce<()>>::call_once::{shim:vtable#0}
[INFO] [stdout]   28:     0x62419235b6df - <std[617be2ca0a6fd877]::sys::thread::unix::Thread>::new::thread_start
[INFO] [stdout]   29:     0x702e8c98cdfa - <unknown>
[INFO] [stdout]   30:     0x702e8ca203d4 - clone
[INFO] [stdout]   31:                0x0 - <unknown>
[INFO] [stdout] 
[INFO] [stdout] ---- a_workspace_saves_and_a_csv_is_written stdout ----
[INFO] [stdout] 
[INFO] [stdout] thread 'a_workspace_saves_and_a_csv_is_written' (672) panicked at tests/server.rs:65:29:
[INFO] [stdout] no server: build it, or point SCANASTUDIO_SERVER at one
[INFO] [stdout] stack backtrace:
[INFO] [stdout]    0:     0x62419235c201 - <<std[617be2ca0a6fd877]::sys::backtrace::BacktraceLock>::print::DisplayBacktrace as core[a373ad73a504971]::fmt::Display>::fmt
[INFO] [stdout]    1:     0x62419237354a - core[a373ad73a504971]::fmt::write
[INFO] [stdout]    2:     0x624192360c7c - <alloc[2e1b2a31b91974c5]::vec::Vec<u8> as core[a373ad73a504971]::io::write::Write>::write_fmt
[INFO] [stdout]    3:     0x624192335e56 - std[617be2ca0a6fd877]::panicking::default_hook::{closure#0}
[INFO] [stdout]    4:     0x624192353bc9 - std[617be2ca0a6fd877]::panicking::default_hook
[INFO] [stdout]    5:     0x62419226b7f0 - test[aada8e7e76ba119b]::test_main_inner::{closure#0}
[INFO] [stdout]    6:     0x624192353ef2 - std[617be2ca0a6fd877]::panicking::panic_with_hook
[INFO] [stdout]    7:     0x624192335f02 - std[617be2ca0a6fd877]::panicking::panic_handler::{closure#0}
[INFO] [stdout]    8:     0x62419232ea19 - std[617be2ca0a6fd877]::sys::backtrace::__rust_end_short_backtrace::<std[617be2ca0a6fd877]::panicking::panic_handler::{closure#0}, !>
[INFO] [stdout]    9:     0x624192336cfd - __rustc[ea4f61d10b84890b]::rust_begin_unwind
[INFO] [stdout]   10:     0x624192373cac - core[a373ad73a504971]::panicking::panic_fmt
[INFO] [stdout]   11:     0x624192373a04 - core[a373ad73a504971]::option::expect_failed
[INFO] [stdout]   12:     0x624192250cb6 - <std[617be2ca0a6fd877]::sync::once::Once>::call_once_force::<<std[617be2ca0a6fd877]::sync::once_lock::OnceLock<alloc[2e1b2a31b91974c5]::string::String>>::initialize<<std[617be2ca0a6fd877]::sync::once_lock::OnceLock<alloc[2e1b2a31b91974c5]::string::String>>::get_or_init<integration[629e4e676ac52d71]::server::server_url::{closure#0}>::{closure#0}, !>::{closure#0}>::{closure#0}
[INFO] [stdout]   13:     0x62419233c649 - <std[617be2ca0a6fd877]::sys::sync::once::futex::Once>::call
[INFO] [stdout]   14:     0x62419224e3db - <std[617be2ca0a6fd877]::sync::once_lock::OnceLock<alloc[2e1b2a31b91974c5]::string::String>>::initialize::<<std[617be2ca0a6fd877]::sync::once_lock::OnceLock<alloc[2e1b2a31b91974c5]::string::String>>::get_or_init<integration[629e4e676ac52d71]::server::server_url::{closure#0}>::{closure#0}, !>
[INFO] [stdout]   15:     0x6241921e7814 - integration[629e4e676ac52d71]::connect::{closure#0}
[INFO] [stdout]   16:     0x6241921e880f - integration[629e4e676ac52d71]::captured::{closure#0}
[INFO] [stdout]   17:     0x6241921eed1f - integration[629e4e676ac52d71]::a_workspace_saves_and_a_csv_is_written::{closure#0}
[INFO] [stdout]   18:     0x62419224e7a3 - <tokio[6eb19ee30c789356]::runtime::scheduler::current_thread::Context>::enter::<core[a373ad73a504971]::task::poll::Poll<()>, <tokio[6eb19ee30c789356]::runtime::scheduler::current_thread::CoreGuard>::block_on<core[a373ad73a504971]::pin::Pin<&mut core[a373ad73a504971]::pin::Pin<&mut dyn core[a373ad73a504971]::future::future::Future<Output = ()>>>>::{closure#0}::{closure#0}>
[INFO] [stdout]   19:     0x624192224b7c - <tokio[6eb19ee30c789356]::runtime::context::scoped::Scoped<tokio[6eb19ee30c789356]::runtime::scheduler::Context>>::set::<<tokio[6eb19ee30c789356]::runtime::scheduler::current_thread::CoreGuard>::enter<<tokio[6eb19ee30c789356]::runtime::scheduler::current_thread::CoreGuard>::block_on<core[a373ad73a504971]::pin::Pin<&mut core[a373ad73a504971]::pin::Pin<&mut dyn core[a373ad73a504971]::future::future::Future<Output = ()>>>>::{closure#0}, core[a373ad73a504971]::option::Option<()>>::{closure#0}, (alloc[2e1b2a31b91974c5]::boxed::Box<tokio[6eb19ee30c789356]::runtime::scheduler::current_thread::Core>, core[a373ad73a504971]::option::Option<()>)>
[INFO] [stdout]   20:     0x62419224f337 - <tokio[6eb19ee30c789356]::runtime::scheduler::current_thread::CoreGuard>::block_on::<core[a373ad73a504971]::pin::Pin<&mut core[a373ad73a504971]::pin::Pin<&mut dyn core[a373ad73a504971]::future::future::Future<Output = ()>>>>
[INFO] [stdout]   21:     0x62419224165b - tokio[6eb19ee30c789356]::runtime::context::runtime::enter_runtime::<<tokio[6eb19ee30c789356]::runtime::scheduler::current_thread::CurrentThread>::block_on<core[a373ad73a504971]::pin::Pin<&mut dyn core[a373ad73a504971]::future::future::Future<Output = ()>>>::{closure#0}, ()>
[INFO] [stdout]   22:     0x62419224e465 - <tokio[6eb19ee30c789356]::runtime::runtime::Runtime>::block_on::<core[a373ad73a504971]::pin::Pin<&mut dyn core[a373ad73a504971]::future::future::Future<Output = ()>>>
[INFO] [stdout]   23:     0x62419220723e - <integration[629e4e676ac52d71]::a_workspace_saves_and_a_csv_is_written::{closure#0} as core[a373ad73a504971]::ops::function::FnOnce<()>>::call_once
[INFO] [stdout]   24:     0x62419225ec3b - test[aada8e7e76ba119b]::__rust_begin_short_backtrace::<core[a373ad73a504971]::result::Result<(), alloc[2e1b2a31b91974c5]::string::String>, fn() -> core[a373ad73a504971]::result::Result<(), alloc[2e1b2a31b91974c5]::string::String>>
[INFO] [stdout]   25:     0x62419226be15 - test[aada8e7e76ba119b]::run_test::{closure#0}
[INFO] [stdout]   26:     0x624192265704 - std[617be2ca0a6fd877]::sys::backtrace::__rust_begin_short_backtrace::<test[aada8e7e76ba119b]::run_test::{closure#1}, ()>
[INFO] [stdout]   27:     0x62419226eea2 - <std[617be2ca0a6fd877]::thread::lifecycle::spawn_unchecked<test[aada8e7e76ba119b]::run_test::{closure#1}, ()>::{closure#1} as core[a373ad73a504971]::ops::function::FnOnce<()>>::call_once::{shim:vtable#0}
[INFO] [stdout]   28:     0x62419235b6df - <std[617be2ca0a6fd877]::sys::thread::unix::Thread>::new::thread_start
[INFO] [stdout]   29:     0x702e8c98cdfa - <unknown>
[INFO] [stdout]   30:     0x702e8ca203d4 - clone
[INFO] [stdout]   31:                0x0 - <unknown>
[INFO] [stdout] 
[INFO] [stdout] ---- the_greeting_names_the_protocol stdout ----
[INFO] [stdout] 
[INFO] [stdout] thread 'the_greeting_names_the_protocol' (680) panicked at tests/server.rs:65:29:
[INFO] [stdout] no server: build it, or point SCANASTUDIO_SERVER at one
[INFO] [stdout] stack backtrace:
[INFO] [stdout]    0:     0x62419235c201 - <<std[617be2ca0a6fd877]::sys::backtrace::BacktraceLock>::print::DisplayBacktrace as core[a373ad73a504971]::fmt::Display>::fmt
[INFO] [stdout]    1:     0x62419237354a - core[a373ad73a504971]::fmt::write
[INFO] [stdout]    2:     0x624192360c7c - <alloc[2e1b2a31b91974c5]::vec::Vec<u8> as core[a373ad73a504971]::io::write::Write>::write_fmt
[INFO] [stdout]    3:     0x624192335e56 - std[617be2ca0a6fd877]::panicking::default_hook::{closure#0}
[INFO] [stdout]    4:     0x624192353bc9 - std[617be2ca0a6fd877]::panicking::default_hook
[INFO] [stdout]    5:     0x62419226b7f0 - test[aada8e7e76ba119b]::test_main_inner::{closure#0}
[INFO] [stdout]    6:     0x624192353ef2 - std[617be2ca0a6fd877]::panicking::panic_with_hook
[INFO] [stdout]    7:     0x624192335f02 - std[617be2ca0a6fd877]::panicking::panic_handler::{closure#0}
[INFO] [stdout]    8:     0x62419232ea19 - std[617be2ca0a6fd877]::sys::backtrace::__rust_end_short_backtrace::<std[617be2ca0a6fd877]::panicking::panic_handler::{closure#0}, !>
[INFO] [stdout]    9:     0x624192336cfd - __rustc[ea4f61d10b84890b]::rust_begin_unwind
[INFO] [stdout]   10:     0x624192373cac - core[a373ad73a504971]::panicking::panic_fmt
[INFO] [stdout]   11:     0x624192373a04 - core[a373ad73a504971]::option::expect_failed
[INFO] [stdout]   12:     0x624192250cb6 - <std[617be2ca0a6fd877]::sync::once::Once>::call_once_force::<<std[617be2ca0a6fd877]::sync::once_lock::OnceLock<alloc[2e1b2a31b91974c5]::string::String>>::initialize<<std[617be2ca0a6fd877]::sync::once_lock::OnceLock<alloc[2e1b2a31b91974c5]::string::String>>::get_or_init<integration[629e4e676ac52d71]::server::server_url::{closure#0}>::{closure#0}, !>::{closure#0}>::{closure#0}
[INFO] [stdout]   13:     0x62419233c649 - <std[617be2ca0a6fd877]::sys::sync::once::futex::Once>::call
[INFO] [stdout]   14:     0x62419224e3db - <std[617be2ca0a6fd877]::sync::once_lock::OnceLock<alloc[2e1b2a31b91974c5]::string::String>>::initialize::<<std[617be2ca0a6fd877]::sync::once_lock::OnceLock<alloc[2e1b2a31b91974c5]::string::String>>::get_or_init<integration[629e4e676ac52d71]::server::server_url::{closure#0}>::{closure#0}, !>
[INFO] [stdout]   15:     0x6241921e7814 - integration[629e4e676ac52d71]::connect::{closure#0}
[INFO] [stdout]   16:     0x6241921eb4ff - integration[629e4e676ac52d71]::the_greeting_names_the_protocol::{closure#0}
[INFO] [stdout]   17:     0x62419224e7a3 - <tokio[6eb19ee30c789356]::runtime::scheduler::current_thread::Context>::enter::<core[a373ad73a504971]::task::poll::Poll<()>, <tokio[6eb19ee30c789356]::runtime::scheduler::current_thread::CoreGuard>::block_on<core[a373ad73a504971]::pin::Pin<&mut core[a373ad73a504971]::pin::Pin<&mut dyn core[a373ad73a504971]::future::future::Future<Output = ()>>>>::{closure#0}::{closure#0}>
[INFO] [stdout]   18:     0x624192224b7c - <tokio[6eb19ee30c789356]::runtime::context::scoped::Scoped<tokio[6eb19ee30c789356]::runtime::scheduler::Context>>::set::<<tokio[6eb19ee30c789356]::runtime::scheduler::current_thread::CoreGuard>::enter<<tokio[6eb19ee30c789356]::runtime::scheduler::current_thread::CoreGuard>::block_on<core[a373ad73a504971]::pin::Pin<&mut core[a373ad73a504971]::pin::Pin<&mut dyn core[a373ad73a504971]::future::future::Future<Output = ()>>>>::{closure#0}, core[a373ad73a504971]::option::Option<()>>::{closure#0}, (alloc[2e1b2a31b91974c5]::boxed::Box<tokio[6eb19ee30c789356]::runtime::scheduler::current_thread::Core>, core[a373ad73a504971]::option::Option<()>)>
[INFO] [stdout]   19:     0x62419224f337 - <tokio[6eb19ee30c789356]::runtime::scheduler::current_thread::CoreGuard>::block_on::<core[a373ad73a504971]::pin::Pin<&mut core[a373ad73a504971]::pin::Pin<&mut dyn core[a373ad73a504971]::future::future::Future<Output = ()>>>>
[INFO] [stdout]   20:     0x62419224165b - tokio[6eb19ee30c789356]::runtime::context::runtime::enter_runtime::<<tokio[6eb19ee30c789356]::runtime::scheduler::current_thread::CurrentThread>::block_on<core[a373ad73a504971]::pin::Pin<&mut dyn core[a373ad73a504971]::future::future::Future<Output = ()>>>::{closure#0}, ()>
[INFO] [stdout]   21:     0x62419224e465 - <tokio[6eb19ee30c789356]::runtime::runtime::Runtime>::block_on::<core[a373ad73a504971]::pin::Pin<&mut dyn core[a373ad73a504971]::future::future::Future<Output = ()>>>
[INFO] [stdout]   22:     0x6241922067ae - <integration[629e4e676ac52d71]::the_greeting_names_the_protocol::{closure#0} as core[a373ad73a504971]::ops::function::FnOnce<()>>::call_once
[INFO] [stdout]   23:     0x62419225ec3b - test[aada8e7e76ba119b]::__rust_begin_short_backtrace::<core[a373ad73a504971]::result::Result<(), alloc[2e1b2a31b91974c5]::string::String>, fn() -> core[a373ad73a504971]::result::Result<(), alloc[2e1b2a31b91974c5]::string::String>>
[INFO] [stdout]   24:     0x62419226be15 - test[aada8e7e76ba119b]::run_test::{closure#0}
[INFO] [stdout]   25:     0x624192265704 - std[617be2ca0a6fd877]::sys::backtrace::__rust_begin_short_backtrace::<test[aada8e7e76ba119b]::run_test::{closure#1}, ()>
[INFO] [stdout]   26:     0x62419226eea2 - <std[617be2ca0a6fd877]::thread::lifecycle::spawn_unchecked<test[aada8e7e76ba119b]::run_test::{closure#1}, ()>::{closure#1} as core[a373ad73a504971]::ops::function::FnOnce<()>>::call_once::{shim:vtable#0}
[INFO] [stdout]   27:     0x62419235b6df - <std[617be2ca0a6fd877]::sys::thread::unix::Thread>::new::thread_start
[INFO] [stdout]   28:     0x702e8c98cdfa - <unknown>
[INFO] [stdout]   29:     0x702e8ca203d4 - clone
[INFO] [stdout]   30:                0x0 - <unknown>
[INFO] [stdout] 
[INFO] [stdout] ---- a_generator_attaches_and_is_reconfigured stdout ----
[INFO] [stdout] 
[INFO] [stdout] thread 'a_generator_attaches_and_is_reconfigured' (665) panicked at tests/server.rs:65:29:
[INFO] [stdout] no server: build it, or point SCANASTUDIO_SERVER at one
[INFO] [stdout] stack backtrace:
[INFO] [stdout]    0:     0x62419235c201 - <<std[617be2ca0a6fd877]::sys::backtrace::BacktraceLock>::print::DisplayBacktrace as core[a373ad73a504971]::fmt::Display>::fmt
[INFO] [stdout]    1:     0x62419237354a - core[a373ad73a504971]::fmt::write
[INFO] [stdout]    2:     0x624192360c7c - <alloc[2e1b2a31b91974c5]::vec::Vec<u8> as core[a373ad73a504971]::io::write::Write>::write_fmt
[INFO] [stdout]    3:     0x624192335e56 - std[617be2ca0a6fd877]::panicking::default_hook::{closure#0}
[INFO] [stdout]    4:     0x624192353bc9 - std[617be2ca0a6fd877]::panicking::default_hook
[INFO] [stdout]    5:     0x62419226b7f0 - test[aada8e7e76ba119b]::test_main_inner::{closure#0}
[INFO] [stdout]    6:     0x624192353ef2 - std[617be2ca0a6fd877]::panicking::panic_with_hook
[INFO] [stdout]    7:     0x624192335f02 - std[617be2ca0a6fd877]::panicking::panic_handler::{closure#0}
[INFO] [stdout]    8:     0x62419232ea19 - std[617be2ca0a6fd877]::sys::backtrace::__rust_end_short_backtrace::<std[617be2ca0a6fd877]::panicking::panic_handler::{closure#0}, !>
[INFO] [stdout]    9:     0x624192336cfd - __rustc[ea4f61d10b84890b]::rust_begin_unwind
[INFO] [stdout]   10:     0x624192373cac - core[a373ad73a504971]::panicking::panic_fmt
[INFO] [stdout]   11:     0x624192373a04 - core[a373ad73a504971]::option::expect_failed
[INFO] [stdout]   12:     0x624192250cb6 - <std[617be2ca0a6fd877]::sync::once::Once>::call_once_force::<<std[617be2ca0a6fd877]::sync::once_lock::OnceLock<alloc[2e1b2a31b91974c5]::string::String>>::initialize<<std[617be2ca0a6fd877]::sync::once_lock::OnceLock<alloc[2e1b2a31b91974c5]::string::String>>::get_or_init<integration[629e4e676ac52d71]::server::server_url::{closure#0}>::{closure#0}, !>::{closure#0}>::{closure#0}
[INFO] [stdout]   13:     0x62419233c649 - <std[617be2ca0a6fd877]::sys::sync::once::futex::Once>::call
[INFO] [stdout]   14:     0x62419224e3db - <std[617be2ca0a6fd877]::sync::once_lock::OnceLock<alloc[2e1b2a31b91974c5]::string::String>>::initialize::<<std[617be2ca0a6fd877]::sync::once_lock::OnceLock<alloc[2e1b2a31b91974c5]::string::String>>::get_or_init<integration[629e4e676ac52d71]::server::server_url::{closure#0}>::{closure#0}, !>
[INFO] [stdout]   15:     0x6241921e7814 - integration[629e4e676ac52d71]::connect::{closure#0}
[INFO] [stdout]   16:     0x6241921f3b5c - integration[629e4e676ac52d71]::a_generator_attaches_and_is_reconfigured::{closure#0}
[INFO] [stdout]   17:     0x62419224e7a3 - <tokio[6eb19ee30c789356]::runtime::scheduler::current_thread::Context>::enter::<core[a373ad73a504971]::task::poll::Poll<()>, <tokio[6eb19ee30c789356]::runtime::scheduler::current_thread::CoreGuard>::block_on<core[a373ad73a504971]::pin::Pin<&mut core[a373ad73a504971]::pin::Pin<&mut dyn core[a373ad73a504971]::future::future::Future<Output = ()>>>>::{closure#0}::{closure#0}>
[INFO] [stdout]   18:     0x624192224b7c - <tokio[6eb19ee30c789356]::runtime::context::scoped::Scoped<tokio[6eb19ee30c789356]::runtime::scheduler::Context>>::set::<<tokio[6eb19ee30c789356]::runtime::scheduler::current_thread::CoreGuard>::enter<<tokio[6eb19ee30c789356]::runtime::scheduler::current_thread::CoreGuard>::block_on<core[a373ad73a504971]::pin::Pin<&mut core[a373ad73a504971]::pin::Pin<&mut dyn core[a373ad73a504971]::future::future::Future<Output = ()>>>>::{closure#0}, core[a373ad73a504971]::option::Option<()>>::{closure#0}, (alloc[2e1b2a31b91974c5]::boxed::Box<tokio[6eb19ee30c789356]::runtime::scheduler::current_thread::Core>, core[a373ad73a504971]::option::Option<()>)>
[INFO] [stdout]   19:     0x62419224f337 - <tokio[6eb19ee30c789356]::runtime::scheduler::current_thread::CoreGuard>::block_on::<core[a373ad73a504971]::pin::Pin<&mut core[a373ad73a504971]::pin::Pin<&mut dyn core[a373ad73a504971]::future::future::Future<Output = ()>>>>
[INFO] [stdout]   20:     0x62419224165b - tokio[6eb19ee30c789356]::runtime::context::runtime::enter_runtime::<<tokio[6eb19ee30c789356]::runtime::scheduler::current_thread::CurrentThread>::block_on<core[a373ad73a504971]::pin::Pin<&mut dyn core[a373ad73a504971]::future::future::Future<Output = ()>>>::{closure#0}, ()>
[INFO] [stdout]   21:     0x62419224e465 - <tokio[6eb19ee30c789356]::runtime::runtime::Runtime>::block_on::<core[a373ad73a504971]::pin::Pin<&mut dyn core[a373ad73a504971]::future::future::Future<Output = ()>>>
[INFO] [stdout]   22:     0x62419220791e - <integration[629e4e676ac52d71]::a_generator_attaches_and_is_reconfigured::{closure#0} as core[a373ad73a504971]::ops::function::FnOnce<()>>::call_once
[INFO] [stdout]   23:     0x62419225ec3b - test[aada8e7e76ba119b]::__rust_begin_short_backtrace::<core[a373ad73a504971]::result::Result<(), alloc[2e1b2a31b91974c5]::string::String>, fn() -> core[a373ad73a504971]::result::Result<(), alloc[2e1b2a31b91974c5]::string::String>>
[INFO] [stdout]   24:     0x62419226be15 - test[aada8e7e76ba119b]::run_test::{closure#0}
[INFO] [stdout]   25:     0x624192265704 - std[617be2ca0a6fd877]::sys::backtrace::__rust_begin_short_backtrace::<test[aada8e7e76ba119b]::run_test::{closure#1}, ()>
[INFO] [stdout]   26:     0x62419226eea2 - <std[617be2ca0a6fd877]::thread::lifecycle::spawn_unchecked<test[aada8e7e76ba119b]::run_test::{closure#1}, ()>::{closure#1} as core[a373ad73a504971]::ops::function::FnOnce<()>>::call_once::{shim:vtable#0}
[INFO] [stdout]   27:     0x62419235b6df - <std[617be2ca0a6fd877]::sys::thread::unix::Thread>::new::thread_start
[INFO] [stdout]   28:     0x702e8c98cdfa - <unknown>
[INFO] [stdout]   29:     0x702e8ca203d4 - clone
[INFO] [stdout]   30:                0x0 - <unknown>
[INFO] [stdout] 
[INFO] [stdout] ---- transitions_are_ordered_and_binary stdout ----
[INFO] [stdout] 
[INFO] [stdout] thread 'transitions_are_ordered_and_binary' (682) panicked at tests/server.rs:65:29:
[INFO] [stdout] no server: build it, or point SCANASTUDIO_SERVER at one
[INFO] [stdout] stack backtrace:
[INFO] [stdout]    0:     0x62419235c201 - <<std[617be2ca0a6fd877]::sys::backtrace::BacktraceLock>::print::DisplayBacktrace as core[a373ad73a504971]::fmt::Display>::fmt
[INFO] [stdout]    1:     0x62419237354a - core[a373ad73a504971]::fmt::write
[INFO] [stdout]    2:     0x624192360c7c - <alloc[2e1b2a31b91974c5]::vec::Vec<u8> as core[a373ad73a504971]::io::write::Write>::write_fmt
[INFO] [stdout]    3:     0x624192335e56 - std[617be2ca0a6fd877]::panicking::default_hook::{closure#0}
[INFO] [stdout]    4:     0x624192353bc9 - std[617be2ca0a6fd877]::panicking::default_hook
[INFO] [stdout]    5:     0x62419226b7f0 - test[aada8e7e76ba119b]::test_main_inner::{closure#0}
[INFO] [stdout]    6:     0x624192353ef2 - std[617be2ca0a6fd877]::panicking::panic_with_hook
[INFO] [stdout]    7:     0x624192335f02 - std[617be2ca0a6fd877]::panicking::panic_handler::{closure#0}
[INFO] [stdout]    8:     0x62419232ea19 - std[617be2ca0a6fd877]::sys::backtrace::__rust_end_short_backtrace::<std[617be2ca0a6fd877]::panicking::panic_handler::{closure#0}, !>
[INFO] [stdout]    9:     0x624192336cfd - __rustc[ea4f61d10b84890b]::rust_begin_unwind
[INFO] [stdout]   10:     0x624192373cac - core[a373ad73a504971]::panicking::panic_fmt
[INFO] [stdout]   11:     0x624192373a04 - core[a373ad73a504971]::option::expect_failed
[INFO] [stdout]   12:     0x624192250cb6 - <std[617be2ca0a6fd877]::sync::once::Once>::call_once_force::<<std[617be2ca0a6fd877]::sync::once_lock::OnceLock<alloc[2e1b2a31b91974c5]::string::String>>::initialize<<std[617be2ca0a6fd877]::sync::once_lock::OnceLock<alloc[2e1b2a31b91974c5]::string::String>>::get_or_init<integration[629e4e676ac52d71]::server::server_url::{closure#0}>::{closure#0}, !>::{closure#0}>::{closure#0}
[INFO] [stdout]   13:     0x62419233c649 - <std[617be2ca0a6fd877]::sys::sync::once::futex::Once>::call
[INFO] [stdout]   14:     0x62419224e3db - <std[617be2ca0a6fd877]::sync::once_lock::OnceLock<alloc[2e1b2a31b91974c5]::string::String>>::initialize::<<std[617be2ca0a6fd877]::sync::once_lock::OnceLock<alloc[2e1b2a31b91974c5]::string::String>>::get_or_init<integration[629e4e676ac52d71]::server::server_url::{closure#0}>::{closure#0}, !>
[INFO] [stdout]   15:     0x6241921e7814 - integration[629e4e676ac52d71]::connect::{closure#0}
[INFO] [stdout]   16:     0x6241921e880f - integration[629e4e676ac52d71]::captured::{closure#0}
[INFO] [stdout]   17:     0x6241921ec965 - integration[629e4e676ac52d71]::transitions_are_ordered_and_binary::{closure#0}
[INFO] [stdout]   18:     0x62419224e7a3 - <tokio[6eb19ee30c789356]::runtime::scheduler::current_thread::Context>::enter::<core[a373ad73a504971]::task::poll::Poll<()>, <tokio[6eb19ee30c789356]::runtime::scheduler::current_thread::CoreGuard>::block_on<core[a373ad73a504971]::pin::Pin<&mut core[a373ad73a504971]::pin::Pin<&mut dyn core[a373ad73a504971]::future::future::Future<Output = ()>>>>::{closure#0}::{closure#0}>
[INFO] [stdout]   19:     0x624192224b7c - <tokio[6eb19ee30c789356]::runtime::context::scoped::Scoped<tokio[6eb19ee30c789356]::runtime::scheduler::Context>>::set::<<tokio[6eb19ee30c789356]::runtime::scheduler::current_thread::CoreGuard>::enter<<tokio[6eb19ee30c789356]::runtime::scheduler::current_thread::CoreGuard>::block_on<core[a373ad73a504971]::pin::Pin<&mut core[a373ad73a504971]::pin::Pin<&mut dyn core[a373ad73a504971]::future::future::Future<Output = ()>>>>::{closure#0}, core[a373ad73a504971]::option::Option<()>>::{closure#0}, (alloc[2e1b2a31b91974c5]::boxed::Box<tokio[6eb19ee30c789356]::runtime::scheduler::current_thread::Core>, core[a373ad73a504971]::option::Option<()>)>
[INFO] [stdout]   20:     0x62419224f337 - <tokio[6eb19ee30c789356]::runtime::scheduler::current_thread::CoreGuard>::block_on::<core[a373ad73a504971]::pin::Pin<&mut core[a373ad73a504971]::pin::Pin<&mut dyn core[a373ad73a504971]::future::future::Future<Output = ()>>>>
[INFO] [stdout]   21:     0x62419224165b - tokio[6eb19ee30c789356]::runtime::context::runtime::enter_runtime::<<tokio[6eb19ee30c789356]::runtime::scheduler::current_thread::CurrentThread>::block_on<core[a373ad73a504971]::pin::Pin<&mut dyn core[a373ad73a504971]::future::future::Future<Output = ()>>>::{closure#0}, ()>
[INFO] [stdout]   22:     0x62419224e465 - <tokio[6eb19ee30c789356]::runtime::runtime::Runtime>::block_on::<core[a373ad73a504971]::pin::Pin<&mut dyn core[a373ad73a504971]::future::future::Future<Output = ()>>>
[INFO] [stdout]   23:     0x624192206cae - <integration[629e4e676ac52d71]::transitions_are_ordered_and_binary::{closure#0} as core[a373ad73a504971]::ops::function::FnOnce<()>>::call_once
[INFO] [stdout]   24:     0x62419225ec3b - test[aada8e7e76ba119b]::__rust_begin_short_backtrace::<core[a373ad73a504971]::result::Result<(), alloc[2e1b2a31b91974c5]::string::String>, fn() -> core[a373ad73a504971]::result::Result<(), alloc[2e1b2a31b91974c5]::string::String>>
[INFO] [stdout]   25:     0x62419226be15 - test[aada8e7e76ba119b]::run_test::{closure#0}
[INFO] [stdout]   26:     0x624192265704 - std[617be2ca0a6fd877]::sys::backtrace::__rust_begin_short_backtrace::<test[aada8e7e76ba119b]::run_test::{closure#1}, ()>
[INFO] [stdout]   27:     0x62419226eea2 - <std[617be2ca0a6fd877]::thread::lifecycle::spawn_unchecked<test[aada8e7e76ba119b]::run_test::{closure#1}, ()>::{closure#1} as core[a373ad73a504971]::ops::function::FnOnce<()>>::call_once::{shim:vtable#0}
[INFO] [stdout]   28:     0x62419235b6df - <std[617be2ca0a6fd877]::sys::thread::unix::Thread>::new::thread_start
[INFO] [stdout]   29:     0x702e8c98cdfa - <unknown>
[INFO] [stdout]   30:     0x702e8ca203d4 - clone
[INFO] [stdout]   31:                0x0 - <unknown>
[INFO] [stdout] 
[INFO] [stdout] ---- devices_include_the_demo_profiles stdout ----
[INFO] [stdout] 
[INFO] [stdout] thread 'devices_include_the_demo_profiles' (677) panicked at tests/server.rs:65:29:
[INFO] [stdout] no server: build it, or point SCANASTUDIO_SERVER at one
[INFO] [stdout] stack backtrace:
[INFO] [stdout]    0:     0x62419235c201 - <<std[617be2ca0a6fd877]::sys::backtrace::BacktraceLock>::print::DisplayBacktrace as core[a373ad73a504971]::fmt::Display>::fmt
[INFO] [stdout]    1:     0x62419237354a - core[a373ad73a504971]::fmt::write
[INFO] [stdout]    2:     0x624192360c7c - <alloc[2e1b2a31b91974c5]::vec::Vec<u8> as core[a373ad73a504971]::io::write::Write>::write_fmt
[INFO] [stdout]    3:     0x624192335e56 - std[617be2ca0a6fd877]::panicking::default_hook::{closure#0}
[INFO] [stdout]    4:     0x624192353bc9 - std[617be2ca0a6fd877]::panicking::default_hook
[INFO] [stdout]    5:     0x62419226b7f0 - test[aada8e7e76ba119b]::test_main_inner::{closure#0}
[INFO] [stdout]    6:     0x624192353ef2 - std[617be2ca0a6fd877]::panicking::panic_with_hook
[INFO] [stdout]    7:     0x624192335f02 - std[617be2ca0a6fd877]::panicking::panic_handler::{closure#0}
[INFO] [stdout]    8:     0x62419232ea19 - std[617be2ca0a6fd877]::sys::backtrace::__rust_end_short_backtrace::<std[617be2ca0a6fd877]::panicking::panic_handler::{closure#0}, !>
[INFO] [stdout]    9:     0x624192336cfd - __rustc[ea4f61d10b84890b]::rust_begin_unwind
[INFO] [stdout]   10:     0x624192373cac - core[a373ad73a504971]::panicking::panic_fmt
[INFO] [stdout]   11:     0x624192373a04 - core[a373ad73a504971]::option::expect_failed
[INFO] [stdout]   12:     0x624192250cb6 - <std[617be2ca0a6fd877]::sync::once::Once>::call_once_force::<<std[617be2ca0a6fd877]::sync::once_lock::OnceLock<alloc[2e1b2a31b91974c5]::string::String>>::initialize<<std[617be2ca0a6fd877]::sync::once_lock::OnceLock<alloc[2e1b2a31b91974c5]::string::String>>::get_or_init<integration[629e4e676ac52d71]::server::server_url::{closure#0}>::{closure#0}, !>::{closure#0}>::{closure#0}
[INFO] [stdout]   13:     0x62419233c649 - <std[617be2ca0a6fd877]::sys::sync::once::futex::Once>::call
[INFO] [stdout]   14:     0x62419224e3db - <std[617be2ca0a6fd877]::sync::once_lock::OnceLock<alloc[2e1b2a31b91974c5]::string::String>>::initialize::<<std[617be2ca0a6fd877]::sync::once_lock::OnceLock<alloc[2e1b2a31b91974c5]::string::String>>::get_or_init<integration[629e4e676ac52d71]::server::server_url::{closure#0}>::{closure#0}, !>
[INFO] [stdout]   15:     0x6241921e7814 - integration[629e4e676ac52d71]::connect::{closure#0}
[INFO] [stdout]   16:     0x6241921ebcdf - integration[629e4e676ac52d71]::devices_include_the_demo_profiles::{closure#0}
[INFO] [stdout]   17:     0x62419224e7a3 - <tokio[6eb19ee30c789356]::runtime::scheduler::current_thread::Context>::enter::<core[a373ad73a504971]::task::poll::Poll<()>, <tokio[6eb19ee30c789356]::runtime::scheduler::current_thread::CoreGuard>::block_on<core[a373ad73a504971]::pin::Pin<&mut core[a373ad73a504971]::pin::Pin<&mut dyn core[a373ad73a504971]::future::future::Future<Output = ()>>>>::{closure#0}::{closure#0}>
[INFO] [stdout]   18:     0x624192224b7c - <tokio[6eb19ee30c789356]::runtime::context::scoped::Scoped<tokio[6eb19ee30c789356]::runtime::scheduler::Context>>::set::<<tokio[6eb19ee30c789356]::runtime::scheduler::current_thread::CoreGuard>::enter<<tokio[6eb19ee30c789356]::runtime::scheduler::current_thread::CoreGuard>::block_on<core[a373ad73a504971]::pin::Pin<&mut core[a373ad73a504971]::pin::Pin<&mut dyn core[a373ad73a504971]::future::future::Future<Output = ()>>>>::{closure#0}, core[a373ad73a504971]::option::Option<()>>::{closure#0}, (alloc[2e1b2a31b91974c5]::boxed::Box<tokio[6eb19ee30c789356]::runtime::scheduler::current_thread::Core>, core[a373ad73a504971]::option::Option<()>)>
[INFO] [stdout]   19:     0x62419224f337 - <tokio[6eb19ee30c789356]::runtime::scheduler::current_thread::CoreGuard>::block_on::<core[a373ad73a504971]::pin::Pin<&mut core[a373ad73a504971]::pin::Pin<&mut dyn core[a373ad73a504971]::future::future::Future<Output = ()>>>>
[INFO] [stdout]   20:     0x62419224165b - tokio[6eb19ee30c789356]::runtime::context::runtime::enter_runtime::<<tokio[6eb19ee30c789356]::runtime::scheduler::current_thread::CurrentThread>::block_on<core[a373ad73a504971]::pin::Pin<&mut dyn core[a373ad73a504971]::future::future::Future<Output = ()>>>::{closure#0}, ()>
[INFO] [stdout]   21:     0x62419224e465 - <tokio[6eb19ee30c789356]::runtime::runtime::Runtime>::block_on::<core[a373ad73a504971]::pin::Pin<&mut dyn core[a373ad73a504971]::future::future::Future<Output = ()>>>
[INFO] [stdout]   22:     0x624192206b4e - <integration[629e4e676ac52d71]::devices_include_the_demo_profiles::{closure#0} as core[a373ad73a504971]::ops::function::FnOnce<()>>::call_once
[INFO] [stdout]   23:     0x62419225ec3b - test[aada8e7e76ba119b]::__rust_begin_short_backtrace::<core[a373ad73a504971]::result::Result<(), alloc[2e1b2a31b91974c5]::string::String>, fn() -> core[a373ad73a504971]::result::Result<(), alloc[2e1b2a31b91974c5]::string::String>>
[INFO] [stdout]   24:     0x62419226be15 - test[aada8e7e76ba119b]::run_test::{closure#0}
[INFO] [stdout]   25:     0x624192265704 - std[617be2ca0a6fd877]::sys::backtrace::__rust_begin_short_backtrace::<test[aada8e7e76ba119b]::run_test::{closure#1}, ()>
[INFO] [stdout]   26:     0x62419226eea2 - <std[617be2ca0a6fd877]::thread::lifecycle::spawn_unchecked<test[aada8e7e76ba119b]::run_test::{closure#1}, ()>::{closure#1} as core[a373ad73a504971]::ops::function::FnOnce<()>>::call_once::{shim:vtable#0}
[INFO] [stdout]   27:     0x62419235b6df - <std[617be2ca0a6fd877]::sys::thread::unix::Thread>::new::thread_start
[INFO] [stdout]   28:     0x702e8c98cdfa - <unknown>
[INFO] [stdout]   29:     0x702e8ca203d4 - clone
[INFO] [stdout]   30:                0x0 - <unknown>
[INFO] [stdout] 
[INFO] [stdout] ---- the_workspace_knows_its_channels stdout ----
[INFO] [stdout] 
[INFO] [stdout] thread 'the_workspace_knows_its_channels' (681) panicked at tests/server.rs:65:29:
[INFO] [stdout] no server: build it, or point SCANASTUDIO_SERVER at one
[INFO] [stdout] stack backtrace:
[INFO] [stdout]    0:     0x62419235c201 - <<std[617be2ca0a6fd877]::sys::backtrace::BacktraceLock>::print::DisplayBacktrace as core[a373ad73a504971]::fmt::Display>::fmt
[INFO] [stdout]    1:     0x62419237354a - core[a373ad73a504971]::fmt::write
[INFO] [stdout]    2:     0x624192360c7c - <alloc[2e1b2a31b91974c5]::vec::Vec<u8> as core[a373ad73a504971]::io::write::Write>::write_fmt
[INFO] [stdout]    3:     0x624192335e56 - std[617be2ca0a6fd877]::panicking::default_hook::{closure#0}
[INFO] [stdout]    4:     0x624192353bc9 - std[617be2ca0a6fd877]::panicking::default_hook
[INFO] [stdout]    5:     0x62419226b7f0 - test[aada8e7e76ba119b]::test_main_inner::{closure#0}
[INFO] [stdout]    6:     0x624192353ef2 - std[617be2ca0a6fd877]::panicking::panic_with_hook
[INFO] [stdout]    7:     0x624192335f02 - std[617be2ca0a6fd877]::panicking::panic_handler::{closure#0}
[INFO] [stdout]    8:     0x62419232ea19 - std[617be2ca0a6fd877]::sys::backtrace::__rust_end_short_backtrace::<std[617be2ca0a6fd877]::panicking::panic_handler::{closure#0}, !>
[INFO] [stdout]    9:     0x624192336cfd - __rustc[ea4f61d10b84890b]::rust_begin_unwind
[INFO] [stdout]   10:     0x624192373cac - core[a373ad73a504971]::panicking::panic_fmt
[INFO] [stdout]   11:     0x624192373a04 - core[a373ad73a504971]::option::expect_failed
[INFO] [stdout]   12:     0x624192250cb6 - <std[617be2ca0a6fd877]::sync::once::Once>::call_once_force::<<std[617be2ca0a6fd877]::sync::once_lock::OnceLock<alloc[2e1b2a31b91974c5]::string::String>>::initialize<<std[617be2ca0a6fd877]::sync::once_lock::OnceLock<alloc[2e1b2a31b91974c5]::string::String>>::get_or_init<integration[629e4e676ac52d71]::server::server_url::{closure#0}>::{closure#0}, !>::{closure#0}>::{closure#0}
[INFO] [stdout]   13:     0x62419233c649 - <std[617be2ca0a6fd877]::sys::sync::once::futex::Once>::call
[INFO] [stdout]   14:     0x62419224e3db - <std[617be2ca0a6fd877]::sync::once_lock::OnceLock<alloc[2e1b2a31b91974c5]::string::String>>::initialize::<<std[617be2ca0a6fd877]::sync::once_lock::OnceLock<alloc[2e1b2a31b91974c5]::string::String>>::get_or_init<integration[629e4e676ac52d71]::server::server_url::{closure#0}>::{closure#0}, !>
[INFO] [stdout]   15:     0x6241921e7814 - integration[629e4e676ac52d71]::connect::{closure#0}
[INFO] [stdout]   16:     0x6241921eb69b - integration[629e4e676ac52d71]::the_workspace_knows_its_channels::{closure#0}
[INFO] [stdout]   17:     0x62419224e7a3 - <tokio[6eb19ee30c789356]::runtime::scheduler::current_thread::Context>::enter::<core[a373ad73a504971]::task::poll::Poll<()>, <tokio[6eb19ee30c789356]::runtime::scheduler::current_thread::CoreGuard>::block_on<core[a373ad73a504971]::pin::Pin<&mut core[a373ad73a504971]::pin::Pin<&mut dyn core[a373ad73a504971]::future::future::Future<Output = ()>>>>::{closure#0}::{closure#0}>
[INFO] [stdout]   18:     0x624192224b7c - <tokio[6eb19ee30c789356]::runtime::context::scoped::Scoped<tokio[6eb19ee30c789356]::runtime::scheduler::Context>>::set::<<tokio[6eb19ee30c789356]::runtime::scheduler::current_thread::CoreGuard>::enter<<tokio[6eb19ee30c789356]::runtime::scheduler::current_thread::CoreGuard>::block_on<core[a373ad73a504971]::pin::Pin<&mut core[a373ad73a504971]::pin::Pin<&mut dyn core[a373ad73a504971]::future::future::Future<Output = ()>>>>::{closure#0}, core[a373ad73a504971]::option::Option<()>>::{closure#0}, (alloc[2e1b2a31b91974c5]::boxed::Box<tokio[6eb19ee30c789356]::runtime::scheduler::current_thread::Core>, core[a373ad73a504971]::option::Option<()>)>
[INFO] [stdout]   19:     0x62419224f337 - <tokio[6eb19ee30c789356]::runtime::scheduler::current_thread::CoreGuard>::block_on::<core[a373ad73a504971]::pin::Pin<&mut core[a373ad73a504971]::pin::Pin<&mut dyn core[a373ad73a504971]::future::future::Future<Output = ()>>>>
[INFO] [stdout]   20:     0x62419224165b - tokio[6eb19ee30c789356]::runtime::context::runtime::enter_runtime::<<tokio[6eb19ee30c789356]::runtime::scheduler::current_thread::CurrentThread>::block_on<core[a373ad73a504971]::pin::Pin<&mut dyn core[a373ad73a504971]::future::future::Future<Output = ()>>>::{closure#0}, ()>
[INFO] [stdout]   21:     0x62419224e465 - <tokio[6eb19ee30c789356]::runtime::runtime::Runtime>::block_on::<core[a373ad73a504971]::pin::Pin<&mut dyn core[a373ad73a504971]::future::future::Future<Output = ()>>>
[INFO] [stdout]   22:     0x62419220691e - <integration[629e4e676ac52d71]::the_workspace_knows_its_channels::{closure#0} as core[a373ad73a504971]::ops::function::FnOnce<()>>::call_once
[INFO] [stdout]   23:     0x62419225ec3b - test[aada8e7e76ba119b]::__rust_begin_short_backtrace::<core[a373ad73a504971]::result::Result<(), alloc[2e1b2a31b91974c5]::string::String>, fn() -> core[a373ad73a504971]::result::Result<(), alloc[2e1b2a31b91974c5]::string::String>>
[INFO] [stdout]   24:     0x62419226be15 - test[aada8e7e76ba119b]::run_test::{closure#0}
[INFO] [stdout]   25:     0x624192265704 - std[617be2ca0a6fd877]::sys::backtrace::__rust_begin_short_backtrace::<test[aada8e7e76ba119b]::run_test::{closure#1}, ()>
[INFO] [stdout]   26:     0x62419226eea2 - <std[617be2ca0a6fd877]::thread::lifecycle::spawn_unchecked<test[aada8e7e76ba119b]::run_test::{closure#1}, ()>::{closure#1} as core[a373ad73a504971]::ops::function::FnOnce<()>>::call_once::{shim:vtable#0}
[INFO] [stdout]   27:     0x62419235b6df - <std[617be2ca0a6fd877]::sys::thread::unix::Thread>::new::thread_start
[INFO] [stdout]   28:     0x702e8c98cdfa - <unknown>
[INFO] [stdout]   29:     0x702e8ca203d4 - clone
[INFO] [stdout]   30:                0x0 - <unknown>
[INFO] [stdout] 
[INFO] [stdout] 
[INFO] [stdout] failures:
[INFO] [stdout]     a_capture_runs_and_reports_its_samples
[INFO] [stdout]     a_decoder_reports_its_analog_channels
[INFO] [stdout]     a_decoder_runs_and_reports_what_it_found
[INFO] [stdout]     a_generator_attaches_and_is_reconfigured
[INFO] [stdout]     a_missing_script_is_an_error_not_a_hang
[INFO] [stdout]     a_rate_off_the_list_comes_back_coerced
[INFO] [stdout]     a_reopened_workspace_holds_the_capture_that_was_saved
[INFO] [stdout]     a_script_is_written_renamed_copied_and_deleted
[INFO] [stdout]     a_trigger_reaches_the_server
[INFO] [stdout]     a_window_starts_with_the_level_in_force
[INFO] [stdout]     a_workspace_saves_and_a_csv_is_written
[INFO] [stdout]     an_empty_window_yields_nothing
[INFO] [stdout]     an_unknown_option_says_what_the_script_takes
[INFO] [stdout]     an_unreadable_command_is_refused_not_dropped
[INFO] [stdout]     capabilities_describe_what_a_capture_may_ask_for
[INFO] [stdout]     devices_include_the_demo_profiles
[INFO] [stdout]     edge_seeking_agrees_with_the_bulk_read
[INFO] [stdout]     markers_and_measurements
[INFO] [stdout]     the_greeting_names_the_protocol
[INFO] [stdout]     the_workspace_knows_its_channels
[INFO] [stdout]     transitions_are_ordered_and_binary
[INFO] [stdout] 
[INFO] [stdout] test result: FAILED. 1 passed; 21 failed; 0 ignored; 0 measured; 0 filtered out; finished in 0.01s
[INFO] [stdout] 
[INFO] running `Command { std: "docker" "inspect" "3155430a99068be5680645887c51c1f5b8e1ba4414a42b63f8c03e6c6e8b03d1", kill_on_drop: false }`
[INFO] running `Command { std: "docker" "rm" "-f" "3155430a99068be5680645887c51c1f5b8e1ba4414a42b63f8c03e6c6e8b03d1", kill_on_drop: false }`
[INFO] [stdout] 3155430a99068be5680645887c51c1f5b8e1ba4414a42b63f8c03e6c6e8b03d1
