[INFO] fetching crate scaled_storage 0.1.2...
[INFO] testing scaled_storage-0.1.2 against 1.100.0-beta.1+cargoflags=--release for beta-release-1.100-2
[INFO] extracting crate scaled_storage 0.1.2 into /workspace/builds/worker-6-tc2/source
[INFO] started tweaking crates.io crate scaled_storage 0.1.2
[INFO] finished tweaking crates.io crate scaled_storage 0.1.2
[INFO] tweaked toml for crates.io crate scaled_storage 0.1.2 written to /workspace/builds/worker-6-tc2/source/Cargo.toml
[INFO] validating manifest of crates.io crate scaled_storage 0.1.2 on toolchain 1.100.0-beta.1
[INFO] running `Command { std: CARGO_HOME="/workspace/cargo-home" RUSTUP_HOME="/workspace/rustup-home" "/workspace/cargo-home/bin/cargo" "+1.100.0-beta.1" "metadata" "--manifest-path" "Cargo.toml" "--no-deps", kill_on_drop: false }`
[INFO] running `Command { std: CARGO_HOME="/workspace/cargo-home" RUSTUP_HOME="/workspace/rustup-home" "/workspace/cargo-home/bin/cargo" "+1.100.0-beta.1" "generate-lockfile" "--manifest-path" "Cargo.toml", kill_on_drop: false }`
[INFO] [stderr]     Updating crates.io index
[INFO] [stderr]      Locking 166 packages to highest compatible versions
[INFO] [stderr]       Adding candid v0.7.18 (available: v0.10.38)
[INFO] [stderr]       Adding generic-array v0.14.7 (available: v0.14.9)
[INFO] [stderr]       Adding highway v0.8.1 (available: v1.3.0)
[INFO] [stderr]       Adding ic-cdk v0.5.7 (available: v0.20.3)
[INFO] running `Command { std: CARGO_HOME="/workspace/cargo-home" RUSTUP_HOME="/workspace/rustup-home" "/workspace/cargo-home/bin/cargo" "+1.100.0-beta.1" "fetch" "--manifest-path" "Cargo.toml", kill_on_drop: false }`
[INFO] running `Command { std: "docker" "create" "-v" "/var/lib/crater-agent-workspace/builds/worker-6-tc2/source:/opt/rustwide/workdir:ro,Z" "-v" "/var/lib/crater-agent-workspace/builds/worker-6-tc2/target:/opt/rustwide/target:rw,Z" "-v" "/var/lib/crater-agent-workspace/cargo-home:/opt/rustwide/cargo-home:ro,Z" "-v" "/var/lib/crater-agent-workspace/rustup-home:/opt/rustwide/rustup-home:ro,Z" "-m" "1610612736" "--network" "none" "ghcr.io/rust-lang/crates-build-env/linux@sha256:77db811e55d90add9212f6832c23229e3de5f1c1f9905e8cb07319ea15df73ac" "sleep" "infinity", kill_on_drop: false }`
[INFO] [stdout] b3bcf047fa30f74c8981679ab87f826c7fcda01ad4aae2cb3611d16209b2ad9b
[INFO] running `Command { std: "docker" "start" "b3bcf047fa30f74c8981679ab87f826c7fcda01ad4aae2cb3611d16209b2ad9b", kill_on_drop: false }`
[INFO] running `Command { std: "docker" "inspect" "b3bcf047fa30f74c8981679ab87f826c7fcda01ad4aae2cb3611d16209b2ad9b", kill_on_drop: false }`
[INFO] running `Command { std: "docker" "exec" "-e" "SOURCE_DIR=/opt/rustwide/workdir" "-e" "CARGO_HOME=/opt/rustwide/cargo-home" "-e" "RUSTUP_HOME=/opt/rustwide/rustup-home" "-e" "CARGO_TARGET_DIR=/opt/rustwide/target" "-w" "/opt/rustwide/workdir" "--user" "0:0" "b3bcf047fa30f74c8981679ab87f826c7fcda01ad4aae2cb3611d16209b2ad9b" "/opt/rustwide/cargo-home/bin/cargo" "+1.100.0-beta.1" "metadata" "--no-deps" "--format-version=1", kill_on_drop: false }`
[INFO] running `Command { std: "docker" "inspect" "b3bcf047fa30f74c8981679ab87f826c7fcda01ad4aae2cb3611d16209b2ad9b", kill_on_drop: false }`
[INFO] running `Command { std: "docker" "exec" "-e" "SOURCE_DIR=/opt/rustwide/workdir" "-e" "CARGO_HOME=/opt/rustwide/cargo-home" "-e" "RUSTUP_HOME=/opt/rustwide/rustup-home" "-e" "CARGO_TARGET_DIR=/opt/rustwide/target" "-e" "CARGO_INCREMENTAL=0" "-e" "RUST_BACKTRACE=full" "-e" "RUSTFLAGS=--cap-lints=warn" "-e" "RUSTDOCFLAGS=--cap-lints=warn" "-w" "/opt/rustwide/workdir" "--user" "0:0" "b3bcf047fa30f74c8981679ab87f826c7fcda01ad4aae2cb3611d16209b2ad9b" "/opt/rustwide/cargo-home/bin/cargo" "+1.100.0-beta.1" "build" "--frozen" "--message-format=json" "--release", kill_on_drop: false }`
[INFO] [stderr]    Compiling smallvec v1.16.3
[INFO] [stderr]    Compiling either v1.19.0
[INFO] [stderr]    Compiling regex-syntax v0.6.29
[INFO] [stderr]    Compiling syn v1.0.109
[INFO] [stderr]    Compiling dirs-sys-next v0.1.2
[INFO] [stderr]    Compiling tiny-keccak v2.0.2
[INFO] [stderr]    Compiling phf_shared v0.11.3
[INFO] [stderr]    Compiling bit-vec v0.6.3
[INFO] [stderr]    Compiling new_debug_unreachable v1.0.6
[INFO] [stderr]    Compiling fixedbitset v0.4.2
[INFO] [stderr]    Compiling precomputed-hash v0.1.1
[INFO] [stderr]    Compiling ena v0.14.4
[INFO] [stderr]    Compiling lalrpop-util v0.19.12
[INFO] [stderr]    Compiling toml_edit v0.19.15
[INFO] [stderr]    Compiling is-terminal v0.4.17
[INFO] [stderr]    Compiling diff v0.1.13
[INFO] [stderr]    Compiling unicode-xid v0.2.6
[INFO] [stderr]    Compiling rustix v1.1.5
[INFO] [stderr]    Compiling lazy_static v1.5.1
[INFO] [stderr]    Compiling sha2 v0.10.9
[INFO] [stderr]    Compiling parking_lot_core v0.9.12
[INFO] [stderr]    Compiling ahash v0.7.8
[INFO] [stderr]    Compiling arrayvec v0.5.2
[INFO] [stderr]    Compiling itertools v0.10.5
[INFO] [stderr]    Compiling typed-arena v2.0.2
[INFO] [stderr]    Compiling codespan-reporting v0.11.1
[INFO] [stderr]    Compiling ic-types v0.5.0
[INFO] [stderr]    Compiling petgraph v0.6.5
[INFO] [stderr]    Compiling parking_lot v0.12.5
[INFO] [stderr]    Compiling futures-util v0.3.34
[INFO] [stderr]    Compiling serde v1.0.229
[INFO] [stderr]    Compiling blocking v1.7.0
[INFO] [stderr]    Compiling dirs-next v2.0.0
[INFO] [stderr]    Compiling term v0.7.0
[INFO] [stderr]    Compiling string_cache v0.8.9
[INFO] [stderr]    Compiling bit-set v0.5.3
[INFO] [stderr]    Compiling pretty v0.10.0
[INFO] [stderr]    Compiling getrandom v0.2.17
[INFO] [stderr]    Compiling num-bigint v0.4.8
[INFO] [stderr]    Compiling ascii-canvas v3.0.0
[INFO] [stderr]    Compiling async-executor v1.14.0
[INFO] [stderr]    Compiling leb128 v0.2.7
[INFO] [stderr]    Compiling kv-log-macro v1.0.7
[INFO] [stderr]    Compiling pin-utils v0.1.1
[INFO] [stderr]    Compiling bincode v1.3.3
[INFO] [stderr]    Compiling read-byte-slice v0.1.2
[INFO] [stderr]    Compiling hashbrown v0.12.3
[INFO] [stderr]    Compiling highway v0.8.1
[INFO] [stderr]    Compiling anchorhash v0.2.2
[INFO] [stderr]    Compiling proc-macro-crate v1.3.1
[INFO] [stderr]    Compiling lalrpop v0.19.12
[INFO] [stderr]    Compiling futures-executor v0.3.34
[INFO] [stderr]    Compiling futures v0.3.34
[INFO] [stderr]    Compiling polling v3.11.0
[INFO] [stderr]    Compiling async-io v2.6.0
[INFO] [stderr]    Compiling serde_tokenstream v0.1.7
[INFO] [stderr]    Compiling async-global-executor v2.4.1
[INFO] [stderr]    Compiling logos-derive v0.12.1
[INFO] [stderr]    Compiling binread_derive v2.1.0
[INFO] [stderr]    Compiling num_enum_derive v0.5.11
[INFO] [stderr]    Compiling candid_derive v0.4.5
[INFO] [stderr]    Compiling async-attributes v1.1.2
[INFO] [stderr]    Compiling ic-kit-macros v0.1.0
[INFO] [stderr]    Compiling async-std v1.13.2
[INFO] [stderr]    Compiling num_enum v0.5.11
[INFO] [stderr]    Compiling binread v2.2.0
[INFO] [stderr]    Compiling logos v0.12.1
[INFO] [stderr]    Compiling candid v0.7.18
[INFO] [stderr]    Compiling ic-cdk v0.5.7
[INFO] [stderr]    Compiling ic-kit v0.4.8
[INFO] [stderr]    Compiling scaled_storage v0.1.2 (/opt/rustwide/workdir)
[INFO] [stdout] warning: unused variable: `e`
[INFO] [stdout]    --> node_manager.rs:474:17
[INFO] [stdout]     |
[INFO] [stdout] 474 |             Err(e) => {
[INFO] [stdout]     |                 ^ help: if this is intentional, prefix it with an underscore: `_e`
[INFO] [stdout]     |
[INFO] [stdout]     = note: `#[warn(unused_variables)]` (part of `#[warn(unused)]`) on by default
[INFO] [stdout] 
[INFO] [stdout] 
[INFO] [stdout] warning: enum `Request` is never used
[INFO] [stdout]    --> node.rs:160:6
[INFO] [stdout]     |
[INFO] [stdout] 160 | enum Request {
[INFO] [stdout]     |      ^^^^^^^
[INFO] [stdout]     |
[INFO] [stdout]     = note: `#[warn(dead_code)]` (part of `#[warn(unused)]`) on by default
[INFO] [stdout] 
[INFO] [stdout] 
[INFO] [stdout] warning: methods `get_status` and `delete_node` are never used
[INFO] [stdout]    --> node_manager.rs:172:8
[INFO] [stdout]     |
[INFO] [stdout] 117 | impl<Data: Default + Clone + CandidType + DeserializeOwned> CanisterManager<Data> {
[INFO] [stdout]     | --------------------------------------------------------------------------------- methods in this implementation
[INFO] [stdout] ...
[INFO] [stdout] 172 |     fn get_status(&self) -> &NodeStatus {
[INFO] [stdout]     |        ^^^^^^^^^^
[INFO] [stdout] ...
[INFO] [stdout] 413 |     fn delete_node(&mut self) -> () {
[INFO] [stdout]     |        ^^^^^^^^^^^
[INFO] [stdout] 
[INFO] [stdout] 
[INFO] [stdout] warning: struct `Response` is never constructed
[INFO] [stdout]    --> node_manager.rs:420:16
[INFO] [stdout]     |
[INFO] [stdout] 420 |         struct Response {
[INFO] [stdout]     |                ^^^^^^^^
[INFO] [stdout] 
[INFO] [stdout] 
[INFO] [stderr] warning: unused dependency `read-byte-slice`
[INFO] [stderr]   --> Cargo.toml:19:15
[INFO] [stderr]    |
[INFO] [stderr] 19 | [dependencies.read-byte-slice]
[INFO] [stderr]    |               ^^^^^^^^^^^^^^^^
[INFO] [stderr]    |
[INFO] [stderr]    = note: `cargo::unused_dependencies` is set to `warn` by default
[INFO] [stderr] help: consider removing the dependency on `read-byte-slice`
[INFO] [stderr] warning: `scaled_storage` (manifest) generated 1 warning
[INFO] [stderr]     Finished `release` profile [optimized] target(s) in 1m 02s
[INFO] running `Command { std: "docker" "inspect" "b3bcf047fa30f74c8981679ab87f826c7fcda01ad4aae2cb3611d16209b2ad9b", kill_on_drop: false }`
[INFO] running `Command { std: "docker" "exec" "-e" "SOURCE_DIR=/opt/rustwide/workdir" "-e" "CARGO_HOME=/opt/rustwide/cargo-home" "-e" "RUSTUP_HOME=/opt/rustwide/rustup-home" "-e" "CARGO_TARGET_DIR=/opt/rustwide/target" "-e" "CARGO_INCREMENTAL=0" "-e" "RUST_BACKTRACE=full" "-e" "RUSTFLAGS=--cap-lints=warn" "-e" "RUSTDOCFLAGS=--cap-lints=warn" "-w" "/opt/rustwide/workdir" "--user" "0:0" "b3bcf047fa30f74c8981679ab87f826c7fcda01ad4aae2cb3611d16209b2ad9b" "/opt/rustwide/cargo-home/bin/cargo" "+1.100.0-beta.1" "test" "--frozen" "--no-run" "--message-format=json" "--release", kill_on_drop: false }`
[INFO] [stdout] warning: unused variable: `e`
[INFO] [stdout]    --> node_manager.rs:474:17
[INFO] [stdout]     |
[INFO] [stdout] 474 |             Err(e) => {
[INFO] [stdout]     |                 ^ help: if this is intentional, prefix it with an underscore: `_e`
[INFO] [stdout]     |
[INFO] [stdout]     = note: `#[warn(unused_variables)]` (part of `#[warn(unused)]`) on by default
[INFO] [stdout] 
[INFO] [stdout] 
[INFO] [stderr]    Compiling scaled_storage v0.1.2 (/opt/rustwide/workdir)
[INFO] [stdout] warning: enum `Request` is never used
[INFO] [stdout]    --> node.rs:160:6
[INFO] [stdout]     |
[INFO] [stdout] 160 | enum Request {
[INFO] [stdout]     |      ^^^^^^^
[INFO] [stdout]     |
[INFO] [stdout]     = note: `#[warn(dead_code)]` (part of `#[warn(unused)]`) on by default
[INFO] [stdout] 
[INFO] [stdout] 
[INFO] [stdout] warning: methods `get_status` and `delete_node` are never used
[INFO] [stdout]    --> node_manager.rs:172:8
[INFO] [stdout]     |
[INFO] [stdout] 117 | impl<Data: Default + Clone + CandidType + DeserializeOwned> CanisterManager<Data> {
[INFO] [stdout]     | --------------------------------------------------------------------------------- methods in this implementation
[INFO] [stdout] ...
[INFO] [stdout] 172 |     fn get_status(&self) -> &NodeStatus {
[INFO] [stdout]     |        ^^^^^^^^^^
[INFO] [stdout] ...
[INFO] [stdout] 413 |     fn delete_node(&mut self) -> () {
[INFO] [stdout]     |        ^^^^^^^^^^^
[INFO] [stdout] 
[INFO] [stdout] 
[INFO] [stdout] warning: struct `Response` is never constructed
[INFO] [stdout]    --> node_manager.rs:420:16
[INFO] [stdout]     |
[INFO] [stdout] 420 |         struct Response {
[INFO] [stdout]     |                ^^^^^^^^
[INFO] [stdout] 
[INFO] [stdout] 
[INFO] [stdout] warning: use of deprecated module `ic_kit::mock_principals`: mock_principals is deprecated.
[INFO] [stdout]    --> node_manager.rs:549:17
[INFO] [stdout]     |
[INFO] [stdout] 549 |     use ic_kit::mock_principals;
[INFO] [stdout]     |                 ^^^^^^^^^^^^^^^
[INFO] [stdout]     |
[INFO] [stdout]     = note: `#[warn(deprecated)]` on by default
[INFO] [stdout] 
[INFO] [stdout] 
[INFO] [stdout] warning: use of deprecated function `ic_kit::mock_principals::alice`: mock_principals is deprecated.
[INFO] [stdout]    --> node_manager.rs:564:40
[INFO] [stdout]     |
[INFO] [stdout] 564 |         let node_id = mock_principals::alice();
[INFO] [stdout]     |                                        ^^^^^
[INFO] [stdout] 
[INFO] [stdout] 
[INFO] [stdout] warning: use of deprecated function `ic_kit::mock_principals::bob`: mock_principals is deprecated.
[INFO] [stdout]    --> node_manager.rs:565:46
[INFO] [stdout]     |
[INFO] [stdout] 565 |         let previous_node = mock_principals::bob();
[INFO] [stdout]     |                                              ^^^
[INFO] [stdout] 
[INFO] [stdout] 
[INFO] [stdout] warning: use of deprecated function `ic_kit::mock_principals::alice`: mock_principals is deprecated.
[INFO] [stdout]    --> node_manager.rs:590:40
[INFO] [stdout]     |
[INFO] [stdout] 590 |         let node_id = mock_principals::alice();
[INFO] [stdout]     |                                        ^^^^^
[INFO] [stdout] 
[INFO] [stdout] 
[INFO] [stdout] warning: unused variable: `e`
[INFO] [stdout]    --> node_manager.rs:474:17
[INFO] [stdout]     |
[INFO] [stdout] 474 |             Err(e) => {
[INFO] [stdout]     |                 ^ help: if this is intentional, prefix it with an underscore: `_e`
[INFO] [stdout]     |
[INFO] [stdout]     = note: `#[warn(unused_variables)]` (part of `#[warn(unused)]`) on by default
[INFO] [stdout] 
[INFO] [stdout] 
[INFO] [stdout] warning: enum `Request` is never used
[INFO] [stdout]    --> node.rs:160:6
[INFO] [stdout]     |
[INFO] [stdout] 160 | enum Request {
[INFO] [stdout]     |      ^^^^^^^
[INFO] [stdout]     |
[INFO] [stdout]     = note: `#[warn(dead_code)]` (part of `#[warn(unused)]`) on by default
[INFO] [stdout] 
[INFO] [stdout] 
[INFO] [stdout] warning: method `delete_node` is never used
[INFO] [stdout]    --> node_manager.rs:413:8
[INFO] [stdout]     |
[INFO] [stdout] 117 | impl<Data: Default + Clone + CandidType + DeserializeOwned> CanisterManager<Data> {
[INFO] [stdout]     | --------------------------------------------------------------------------------- method in this implementation
[INFO] [stdout] ...
[INFO] [stdout] 413 |     fn delete_node(&mut self) -> () {
[INFO] [stdout]     |        ^^^^^^^^^^^
[INFO] [stdout] 
[INFO] [stdout] 
[INFO] [stdout] warning: struct `Response` is never constructed
[INFO] [stdout]    --> node_manager.rs:420:16
[INFO] [stdout]     |
[INFO] [stdout] 420 |         struct Response {
[INFO] [stdout]     |                ^^^^^^^^
[INFO] [stdout] 
[INFO] [stdout] 
[INFO] [stderr] warning: unused dependency `read-byte-slice`
[INFO] [stderr]   --> Cargo.toml:19:15
[INFO] [stderr]    |
[INFO] [stderr] 19 | [dependencies.read-byte-slice]
[INFO] [stderr]    |               ^^^^^^^^^^^^^^^^
[INFO] [stderr]    |
[INFO] [stderr]    = note: `cargo::unused_dependencies` is set to `warn` by default
[INFO] [stderr] help: consider removing the dependency on `read-byte-slice`
[INFO] [stderr] warning: `scaled_storage` (manifest) generated 1 warning
[INFO] [stderr]     Finished `release` profile [optimized] target(s) in 3.18s
[INFO] running `Command { std: "docker" "inspect" "b3bcf047fa30f74c8981679ab87f826c7fcda01ad4aae2cb3611d16209b2ad9b", kill_on_drop: false }`
[INFO] running `Command { std: "docker" "exec" "-e" "SOURCE_DIR=/opt/rustwide/workdir" "-e" "CARGO_HOME=/opt/rustwide/cargo-home" "-e" "RUSTUP_HOME=/opt/rustwide/rustup-home" "-e" "CARGO_TARGET_DIR=/opt/rustwide/target" "-e" "CARGO_INCREMENTAL=0" "-e" "RUST_BACKTRACE=full" "-e" "RUSTFLAGS=--cap-lints=warn" "-e" "RUSTDOCFLAGS=--cap-lints=warn" "-w" "/opt/rustwide/workdir" "--user" "0:0" "b3bcf047fa30f74c8981679ab87f826c7fcda01ad4aae2cb3611d16209b2ad9b" "/opt/rustwide/cargo-home/bin/cargo" "+1.100.0-beta.1" "test" "--frozen" "--release", kill_on_drop: false }`
[INFO] [stderr] warning: unused variable: `e`
[INFO] [stderr]    --> node_manager.rs:474:17
[INFO] [stderr]     |
[INFO] [stderr] 474 |             Err(e) => {
[INFO] [stderr]     |                 ^ help: if this is intentional, prefix it with an underscore: `_e`
[INFO] [stderr]     |
[INFO] [stderr]     = note: `#[warn(unused_variables)]` (part of `#[warn(unused)]`) on by default
[INFO] [stderr] 
[INFO] [stderr] warning: enum `Request` is never used
[INFO] [stderr]    --> node.rs:160:6
[INFO] [stderr]     |
[INFO] [stderr] 160 | enum Request {
[INFO] [stderr]     |      ^^^^^^^
[INFO] [stderr]     |
[INFO] [stderr]     = note: `#[warn(dead_code)]` (part of `#[warn(unused)]`) on by default
[INFO] [stderr] 
[INFO] [stderr] warning: methods `get_status` and `delete_node` are never used
[INFO] [stderr]    --> node_manager.rs:172:8
[INFO] [stderr]     |
[INFO] [stderr] 117 | impl<Data: Default + Clone + CandidType + DeserializeOwned> CanisterManager<Data> {
[INFO] [stderr]     | --------------------------------------------------------------------------------- methods in this implementation
[INFO] [stderr] ...
[INFO] [stderr] 172 |     fn get_status(&self) -> &NodeStatus {
[INFO] [stderr]     |        ^^^^^^^^^^
[INFO] [stderr] ...
[INFO] [stderr] 413 |     fn delete_node(&mut self) -> () {
[INFO] [stderr]     |        ^^^^^^^^^^^
[INFO] [stderr] 
[INFO] [stderr] warning: struct `Response` is never constructed
[INFO] [stderr]    --> node_manager.rs:420:16
[INFO] [stderr]     |
[INFO] [stderr] 420 |         struct Response {
[INFO] [stderr]     |                ^^^^^^^^
[INFO] [stderr] 
[INFO] [stderr] warning: use of deprecated module `ic_kit::mock_principals`: mock_principals is deprecated.
[INFO] [stderr]    --> node_manager.rs:549:17
[INFO] [stderr]     |
[INFO] [stderr] 549 |     use ic_kit::mock_principals;
[INFO] [stderr]     |                 ^^^^^^^^^^^^^^^
[INFO] [stderr]     |
[INFO] [stderr]     = note: `#[warn(deprecated)]` on by default
[INFO] [stderr] 
[INFO] [stderr] warning: use of deprecated function `ic_kit::mock_principals::alice`: mock_principals is deprecated.
[INFO] [stderr]    --> node_manager.rs:564:40
[INFO] [stderr]     |
[INFO] [stderr] 564 |         let node_id = mock_principals::alice();
[INFO] [stderr]     |                                        ^^^^^
[INFO] [stderr] 
[INFO] [stderr] warning: use of deprecated function `ic_kit::mock_principals::bob`: mock_principals is deprecated.
[INFO] [stderr]    --> node_manager.rs:565:46
[INFO] [stderr]     |
[INFO] [stderr] 565 |         let previous_node = mock_principals::bob();
[INFO] [stderr]     |                                              ^^^
[INFO] [stderr] 
[INFO] [stderr] warning: use of deprecated function `ic_kit::mock_principals::alice`: mock_principals is deprecated.
[INFO] [stderr]    --> node_manager.rs:590:40
[INFO] [stderr]     |
[INFO] [stderr] 590 |         let node_id = mock_principals::alice();
[INFO] [stderr]     |                                        ^^^^^
[INFO] [stderr] 
[INFO] [stderr] warning: method `delete_node` is never used
[INFO] [stderr]    --> node_manager.rs:413:8
[INFO] [stderr]     |
[INFO] [stderr] 117 | impl<Data: Default + Clone + CandidType + DeserializeOwned> CanisterManager<Data> {
[INFO] [stderr]     | --------------------------------------------------------------------------------- method in this implementation
[INFO] [stderr] ...
[INFO] [stderr] 413 |     fn delete_node(&mut self) -> () {
[INFO] [stderr]     |        ^^^^^^^^^^^
[INFO] [stderr] 
[INFO] [stderr] warning: `scaled_storage` (lib) generated 4 warnings (run `cargo fix --lib -p scaled_storage` to apply 1 suggestion)
[INFO] [stderr] warning: `scaled_storage` (lib test) generated 8 warnings (3 duplicates)
[INFO] [stderr] warning: unused dependency `read-byte-slice`
[INFO] [stderr]   --> Cargo.toml:19:15
[INFO] [stderr]    |
[INFO] [stderr] 19 | [dependencies.read-byte-slice]
[INFO] [stderr]    |               ^^^^^^^^^^^^^^^^
[INFO] [stderr]    |
[INFO] [stderr]    = note: `cargo::unused_dependencies` is set to `warn` by default
[INFO] [stderr] help: consider removing the dependency on `read-byte-slice`
[INFO] [stderr] warning: `scaled_storage` (manifest) generated 1 warning
[INFO] [stderr]     Finished `release` profile [optimized] target(s) in 0.19s
[INFO] [stderr]      Running unittests lib.rs (/opt/rustwide/target/release/build/scaled_storage/9330e20f394d11c1/out/scaled_storage-9330e20f394d11c1)
[INFO] [stdout] 
[INFO] [stdout] running 14 tests
[INFO] [stdout] test node::tests::get_keys_to_migrate_returns_added_nodes_ids ... ok
[INFO] [stdout] test node::tests::data_is_distributed_on_different_nodes ... ok
[INFO] [stdout] test node::tests::get_keys_to_migrate_returns_deleted_nodes_ids ... ok
[INFO] [stdout] test node::tests::with_data_mut_returns_result_none_when_key_maps_to_node_but_data_not_available ... ok
[INFO] [stdout] test node::tests::with_data_mut_returns_result_when_key_maps_to_node_and_data_available ... ok
[INFO] [stdout] test node::tests::with_data_mut_returns_node_id_when_key_maps_to_different_node ... ok
[INFO] [stdout] test node_manager::tests::node_wasm_initialized_properly ... ok
[INFO] [stdout] test node_manager::tests::new_node ... FAILED
[INFO] [stdout] test node::tests::all_nodes ... ok
[INFO] [stdout] test node::tests::node_id_from_data_key_must_be_deterministic ... ok
[INFO] [stdout] test node::tests::can_remove_node ... ok
[INFO] [stdout] test node::tests::can_add_node ... ok
[INFO] [stdout] test node::tests::node_id_from_data_key_must_not_change_due_to_outoforder_node_insertions ... FAILED
[INFO] [stdout] test node_manager::tests::node_initialized_properly ... FAILED
[INFO] [stdout] 
[INFO] [stdout] failures:
[INFO] [stdout] 
[INFO] [stdout] ---- node_manager::tests::new_node stdout ----
[INFO] [stdout] 
[INFO] [stdout] thread 'node_manager::tests::new_node' (1188) panicked at /opt/rustwide/cargo-home/registry/src/index.crates.io-1949cf8c6b5b557f/ic-kit-0.4.8/src/inject.rs:20:35:
[INFO] [stdout] Can not find the context for thread.Are you using .inject() on the MockContext?
[INFO] [stdout] stack backtrace:
[INFO] [stdout]    0:     0x6358e3579341 - <<std[617be2ca0a6fd877]::sys::backtrace::BacktraceLock>::print::DisplayBacktrace as core[a373ad73a504971]::fmt::Display>::fmt
[INFO] [stdout]    1:     0x6358e358f2da - core[a373ad73a504971]::fmt::write
[INFO] [stdout]    2:     0x6358e357db8c - <alloc[2e1b2a31b91974c5]::vec::Vec<u8> as core[a373ad73a504971]::io::write::Write>::write_fmt
[INFO] [stdout]    3:     0x6358e3554e26 - std[617be2ca0a6fd877]::panicking::default_hook::{closure#0}
[INFO] [stdout]    4:     0x6358e3571829 - std[617be2ca0a6fd877]::panicking::default_hook
[INFO] [stdout]    5:     0x6358e3494080 - test[aada8e7e76ba119b]::test_main_inner::{closure#0}
[INFO] [stdout]    6:     0x6358e35719e2 - std[617be2ca0a6fd877]::panicking::panic_with_hook
[INFO] [stdout]    7:     0x6358e3554ed2 - std[617be2ca0a6fd877]::panicking::panic_handler::{closure#0}
[INFO] [stdout]    8:     0x6358e354d629 - std[617be2ca0a6fd877]::sys::backtrace::__rust_end_short_backtrace::<std[617be2ca0a6fd877]::panicking::panic_handler::{closure#0}, !>
[INFO] [stdout]    9:     0x6358e3555bed - __rustc[ea4f61d10b84890b]::rust_begin_unwind
[INFO] [stdout]   10:     0x6358e358fa3c - core[a373ad73a504971]::panicking::panic_fmt
[INFO] [stdout]   11:     0x6358e358f794 - core[a373ad73a504971]::option::expect_failed
[INFO] [stdout]   12:     0x6358e347a114 - <scaled_storage[efbafb139068e4bc]::node_manager::CanisterManager<alloc[2e1b2a31b91974c5]::string::String>>::node_info
[INFO] [stdout]   13:     0x6358e3480db1 - <scaled_storage[efbafb139068e4bc]::node_manager::tests::new_node::{closure#0} as core[a373ad73a504971]::ops::function::FnOnce<()>>::call_once
[INFO] [stdout]   14:     0x6358e34874cb - test[aada8e7e76ba119b]::__rust_begin_short_backtrace::<core[a373ad73a504971]::result::Result<(), alloc[2e1b2a31b91974c5]::string::String>, fn() -> core[a373ad73a504971]::result::Result<(), alloc[2e1b2a31b91974c5]::string::String>>
[INFO] [stdout]   15:     0x6358e34946a5 - test[aada8e7e76ba119b]::run_test::{closure#0}
[INFO] [stdout]   16:     0x6358e348df94 - std[617be2ca0a6fd877]::sys::backtrace::__rust_begin_short_backtrace::<test[aada8e7e76ba119b]::run_test::{closure#1}, ()>
[INFO] [stdout]   17:     0x6358e3497732 - <std[617be2ca0a6fd877]::thread::lifecycle::spawn_unchecked<test[aada8e7e76ba119b]::run_test::{closure#1}, ()>::{closure#1} as core[a373ad73a504971]::ops::function::FnOnce<()>>::call_once::{shim:vtable#0}
[INFO] [stdout]   18:     0x6358e3578b6f - <std[617be2ca0a6fd877]::sys::thread::unix::Thread>::new::thread_start
[INFO] [stdout]   19:     0x73d61e172dfa - <unknown>
[INFO] [stdout]   20:     0x73d61e2063d4 - clone
[INFO] [stdout]   21:                0x0 - <unknown>
[INFO] [stdout] 
[INFO] [stdout] ---- node::tests::node_id_from_data_key_must_not_change_due_to_outoforder_node_insertions stdout ----
[INFO] [stdout] 
[INFO] [stdout] thread 'node::tests::node_id_from_data_key_must_not_change_due_to_outoforder_node_insertions' (1184) panicked at node.rs:284:9:
[INFO] [stdout] assertion `left == right` failed
[INFO] [stdout]   left: ["node_1", "index_node_id", "node_1", "index_node_id", "node_1", "index_node_id", "node_1", "index_node_id", "node_1", "index_node_id", "node_1", "node_1", "index_node_id", "index_node_id", "node_1", "node_1", "node_1", "node_1", "node_1", "index_node_id", "node_1", "node_1", "node_1", "index_node_id", "index_node_id", "index_node_id", "index_node_id", "node_1", "index_node_id", "node_1", "index_node_id", "index_node_id", "index_node_id", "node_1", "node_1", "node_1", "index_node_id", "node_1", "node_1", "node_1", "index_node_id", "node_1", "index_node_id", "index_node_id", "node_1", "index_node_id", "node_1", "node_1", "node_1", "index_node_id", "index_node_id", "index_node_id", "index_node_id", "index_node_id", "node_1", "index_node_id", "index_node_id", "index_node_id", "index_node_id", "index_node_id", "node_1", "node_1", "index_node_id", "index_node_id", "index_node_id", "node_1", "index_node_id", "index_node_id", "node_1", "index_node_id", "node_1", "index_node_id", "node_1", "node_1", "index_node_id", "index_node_id", "node_1", "node_1", "index_node_id", "index_node_id", "index_node_id", "index_node_id", "index_node_id", "node_1", "index_node_id", "node_1", "index_node_id", "index_node_id", "index_node_id", "node_1", "node_1", "node_1", "index_node_id", "index_node_id", "index_node_id", "index_node_id", "node_1", "node_1", "node_1"]
[INFO] [stdout]  right: ["index_node_id", "node_1", "index_node_id", "node_1", "index_node_id", "node_1", "index_node_id", "node_1", "index_node_id", "node_1", "index_node_id", "index_node_id", "node_1", "node_1", "index_node_id", "index_node_id", "index_node_id", "index_node_id", "index_node_id", "node_1", "index_node_id", "index_node_id", "index_node_id", "node_1", "node_1", "node_1", "node_1", "index_node_id", "node_1", "index_node_id", "node_1", "node_1", "node_1", "index_node_id", "index_node_id", "index_node_id", "node_1", "index_node_id", "index_node_id", "index_node_id", "node_1", "index_node_id", "node_1", "node_1", "index_node_id", "node_1", "index_node_id", "index_node_id", "index_node_id", "node_1", "node_1", "node_1", "node_1", "node_1", "index_node_id", "node_1", "node_1", "node_1", "node_1", "node_1", "index_node_id", "index_node_id", "node_1", "node_1", "node_1", "index_node_id", "node_1", "node_1", "index_node_id", "node_1", "index_node_id", "node_1", "index_node_id", "index_node_id", "node_1", "node_1", "index_node_id", "index_node_id", "node_1", "node_1", "node_1", "node_1", "node_1", "index_node_id", "node_1", "index_node_id", "node_1", "node_1", "node_1", "index_node_id", "index_node_id", "index_node_id", "node_1", "node_1", "node_1", "node_1", "index_node_id", "index_node_id", "index_node_id"]
[INFO] [stdout] stack backtrace:
[INFO] [stdout]    0:     0x6358e3579341 - <<std[617be2ca0a6fd877]::sys::backtrace::BacktraceLock>::print::DisplayBacktrace as core[a373ad73a504971]::fmt::Display>::fmt
[INFO] [stdout]    1:     0x6358e358f2da - core[a373ad73a504971]::fmt::write
[INFO] [stdout]    2:     0x6358e357db8c - <alloc[2e1b2a31b91974c5]::vec::Vec<u8> as core[a373ad73a504971]::io::write::Write>::write_fmt
[INFO] [stdout]    3:     0x6358e3554e26 - std[617be2ca0a6fd877]::panicking::default_hook::{closure#0}
[INFO] [stdout]    4:     0x6358e3571829 - std[617be2ca0a6fd877]::panicking::default_hook
[INFO] [stdout]    5:     0x6358e3494080 - test[aada8e7e76ba119b]::test_main_inner::{closure#0}
[INFO] [stdout]    6:     0x6358e35719e2 - std[617be2ca0a6fd877]::panicking::panic_with_hook
[INFO] [stdout]    7:     0x6358e3554ed2 - std[617be2ca0a6fd877]::panicking::panic_handler::{closure#0}
[INFO] [stdout]    8:     0x6358e354d629 - std[617be2ca0a6fd877]::sys::backtrace::__rust_end_short_backtrace::<std[617be2ca0a6fd877]::panicking::panic_handler::{closure#0}, !>
[INFO] [stdout]    9:     0x6358e3555bed - __rustc[ea4f61d10b84890b]::rust_begin_unwind
[INFO] [stdout]   10:     0x6358e358fa3c - core[a373ad73a504971]::panicking::panic_fmt
[INFO] [stdout]   11:     0x6358e358f953 - core[a373ad73a504971]::panicking::assert_failed_inner
[INFO] [stdout]   12:     0x6358e347eb97 - core[a373ad73a504971]::panicking::assert_failed::<alloc[2e1b2a31b91974c5]::vec::Vec<alloc[2e1b2a31b91974c5]::string::String>, alloc[2e1b2a31b91974c5]::vec::Vec<alloc[2e1b2a31b91974c5]::string::String>>
[INFO] [stdout]   13:     0x6358e34758b9 - <scaled_storage[efbafb139068e4bc]::node::tests::node_id_from_data_key_must_not_change_due_to_outoforder_node_insertions::{closure#0} as core[a373ad73a504971]::ops::function::FnOnce<()>>::call_once
[INFO] [stdout]   14:     0x6358e34874cb - test[aada8e7e76ba119b]::__rust_begin_short_backtrace::<core[a373ad73a504971]::result::Result<(), alloc[2e1b2a31b91974c5]::string::String>, fn() -> core[a373ad73a504971]::result::Result<(), alloc[2e1b2a31b91974c5]::string::String>>
[INFO] [stdout]   15:     0x6358e34946a5 - test[aada8e7e76ba119b]::run_test::{closure#0}
[INFO] [stdout]   16:     0x6358e348df94 - std[617be2ca0a6fd877]::sys::backtrace::__rust_begin_short_backtrace::<test[aada8e7e76ba119b]::run_test::{closure#1}, ()>
[INFO] [stdout]   17:     0x6358e3497732 - <std[617be2ca0a6fd877]::thread::lifecycle::spawn_unchecked<test[aada8e7e76ba119b]::run_test::{closure#1}, ()>::{closure#1} as core[a373ad73a504971]::ops::function::FnOnce<()>>::call_once::{shim:vtable#0}
[INFO] [stdout]   18:     0x6358e3578b6f - <std[617be2ca0a6fd877]::sys::thread::unix::Thread>::new::thread_start
[INFO] [stdout]   19:     0x73d61e172dfa - <unknown>
[INFO] [stdout]   20:     0x73d61e2063d4 - clone
[INFO] [stdout]   21:                0x0 - <unknown>
[INFO] [stdout] 
[INFO] [stdout] ---- node_manager::tests::node_initialized_properly stdout ----
[INFO] [stdout] 
[INFO] [stdout] thread 'node_manager::tests::node_initialized_properly' (1189) panicked at node_manager.rs:579:9:
[INFO] [stdout] assertion `left == right` failed
[INFO] [stdout]   left: []
[INFO] [stdout]  right: ["ai7t5-aibaq-aaaaa-aaaaa-c", "sgymv-uiaaa-aaaaa-aaaia-cai"]
[INFO] [stdout] stack backtrace:
[INFO] [stdout]    0:     0x6358e3579341 - <<std[617be2ca0a6fd877]::sys::backtrace::BacktraceLock>::print::DisplayBacktrace as core[a373ad73a504971]::fmt::Display>::fmt
[INFO] [stdout]    1:     0x6358e358f2da - core[a373ad73a504971]::fmt::write
[INFO] [stdout]    2:     0x6358e357db8c - <alloc[2e1b2a31b91974c5]::vec::Vec<u8> as core[a373ad73a504971]::io::write::Write>::write_fmt
[INFO] [stdout]    3:     0x6358e3554e26 - std[617be2ca0a6fd877]::panicking::default_hook::{closure#0}
[INFO] [stdout]    4:     0x6358e3571829 - std[617be2ca0a6fd877]::panicking::default_hook
[INFO] [stdout]    5:     0x6358e3494080 - test[aada8e7e76ba119b]::test_main_inner::{closure#0}
[INFO] [stdout]    6:     0x6358e35719e2 - std[617be2ca0a6fd877]::panicking::panic_with_hook
[INFO] [stdout]    7:     0x6358e3554ed2 - std[617be2ca0a6fd877]::panicking::panic_handler::{closure#0}
[INFO] [stdout]    8:     0x6358e354d629 - std[617be2ca0a6fd877]::sys::backtrace::__rust_end_short_backtrace::<std[617be2ca0a6fd877]::panicking::panic_handler::{closure#0}, !>
[INFO] [stdout]    9:     0x6358e3555bed - __rustc[ea4f61d10b84890b]::rust_begin_unwind
[INFO] [stdout]   10:     0x6358e358fa3c - core[a373ad73a504971]::panicking::panic_fmt
[INFO] [stdout]   11:     0x6358e358f953 - core[a373ad73a504971]::panicking::assert_failed_inner
[INFO] [stdout]   12:     0x6358e347eb97 - core[a373ad73a504971]::panicking::assert_failed::<alloc[2e1b2a31b91974c5]::vec::Vec<alloc[2e1b2a31b91974c5]::string::String>, alloc[2e1b2a31b91974c5]::vec::Vec<alloc[2e1b2a31b91974c5]::string::String>>
[INFO] [stdout]   13:     0x6358e346e36d - <std[617be2ca0a6fd877]::thread::local::LocalKey<core[a373ad73a504971]::cell::Cell<*const async_std[13f1948fc1a7edee]::task::task_locals_wrapper::TaskLocalsWrapper>>>::with::<<async_std[13f1948fc1a7edee]::task::task_locals_wrapper::TaskLocalsWrapper>::set_current<<async_std[13f1948fc1a7edee]::task::builder::SupportTaskLocals<scaled_storage[efbafb139068e4bc]::node_manager::tests::node_initialized_properly::{closure#0}> as core[a373ad73a504971]::future::future::Future>::poll::{closure#0}, core[a373ad73a504971]::task::poll::Poll<()>>::{closure#0}, core[a373ad73a504971]::task::poll::Poll<()>>
[INFO] [stdout]   14:     0x6358e3478161 - <futures_lite[1ae9c942d6f6e218]::future::Or<async_std[13f1948fc1a7edee]::task::builder::SupportTaskLocals<scaled_storage[efbafb139068e4bc]::node_manager::tests::node_initialized_properly::{closure#0}>, <async_executor[a6eea3c2d87428d0]::State>::run<(), async_std[13f1948fc1a7edee]::task::builder::SupportTaskLocals<scaled_storage[efbafb139068e4bc]::node_manager::tests::node_initialized_properly::{closure#0}>>::{closure#0}::{closure#0}> as core[a373ad73a504971]::future::future::Future>::poll
[INFO] [stdout]   15:     0x6358e346f798 - <std[617be2ca0a6fd877]::thread::local::LocalKey<core[a373ad73a504971]::cell::RefCell<(parking[94520506948df958]::Parker, core[a373ad73a504971]::task::wake::Waker, alloc[2e1b2a31b91974c5]::sync::Arc<core[a373ad73a504971]::sync::atomic::Atomic<bool>>)>>>::with::<async_io[2ff8acf522dff62e]::driver::block_on<(), <async_executor[a6eea3c2d87428d0]::LocalExecutor>::run<(), async_std[13f1948fc1a7edee]::task::builder::SupportTaskLocals<scaled_storage[efbafb139068e4bc]::node_manager::tests::node_initialized_properly::{closure#0}>>::{closure#0}>::{closure#1}, ()>
[INFO] [stdout]   16:     0x6358e346f132 - <std[617be2ca0a6fd877]::thread::local::LocalKey<core[a373ad73a504971]::cell::Cell<usize>>>::with::<<async_std[13f1948fc1a7edee]::task::builder::Builder>::blocking<scaled_storage[efbafb139068e4bc]::node_manager::tests::node_initialized_properly::{closure#0}, ()>::{closure#0}, ()>
[INFO] [stdout]   17:     0x6358e347c096 - <async_std[13f1948fc1a7edee]::task::builder::Builder>::blocking::<scaled_storage[efbafb139068e4bc]::node_manager::tests::node_initialized_properly::{closure#0}, ()>
[INFO] [stdout]   18:     0x6358e3480a13 - <scaled_storage[efbafb139068e4bc]::node_manager::tests::node_initialized_properly::{closure#0} as core[a373ad73a504971]::ops::function::FnOnce<()>>::call_once
[INFO] [stdout]   19:     0x6358e34874cb - test[aada8e7e76ba119b]::__rust_begin_short_backtrace::<core[a373ad73a504971]::result::Result<(), alloc[2e1b2a31b91974c5]::string::String>, fn() -> core[a373ad73a504971]::result::Result<(), alloc[2e1b2a31b91974c5]::string::String>>
[INFO] [stdout]   20:     0x6358e34946a5 - test[aada8e7e76ba119b]::run_test::{closure#0}
[INFO] [stdout]   21:     0x6358e348df94 - std[617be2ca0a6fd877]::sys::backtrace::__rust_begin_short_backtrace::<test[aada8e7e76ba119b]::run_test::{closure#1}, ()>
[INFO] [stdout]   22:     0x6358e3497732 - <std[617be2ca0a6fd877]::thread::lifecycle::spawn_unchecked<test[aada8e7e76ba119b]::run_test::{closure#1}, ()>::{closure#1} as core[a373ad73a504971]::ops::function::FnOnce<()>>::call_once::{shim:vtable#0}
[INFO] [stdout]   23:     0x6358e3578b6f - <std[617be2ca0a6fd877]::sys::thread::unix::Thread>::new::thread_start
[INFO] [stdout]   24:     0x73d61e172dfa - <unknown>
[INFO] [stdout]   25:     0x73d61e2063d4 - clone
[INFO] [stdout]   26:                0x0 - <unknown>
[INFO] [stdout] 
[INFO] [stdout] 
[INFO] [stdout] failures:
[INFO] [stdout]     node::tests::node_id_from_data_key_must_not_change_due_to_outoforder_node_insertions
[INFO] [stdout]     node_manager::tests::new_node
[INFO] [stdout]     node_manager::tests::node_initialized_properly
[INFO] [stdout] 
[INFO] [stdout] test result: FAILED. 11 passed; 3 failed; 0 ignored; 0 measured; 0 filtered out; finished in 0.01s
[INFO] [stdout] 
[INFO] [stderr] error: test failed, to rerun pass `--lib`
[INFO] running `Command { std: "docker" "inspect" "b3bcf047fa30f74c8981679ab87f826c7fcda01ad4aae2cb3611d16209b2ad9b", kill_on_drop: false }`
[INFO] running `Command { std: "docker" "rm" "-f" "b3bcf047fa30f74c8981679ab87f826c7fcda01ad4aae2cb3611d16209b2ad9b", kill_on_drop: false }`
[INFO] [stdout] b3bcf047fa30f74c8981679ab87f826c7fcda01ad4aae2cb3611d16209b2ad9b
