[INFO] fetching crate scalable-rbe 0.1.1...
[INFO] testing scalable-rbe-0.1.1 against 1.100.0-beta.1+cargoflags=--release for beta-release-1.100-2
[INFO] extracting crate scalable-rbe 0.1.1 into /workspace/builds/worker-3-tc2/source
[INFO] started tweaking crates.io crate scalable-rbe 0.1.1
[INFO] finished tweaking crates.io crate scalable-rbe 0.1.1
[INFO] tweaked toml for crates.io crate scalable-rbe 0.1.1 written to /workspace/builds/worker-3-tc2/source/Cargo.toml
[INFO] validating manifest of crates.io crate scalable-rbe 0.1.1 on toolchain 1.100.0-beta.1
[INFO] running `Command { std: CARGO_HOME="/workspace/cargo-home" RUSTUP_HOME="/workspace/rustup-home" "/workspace/cargo-home/bin/cargo" "+1.100.0-beta.1" "metadata" "--manifest-path" "Cargo.toml" "--no-deps", kill_on_drop: false }`
[INFO] crate crates.io crate scalable-rbe 0.1.1 already has a lockfile, it will not be regenerated
[INFO] running `Command { std: CARGO_HOME="/workspace/cargo-home" RUSTUP_HOME="/workspace/rustup-home" "/workspace/cargo-home/bin/cargo" "+1.100.0-beta.1" "fetch" "--manifest-path" "Cargo.toml", kill_on_drop: false }`
[INFO] running `Command { std: "docker" "create" "-v" "/var/lib/crater-agent-workspace/builds/worker-3-tc2/source:/opt/rustwide/workdir:ro,Z" "-v" "/var/lib/crater-agent-workspace/builds/worker-3-tc2/target:/opt/rustwide/target:rw,Z" "-v" "/var/lib/crater-agent-workspace/cargo-home:/opt/rustwide/cargo-home:ro,Z" "-v" "/var/lib/crater-agent-workspace/rustup-home:/opt/rustwide/rustup-home:ro,Z" "-m" "1610612736" "--network" "none" "ghcr.io/rust-lang/crates-build-env/linux@sha256:77db811e55d90add9212f6832c23229e3de5f1c1f9905e8cb07319ea15df73ac" "sleep" "infinity", kill_on_drop: false }`
[INFO] [stdout] c0a6990e2eb4544bd8fd0f579f28a2a89b84221b00e7241d3f464943b138dce9
[INFO] running `Command { std: "docker" "start" "c0a6990e2eb4544bd8fd0f579f28a2a89b84221b00e7241d3f464943b138dce9", kill_on_drop: false }`
[INFO] running `Command { std: "docker" "inspect" "c0a6990e2eb4544bd8fd0f579f28a2a89b84221b00e7241d3f464943b138dce9", kill_on_drop: false }`
[INFO] running `Command { std: "docker" "exec" "-e" "SOURCE_DIR=/opt/rustwide/workdir" "-e" "CARGO_HOME=/opt/rustwide/cargo-home" "-e" "RUSTUP_HOME=/opt/rustwide/rustup-home" "-e" "CARGO_TARGET_DIR=/opt/rustwide/target" "-w" "/opt/rustwide/workdir" "--user" "0:0" "c0a6990e2eb4544bd8fd0f579f28a2a89b84221b00e7241d3f464943b138dce9" "/opt/rustwide/cargo-home/bin/cargo" "+1.100.0-beta.1" "metadata" "--no-deps" "--format-version=1", kill_on_drop: false }`
[INFO] running `Command { std: "docker" "inspect" "c0a6990e2eb4544bd8fd0f579f28a2a89b84221b00e7241d3f464943b138dce9", kill_on_drop: false }`
[INFO] running `Command { std: "docker" "exec" "-e" "SOURCE_DIR=/opt/rustwide/workdir" "-e" "CARGO_HOME=/opt/rustwide/cargo-home" "-e" "RUSTUP_HOME=/opt/rustwide/rustup-home" "-e" "CARGO_TARGET_DIR=/opt/rustwide/target" "-e" "CARGO_INCREMENTAL=0" "-e" "RUST_BACKTRACE=full" "-e" "RUSTFLAGS=--cap-lints=warn" "-e" "RUSTDOCFLAGS=--cap-lints=warn" "-w" "/opt/rustwide/workdir" "--user" "0:0" "c0a6990e2eb4544bd8fd0f579f28a2a89b84221b00e7241d3f464943b138dce9" "/opt/rustwide/cargo-home/bin/cargo" "+1.100.0-beta.1" "build" "--frozen" "--message-format=json" "--release", kill_on_drop: false }`
[INFO] [stderr]    Compiling zerocopy v0.8.42
[INFO] [stderr]    Compiling num-traits v0.2.19
[INFO] [stderr]    Compiling parking_lot_core v0.8.6
[INFO] [stderr]    Compiling alloca v0.4.0
[INFO] [stderr]    Compiling instant v0.1.13
[INFO] [stderr]    Compiling anstyle v1.0.13
[INFO] [stderr]    Compiling bytemuck v1.25.0
[INFO] [stderr]    Compiling crossbeam-epoch v0.9.18
[INFO] [stderr]    Compiling clap_lex v1.0.1
[INFO] [stderr]    Compiling zerocopy-derive v0.8.42
[INFO] [stderr]    Compiling serde_json v1.0.149
[INFO] [stderr]    Compiling chacha20 v0.10.0
[INFO] [stderr]    Compiling reborrow v0.5.5
[INFO] [stderr]    Compiling fxhash v0.2.1
[INFO] [stderr]    Compiling criterion-plot v0.8.2
[INFO] [stderr]    Compiling fs2 v0.4.3
[INFO] [stderr]    Compiling page_size v0.6.0
[INFO] [stderr]    Compiling aligned-vec v0.5.0
[INFO] [stderr]    Compiling rand v0.10.0
[INFO] [stderr]    Compiling crossbeam-deque v0.8.6
[INFO] [stderr]    Compiling parking_lot v0.11.2
[INFO] [stderr]    Compiling clap_builder v4.5.61
[INFO] [stderr]    Compiling rayon-core v1.13.0
[INFO] [stderr]    Compiling sled v0.34.7
[INFO] [stderr]    Compiling num-complex v0.4.6
[INFO] [stderr]    Compiling plotters v0.3.7
[INFO] [stderr]    Compiling rand_distr v0.6.0
[INFO] [stderr]    Compiling tinytemplate v1.2.1
[INFO] [stderr]    Compiling rayon v1.11.0
[INFO] [stderr]    Compiling pulp v0.18.22
[INFO] [stderr]    Compiling concrete-ntt v0.2.0
[INFO] [stderr]    Compiling clap v4.5.61
[INFO] [stderr]    Compiling half v2.7.1
[INFO] [stderr]    Compiling ciborium-ll v0.2.2
[INFO] [stderr]    Compiling ciborium v0.2.2
[INFO] [stderr]    Compiling criterion v0.8.2
[INFO] [stderr]    Compiling scalable-rbe v0.1.1 (/opt/rustwide/workdir)
[INFO] [stderr] warning: unused dependency `criterion`
[INFO] [stderr]  --> Cargo.toml:9:15
[INFO] [stderr]   |
[INFO] [stderr] 9 | [dependencies.criterion]
[INFO] [stderr]   |               ^^^^^^^^^^
[INFO] [stderr]   |
[INFO] [stderr]   = note: `cargo::unused_dependencies` is set to `warn` by default
[INFO] [stderr] help: consider removing the dependency on `criterion`
[INFO] [stderr] warning: `scalable-rbe` (manifest) generated 1 warning
[INFO] [stderr]     Finished `release` profile [optimized] target(s) in 49.58s
[INFO] running `Command { std: "docker" "inspect" "c0a6990e2eb4544bd8fd0f579f28a2a89b84221b00e7241d3f464943b138dce9", kill_on_drop: false }`
[INFO] running `Command { std: "docker" "exec" "-e" "SOURCE_DIR=/opt/rustwide/workdir" "-e" "CARGO_HOME=/opt/rustwide/cargo-home" "-e" "RUSTUP_HOME=/opt/rustwide/rustup-home" "-e" "CARGO_TARGET_DIR=/opt/rustwide/target" "-e" "CARGO_INCREMENTAL=0" "-e" "RUST_BACKTRACE=full" "-e" "RUSTFLAGS=--cap-lints=warn" "-e" "RUSTDOCFLAGS=--cap-lints=warn" "-w" "/opt/rustwide/workdir" "--user" "0:0" "c0a6990e2eb4544bd8fd0f579f28a2a89b84221b00e7241d3f464943b138dce9" "/opt/rustwide/cargo-home/bin/cargo" "+1.100.0-beta.1" "test" "--frozen" "--no-run" "--message-format=json" "--release", kill_on_drop: false }`
[INFO] [stderr]    Compiling scalable-rbe v0.1.1 (/opt/rustwide/workdir)
[INFO] [stderr] warning: unused dependency `criterion`
[INFO] [stderr]  --> Cargo.toml:9:15
[INFO] [stderr]   |
[INFO] [stderr] 9 | [dependencies.criterion]
[INFO] [stderr]   |               ^^^^^^^^^^
[INFO] [stderr]   |
[INFO] [stderr]   = note: `cargo::unused_dependencies` is set to `warn` by default
[INFO] [stderr] help: consider removing the dependency on `criterion`
[INFO] [stderr] warning: `scalable-rbe` (manifest) generated 1 warning
[INFO] [stderr]     Finished `release` profile [optimized] target(s) in 3.78s
[INFO] running `Command { std: "docker" "inspect" "c0a6990e2eb4544bd8fd0f579f28a2a89b84221b00e7241d3f464943b138dce9", kill_on_drop: false }`
[INFO] running `Command { std: "docker" "exec" "-e" "SOURCE_DIR=/opt/rustwide/workdir" "-e" "CARGO_HOME=/opt/rustwide/cargo-home" "-e" "RUSTUP_HOME=/opt/rustwide/rustup-home" "-e" "CARGO_TARGET_DIR=/opt/rustwide/target" "-e" "CARGO_INCREMENTAL=0" "-e" "RUST_BACKTRACE=full" "-e" "RUSTFLAGS=--cap-lints=warn" "-e" "RUSTDOCFLAGS=--cap-lints=warn" "-w" "/opt/rustwide/workdir" "--user" "0:0" "c0a6990e2eb4544bd8fd0f579f28a2a89b84221b00e7241d3f464943b138dce9" "/opt/rustwide/cargo-home/bin/cargo" "+1.100.0-beta.1" "test" "--frozen" "--release", kill_on_drop: false }`
[INFO] [stderr] warning: unused dependency `criterion`
[INFO] [stderr]  --> Cargo.toml:9:15
[INFO] [stderr]   |
[INFO] [stderr] 9 | [dependencies.criterion]
[INFO] [stderr]   |               ^^^^^^^^^^
[INFO] [stderr]   |
[INFO] [stderr]   = note: `cargo::unused_dependencies` is set to `warn` by default
[INFO] [stderr] help: consider removing the dependency on `criterion`
[INFO] [stderr] warning: `scalable-rbe` (manifest) generated 1 warning
[INFO] [stderr]     Finished `release` profile [optimized] target(s) in 0.10s
[INFO] [stderr]      Running unittests src/lib.rs (/opt/rustwide/target/release/build/scalable-rbe/755111c5147d7e89/out/scalable_rbe-755111c5147d7e89)
[INFO] [stdout] 
[INFO] [stdout] running 23 tests
[INFO] [stdout] test dgs::test_rej::in_bounds ... ok
[INFO] [stdout] test dgs::test_mw::in_bounds ... ok
[INFO] [stdout] test ntt::test::correctness_sub_0 ... ok
[INFO] [stdout] test mat::test_mat::correctness_sub_0 ... ok
[INFO] [stdout] test mat::test_mat::correctness_add_0 ... ok
[INFO] [stdout] test mat::test_mat::correctness_sub_1 ... ok
[INFO] [stdout] test rbe::test::repeated_full_length_id ... ignored, Expensive
[INFO] [stdout] test dgs::test_rej::rough_dist_mini ... ok
[INFO] [stdout] test ntt::test::correctness_sub_1 ... ok
[INFO] [stdout] test mat::test_mat::correctness_add_1 ... ok
[INFO] [stdout] test rbe::test::full_length_id ... FAILED
[INFO] [stdout] test dgs::test_cdf::rough_dist_mini ... ok
[INFO] [stdout] test ntt::test::correctness_add_1 ... ok
[INFO] [stdout] test ntt::test::correctness_mul_0 ... ok
[INFO] [stdout] test utils::test_compression::round_trip ... ok
[INFO] [stdout] test rbe::test::single_pk ... FAILED
[INFO] [stdout] test ntt::test::correctness_add_0 ... ok
[INFO] [stdout] test dgs::test_cdf::in_bounds ... ok
[INFO] [stdout] test ntt::test::correctness_mul_1 ... ok
[INFO] [stdout] test rbe::test::multi_pk ... FAILED
[INFO] [stdout] test mat::test_mat::round_trip_pruned_gadget ... ok
[INFO] [stdout] test dgs::test_cdf::rough_dist_small ... ok
[INFO] [stdout] test dgs::test_rej::rough_dist_small ... ok
[INFO] [stdout] 
[INFO] [stdout] failures:
[INFO] [stdout] 
[INFO] [stdout] ---- rbe::test::full_length_id stdout ----
[INFO] [stdout] 
[INFO] [stdout] thread 'rbe::test::full_length_id' (871) panicked at src/rbe.rs:184:14:
[INFO] [stdout] Failed to open database.: Io(Os { code: 30, kind: ReadOnlyFilesystem, message: "Read-only file system" })
[INFO] [stdout] stack backtrace:
[INFO] [stdout]    0:     0x60c8ed039721 - <<std[617be2ca0a6fd877]::sys::backtrace::BacktraceLock>::print::DisplayBacktrace as core[a373ad73a504971]::fmt::Display>::fmt
[INFO] [stdout]    1:     0x60c8ed04f81a - core[a373ad73a504971]::fmt::write
[INFO] [stdout]    2:     0x60c8ed03de6c - <alloc[2e1b2a31b91974c5]::vec::Vec<u8> as core[a373ad73a504971]::io::write::Write>::write_fmt
[INFO] [stdout]    3:     0x60c8ed013426 - std[617be2ca0a6fd877]::panicking::default_hook::{closure#0}
[INFO] [stdout]    4:     0x60c8ed030aa9 - std[617be2ca0a6fd877]::panicking::default_hook
[INFO] [stdout]    5:     0x60c8ecf30690 - test[aada8e7e76ba119b]::test_main_inner::{closure#0}
[INFO] [stdout]    6:     0x60c8ed030dd2 - std[617be2ca0a6fd877]::panicking::panic_with_hook
[INFO] [stdout]    7:     0x60c8ed0134d2 - std[617be2ca0a6fd877]::panicking::panic_handler::{closure#0}
[INFO] [stdout]    8:     0x60c8ed00bf99 - std[617be2ca0a6fd877]::sys::backtrace::__rust_end_short_backtrace::<std[617be2ca0a6fd877]::panicking::panic_handler::{closure#0}, !>
[INFO] [stdout]    9:     0x60c8ed0141cd - __rustc[ea4f61d10b84890b]::rust_begin_unwind
[INFO] [stdout]   10:     0x60c8ed04ff4c - core[a373ad73a504971]::panicking::panic_fmt
[INFO] [stdout]   11:     0x60c8ed04fd22 - core[a373ad73a504971]::result::unwrap_failed
[INFO] [stdout]   12:     0x60c8ecf023af - <scalable_rbe[300ef186be22486b]::rbe::RBE<scalable_rbe[300ef186be22486b]::dgs::CdfSampler, scalable_rbe[300ef186be22486b]::dgs::MWSampler>>::setup
[INFO] [stdout]   13:     0x60c8ecf214a2 - <scalable_rbe[300ef186be22486b]::rbe::test::full_length_id::{closure#0} as core[a373ad73a504971]::ops::function::FnOnce<()>>::call_once
[INFO] [stdout]   14:     0x60c8ecf23adb - test[aada8e7e76ba119b]::__rust_begin_short_backtrace::<core[a373ad73a504971]::result::Result<(), alloc[2e1b2a31b91974c5]::string::String>, fn() -> core[a373ad73a504971]::result::Result<(), alloc[2e1b2a31b91974c5]::string::String>>
[INFO] [stdout]   15:     0x60c8ecf30cb5 - test[aada8e7e76ba119b]::run_test::{closure#0}
[INFO] [stdout]   16:     0x60c8ecf2a5a4 - std[617be2ca0a6fd877]::sys::backtrace::__rust_begin_short_backtrace::<test[aada8e7e76ba119b]::run_test::{closure#1}, ()>
[INFO] [stdout]   17:     0x60c8ecf33d42 - <std[617be2ca0a6fd877]::thread::lifecycle::spawn_unchecked<test[aada8e7e76ba119b]::run_test::{closure#1}, ()>::{closure#1} as core[a373ad73a504971]::ops::function::FnOnce<()>>::call_once::{shim:vtable#0}
[INFO] [stdout]   18:     0x60c8ed038e8f - <std[617be2ca0a6fd877]::sys::thread::unix::Thread>::new::thread_start
[INFO] [stdout]   19:     0x740edd852dfa - <unknown>
[INFO] [stdout]   20:     0x740edd8e63d4 - clone
[INFO] [stdout]   21:                0x0 - <unknown>
[INFO] [stdout] 
[INFO] [stdout] ---- rbe::test::single_pk stdout ----
[INFO] [stdout] 
[INFO] [stdout] thread 'rbe::test::single_pk' (873) panicked at src/rbe.rs:184:14:
[INFO] [stdout] Failed to open database.: Io(Os { code: 30, kind: ReadOnlyFilesystem, message: "Read-only file system" })
[INFO] [stdout] stack backtrace:
[INFO] [stdout]    0:     0x60c8ed039721 - <<std[617be2ca0a6fd877]::sys::backtrace::BacktraceLock>::print::DisplayBacktrace as core[a373ad73a504971]::fmt::Display>::fmt
[INFO] [stdout]    1:     0x60c8ed04f81a - core[a373ad73a504971]::fmt::write
[INFO] [stdout]    2:     0x60c8ed03de6c - <alloc[2e1b2a31b91974c5]::vec::Vec<u8> as core[a373ad73a504971]::io::write::Write>::write_fmt
[INFO] [stdout]    3:     0x60c8ed013426 - std[617be2ca0a6fd877]::panicking::default_hook::{closure#0}
[INFO] [stdout]    4:     0x60c8ed030aa9 - std[617be2ca0a6fd877]::panicking::default_hook
[INFO] [stdout]    5:     0x60c8ecf30690 - test[aada8e7e76ba119b]::test_main_inner::{closure#0}
[INFO] [stdout]    6:     0x60c8ed030dd2 - std[617be2ca0a6fd877]::panicking::panic_with_hook
[INFO] [stdout]    7:     0x60c8ed0134d2 - std[617be2ca0a6fd877]::panicking::panic_handler::{closure#0}
[INFO] [stdout]    8:     0x60c8ed00bf99 - std[617be2ca0a6fd877]::sys::backtrace::__rust_end_short_backtrace::<std[617be2ca0a6fd877]::panicking::panic_handler::{closure#0}, !>
[INFO] [stdout]    9:     0x60c8ed0141cd - __rustc[ea4f61d10b84890b]::rust_begin_unwind
[INFO] [stdout]   10:     0x60c8ed04ff4c - core[a373ad73a504971]::panicking::panic_fmt
[INFO] [stdout]   11:     0x60c8ed04fd22 - core[a373ad73a504971]::result::unwrap_failed
[INFO] [stdout]   12:     0x60c8ecf023af - <scalable_rbe[300ef186be22486b]::rbe::RBE<scalable_rbe[300ef186be22486b]::dgs::CdfSampler, scalable_rbe[300ef186be22486b]::dgs::MWSampler>>::setup
[INFO] [stdout]   13:     0x60c8ecf2327f - <scalable_rbe[300ef186be22486b]::rbe::test::single_pk::{closure#0} as core[a373ad73a504971]::ops::function::FnOnce<()>>::call_once
[INFO] [stdout]   14:     0x60c8ecf23adb - test[aada8e7e76ba119b]::__rust_begin_short_backtrace::<core[a373ad73a504971]::result::Result<(), alloc[2e1b2a31b91974c5]::string::String>, fn() -> core[a373ad73a504971]::result::Result<(), alloc[2e1b2a31b91974c5]::string::String>>
[INFO] [stdout]   15:     0x60c8ecf30cb5 - test[aada8e7e76ba119b]::run_test::{closure#0}
[INFO] [stdout]   16:     0x60c8ecf2a5a4 - std[617be2ca0a6fd877]::sys::backtrace::__rust_begin_short_backtrace::<test[aada8e7e76ba119b]::run_test::{closure#1}, ()>
[INFO] [stdout]   17:     0x60c8ecf33d42 - <std[617be2ca0a6fd877]::thread::lifecycle::spawn_unchecked<test[aada8e7e76ba119b]::run_test::{closure#1}, ()>::{closure#1} as core[a373ad73a504971]::ops::function::FnOnce<()>>::call_once::{shim:vtable#0}
[INFO] [stdout]   18:     0x60c8ed038e8f - <std[617be2ca0a6fd877]::sys::thread::unix::Thread>::new::thread_start
[INFO] [stdout]   19:     0x740edd852dfa - <unknown>
[INFO] [stdout]   20:     0x740edd8e63d4 - clone
[INFO] [stdout]   21:                0x0 - <unknown>
[INFO] [stdout] 
[INFO] [stdout] ---- rbe::test::multi_pk stdout ----
[INFO] [stdout] 
[INFO] [stdout] thread 'rbe::test::multi_pk' (872) panicked at src/rbe.rs:184:14:
[INFO] [stdout] Failed to open database.: Io(Os { code: 30, kind: ReadOnlyFilesystem, message: "Read-only file system" })
[INFO] [stdout] stack backtrace:
[INFO] [stdout]    0:     0x60c8ed039721 - <<std[617be2ca0a6fd877]::sys::backtrace::BacktraceLock>::print::DisplayBacktrace as core[a373ad73a504971]::fmt::Display>::fmt
[INFO] [stdout]    1:     0x60c8ed04f81a - core[a373ad73a504971]::fmt::write
[INFO] [stdout]    2:     0x60c8ed03de6c - <alloc[2e1b2a31b91974c5]::vec::Vec<u8> as core[a373ad73a504971]::io::write::Write>::write_fmt
[INFO] [stdout]    3:     0x60c8ed013426 - std[617be2ca0a6fd877]::panicking::default_hook::{closure#0}
[INFO] [stdout]    4:     0x60c8ed030aa9 - std[617be2ca0a6fd877]::panicking::default_hook
[INFO] [stdout]    5:     0x60c8ecf30690 - test[aada8e7e76ba119b]::test_main_inner::{closure#0}
[INFO] [stdout]    6:     0x60c8ed030dd2 - std[617be2ca0a6fd877]::panicking::panic_with_hook
[INFO] [stdout]    7:     0x60c8ed0134d2 - std[617be2ca0a6fd877]::panicking::panic_handler::{closure#0}
[INFO] [stdout]    8:     0x60c8ed00bf99 - std[617be2ca0a6fd877]::sys::backtrace::__rust_end_short_backtrace::<std[617be2ca0a6fd877]::panicking::panic_handler::{closure#0}, !>
[INFO] [stdout]    9:     0x60c8ed0141cd - __rustc[ea4f61d10b84890b]::rust_begin_unwind
[INFO] [stdout]   10:     0x60c8ed04ff4c - core[a373ad73a504971]::panicking::panic_fmt
[INFO] [stdout]   11:     0x60c8ed04fd22 - core[a373ad73a504971]::result::unwrap_failed
[INFO] [stdout]   12:     0x60c8ecf023af - <scalable_rbe[300ef186be22486b]::rbe::RBE<scalable_rbe[300ef186be22486b]::dgs::CdfSampler, scalable_rbe[300ef186be22486b]::dgs::MWSampler>>::setup
[INFO] [stdout]   13:     0x60c8ecf22783 - <scalable_rbe[300ef186be22486b]::rbe::test::multi_pk::{closure#0} as core[a373ad73a504971]::ops::function::FnOnce<()>>::call_once
[INFO] [stdout]   14:     0x60c8ecf23adb - test[aada8e7e76ba119b]::__rust_begin_short_backtrace::<core[a373ad73a504971]::result::Result<(), alloc[2e1b2a31b91974c5]::string::String>, fn() -> core[a373ad73a504971]::result::Result<(), alloc[2e1b2a31b91974c5]::string::String>>
[INFO] [stdout]   15:     0x60c8ecf30cb5 - test[aada8e7e76ba119b]::run_test::{closure#0}
[INFO] [stdout]   16:     0x60c8ecf2a5a4 - std[617be2ca0a6fd877]::sys::backtrace::__rust_begin_short_backtrace::<test[aada8e7e76ba119b]::run_test::{closure#1}, ()>
[INFO] [stdout]   17:     0x60c8ecf33d42 - <std[617be2ca0a6fd877]::thread::lifecycle::spawn_unchecked<test[aada8e7e76ba119b]::run_test::{closure#1}, ()>::{closure#1} as core[a373ad73a504971]::ops::function::FnOnce<()>>::call_once::{shim:vtable#0}
[INFO] [stdout]   18:     0x60c8ed038e8f - <std[617be2ca0a6fd877]::sys::thread::unix::Thread>::new::thread_start
[INFO] [stdout]   19:     0x740edd852dfa - <unknown>
[INFO] [stdout]   20:     0x740edd8e63d4 - clone
[INFO] [stdout]   21:                0x0 - <unknown>
[INFO] [stdout] 
[INFO] [stdout] 
[INFO] [stdout] failures:
[INFO] [stdout]     rbe::test::full_length_id
[INFO] [stdout]     rbe::test::multi_pk
[INFO] [stdout]     rbe::test::single_pk
[INFO] [stdout] 
[INFO] [stdout] test result: FAILED. 19 passed; 3 failed; 1 ignored; 0 measured; 0 filtered out; finished in 0.12s
[INFO] [stdout] 
[INFO] [stderr] error: test failed, to rerun pass `--lib`
[INFO] running `Command { std: "docker" "inspect" "c0a6990e2eb4544bd8fd0f579f28a2a89b84221b00e7241d3f464943b138dce9", kill_on_drop: false }`
[INFO] running `Command { std: "docker" "rm" "-f" "c0a6990e2eb4544bd8fd0f579f28a2a89b84221b00e7241d3f464943b138dce9", kill_on_drop: false }`
[INFO] [stdout] c0a6990e2eb4544bd8fd0f579f28a2a89b84221b00e7241d3f464943b138dce9
