[INFO] fetching crate scafra-build 0.1.0-snapshot.1...
[INFO] testing scafra-build-0.1.0-snapshot.1 against 1.100.0-beta.1+cargoflags=--release for beta-release-1.100-2
[INFO] extracting crate scafra-build 0.1.0-snapshot.1 into /workspace/builds/worker-6-tc2/source
[INFO] started tweaking crates.io crate scafra-build 0.1.0-snapshot.1
[INFO] removed 0 missing tests
[INFO] finished tweaking crates.io crate scafra-build 0.1.0-snapshot.1
[INFO] tweaked toml for crates.io crate scafra-build 0.1.0-snapshot.1 written to /workspace/builds/worker-6-tc2/source/Cargo.toml
[INFO] validating manifest of crates.io crate scafra-build 0.1.0-snapshot.1 on toolchain 1.100.0-beta.1
[INFO] running `Command { std: CARGO_HOME="/workspace/cargo-home" RUSTUP_HOME="/workspace/rustup-home" "/workspace/cargo-home/bin/cargo" "+1.100.0-beta.1" "metadata" "--manifest-path" "Cargo.toml" "--no-deps", kill_on_drop: false }`
[INFO] crate crates.io crate scafra-build 0.1.0-snapshot.1 already has a lockfile, it will not be regenerated
[INFO] running `Command { std: CARGO_HOME="/workspace/cargo-home" RUSTUP_HOME="/workspace/rustup-home" "/workspace/cargo-home/bin/cargo" "+1.100.0-beta.1" "fetch" "--manifest-path" "Cargo.toml", kill_on_drop: false }`
[INFO] running `Command { std: "docker" "create" "-v" "/var/lib/crater-agent-workspace/builds/worker-6-tc2/source:/opt/rustwide/workdir:ro,Z" "-v" "/var/lib/crater-agent-workspace/builds/worker-6-tc2/target:/opt/rustwide/target:rw,Z" "-v" "/var/lib/crater-agent-workspace/cargo-home:/opt/rustwide/cargo-home:ro,Z" "-v" "/var/lib/crater-agent-workspace/rustup-home:/opt/rustwide/rustup-home:ro,Z" "-m" "1610612736" "--network" "none" "ghcr.io/rust-lang/crates-build-env/linux@sha256:77db811e55d90add9212f6832c23229e3de5f1c1f9905e8cb07319ea15df73ac" "sleep" "infinity", kill_on_drop: false }`
[INFO] [stdout] c8475cdcc56cb192576ad3dcef4ade96ce865a802c5567ea0db90efc94c61337
[INFO] running `Command { std: "docker" "start" "c8475cdcc56cb192576ad3dcef4ade96ce865a802c5567ea0db90efc94c61337", kill_on_drop: false }`
[INFO] running `Command { std: "docker" "inspect" "c8475cdcc56cb192576ad3dcef4ade96ce865a802c5567ea0db90efc94c61337", kill_on_drop: false }`
[INFO] running `Command { std: "docker" "exec" "-e" "SOURCE_DIR=/opt/rustwide/workdir" "-e" "CARGO_HOME=/opt/rustwide/cargo-home" "-e" "RUSTUP_HOME=/opt/rustwide/rustup-home" "-e" "CARGO_TARGET_DIR=/opt/rustwide/target" "-w" "/opt/rustwide/workdir" "--user" "0:0" "c8475cdcc56cb192576ad3dcef4ade96ce865a802c5567ea0db90efc94c61337" "/opt/rustwide/cargo-home/bin/cargo" "+1.100.0-beta.1" "metadata" "--no-deps" "--format-version=1", kill_on_drop: false }`
[INFO] running `Command { std: "docker" "inspect" "c8475cdcc56cb192576ad3dcef4ade96ce865a802c5567ea0db90efc94c61337", kill_on_drop: false }`
[INFO] running `Command { std: "docker" "exec" "-e" "SOURCE_DIR=/opt/rustwide/workdir" "-e" "CARGO_HOME=/opt/rustwide/cargo-home" "-e" "RUSTUP_HOME=/opt/rustwide/rustup-home" "-e" "CARGO_TARGET_DIR=/opt/rustwide/target" "-e" "CARGO_INCREMENTAL=0" "-e" "RUST_BACKTRACE=full" "-e" "RUSTFLAGS=--cap-lints=warn" "-e" "RUSTDOCFLAGS=--cap-lints=warn" "-w" "/opt/rustwide/workdir" "--user" "0:0" "c8475cdcc56cb192576ad3dcef4ade96ce865a802c5567ea0db90efc94c61337" "/opt/rustwide/cargo-home/bin/cargo" "+1.100.0-beta.1" "build" "--frozen" "--message-format=json" "--release", kill_on_drop: false }`
[INFO] [stderr]    Compiling proc-macro2 v1.0.107
[INFO] [stderr]    Compiling smallvec v1.16.2
[INFO] [stderr]    Compiling unicode-ident v1.0.26
[INFO] [stderr]    Compiling quote v1.0.47
[INFO] [stderr]    Compiling tracing-log v0.2.0
[INFO] [stderr]    Compiling syn v2.0.119
[INFO] [stderr]    Compiling serde_derive v1.0.229
[INFO] [stderr]    Compiling serde v1.0.229
[INFO] [stderr]    Compiling tracing-attributes v0.1.31
[INFO] [stderr]    Compiling tracing v0.1.44
[INFO] [stderr]    Compiling tracing-subscriber v0.3.23
[INFO] [stderr]    Compiling scafra-foundation v0.1.0-snapshot.1
[INFO] [stderr]    Compiling scafra-core v0.1.0-snapshot.1
[INFO] [stderr]    Compiling scafra-build v0.1.0-snapshot.1 (/opt/rustwide/workdir)
[INFO] [stderr]     Finished `release` profile [optimized] target(s) in 35.83s
[INFO] running `Command { std: "docker" "inspect" "c8475cdcc56cb192576ad3dcef4ade96ce865a802c5567ea0db90efc94c61337", kill_on_drop: false }`
[INFO] running `Command { std: "docker" "exec" "-e" "SOURCE_DIR=/opt/rustwide/workdir" "-e" "CARGO_HOME=/opt/rustwide/cargo-home" "-e" "RUSTUP_HOME=/opt/rustwide/rustup-home" "-e" "CARGO_TARGET_DIR=/opt/rustwide/target" "-e" "CARGO_INCREMENTAL=0" "-e" "RUST_BACKTRACE=full" "-e" "RUSTFLAGS=--cap-lints=warn" "-e" "RUSTDOCFLAGS=--cap-lints=warn" "-w" "/opt/rustwide/workdir" "--user" "0:0" "c8475cdcc56cb192576ad3dcef4ade96ce865a802c5567ea0db90efc94c61337" "/opt/rustwide/cargo-home/bin/cargo" "+1.100.0-beta.1" "test" "--frozen" "--no-run" "--message-format=json" "--release", kill_on_drop: false }`
[INFO] [stderr]    Compiling scafra-build v0.1.0-snapshot.1 (/opt/rustwide/workdir)
[INFO] [stderr]     Finished `release` profile [optimized] target(s) in 7.28s
[INFO] running `Command { std: "docker" "inspect" "c8475cdcc56cb192576ad3dcef4ade96ce865a802c5567ea0db90efc94c61337", kill_on_drop: false }`
[INFO] running `Command { std: "docker" "exec" "-e" "SOURCE_DIR=/opt/rustwide/workdir" "-e" "CARGO_HOME=/opt/rustwide/cargo-home" "-e" "RUSTUP_HOME=/opt/rustwide/rustup-home" "-e" "CARGO_TARGET_DIR=/opt/rustwide/target" "-e" "CARGO_INCREMENTAL=0" "-e" "RUST_BACKTRACE=full" "-e" "RUSTFLAGS=--cap-lints=warn" "-e" "RUSTDOCFLAGS=--cap-lints=warn" "-w" "/opt/rustwide/workdir" "--user" "0:0" "c8475cdcc56cb192576ad3dcef4ade96ce865a802c5567ea0db90efc94c61337" "/opt/rustwide/cargo-home/bin/cargo" "+1.100.0-beta.1" "test" "--frozen" "--release", kill_on_drop: false }`
[INFO] [stderr]     Finished `release` profile [optimized] target(s) in 0.05s
[INFO] [stderr]      Running unittests src/lib.rs (/opt/rustwide/target/release/build/scafra-build/c407cb48879af13f/out/scafra_build-c407cb48879af13f)
[INFO] [stdout] 
[INFO] [stdout] running 22 tests
[INFO] [stdout] test tests::extension_metadata_is_validated_before_any_extension_runs ... ok
[INFO] [stdout] test tests::extension_failures_preserve_metadata_and_controlled_message ... ok
[INFO] [stdout] test tests::build_output_rejects_unsafe_and_duplicate_paths_without_mutation ... ok
[INFO] [stdout] test tests::commit_failures_preserve_destination_path_and_io_source ... ok
[INFO] [stdout] test tests::graph_parser_rejects_ambiguous_dependency_names_before_generation ... ok
[INFO] [stdout] test tests::graph_order_is_deterministic_and_reports_invalid_edges ... ok
[INFO] [stdout] test tests::build_extensions_are_optional_and_run_in_deterministic_order ... ok
[INFO] [stdout] test tests::graph_order_reports_unknown_consumers_and_owned_graph_conflicts ... ok
[INFO] [stdout] test tests::graph_parser_rejects_ambiguous_bean_dependency_names ... ok
[INFO] [stdout] test tests::graph_parser_reports_source_aware_declaration_errors ... ok
[INFO] [stdout] test tests::opt_in_discovery_preserves_direct_outputs_and_commits_extension_artifacts ... ok
[INFO] [stdout] test tests::graph_parser_uses_declaration_line_for_node_and_edge_source ... ok
[INFO] [stdout] test tests::graph_parser_uses_function_declaration_line_after_outer_attributes ... ok
[INFO] [stdout] test tests::graph_order_handles_a_medium_chain_within_the_startup_budget ... ok
[INFO] [stdout] test tests::bounded_adversarial_graph_inputs_remain_deterministic ... ok
[INFO] [stdout] test tests::output_failures_identify_the_extension_and_discovery_does_not_commit ... ok
[INFO] [stdout] test tests::rendered_graph_contains_typed_calls_and_provider_context ... ok
[INFO] [stdout] test tests::sanitizes_file_names_into_rust_identifiers ... ok
[INFO] [stdout] test tests::graph_parser_recognizes_nested_types_and_fallible_beans ... ok
[INFO] [stdout] test tests::graph_order_is_stable_for_disconnected_and_deep_graphs ... ok
[INFO] [stdout] test tests::graph_generation_has_bounded_small_and_medium_measurements ... ok
[INFO] [stderr]      Running tests/graph_compile_fail.rs (/opt/rustwide/target/release/build/scafra-build/48611aab7cf7bb3d/out/graph_compile_fail-48611aab7cf7bb3d)
[INFO] [stdout] test tests::graph_order_exhaustively_checks_small_owned_graphs ... ok
[INFO] [stdout] 
[INFO] [stdout] test result: ok. 22 passed; 0 failed; 0 ignored; 0 measured; 0 filtered out; finished in 0.08s
[INFO] [stdout] 
[INFO] [stdout] 
[INFO] [stdout] running 1 test
[INFO] [stdout] test invalid_generated_graphs_fail_with_source_aware_diagnostics ... FAILED
[INFO] [stdout] 
[INFO] [stdout] failures:
[INFO] [stdout] 
[INFO] [stdout] ---- invalid_generated_graphs_fail_with_source_aware_diagnostics stdout ----
[INFO] [stdout] 
[INFO] [stdout] thread 'invalid_generated_graphs_fail_with_source_aware_diagnostics' (607) panicked at tests/graph_compile_fail.rs:71:9:
[INFO] [stdout] missing stderr:
[INFO] [stdout] error: manifest path `/opt/rustwide/workdir/tests/fixtures/missing/Cargo.toml` does not exist
[INFO] [stdout] 
[INFO] [stdout] stack backtrace:
[INFO] [stdout]    0:     0x5af4fbc09c51 - <<std[617be2ca0a6fd877]::sys::backtrace::BacktraceLock>::print::DisplayBacktrace as core[a373ad73a504971]::fmt::Display>::fmt
[INFO] [stdout]    1:     0x5af4fbc1ddaa - core[a373ad73a504971]::fmt::write
[INFO] [stdout]    2:     0x5af4fbc0e0cc - <alloc[2e1b2a31b91974c5]::vec::Vec<u8> as core[a373ad73a504971]::io::write::Write>::write_fmt
[INFO] [stdout]    3:     0x5af4fbbe4de6 - std[617be2ca0a6fd877]::panicking::default_hook::{closure#0}
[INFO] [stdout]    4:     0x5af4fbc01c09 - std[617be2ca0a6fd877]::panicking::default_hook
[INFO] [stdout]    5:     0x5af4fbb9d4d0 - test[aada8e7e76ba119b]::test_main_inner::{closure#0}
[INFO] [stdout]    6:     0x5af4fbc01dc2 - std[617be2ca0a6fd877]::panicking::panic_with_hook
[INFO] [stdout]    7:     0x5af4fbbe4e92 - std[617be2ca0a6fd877]::panicking::panic_handler::{closure#0}
[INFO] [stdout]    8:     0x5af4fbbdda89 - std[617be2ca0a6fd877]::sys::backtrace::__rust_end_short_backtrace::<std[617be2ca0a6fd877]::panicking::panic_handler::{closure#0}, !>
[INFO] [stdout]    9:     0x5af4fbbe5a9d - __rustc[ea4f61d10b84890b]::rust_begin_unwind
[INFO] [stdout]   10:     0x5af4fbc1e4dc - core[a373ad73a504971]::panicking::panic_fmt
[INFO] [stdout]   11:     0x5af4fbb90581 - <graph_compile_fail[687166393b7542a2]::invalid_generated_graphs_fail_with_source_aware_diagnostics::{closure#0} as core[a373ad73a504971]::ops::function::FnOnce<()>>::call_once
[INFO] [stdout]   12:     0x5af4fbb9091b - test[aada8e7e76ba119b]::__rust_begin_short_backtrace::<core[a373ad73a504971]::result::Result<(), alloc[2e1b2a31b91974c5]::string::String>, fn() -> core[a373ad73a504971]::result::Result<(), alloc[2e1b2a31b91974c5]::string::String>>
[INFO] [stdout]   13:     0x5af4fbb9daf5 - test[aada8e7e76ba119b]::run_test::{closure#0}
[INFO] [stdout]   14:     0x5af4fbb973e4 - std[617be2ca0a6fd877]::sys::backtrace::__rust_begin_short_backtrace::<test[aada8e7e76ba119b]::run_test::{closure#1}, ()>
[INFO] [stdout]   15:     0x5af4fbba0b82 - <std[617be2ca0a6fd877]::thread::lifecycle::spawn_unchecked<test[aada8e7e76ba119b]::run_test::{closure#1}, ()>::{closure#1} as core[a373ad73a504971]::ops::function::FnOnce<()>>::call_once::{shim:vtable#0}
[INFO] [stdout]   16:     0x5af4fbc094af - <std[617be2ca0a6fd877]::sys::thread::unix::Thread>::new::thread_start
[INFO] [stdout]   17:     0x764f7f895dfa - <unknown>
[INFO] [stdout]   18:     0x764f7f9293d4 - clone
[INFO] [stdout]   19:                0x0 - <unknown>
[INFO] [stdout] 
[INFO] [stdout] 
[INFO] [stdout] failures:
[INFO] [stdout]     invalid_generated_graphs_fail_with_source_aware_diagnostics
[INFO] [stdout] 
[INFO] [stdout] test result: FAILED. 0 passed; 1 failed; 0 ignored; 0 measured; 0 filtered out; finished in 0.09s
[INFO] [stdout] 
[INFO] [stderr] error: test failed, to rerun pass `--test graph_compile_fail`
[INFO] running `Command { std: "docker" "inspect" "c8475cdcc56cb192576ad3dcef4ade96ce865a802c5567ea0db90efc94c61337", kill_on_drop: false }`
[INFO] running `Command { std: "docker" "rm" "-f" "c8475cdcc56cb192576ad3dcef4ade96ce865a802c5567ea0db90efc94c61337", kill_on_drop: false }`
[INFO] [stdout] c8475cdcc56cb192576ad3dcef4ade96ce865a802c5567ea0db90efc94c61337
