[INFO] fetching crate scad 1.2.2...
[INFO] testing scad-1.2.2 against 1.100.0-beta.1+cargoflags=--release for beta-release-1.100-2
[INFO] extracting crate scad 1.2.2 into /workspace/builds/worker-3-tc2/source
[INFO] started tweaking crates.io crate scad 1.2.2
[INFO] finished tweaking crates.io crate scad 1.2.2
[INFO] tweaked toml for crates.io crate scad 1.2.2 written to /workspace/builds/worker-3-tc2/source/Cargo.toml
[INFO] validating manifest of crates.io crate scad 1.2.2 on toolchain 1.100.0-beta.1
[INFO] running `Command { std: CARGO_HOME="/workspace/cargo-home" RUSTUP_HOME="/workspace/rustup-home" "/workspace/cargo-home/bin/cargo" "+1.100.0-beta.1" "metadata" "--manifest-path" "Cargo.toml" "--no-deps", kill_on_drop: false }`
[INFO] running `Command { std: CARGO_HOME="/workspace/cargo-home" RUSTUP_HOME="/workspace/rustup-home" "/workspace/cargo-home/bin/cargo" "+1.100.0-beta.1" "generate-lockfile" "--manifest-path" "Cargo.toml", kill_on_drop: false }`
[INFO] [stderr]     Updating crates.io index
[INFO] [stderr]      Locking 21 packages to highest compatible versions
[INFO] [stderr]       Adding nalgebra v0.16.14 (available: v0.35.0)
[INFO] running `Command { std: CARGO_HOME="/workspace/cargo-home" RUSTUP_HOME="/workspace/rustup-home" "/workspace/cargo-home/bin/cargo" "+1.100.0-beta.1" "fetch" "--manifest-path" "Cargo.toml", kill_on_drop: false }`
[INFO] [stderr] warning: Cargo.toml: `package.edition` is unspecified, defaulting to `2015` while the latest is `2024`
[INFO] [stderr] warning: `scad` (manifest) generated 1 warning
[INFO] running `Command { std: "docker" "create" "-v" "/var/lib/crater-agent-workspace/builds/worker-3-tc2/source:/opt/rustwide/workdir:ro,Z" "-v" "/var/lib/crater-agent-workspace/builds/worker-3-tc2/target:/opt/rustwide/target:rw,Z" "-v" "/var/lib/crater-agent-workspace/cargo-home:/opt/rustwide/cargo-home:ro,Z" "-v" "/var/lib/crater-agent-workspace/rustup-home:/opt/rustwide/rustup-home:ro,Z" "-m" "1610612736" "--network" "none" "ghcr.io/rust-lang/crates-build-env/linux@sha256:77db811e55d90add9212f6832c23229e3de5f1c1f9905e8cb07319ea15df73ac" "sleep" "infinity", kill_on_drop: false }`
[INFO] [stdout] e0b52969ae52d79b137f7d23ecf2e4ac8c03a776225ed286d8979e822d89aba8
[INFO] running `Command { std: "docker" "start" "e0b52969ae52d79b137f7d23ecf2e4ac8c03a776225ed286d8979e822d89aba8", kill_on_drop: false }`
[INFO] running `Command { std: "docker" "inspect" "e0b52969ae52d79b137f7d23ecf2e4ac8c03a776225ed286d8979e822d89aba8", kill_on_drop: false }`
[INFO] running `Command { std: "docker" "exec" "-e" "SOURCE_DIR=/opt/rustwide/workdir" "-e" "CARGO_HOME=/opt/rustwide/cargo-home" "-e" "RUSTUP_HOME=/opt/rustwide/rustup-home" "-e" "CARGO_TARGET_DIR=/opt/rustwide/target" "-w" "/opt/rustwide/workdir" "--user" "0:0" "e0b52969ae52d79b137f7d23ecf2e4ac8c03a776225ed286d8979e822d89aba8" "/opt/rustwide/cargo-home/bin/cargo" "+1.100.0-beta.1" "metadata" "--no-deps" "--format-version=1", kill_on_drop: false }`
[INFO] running `Command { std: "docker" "inspect" "e0b52969ae52d79b137f7d23ecf2e4ac8c03a776225ed286d8979e822d89aba8", kill_on_drop: false }`
[INFO] running `Command { std: "docker" "exec" "-e" "SOURCE_DIR=/opt/rustwide/workdir" "-e" "CARGO_HOME=/opt/rustwide/cargo-home" "-e" "RUSTUP_HOME=/opt/rustwide/rustup-home" "-e" "CARGO_TARGET_DIR=/opt/rustwide/target" "-e" "CARGO_INCREMENTAL=0" "-e" "RUST_BACKTRACE=full" "-e" "RUSTFLAGS=--cap-lints=warn" "-e" "RUSTDOCFLAGS=--cap-lints=warn" "-w" "/opt/rustwide/workdir" "--user" "0:0" "e0b52969ae52d79b137f7d23ecf2e4ac8c03a776225ed286d8979e822d89aba8" "/opt/rustwide/cargo-home/bin/cargo" "+1.100.0-beta.1" "build" "--frozen" "--message-format=json" "--release", kill_on_drop: false }`
[INFO] [stderr] warning: Cargo.toml: `package.edition` is unspecified, defaulting to `2015` while the latest is `2024`
[INFO] [stderr] warning: `scad` (manifest) generated 1 warning
[INFO] [stderr]    Compiling num-complex v0.2.4
[INFO] [stderr]    Compiling libm v0.1.4
[INFO] [stderr]    Compiling matrixmultiply v0.1.15
[INFO] [stderr]    Compiling rand_core v0.4.3
[INFO] [stderr]    Compiling rawpointer v0.1.0
[INFO] [stderr]    Compiling generic-array v0.11.2
[INFO] [stderr]    Compiling approx v0.3.2
[INFO] [stderr]    Compiling rand_core v0.3.2
[INFO] [stderr]    Compiling rand v0.5.6
[INFO] [stderr]    Compiling alga v0.7.2
[INFO] [stderr]    Compiling nalgebra v0.16.14
[INFO] [stderr]    Compiling scad v1.2.2 (/opt/rustwide/workdir)
[INFO] [stderr]     Finished `release` profile [optimized] target(s) in 12.63s
[INFO] running `Command { std: "docker" "inspect" "e0b52969ae52d79b137f7d23ecf2e4ac8c03a776225ed286d8979e822d89aba8", kill_on_drop: false }`
[INFO] running `Command { std: "docker" "exec" "-e" "SOURCE_DIR=/opt/rustwide/workdir" "-e" "CARGO_HOME=/opt/rustwide/cargo-home" "-e" "RUSTUP_HOME=/opt/rustwide/rustup-home" "-e" "CARGO_TARGET_DIR=/opt/rustwide/target" "-e" "CARGO_INCREMENTAL=0" "-e" "RUST_BACKTRACE=full" "-e" "RUSTFLAGS=--cap-lints=warn" "-e" "RUSTDOCFLAGS=--cap-lints=warn" "-w" "/opt/rustwide/workdir" "--user" "0:0" "e0b52969ae52d79b137f7d23ecf2e4ac8c03a776225ed286d8979e822d89aba8" "/opt/rustwide/cargo-home/bin/cargo" "+1.100.0-beta.1" "test" "--frozen" "--no-run" "--message-format=json" "--release", kill_on_drop: false }`
[INFO] [stderr] warning: Cargo.toml: `package.edition` is unspecified, defaulting to `2015` while the latest is `2024`
[INFO] [stderr] warning: `scad` (manifest) generated 1 warning
[INFO] [stderr]    Compiling scad v1.2.2 (/opt/rustwide/workdir)
[INFO] [stdout] warning: unused `#[macro_use]` import
[INFO] [stdout]  --> tests/usage_test.rs:1:1
[INFO] [stdout]   |
[INFO] [stdout] 1 | #[macro_use]
[INFO] [stdout]   | ^^^^^^^^^^^^
[INFO] [stdout]   |
[INFO] [stdout]   = note: `#[warn(unused_imports)]` (part of `#[warn(unused)]`) on by default
[INFO] [stdout] 
[INFO] [stdout] 
[INFO] [stdout] warning: unused import: `scad_type::*`
[INFO] [stdout]    --> src/scad_element.rs:369:9
[INFO] [stdout]     |
[INFO] [stdout] 369 |     use scad_type::*;
[INFO] [stdout]     |         ^^^^^^^^^^^^
[INFO] [stdout]     |
[INFO] [stdout]     = note: `#[warn(unused_imports)]` (part of `#[warn(unused)]`) on by default
[INFO] [stdout] 
[INFO] [stdout] 
[INFO] [stdout] warning: unused import: `scad_element::*`
[INFO] [stdout]    --> src/scad_object.rs:134:9
[INFO] [stdout]     |
[INFO] [stdout] 134 |     use scad_element::*;
[INFO] [stdout]     |         ^^^^^^^^^^^^^^^
[INFO] [stdout] 
[INFO] [stdout] 
[INFO] [stderr]     Finished `release` profile [optimized] target(s) in 1.27s
[INFO] running `Command { std: "docker" "inspect" "e0b52969ae52d79b137f7d23ecf2e4ac8c03a776225ed286d8979e822d89aba8", kill_on_drop: false }`
[INFO] running `Command { std: "docker" "exec" "-e" "SOURCE_DIR=/opt/rustwide/workdir" "-e" "CARGO_HOME=/opt/rustwide/cargo-home" "-e" "RUSTUP_HOME=/opt/rustwide/rustup-home" "-e" "CARGO_TARGET_DIR=/opt/rustwide/target" "-e" "CARGO_INCREMENTAL=0" "-e" "RUST_BACKTRACE=full" "-e" "RUSTFLAGS=--cap-lints=warn" "-e" "RUSTDOCFLAGS=--cap-lints=warn" "-w" "/opt/rustwide/workdir" "--user" "0:0" "e0b52969ae52d79b137f7d23ecf2e4ac8c03a776225ed286d8979e822d89aba8" "/opt/rustwide/cargo-home/bin/cargo" "+1.100.0-beta.1" "test" "--frozen" "--release", kill_on_drop: false }`
[INFO] [stderr] warning: Cargo.toml: `package.edition` is unspecified, defaulting to `2015` while the latest is `2024`
[INFO] [stderr] warning: `scad` (manifest) generated 1 warning
[INFO] [stderr] warning: unused import: `scad_type::*`
[INFO] [stderr]    --> src/scad_element.rs:369:9
[INFO] [stderr]     |
[INFO] [stderr] 369 |     use scad_type::*;
[INFO] [stderr]     |         ^^^^^^^^^^^^
[INFO] [stderr]     |
[INFO] [stderr]     = note: `#[warn(unused_imports)]` (part of `#[warn(unused)]`) on by default
[INFO] [stderr] 
[INFO] [stderr] warning: unused import: `scad_element::*`
[INFO] [stderr]    --> src/scad_object.rs:134:9
[INFO] [stderr]     |
[INFO] [stderr] 134 |     use scad_element::*;
[INFO] [stderr]     |         ^^^^^^^^^^^^^^^
[INFO] [stderr] 
[INFO] [stderr] warning: `scad` (lib test) generated 2 warnings (run `cargo fix --lib -p scad --tests` to apply 2 suggestions)
[INFO] [stderr] warning: unused `#[macro_use]` import
[INFO] [stderr]  --> tests/usage_test.rs:1:1
[INFO] [stderr]   |
[INFO] [stderr] 1 | #[macro_use]
[INFO] [stderr]   | ^^^^^^^^^^^^
[INFO] [stderr]   |
[INFO] [stderr]   = note: `#[warn(unused_imports)]` (part of `#[warn(unused)]`) on by default
[INFO] [stderr] 
[INFO] [stderr] warning: `scad` (test "usage_test") generated 1 warning
[INFO] [stderr]     Finished `release` profile [optimized] target(s) in 0.04s
[INFO] [stderr]      Running unittests src/lib.rs (/opt/rustwide/target/release/build/scad/7202728e86088551/out/scad-7202728e86088551)
[INFO] [stdout] 
[INFO] [stdout] running 20 tests
[INFO] [stdout] test scad_element::scad_tests::lin_extrude_test ... ok
[INFO] [stdout] test common_objects::tests::cylinder_center ... ok
[INFO] [stdout] test scad_element::scad_tests::rotate_extrude_test ... ok
[INFO] [stdout] test scad_element::scad_tests::test_2d ... ok
[INFO] [stdout] test scad_macros::macro_test::qstruct_test ... ok
[INFO] [stdout] test scad_element::scad_tests::simple_enum_test ... ok
[INFO] [stdout] test scad_macros::macro_test::vec3_test ... ok
[INFO] [stdout] test scad_macros::qstruct_test::dependent_variables_test ... ok
[INFO] [stdout] test scad_element::scad_tests::polygon_parameter_type ... ok
[INFO] [stdout] test common_objects::tests::square_center ... ok
[INFO] [stdout] test common_objects::tests::cube_center_x ... FAILED
[INFO] [stdout] test scad_file::file_tests::detail_test ... ok
[INFO] [stdout] test scad_macros::qstruct_test::impl_test ... ok
[INFO] [stdout] test scad_file::file_tests::file_test ... FAILED
[INFO] [stdout] test scad_macros::qstruct_test::new_test ... ok
[INFO] [stdout] test common_objects::tests::cube_center_yz ... FAILED
[INFO] [stdout] test scad_macros::macro_test::many_children_test ... ok
[INFO] [stdout] test scad_object::statement_tests::simple_stmt_test ... ok
[INFO] [stdout] test scad_macros::macro_test::scad_macro_test ... ok
[INFO] [stdout] test scad_type::type_tests::type_test ... ok
[INFO] [stdout] 
[INFO] [stdout] failures:
[INFO] [stdout] 
[INFO] [stdout] ---- common_objects::tests::cube_center_x stdout ----
[INFO] [stdout] 
[INFO] [stdout] thread 'common_objects::tests::cube_center_x' (400) panicked at src/common_objects.rs:68:9:
[INFO] [stdout] assertion `left == right` failed
[INFO] [stdout]   left: "translate([-0.5,-0,-0])\n{\n\tcube([1,1,1]);\n}"
[INFO] [stdout]  right: "translate([-0.5,0,0])\n{\n\tcube([1,1,1]);\n}"
[INFO] [stdout] stack backtrace:
[INFO] [stdout]    0:     0x63f52e58c7a1 - <<std[617be2ca0a6fd877]::sys::backtrace::BacktraceLock>::print::DisplayBacktrace as core[a373ad73a504971]::fmt::Display>::fmt
[INFO] [stdout]    1:     0x63f52e5a101a - core[a373ad73a504971]::fmt::write
[INFO] [stdout]    2:     0x63f52e5909dc - <alloc[2e1b2a31b91974c5]::vec::Vec<u8> as core[a373ad73a504971]::io::write::Write>::write_fmt
[INFO] [stdout]    3:     0x63f52e568b26 - std[617be2ca0a6fd877]::panicking::default_hook::{closure#0}
[INFO] [stdout]    4:     0x63f52e584d59 - std[617be2ca0a6fd877]::panicking::default_hook
[INFO] [stdout]    5:     0x63f52e521350 - test[aada8e7e76ba119b]::test_main_inner::{closure#0}
[INFO] [stdout]    6:     0x63f52e584f12 - std[617be2ca0a6fd877]::panicking::panic_with_hook
[INFO] [stdout]    7:     0x63f52e568bd2 - std[617be2ca0a6fd877]::panicking::panic_handler::{closure#0}
[INFO] [stdout]    8:     0x63f52e561839 - std[617be2ca0a6fd877]::sys::backtrace::__rust_end_short_backtrace::<std[617be2ca0a6fd877]::panicking::panic_handler::{closure#0}, !>
[INFO] [stdout]    9:     0x63f52e5697dd - __rustc[ea4f61d10b84890b]::rust_begin_unwind
[INFO] [stdout]   10:     0x63f52e5a174c - core[a373ad73a504971]::panicking::panic_fmt
[INFO] [stdout]   11:     0x63f52e5a1663 - core[a373ad73a504971]::panicking::assert_failed_inner
[INFO] [stdout]   12:     0x63f52e50b465 - core[a373ad73a504971]::panicking::assert_failed::<alloc[2e1b2a31b91974c5]::string::String, &str>
[INFO] [stdout]   13:     0x63f52e509e26 - <scad[85b920b9620193fd]::common_objects::tests::cube_center_x::{closure#0} as core[a373ad73a504971]::ops::function::FnOnce<()>>::call_once
[INFO] [stdout]   14:     0x63f52e51479b - test[aada8e7e76ba119b]::__rust_begin_short_backtrace::<core[a373ad73a504971]::result::Result<(), alloc[2e1b2a31b91974c5]::string::String>, fn() -> core[a373ad73a504971]::result::Result<(), alloc[2e1b2a31b91974c5]::string::String>>
[INFO] [stdout]   15:     0x63f52e521975 - test[aada8e7e76ba119b]::run_test::{closure#0}
[INFO] [stdout]   16:     0x63f52e51b264 - std[617be2ca0a6fd877]::sys::backtrace::__rust_begin_short_backtrace::<test[aada8e7e76ba119b]::run_test::{closure#1}, ()>
[INFO] [stdout]   17:     0x63f52e524a02 - <std[617be2ca0a6fd877]::thread::lifecycle::spawn_unchecked<test[aada8e7e76ba119b]::run_test::{closure#1}, ()>::{closure#1} as core[a373ad73a504971]::ops::function::FnOnce<()>>::call_once::{shim:vtable#0}
[INFO] [stdout]   18:     0x63f52e58bfff - <std[617be2ca0a6fd877]::sys::thread::unix::Thread>::new::thread_start
[INFO] [stdout]   19:     0x74d9f3373dfa - <unknown>
[INFO] [stdout]   20:     0x74d9f34073d4 - clone
[INFO] [stdout]   21:                0x0 - <unknown>
[INFO] [stdout] 
[INFO] [stdout] ---- scad_file::file_tests::file_test stdout ----
[INFO] [stdout] Couldn't open file for writing
[INFO] [stdout] Failed to open file for reading
[INFO] [stdout] 
[INFO] [stdout] thread 'scad_file::file_tests::file_test' (410) panicked at src/scad_file.rs:180:9:
[INFO] [stdout] assertion failed: write_success
[INFO] [stdout] stack backtrace:
[INFO] [stdout]    0:     0x63f52e58c7a1 - <<std[617be2ca0a6fd877]::sys::backtrace::BacktraceLock>::print::DisplayBacktrace as core[a373ad73a504971]::fmt::Display>::fmt
[INFO] [stdout]    1:     0x63f52e5a101a - core[a373ad73a504971]::fmt::write
[INFO] [stdout]    2:     0x63f52e5909dc - <alloc[2e1b2a31b91974c5]::vec::Vec<u8> as core[a373ad73a504971]::io::write::Write>::write_fmt
[INFO] [stdout]    3:     0x63f52e568b26 - std[617be2ca0a6fd877]::panicking::default_hook::{closure#0}
[INFO] [stdout]    4:     0x63f52e584d59 - std[617be2ca0a6fd877]::panicking::default_hook
[INFO] [stdout]    5:     0x63f52e521350 - test[aada8e7e76ba119b]::test_main_inner::{closure#0}
[INFO] [stdout]    6:     0x63f52e584f12 - std[617be2ca0a6fd877]::panicking::panic_with_hook
[INFO] [stdout]    7:     0x63f52e568c04 - std[617be2ca0a6fd877]::panicking::panic_handler::{closure#0}
[INFO] [stdout]    8:     0x63f52e561839 - std[617be2ca0a6fd877]::sys::backtrace::__rust_end_short_backtrace::<std[617be2ca0a6fd877]::panicking::panic_handler::{closure#0}, !>
[INFO] [stdout]    9:     0x63f52e5697dd - __rustc[ea4f61d10b84890b]::rust_begin_unwind
[INFO] [stdout]   10:     0x63f52e5a174c - core[a373ad73a504971]::panicking::panic_fmt
[INFO] [stdout]   11:     0x63f52e5a1712 - core[a373ad73a504971]::panicking::panic
[INFO] [stdout]   12:     0x63f52e50ac4b - <scad[85b920b9620193fd]::scad_file::file_tests::file_test::{closure#0} as core[a373ad73a504971]::ops::function::FnOnce<()>>::call_once
[INFO] [stdout]   13:     0x63f52e51479b - test[aada8e7e76ba119b]::__rust_begin_short_backtrace::<core[a373ad73a504971]::result::Result<(), alloc[2e1b2a31b91974c5]::string::String>, fn() -> core[a373ad73a504971]::result::Result<(), alloc[2e1b2a31b91974c5]::string::String>>
[INFO] [stdout]   14:     0x63f52e521975 - test[aada8e7e76ba119b]::run_test::{closure#0}
[INFO] [stdout]   15:     0x63f52e51b264 - std[617be2ca0a6fd877]::sys::backtrace::__rust_begin_short_backtrace::<test[aada8e7e76ba119b]::run_test::{closure#1}, ()>
[INFO] [stdout]   16:     0x63f52e524a02 - <std[617be2ca0a6fd877]::thread::lifecycle::spawn_unchecked<test[aada8e7e76ba119b]::run_test::{closure#1}, ()>::{closure#1} as core[a373ad73a504971]::ops::function::FnOnce<()>>::call_once::{shim:vtable#0}
[INFO] [stdout]   17:     0x63f52e58bfff - <std[617be2ca0a6fd877]::sys::thread::unix::Thread>::new::thread_start
[INFO] [stdout]   18:     0x74d9f3373dfa - <unknown>
[INFO] [stdout]   19:     0x74d9f34073d4 - clone
[INFO] [stdout]   20:                0x0 - <unknown>
[INFO] [stdout] 
[INFO] [stdout] ---- common_objects::tests::cube_center_yz stdout ----
[INFO] [stdout] 
[INFO] [stdout] thread 'common_objects::tests::cube_center_yz' (401) panicked at src/common_objects.rs:75:9:
[INFO] [stdout] assertion `left == right` failed
[INFO] [stdout]   left: "translate([-0,-1,-2])\n{\n\tcube([1,2,4]);\n}"
[INFO] [stdout]  right: "translate([0,-1,-2])\n{\n\tcube([1,2,4]);\n}"
[INFO] [stdout] stack backtrace:
[INFO] [stdout]    0:     0x63f52e58c7a1 - <<std[617be2ca0a6fd877]::sys::backtrace::BacktraceLock>::print::DisplayBacktrace as core[a373ad73a504971]::fmt::Display>::fmt
[INFO] [stdout]    1:     0x63f52e5a101a - core[a373ad73a504971]::fmt::write
[INFO] [stdout]    2:     0x63f52e5909dc - <alloc[2e1b2a31b91974c5]::vec::Vec<u8> as core[a373ad73a504971]::io::write::Write>::write_fmt
[INFO] [stdout]    3:     0x63f52e568b26 - std[617be2ca0a6fd877]::panicking::default_hook::{closure#0}
[INFO] [stdout]    4:     0x63f52e584d59 - std[617be2ca0a6fd877]::panicking::default_hook
[INFO] [stdout]    5:     0x63f52e521350 - test[aada8e7e76ba119b]::test_main_inner::{closure#0}
[INFO] [stdout]    6:     0x63f52e584f12 - std[617be2ca0a6fd877]::panicking::panic_with_hook
[INFO] [stdout]    7:     0x63f52e568bd2 - std[617be2ca0a6fd877]::panicking::panic_handler::{closure#0}
[INFO] [stdout]    8:     0x63f52e561839 - std[617be2ca0a6fd877]::sys::backtrace::__rust_end_short_backtrace::<std[617be2ca0a6fd877]::panicking::panic_handler::{closure#0}, !>
[INFO] [stdout]    9:     0x63f52e5697dd - __rustc[ea4f61d10b84890b]::rust_begin_unwind
[INFO] [stdout]   10:     0x63f52e5a174c - core[a373ad73a504971]::panicking::panic_fmt
[INFO] [stdout]   11:     0x63f52e5a1663 - core[a373ad73a504971]::panicking::assert_failed_inner
[INFO] [stdout]   12:     0x63f52e50b465 - core[a373ad73a504971]::panicking::assert_failed::<alloc[2e1b2a31b91974c5]::string::String, &str>
[INFO] [stdout]   13:     0x63f52e50a276 - <scad[85b920b9620193fd]::common_objects::tests::cube_center_yz::{closure#0} as core[a373ad73a504971]::ops::function::FnOnce<()>>::call_once
[INFO] [stdout]   14:     0x63f52e51479b - test[aada8e7e76ba119b]::__rust_begin_short_backtrace::<core[a373ad73a504971]::result::Result<(), alloc[2e1b2a31b91974c5]::string::String>, fn() -> core[a373ad73a504971]::result::Result<(), alloc[2e1b2a31b91974c5]::string::String>>
[INFO] [stdout]   15:     0x63f52e521975 - test[aada8e7e76ba119b]::run_test::{closure#0}
[INFO] [stdout]   16:     0x63f52e51b264 - std[617be2ca0a6fd877]::sys::backtrace::__rust_begin_short_backtrace::<test[aada8e7e76ba119b]::run_test::{closure#1}, ()>
[INFO] [stdout]   17:     0x63f52e524a02 - <std[617be2ca0a6fd877]::thread::lifecycle::spawn_unchecked<test[aada8e7e76ba119b]::run_test::{closure#1}, ()>::{closure#1} as core[a373ad73a504971]::ops::function::FnOnce<()>>::call_once::{shim:vtable#0}
[INFO] [stdout]   18:     0x63f52e58bfff - <std[617be2ca0a6fd877]::sys::thread::unix::Thread>::new::thread_start
[INFO] [stdout]   19:     0x74d9f3373dfa - <unknown>
[INFO] [stdout]   20:     0x74d9f34073d4 - clone
[INFO] [stdout]   21:                0x0 - <unknown>
[INFO] [stdout] 
[INFO] [stdout] 
[INFO] [stdout] failures:
[INFO] [stdout]     common_objects::tests::cube_center_x
[INFO] [stdout]     common_objects::tests::cube_center_yz
[INFO] [stdout]     scad_file::file_tests::file_test
[INFO] [stderr] error: test failed, to rerun pass `--lib`
[INFO] [stdout] 
[INFO] [stdout] test result: FAILED. 17 passed; 3 failed; 0 ignored; 0 measured; 0 filtered out; finished in 0.01s
[INFO] [stdout] 
[INFO] running `Command { std: "docker" "inspect" "e0b52969ae52d79b137f7d23ecf2e4ac8c03a776225ed286d8979e822d89aba8", kill_on_drop: false }`
[INFO] running `Command { std: "docker" "rm" "-f" "e0b52969ae52d79b137f7d23ecf2e4ac8c03a776225ed286d8979e822d89aba8", kill_on_drop: false }`
[INFO] [stdout] e0b52969ae52d79b137f7d23ecf2e4ac8c03a776225ed286d8979e822d89aba8
