[INFO] fetching crate sc2reader-rs 0.7.0...
[INFO] testing sc2reader-rs-0.7.0 against 1.99.0-beta.8+cargoflags=--release for beta-release-1.100-2
[INFO] extracting crate sc2reader-rs 0.7.0 into /workspace/builds/worker-2-tc1/source
[INFO] started tweaking crates.io crate sc2reader-rs 0.7.0
[INFO] removed 0 missing tests
[INFO] finished tweaking crates.io crate sc2reader-rs 0.7.0
[INFO] tweaked toml for crates.io crate sc2reader-rs 0.7.0 written to /workspace/builds/worker-2-tc1/source/Cargo.toml
[INFO] validating manifest of crates.io crate sc2reader-rs 0.7.0 on toolchain 1.99.0-beta.8
[INFO] running `Command { std: CARGO_HOME="/workspace/cargo-home" RUSTUP_HOME="/workspace/rustup-home" "/workspace/cargo-home/bin/cargo" "+1.99.0-beta.8" "metadata" "--manifest-path" "Cargo.toml" "--no-deps", kill_on_drop: false }`
[INFO] crate crates.io crate sc2reader-rs 0.7.0 already has a lockfile, it will not be regenerated
[INFO] running `Command { std: CARGO_HOME="/workspace/cargo-home" RUSTUP_HOME="/workspace/rustup-home" "/workspace/cargo-home/bin/cargo" "+1.99.0-beta.8" "fetch" "--manifest-path" "Cargo.toml", kill_on_drop: false }`
[INFO] [stderr]     Updating crates.io index
[INFO] [stderr]  Downloading crates ...
[INFO] [stderr]   Downloaded mpq-parser v0.2.1
[INFO] running `Command { std: "docker" "create" "-v" "/var/lib/crater-agent-workspace/builds/worker-2-tc1/source:/opt/rustwide/workdir:ro,Z" "-v" "/var/lib/crater-agent-workspace/builds/worker-2-tc1/target:/opt/rustwide/target:rw,Z" "-v" "/var/lib/crater-agent-workspace/cargo-home:/opt/rustwide/cargo-home:ro,Z" "-v" "/var/lib/crater-agent-workspace/rustup-home:/opt/rustwide/rustup-home:ro,Z" "-m" "1610612736" "--network" "none" "ghcr.io/rust-lang/crates-build-env/linux@sha256:77db811e55d90add9212f6832c23229e3de5f1c1f9905e8cb07319ea15df73ac" "sleep" "infinity", kill_on_drop: false }`
[INFO] [stdout] e77d845118fe554e2261afc79adf45beac968c15f8492164b6b296fa6e46b31d
[INFO] running `Command { std: "docker" "start" "e77d845118fe554e2261afc79adf45beac968c15f8492164b6b296fa6e46b31d", kill_on_drop: false }`
[INFO] running `Command { std: "docker" "inspect" "e77d845118fe554e2261afc79adf45beac968c15f8492164b6b296fa6e46b31d", kill_on_drop: false }`
[INFO] running `Command { std: "docker" "exec" "-e" "SOURCE_DIR=/opt/rustwide/workdir" "-e" "CARGO_HOME=/opt/rustwide/cargo-home" "-e" "RUSTUP_HOME=/opt/rustwide/rustup-home" "-e" "CARGO_TARGET_DIR=/opt/rustwide/target" "-w" "/opt/rustwide/workdir" "--user" "0:0" "e77d845118fe554e2261afc79adf45beac968c15f8492164b6b296fa6e46b31d" "/opt/rustwide/cargo-home/bin/cargo" "+1.99.0-beta.8" "metadata" "--no-deps" "--format-version=1", kill_on_drop: false }`
[INFO] running `Command { std: "docker" "inspect" "e77d845118fe554e2261afc79adf45beac968c15f8492164b6b296fa6e46b31d", kill_on_drop: false }`
[INFO] running `Command { std: "docker" "exec" "-e" "SOURCE_DIR=/opt/rustwide/workdir" "-e" "CARGO_HOME=/opt/rustwide/cargo-home" "-e" "RUSTUP_HOME=/opt/rustwide/rustup-home" "-e" "CARGO_TARGET_DIR=/opt/rustwide/target" "-e" "CARGO_INCREMENTAL=0" "-e" "RUST_BACKTRACE=full" "-e" "RUSTFLAGS=--cap-lints=warn" "-e" "RUSTDOCFLAGS=--cap-lints=warn" "-w" "/opt/rustwide/workdir" "--user" "0:0" "e77d845118fe554e2261afc79adf45beac968c15f8492164b6b296fa6e46b31d" "/opt/rustwide/cargo-home/bin/cargo" "+1.99.0-beta.8" "build" "--frozen" "--message-format=json" "--release", kill_on_drop: false }`
[INFO] [stderr]    Compiling miniz_oxide v0.8.9
[INFO] [stderr]    Compiling aho-corasick v1.1.4
[INFO] [stderr]    Compiling syn v2.0.118
[INFO] [stderr]    Compiling flate2 v1.1.9
[INFO] [stderr]    Compiling regex-automata v0.4.16
[INFO] [stderr]    Compiling thiserror-impl v2.0.18
[INFO] [stderr]    Compiling thiserror v2.0.18
[INFO] [stderr]    Compiling mpq-parser v0.2.1
[INFO] [stderr]    Compiling regex v1.13.1
[INFO] [stderr]    Compiling sc2reader-rs v0.7.0 (/opt/rustwide/workdir)
[INFO] [stderr]     Finished `release` profile [optimized] target(s) in 16.94s
[INFO] running `Command { std: "docker" "inspect" "e77d845118fe554e2261afc79adf45beac968c15f8492164b6b296fa6e46b31d", kill_on_drop: false }`
[INFO] running `Command { std: "docker" "exec" "-e" "SOURCE_DIR=/opt/rustwide/workdir" "-e" "CARGO_HOME=/opt/rustwide/cargo-home" "-e" "RUSTUP_HOME=/opt/rustwide/rustup-home" "-e" "CARGO_TARGET_DIR=/opt/rustwide/target" "-e" "CARGO_INCREMENTAL=0" "-e" "RUST_BACKTRACE=full" "-e" "RUSTFLAGS=--cap-lints=warn" "-e" "RUSTDOCFLAGS=--cap-lints=warn" "-w" "/opt/rustwide/workdir" "--user" "0:0" "e77d845118fe554e2261afc79adf45beac968c15f8492164b6b296fa6e46b31d" "/opt/rustwide/cargo-home/bin/cargo" "+1.99.0-beta.8" "test" "--frozen" "--no-run" "--message-format=json" "--release", kill_on_drop: false }`
[INFO] [stderr]    Compiling sc2reader-rs v0.7.0 (/opt/rustwide/workdir)
[INFO] [stderr]     Finished `release` profile [optimized] target(s) in 2.91s
[INFO] running `Command { std: "docker" "inspect" "e77d845118fe554e2261afc79adf45beac968c15f8492164b6b296fa6e46b31d", kill_on_drop: false }`
[INFO] running `Command { std: "docker" "exec" "-e" "SOURCE_DIR=/opt/rustwide/workdir" "-e" "CARGO_HOME=/opt/rustwide/cargo-home" "-e" "RUSTUP_HOME=/opt/rustwide/rustup-home" "-e" "CARGO_TARGET_DIR=/opt/rustwide/target" "-e" "CARGO_INCREMENTAL=0" "-e" "RUST_BACKTRACE=full" "-e" "RUSTFLAGS=--cap-lints=warn" "-e" "RUSTDOCFLAGS=--cap-lints=warn" "-w" "/opt/rustwide/workdir" "--user" "0:0" "e77d845118fe554e2261afc79adf45beac968c15f8492164b6b296fa6e46b31d" "/opt/rustwide/cargo-home/bin/cargo" "+1.99.0-beta.8" "test" "--frozen" "--release", kill_on_drop: false }`
[INFO] [stderr]     Finished `release` profile [optimized] target(s) in 0.04s
[INFO] [stderr]      Running unittests src/lib.rs (/opt/rustwide/target/release/deps/sc2reader_rs-4236c4e2ac7f4715)
[INFO] [stdout] 
[INFO] [stdout] running 49 tests
[INFO] [stdout] test bitpacked::tests::reads_partial_bits_from_start_of_byte ... ok
[INFO] [stdout] test bitpacked::tests::reads_across_a_byte_boundary_is_not_ambiguous ... ok
[INFO] [stdout] test bitpacked::tests::reads_single_byte_as_8_bits ... ok
[INFO] [stdout] test details::tests::decodes_a_known_game_result ... ok
[INFO] [stdout] test game_events::tests::camera_update_event_decodes_a_target ... ok
[INFO] [stdout] test bitpacked::tests::byte_align_is_a_no_op_when_already_aligned ... ok
[INFO] [stdout] test bitpacked::tests::reads_optional_absent ... ok
[INFO] [stdout] test bitpacked::tests::reads_optional_present ... ok
[INFO] [stdout] test bitpacked::tests::reads_int_with_offset ... ok
[INFO] [stdout] test bitpacked::tests::reads_across_a_byte_boundary ... ok
[INFO] [stdout] test bitpacked::tests::reads_int_with_full_range_negative_offset ... ok
[INFO] [stdout] test bitpacked::tests::byte_align_advances_to_next_boundary ... ok
[INFO] [stdout] test game_events::tests::decodes_minimal_all_zero_camera_update_event ... ok
[INFO] [stdout] test game_events::tests::control_group_update_event_decodes_the_recall_update_type ... ok
[INFO] [stdout] test game_events::tests::camera_update_event_decodes_every_optional_when_present ... ok
[INFO] [stdout] test game_events::tests::skips_array ... ok
[INFO] [stdout] test game_events::tests::selection_delta_event_decodes_a_one_indices_remove_mask ... ok
[INFO] [stdout] test game_events::tests::skips_bitarray ... ok
[INFO] [stdout] test game_events::tests::selection_delta_event_exposes_newly_added_unit_tags ... ok
[INFO] [stdout] test game_events::tests::skips_bool ... ok
[INFO] [stdout] test game_events::tests::skips_unknown_choice_variant_with_a_typed_error ... ok
[INFO] [stdout] test game_events::tests::skips_blob ... ok
[INFO] [stdout] test game_events::tests::write_bits_round_trips_through_read_bits ... ok
[INFO] [stdout] test game_events::tests::decodes_minimal_all_zero_selection_delta_event ... ok
[INFO] [stdout] test game_events::tests::skips_null ... ok
[INFO] [stdout] test game_events::tests::decodes_minimal_all_zero_control_group_update_event ... ok
[INFO] [stdout] test game_events::tests::skips_fourcc ... ok
[INFO] [stdout] test game_events::tests::skips_optional_absent ... ok
[INFO] [stdout] test game_events::tests::skips_int ... ok
[INFO] [stdout] test init_data::tests::an_absent_rating_is_none_not_zero ... ok
[INFO] [stdout] test header::tests::decodes_version_from_synthetic_header ... ok
[INFO] [stdout] test game_events::tests::skips_optional_present ... ok
[INFO] [stdout] test game_events::tests::skips_choice_all_variants ... ok
[INFO] [stdout] test game_events::tests::skips_struct ... ok
[INFO] [stdout] test init_data::tests::a_slot_with_an_empty_name_still_keeps_the_stream_aligned ... ok
[INFO] [stdout] test game_events::tests::decodes_minimal_all_zero_cmd_event ... ok
[INFO] [stdout] test protocol::tests::reads_choice_as_int ... ok
[INFO] [stdout] test protocol::tests::reads_optional_absent ... ok
[INFO] [stdout] test init_data::tests::implausible_ratings_become_none ... ok
[INFO] [stdout] test protocol::tests::reads_array ... ok
[INFO] [stdout] test protocol::tests::reads_blob ... ok
[INFO] [stdout] test protocol::tests::skips_struct_with_nested_blob ... ok
[INFO] [stdout] test protocol::tests::reads_zero ... ok
[INFO] [stdout] test protocol::tests::reads_struct_with_two_fields ... ok
[INFO] [stdout] test init_data::tests::decodes_names_and_ratings_for_every_slot ... ok
[INFO] [stdout] test init_data::tests::decodes_plausible_mmr_from_a_real_ladder_replay ... ok
[INFO] [stdout] test protocol::tests::reads_optional_present ... ok
[INFO] [stdout] test init_data::tests::boundary_ratings_are_kept ... ok
[INFO] [stdout] test init_data::tests::the_minus_36400_sentinel_becomes_none ... ok
[INFO] [stdout] 
[INFO] [stdout] test result: ok. 49 passed; 0 failed; 0 ignored; 0 measured; 0 filtered out; finished in 0.02s
[INFO] [stdout] 
[INFO] [stderr]      Running unittests src/bin/inspect.rs (/opt/rustwide/target/release/deps/inspect-97d57bc997075bda)
[INFO] [stdout] 
[INFO] [stderr]      Running tests/game_events.rs (/opt/rustwide/target/release/deps/game_events-07d5db73c3115aef)
[INFO] [stdout] running 0 tests
[INFO] [stdout] 
[INFO] [stdout] test result: ok. 0 passed; 0 failed; 0 ignored; 0 measured; 0 filtered out; finished in 0.00s
[INFO] [stdout] 
[INFO] [stdout] 
[INFO] [stdout] running 9 tests
[INFO] [stdout] test worker_training_supply_reservation_matches_expected_offset ... ignored, requires both the tracker-event and game-event pipelines cross-referenced by unit-training ordering (not exact tag matching), plus abil-id -> unit-name mapping, which is explicitly out of scope for this decoder; see briefs/BitPackedDecoder.md
[INFO] [stdout] test first_cmd_events_expose_fields_for_manual_cross_check ... FAILED
[INFO] [stdout] test decodes_a_substantial_number_of_selection_delta_events ... FAILED
[INFO] [stdout] test decodes_game_events_stream_without_panicking ... FAILED
[INFO] [stdout] test most_selection_delta_events_add_at_least_one_unit_tag ... FAILED
[INFO] [stdout] test selection_delta_added_unit_tags_decode_to_plausible_indices ... FAILED
[INFO] [stdout] test decodes_control_group_update_events_with_a_known_update_type ... FAILED
[INFO] [stdout] test camera_update_events_decode_plausibly_on_a_real_replay ... FAILED
[INFO] [stdout] test decodes_a_large_number_of_cmd_events_from_a_full_ladder_replay ... FAILED
[INFO] [stdout] 
[INFO] [stdout] failures:
[INFO] [stdout] 
[INFO] [stdout] ---- first_cmd_events_expose_fields_for_manual_cross_check stdout ----
[INFO] [stdout] 
[INFO] [stdout] thread 'first_cmd_events_expose_fields_for_manual_cross_check' (528) panicked at tests/game_events.rs:21:39:
[INFO] [stdout] failed to load replay: Io(Os { code: 2, kind: NotFound, message: "No such file or directory" })
[INFO] [stdout] stack backtrace:
[INFO] [stdout]    0:     0x57d919fdaa21 - <<std[70759c8f55707aa4]::sys::backtrace::BacktraceLock>::print::DisplayBacktrace as core[df12db4294e9bfd3]::fmt::Display>::fmt
[INFO] [stdout]    1:     0x57d919ff035a - core[df12db4294e9bfd3]::fmt::write
[INFO] [stdout]    2:     0x57d919fdeebc - <alloc[2182bb758b4b3781]::vec::Vec<u8> as core[df12db4294e9bfd3]::io::write::Write>::write_fmt
[INFO] [stdout]    3:     0x57d919fb6cf6 - std[70759c8f55707aa4]::panicking::default_hook::{closure#0}
[INFO] [stdout]    4:     0x57d919fd2e69 - std[70759c8f55707aa4]::panicking::default_hook
[INFO] [stdout]    5:     0x57d919e8ace0 - test[9d35eded1c95d3be]::test_main_inner::<test[9d35eded1c95d3be]::test_main_static::{closure#0}>::{closure#0}
[INFO] [stdout]    6:     0x57d919fd3022 - std[70759c8f55707aa4]::panicking::panic_with_hook
[INFO] [stdout]    7:     0x57d919fb6da2 - std[70759c8f55707aa4]::panicking::panic_handler::{closure#0}
[INFO] [stdout]    8:     0x57d919faf999 - std[70759c8f55707aa4]::sys::backtrace::__rust_end_short_backtrace::<std[70759c8f55707aa4]::panicking::panic_handler::{closure#0}, !>
[INFO] [stdout]    9:     0x57d919fb799d - __rustc[8fa7c3cbc660c2b3]::rust_begin_unwind
[INFO] [stdout]   10:     0x57d919ff0b3c - core[df12db4294e9bfd3]::panicking::panic_fmt
[INFO] [stdout]   11:     0x57d919ff0912 - core[df12db4294e9bfd3]::result::unwrap_failed
[INFO] [stdout]   12:     0x57d919e7a32b - <game_events[75a29ba46fd4f6bc]::first_cmd_events_expose_fields_for_manual_cross_check::{closure#0} as core[df12db4294e9bfd3]::ops::function::FnOnce<()>>::call_once
[INFO] [stdout]   13:     0x57d919e7dfcb - test[9d35eded1c95d3be]::__rust_begin_short_backtrace::<core[df12db4294e9bfd3]::result::Result<(), alloc[2182bb758b4b3781]::string::String>, fn() -> core[df12db4294e9bfd3]::result::Result<(), alloc[2182bb758b4b3781]::string::String>>
[INFO] [stdout]   14:     0x57d919e8b635 - test[9d35eded1c95d3be]::run_test::{closure#0}
[INFO] [stdout]   15:     0x57d919e84ef4 - std[70759c8f55707aa4]::sys::backtrace::__rust_begin_short_backtrace::<test[9d35eded1c95d3be]::run_test::{closure#1}, ()>
[INFO] [stdout]   16:     0x57d919e8e792 - <std[70759c8f55707aa4]::thread::lifecycle::spawn_unchecked<test[9d35eded1c95d3be]::run_test::{closure#1}, ()>::{closure#1} as core[df12db4294e9bfd3]::ops::function::FnOnce<()>>::call_once::{shim:vtable#0}
[INFO] [stdout]   17:     0x57d919fd9fd9 - <std[70759c8f55707aa4]::sys::thread::unix::Thread>::new::thread_start
[INFO] [stdout]   18:     0x7703c8cdcdfa - <unknown>
[INFO] [stdout]   19:     0x7703c8d703d4 - clone
[INFO] [stdout]   20:                0x0 - <unknown>
[INFO] [stdout] 
[INFO] [stdout] ---- decodes_a_substantial_number_of_selection_delta_events stdout ----
[INFO] [stdout] 
[INFO] [stdout] thread 'decodes_a_substantial_number_of_selection_delta_events' (525) panicked at tests/game_events.rs:87:39:
[INFO] [stdout] failed to load replay: Io(Os { code: 2, kind: NotFound, message: "No such file or directory" })
[INFO] [stdout] stack backtrace:
[INFO] [stdout]    0:     0x57d919fdaa21 - <<std[70759c8f55707aa4]::sys::backtrace::BacktraceLock>::print::DisplayBacktrace as core[df12db4294e9bfd3]::fmt::Display>::fmt
[INFO] [stdout]    1:     0x57d919ff035a - core[df12db4294e9bfd3]::fmt::write
[INFO] [stdout]    2:     0x57d919fdeebc - <alloc[2182bb758b4b3781]::vec::Vec<u8> as core[df12db4294e9bfd3]::io::write::Write>::write_fmt
[INFO] [stdout]    3:     0x57d919fb6cf6 - std[70759c8f55707aa4]::panicking::default_hook::{closure#0}
[INFO] [stdout]    4:     0x57d919fd2e69 - std[70759c8f55707aa4]::panicking::default_hook
[INFO] [stdout]    5:     0x57d919e8ace0 - test[9d35eded1c95d3be]::test_main_inner::<test[9d35eded1c95d3be]::test_main_static::{closure#0}>::{closure#0}
[INFO] [stdout]    6:     0x57d919fd3022 - std[70759c8f55707aa4]::panicking::panic_with_hook
[INFO] [stdout]    7:     0x57d919fb6da2 - std[70759c8f55707aa4]::panicking::panic_handler::{closure#0}
[INFO] [stdout]    8:     0x57d919faf999 - std[70759c8f55707aa4]::sys::backtrace::__rust_end_short_backtrace::<std[70759c8f55707aa4]::panicking::panic_handler::{closure#0}, !>
[INFO] [stdout]    9:     0x57d919fb799d - __rustc[8fa7c3cbc660c2b3]::rust_begin_unwind
[INFO] [stdout]   10:     0x57d919ff0b3c - core[df12db4294e9bfd3]::panicking::panic_fmt
[INFO] [stdout]   11:     0x57d919ff0912 - core[df12db4294e9bfd3]::result::unwrap_failed
[INFO] [stdout]   12:     0x57d919e7b16d - <game_events[75a29ba46fd4f6bc]::decodes_a_substantial_number_of_selection_delta_events::{closure#0} as core[df12db4294e9bfd3]::ops::function::FnOnce<()>>::call_once
[INFO] [stdout]   13:     0x57d919e7dfcb - test[9d35eded1c95d3be]::__rust_begin_short_backtrace::<core[df12db4294e9bfd3]::result::Result<(), alloc[2182bb758b4b3781]::string::String>, fn() -> core[df12db4294e9bfd3]::result::Result<(), alloc[2182bb758b4b3781]::string::String>>
[INFO] [stdout]   14:     0x57d919e8b635 - test[9d35eded1c95d3be]::run_test::{closure#0}
[INFO] [stdout]   15:     0x57d919e84ef4 - std[70759c8f55707aa4]::sys::backtrace::__rust_begin_short_backtrace::<test[9d35eded1c95d3be]::run_test::{closure#1}, ()>
[INFO] [stdout]   16:     0x57d919e8e792 - <std[70759c8f55707aa4]::thread::lifecycle::spawn_unchecked<test[9d35eded1c95d3be]::run_test::{closure#1}, ()>::{closure#1} as core[df12db4294e9bfd3]::ops::function::FnOnce<()>>::call_once::{shim:vtable#0}
[INFO] [stdout]   17:     0x57d919fd9fd9 - <std[70759c8f55707aa4]::sys::thread::unix::Thread>::new::thread_start
[INFO] [stdout]   18:     0x7703c8cdcdfa - <unknown>
[INFO] [stdout]   19:     0x7703c8d703d4 - clone
[INFO] [stdout]   20:                0x0 - <unknown>
[INFO] [stdout] 
[INFO] [stdout] ---- decodes_game_events_stream_without_panicking stdout ----
[INFO] [stdout] 
[INFO] [stdout] thread 'decodes_game_events_stream_without_panicking' (527) panicked at tests/game_events.rs:8:39:
[INFO] [stdout] failed to load replay: Io(Os { code: 2, kind: NotFound, message: "No such file or directory" })
[INFO] [stdout] stack backtrace:
[INFO] [stdout]    0:     0x57d919fdaa21 - <<std[70759c8f55707aa4]::sys::backtrace::BacktraceLock>::print::DisplayBacktrace as core[df12db4294e9bfd3]::fmt::Display>::fmt
[INFO] [stdout]    1:     0x57d919ff035a - core[df12db4294e9bfd3]::fmt::write
[INFO] [stdout]    2:     0x57d919fdeebc - <alloc[2182bb758b4b3781]::vec::Vec<u8> as core[df12db4294e9bfd3]::io::write::Write>::write_fmt
[INFO] [stdout]    3:     0x57d919fb6cf6 - std[70759c8f55707aa4]::panicking::default_hook::{closure#0}
[INFO] [stdout]    4:     0x57d919fd2e69 - std[70759c8f55707aa4]::panicking::default_hook
[INFO] [stdout]    5:     0x57d919e8ace0 - test[9d35eded1c95d3be]::test_main_inner::<test[9d35eded1c95d3be]::test_main_static::{closure#0}>::{closure#0}
[INFO] [stdout]    6:     0x57d919fd3022 - std[70759c8f55707aa4]::panicking::panic_with_hook
[INFO] [stdout]    7:     0x57d919fb6da2 - std[70759c8f55707aa4]::panicking::panic_handler::{closure#0}
[INFO] [stdout]    8:     0x57d919faf999 - std[70759c8f55707aa4]::sys::backtrace::__rust_end_short_backtrace::<std[70759c8f55707aa4]::panicking::panic_handler::{closure#0}, !>
[INFO] [stdout]    9:     0x57d919fb799d - __rustc[8fa7c3cbc660c2b3]::rust_begin_unwind
[INFO] [stdout]   10:     0x57d919ff0b3c - core[df12db4294e9bfd3]::panicking::panic_fmt
[INFO] [stdout]   11:     0x57d919ff0912 - core[df12db4294e9bfd3]::result::unwrap_failed
[INFO] [stdout]   12:     0x57d919e79f32 - <game_events[75a29ba46fd4f6bc]::decodes_game_events_stream_without_panicking::{closure#0} as core[df12db4294e9bfd3]::ops::function::FnOnce<()>>::call_once
[INFO] [stdout]   13:     0x57d919e7dfcb - test[9d35eded1c95d3be]::__rust_begin_short_backtrace::<core[df12db4294e9bfd3]::result::Result<(), alloc[2182bb758b4b3781]::string::String>, fn() -> core[df12db4294e9bfd3]::result::Result<(), alloc[2182bb758b4b3781]::string::String>>
[INFO] [stdout]   14:     0x57d919e8b635 - test[9d35eded1c95d3be]::run_test::{closure#0}
[INFO] [stdout]   15:     0x57d919e84ef4 - std[70759c8f55707aa4]::sys::backtrace::__rust_begin_short_backtrace::<test[9d35eded1c95d3be]::run_test::{closure#1}, ()>
[INFO] [stdout]   16:     0x57d919e8e792 - <std[70759c8f55707aa4]::thread::lifecycle::spawn_unchecked<test[9d35eded1c95d3be]::run_test::{closure#1}, ()>::{closure#1} as core[df12db4294e9bfd3]::ops::function::FnOnce<()>>::call_once::{shim:vtable#0}
[INFO] [stdout]   17:     0x57d919fd9fd9 - <std[70759c8f55707aa4]::sys::thread::unix::Thread>::new::thread_start
[INFO] [stdout]   18:     0x7703c8cdcdfa - <unknown>
[INFO] [stdout]   19:     0x7703c8d703d4 - clone
[INFO] [stdout]   20:                0x0 - <unknown>
[INFO] [stdout] 
[INFO] [stdout] ---- most_selection_delta_events_add_at_least_one_unit_tag stdout ----
[INFO] [stdout] 
[INFO] [stdout] thread 'most_selection_delta_events_add_at_least_one_unit_tag' (529) panicked at tests/game_events.rs:108:39:
[INFO] [stdout] failed to load replay: Io(Os { code: 2, kind: NotFound, message: "No such file or directory" })
[INFO] [stdout] stack backtrace:
[INFO] [stdout]    0:     0x57d919fdaa21 - <<std[70759c8f55707aa4]::sys::backtrace::BacktraceLock>::print::DisplayBacktrace as core[df12db4294e9bfd3]::fmt::Display>::fmt
[INFO] [stdout]    1:     0x57d919ff035a - core[df12db4294e9bfd3]::fmt::write
[INFO] [stdout]    2:     0x57d919fdeebc - <alloc[2182bb758b4b3781]::vec::Vec<u8> as core[df12db4294e9bfd3]::io::write::Write>::write_fmt
[INFO] [stdout]    3:     0x57d919fb6cf6 - std[70759c8f55707aa4]::panicking::default_hook::{closure#0}
[INFO] [stdout]    4:     0x57d919fd2e69 - std[70759c8f55707aa4]::panicking::default_hook
[INFO] [stdout]    5:     0x57d919e8ace0 - test[9d35eded1c95d3be]::test_main_inner::<test[9d35eded1c95d3be]::test_main_static::{closure#0}>::{closure#0}
[INFO] [stdout]    6:     0x57d919fd3022 - std[70759c8f55707aa4]::panicking::panic_with_hook
[INFO] [stdout]    7:     0x57d919fb6da2 - std[70759c8f55707aa4]::panicking::panic_handler::{closure#0}
[INFO] [stdout]    8:     0x57d919faf999 - std[70759c8f55707aa4]::sys::backtrace::__rust_end_short_backtrace::<std[70759c8f55707aa4]::panicking::panic_handler::{closure#0}, !>
[INFO] [stdout]    9:     0x57d919fb799d - __rustc[8fa7c3cbc660c2b3]::rust_begin_unwind
[INFO] [stdout]   10:     0x57d919ff0b3c - core[df12db4294e9bfd3]::panicking::panic_fmt
[INFO] [stdout]   11:     0x57d919ff0912 - core[df12db4294e9bfd3]::result::unwrap_failed
[INFO] [stdout]   12:     0x57d919e7a54e - <game_events[75a29ba46fd4f6bc]::most_selection_delta_events_add_at_least_one_unit_tag::{closure#0} as core[df12db4294e9bfd3]::ops::function::FnOnce<()>>::call_once
[INFO] [stdout]   13:     0x57d919e7dfcb - test[9d35eded1c95d3be]::__rust_begin_short_backtrace::<core[df12db4294e9bfd3]::result::Result<(), alloc[2182bb758b4b3781]::string::String>, fn() -> core[df12db4294e9bfd3]::result::Result<(), alloc[2182bb758b4b3781]::string::String>>
[INFO] [stdout]   14:     0x57d919e8b635 - test[9d35eded1c95d3be]::run_test::{closure#0}
[INFO] [stdout]   15:     0x57d919e84ef4 - std[70759c8f55707aa4]::sys::backtrace::__rust_begin_short_backtrace::<test[9d35eded1c95d3be]::run_test::{closure#1}, ()>
[INFO] [stdout]   16:     0x57d919e8e792 - <std[70759c8f55707aa4]::thread::lifecycle::spawn_unchecked<test[9d35eded1c95d3be]::run_test::{closure#1}, ()>::{closure#1} as core[df12db4294e9bfd3]::ops::function::FnOnce<()>>::call_once::{shim:vtable#0}
[INFO] [stdout]   17:     0x57d919fd9fd9 - <std[70759c8f55707aa4]::sys::thread::unix::Thread>::new::thread_start
[INFO] [stdout]   18:     0x7703c8cdcdfa - <unknown>
[INFO] [stdout]   19:     0x7703c8d703d4 - clone
[INFO] [stdout]   20:                0x0 - <unknown>
[INFO] [stdout] 
[INFO] [stdout] ---- selection_delta_added_unit_tags_decode_to_plausible_indices stdout ----
[INFO] [stdout] 
[INFO] [stdout] thread 'selection_delta_added_unit_tags_decode_to_plausible_indices' (530) panicked at tests/game_events.rs:140:39:
[INFO] [stdout] failed to load replay: Io(Os { code: 2, kind: NotFound, message: "No such file or directory" })
[INFO] [stdout] stack backtrace:
[INFO] [stdout]    0:     0x57d919fdaa21 - <<std[70759c8f55707aa4]::sys::backtrace::BacktraceLock>::print::DisplayBacktrace as core[df12db4294e9bfd3]::fmt::Display>::fmt
[INFO] [stdout]    1:     0x57d919ff035a - core[df12db4294e9bfd3]::fmt::write
[INFO] [stdout]    2:     0x57d919fdeebc - <alloc[2182bb758b4b3781]::vec::Vec<u8> as core[df12db4294e9bfd3]::io::write::Write>::write_fmt
[INFO] [stdout]    3:     0x57d919fb6cf6 - std[70759c8f55707aa4]::panicking::default_hook::{closure#0}
[INFO] [stdout]    4:     0x57d919fd2e69 - std[70759c8f55707aa4]::panicking::default_hook
[INFO] [stdout]    5:     0x57d919e8ace0 - test[9d35eded1c95d3be]::test_main_inner::<test[9d35eded1c95d3be]::test_main_static::{closure#0}>::{closure#0}
[INFO] [stdout]    6:     0x57d919fd3022 - std[70759c8f55707aa4]::panicking::panic_with_hook
[INFO] [stdout]    7:     0x57d919fb6da2 - std[70759c8f55707aa4]::panicking::panic_handler::{closure#0}
[INFO] [stdout]    8:     0x57d919faf999 - std[70759c8f55707aa4]::sys::backtrace::__rust_end_short_backtrace::<std[70759c8f55707aa4]::panicking::panic_handler::{closure#0}, !>
[INFO] [stdout]    9:     0x57d919fb799d - __rustc[8fa7c3cbc660c2b3]::rust_begin_unwind
[INFO] [stdout]   10:     0x57d919ff0b3c - core[df12db4294e9bfd3]::panicking::panic_fmt
[INFO] [stdout]   11:     0x57d919ff0912 - core[df12db4294e9bfd3]::result::unwrap_failed
[INFO] [stdout]   12:     0x57d919e7b469 - <game_events[75a29ba46fd4f6bc]::selection_delta_added_unit_tags_decode_to_plausible_indices::{closure#0} as core[df12db4294e9bfd3]::ops::function::FnOnce<()>>::call_once
[INFO] [stdout]   13:     0x57d919e7dfcb - test[9d35eded1c95d3be]::__rust_begin_short_backtrace::<core[df12db4294e9bfd3]::result::Result<(), alloc[2182bb758b4b3781]::string::String>, fn() -> core[df12db4294e9bfd3]::result::Result<(), alloc[2182bb758b4b3781]::string::String>>
[INFO] [stdout]   14:     0x57d919e8b635 - test[9d35eded1c95d3be]::run_test::{closure#0}
[INFO] [stdout]   15:     0x57d919e84ef4 - std[70759c8f55707aa4]::sys::backtrace::__rust_begin_short_backtrace::<test[9d35eded1c95d3be]::run_test::{closure#1}, ()>
[INFO] [stdout]   16:     0x57d919e8e792 - <std[70759c8f55707aa4]::thread::lifecycle::spawn_unchecked<test[9d35eded1c95d3be]::run_test::{closure#1}, ()>::{closure#1} as core[df12db4294e9bfd3]::ops::function::FnOnce<()>>::call_once::{shim:vtable#0}
[INFO] [stdout]   17:     0x57d919fd9fd9 - <std[70759c8f55707aa4]::sys::thread::unix::Thread>::new::thread_start
[INFO] [stdout]   18:     0x7703c8cdcdfa - <unknown>
[INFO] [stdout]   19:     0x7703c8d703d4 - clone
[INFO] [stdout]   20:                0x0 - <unknown>
[INFO] [stdout] 
[INFO] [stdout] ---- decodes_control_group_update_events_with_a_known_update_type stdout ----
[INFO] [stdout] 
[INFO] [stdout] thread 'decodes_control_group_update_events_with_a_known_update_type' (526) panicked at tests/game_events.rs:165:39:
[INFO] [stdout] failed to load replay: Io(Os { code: 2, kind: NotFound, message: "No such file or directory" })
[INFO] [stdout] stack backtrace:
[INFO] [stdout]    0:     0x57d919fdaa21 - <<std[70759c8f55707aa4]::sys::backtrace::BacktraceLock>::print::DisplayBacktrace as core[df12db4294e9bfd3]::fmt::Display>::fmt
[INFO] [stdout]    1:     0x57d919ff035a - core[df12db4294e9bfd3]::fmt::write
[INFO] [stdout]    2:     0x57d919fdeebc - <alloc[2182bb758b4b3781]::vec::Vec<u8> as core[df12db4294e9bfd3]::io::write::Write>::write_fmt
[INFO] [stdout]    3:     0x57d919fb6cf6 - std[70759c8f55707aa4]::panicking::default_hook::{closure#0}
[INFO] [stdout]    4:     0x57d919fd2e69 - std[70759c8f55707aa4]::panicking::default_hook
[INFO] [stdout]    5:     0x57d919e8ace0 - test[9d35eded1c95d3be]::test_main_inner::<test[9d35eded1c95d3be]::test_main_static::{closure#0}>::{closure#0}
[INFO] [stdout]    6:     0x57d919fd3022 - std[70759c8f55707aa4]::panicking::panic_with_hook
[INFO] [stdout]    7:     0x57d919fb6da2 - std[70759c8f55707aa4]::panicking::panic_handler::{closure#0}
[INFO] [stdout]    8:     0x57d919faf999 - std[70759c8f55707aa4]::sys::backtrace::__rust_end_short_backtrace::<std[70759c8f55707aa4]::panicking::panic_handler::{closure#0}, !>
[INFO] [stdout]    9:     0x57d919fb799d - __rustc[8fa7c3cbc660c2b3]::rust_begin_unwind
[INFO] [stdout]   10:     0x57d919ff0b3c - core[df12db4294e9bfd3]::panicking::panic_fmt
[INFO] [stdout]   11:     0x57d919ff0912 - core[df12db4294e9bfd3]::result::unwrap_failed
[INFO] [stdout]   12:     0x57d919e7b620 - <game_events[75a29ba46fd4f6bc]::decodes_control_group_update_events_with_a_known_update_type::{closure#0} as core[df12db4294e9bfd3]::ops::function::FnOnce<()>>::call_once
[INFO] [stdout]   13:     0x57d919e7dfcb - test[9d35eded1c95d3be]::__rust_begin_short_backtrace::<core[df12db4294e9bfd3]::result::Result<(), alloc[2182bb758b4b3781]::string::String>, fn() -> core[df12db4294e9bfd3]::result::Result<(), alloc[2182bb758b4b3781]::string::String>>
[INFO] [stdout]   14:     0x57d919e8b635 - test[9d35eded1c95d3be]::run_test::{closure#0}
[INFO] [stdout]   15:     0x57d919e84ef4 - std[70759c8f55707aa4]::sys::backtrace::__rust_begin_short_backtrace::<test[9d35eded1c95d3be]::run_test::{closure#1}, ()>
[INFO] [stdout]   16:     0x57d919e8e792 - <std[70759c8f55707aa4]::thread::lifecycle::spawn_unchecked<test[9d35eded1c95d3be]::run_test::{closure#1}, ()>::{closure#1} as core[df12db4294e9bfd3]::ops::function::FnOnce<()>>::call_once::{shim:vtable#0}
[INFO] [stdout]   17:     0x57d919fd9fd9 - <std[70759c8f55707aa4]::sys::thread::unix::Thread>::new::thread_start
[INFO] [stdout]   18:     0x7703c8cdcdfa - <unknown>
[INFO] [stdout]   19:     0x7703c8d703d4 - clone
[INFO] [stdout]   20:                0x0 - <unknown>
[INFO] [stdout] 
[INFO] [stdout] ---- camera_update_events_decode_plausibly_on_a_real_replay stdout ----
[INFO] [stdout] 
[INFO] [stdout] thread 'camera_update_events_decode_plausibly_on_a_real_replay' (523) panicked at tests/game_events.rs:216:39:
[INFO] [stdout] failed to load replay: Io(Os { code: 2, kind: NotFound, message: "No such file or directory" })
[INFO] [stdout] stack backtrace:
[INFO] [stdout]    0:     0x57d919fdaa21 - <<std[70759c8f55707aa4]::sys::backtrace::BacktraceLock>::print::DisplayBacktrace as core[df12db4294e9bfd3]::fmt::Display>::fmt
[INFO] [stdout]    1:     0x57d919ff035a - core[df12db4294e9bfd3]::fmt::write
[INFO] [stdout]    2:     0x57d919fdeebc - <alloc[2182bb758b4b3781]::vec::Vec<u8> as core[df12db4294e9bfd3]::io::write::Write>::write_fmt
[INFO] [stdout]    3:     0x57d919fb6cf6 - std[70759c8f55707aa4]::panicking::default_hook::{closure#0}
[INFO] [stdout]    4:     0x57d919fd2e69 - std[70759c8f55707aa4]::panicking::default_hook
[INFO] [stdout]    5:     0x57d919e8ace0 - test[9d35eded1c95d3be]::test_main_inner::<test[9d35eded1c95d3be]::test_main_static::{closure#0}>::{closure#0}
[INFO] [stdout]    6:     0x57d919fd3022 - std[70759c8f55707aa4]::panicking::panic_with_hook
[INFO] [stdout]    7:     0x57d919fb6da2 - std[70759c8f55707aa4]::panicking::panic_handler::{closure#0}
[INFO] [stdout]    8:     0x57d919faf999 - std[70759c8f55707aa4]::sys::backtrace::__rust_end_short_backtrace::<std[70759c8f55707aa4]::panicking::panic_handler::{closure#0}, !>
[INFO] [stdout]    9:     0x57d919fb799d - __rustc[8fa7c3cbc660c2b3]::rust_begin_unwind
[INFO] [stdout]   10:     0x57d919ff0b3c - core[df12db4294e9bfd3]::panicking::panic_fmt
[INFO] [stdout]   11:     0x57d919ff0912 - core[df12db4294e9bfd3]::result::unwrap_failed
[INFO] [stdout]   12:     0x57d919e7a8b0 - <game_events[75a29ba46fd4f6bc]::camera_update_events_decode_plausibly_on_a_real_replay::{closure#0} as core[df12db4294e9bfd3]::ops::function::FnOnce<()>>::call_once
[INFO] [stdout]   13:     0x57d919e7dfcb - test[9d35eded1c95d3be]::__rust_begin_short_backtrace::<core[df12db4294e9bfd3]::result::Result<(), alloc[2182bb758b4b3781]::string::String>, fn() -> core[df12db4294e9bfd3]::result::Result<(), alloc[2182bb758b4b3781]::string::String>>
[INFO] [stdout]   14:     0x57d919e8b635 - test[9d35eded1c95d3be]::run_test::{closure#0}
[INFO] [stdout]   15:     0x57d919e84ef4 - std[70759c8f55707aa4]::sys::backtrace::__rust_begin_short_backtrace::<test[9d35eded1c95d3be]::run_test::{closure#1}, ()>
[INFO] [stdout]   16:     0x57d919e8e792 - <std[70759c8f55707aa4]::thread::lifecycle::spawn_unchecked<test[9d35eded1c95d3be]::run_test::{closure#1}, ()>::{closure#1} as core[df12db4294e9bfd3]::ops::function::FnOnce<()>>::call_once::{shim:vtable#0}
[INFO] [stdout]   17:     0x57d919fd9fd9 - <std[70759c8f55707aa4]::sys::thread::unix::Thread>::new::thread_start
[INFO] [stdout]   18:     0x7703c8cdcdfa - <unknown>
[INFO] [stdout]   19:     0x7703c8d703d4 - clone
[INFO] [stdout]   20:                0x0 - <unknown>
[INFO] [stdout] 
[INFO] [stdout] ---- decodes_a_large_number_of_cmd_events_from_a_full_ladder_replay stdout ----
[INFO] [stdout] 
[INFO] [stdout] thread 'decodes_a_large_number_of_cmd_events_from_a_full_ladder_replay' (524) panicked at tests/game_events.rs:65:39:
[INFO] [stdout] failed to load replay: Io(Os { code: 2, kind: NotFound, message: "No such file or directory" })
[INFO] [stdout] stack backtrace:
[INFO] [stdout]    0:     0x57d919fdaa21 - <<std[70759c8f55707aa4]::sys::backtrace::BacktraceLock>::print::DisplayBacktrace as core[df12db4294e9bfd3]::fmt::Display>::fmt
[INFO] [stdout]    1:     0x57d919ff035a - core[df12db4294e9bfd3]::fmt::write
[INFO] [stdout]    2:     0x57d919fdeebc - <alloc[2182bb758b4b3781]::vec::Vec<u8> as core[df12db4294e9bfd3]::io::write::Write>::write_fmt
[INFO] [stdout]    3:     0x57d919fb6cf6 - std[70759c8f55707aa4]::panicking::default_hook::{closure#0}
[INFO] [stdout]    4:     0x57d919fd2e69 - std[70759c8f55707aa4]::panicking::default_hook
[INFO] [stdout]    5:     0x57d919e8ace0 - test[9d35eded1c95d3be]::test_main_inner::<test[9d35eded1c95d3be]::test_main_static::{closure#0}>::{closure#0}
[INFO] [stdout]    6:     0x57d919fd3022 - std[70759c8f55707aa4]::panicking::panic_with_hook
[INFO] [stdout]    7:     0x57d919fb6da2 - std[70759c8f55707aa4]::panicking::panic_handler::{closure#0}
[INFO] [stdout]    8:     0x57d919faf999 - std[70759c8f55707aa4]::sys::backtrace::__rust_end_short_backtrace::<std[70759c8f55707aa4]::panicking::panic_handler::{closure#0}, !>
[INFO] [stdout]    9:     0x57d919fb799d - __rustc[8fa7c3cbc660c2b3]::rust_begin_unwind
[INFO] [stdout]   10:     0x57d919ff0b3c - core[df12db4294e9bfd3]::panicking::panic_fmt
[INFO] [stdout]   11:     0x57d919ff0912 - core[df12db4294e9bfd3]::result::unwrap_failed
[INFO] [stdout]   12:     0x57d919e7b7f8 - <game_events[75a29ba46fd4f6bc]::decodes_a_large_number_of_cmd_events_from_a_full_ladder_replay::{closure#0} as core[df12db4294e9bfd3]::ops::function::FnOnce<()>>::call_once
[INFO] [stdout]   13:     0x57d919e7dfcb - test[9d35eded1c95d3be]::__rust_begin_short_backtrace::<core[df12db4294e9bfd3]::result::Result<(), alloc[2182bb758b4b3781]::string::String>, fn() -> core[df12db4294e9bfd3]::result::Result<(), alloc[2182bb758b4b3781]::string::String>>
[INFO] [stdout]   14:     0x57d919e8b635 - test[9d35eded1c95d3be]::run_test::{closure#0}
[INFO] [stdout]   15:     0x57d919e84ef4 - std[70759c8f55707aa4]::sys::backtrace::__rust_begin_short_backtrace::<test[9d35eded1c95d3be]::run_test::{closure#1}, ()>
[INFO] [stdout]   16:     0x57d919e8e792 - <std[70759c8f55707aa4]::thread::lifecycle::spawn_unchecked<test[9d35eded1c95d3be]::run_test::{closure#1}, ()>::{closure#1} as core[df12db4294e9bfd3]::ops::function::FnOnce<()>>::call_once::{shim:vtable#0}
[INFO] [stdout]   17:     0x57d919fd9fd9 - <std[70759c8f55707aa4]::sys::thread::unix::Thread>::new::thread_start
[INFO] [stderr] error: test failed, to rerun pass `--test game_events`
[INFO] [stdout]   18:     0x7703c8cdcdfa - <unknown>
[INFO] [stdout]   19:     0x7703c8d703d4 - clone
[INFO] [stdout]   20:                0x0 - <unknown>
[INFO] [stdout] 
[INFO] [stdout] 
[INFO] [stdout] failures:
[INFO] [stdout]     camera_update_events_decode_plausibly_on_a_real_replay
[INFO] [stdout]     decodes_a_large_number_of_cmd_events_from_a_full_ladder_replay
[INFO] [stdout]     decodes_a_substantial_number_of_selection_delta_events
[INFO] [stdout]     decodes_control_group_update_events_with_a_known_update_type
[INFO] [stdout]     decodes_game_events_stream_without_panicking
[INFO] [stdout]     first_cmd_events_expose_fields_for_manual_cross_check
[INFO] [stdout]     most_selection_delta_events_add_at_least_one_unit_tag
[INFO] [stdout]     selection_delta_added_unit_tags_decode_to_plausible_indices
[INFO] [stdout] 
[INFO] [stdout] test result: FAILED. 0 passed; 8 failed; 1 ignored; 0 measured; 0 filtered out; finished in 0.00s
[INFO] [stdout] 
[INFO] running `Command { std: "docker" "inspect" "e77d845118fe554e2261afc79adf45beac968c15f8492164b6b296fa6e46b31d", kill_on_drop: false }`
[INFO] running `Command { std: "docker" "rm" "-f" "e77d845118fe554e2261afc79adf45beac968c15f8492164b6b296fa6e46b31d", kill_on_drop: false }`
[INFO] [stdout] e77d845118fe554e2261afc79adf45beac968c15f8492164b6b296fa6e46b31d
