[INFO] fetching crate sc-observability-types 1.5.0...
[INFO] testing sc-observability-types-1.5.0 against 1.100.0-beta.1+cargoflags=--release for beta-release-1.100-2
[INFO] extracting crate sc-observability-types 1.5.0 into /workspace/builds/worker-4-tc2/source
[INFO] started tweaking crates.io crate sc-observability-types 1.5.0
[INFO] removed 0 missing tests
[INFO] finished tweaking crates.io crate sc-observability-types 1.5.0
[INFO] tweaked toml for crates.io crate sc-observability-types 1.5.0 written to /workspace/builds/worker-4-tc2/source/Cargo.toml
[INFO] validating manifest of crates.io crate sc-observability-types 1.5.0 on toolchain 1.100.0-beta.1
[INFO] running `Command { std: CARGO_HOME="/workspace/cargo-home" RUSTUP_HOME="/workspace/rustup-home" "/workspace/cargo-home/bin/cargo" "+1.100.0-beta.1" "metadata" "--manifest-path" "Cargo.toml" "--no-deps", kill_on_drop: false }`
[INFO] crate crates.io crate sc-observability-types 1.5.0 already has a lockfile, it will not be regenerated
[INFO] running `Command { std: CARGO_HOME="/workspace/cargo-home" RUSTUP_HOME="/workspace/rustup-home" "/workspace/cargo-home/bin/cargo" "+1.100.0-beta.1" "fetch" "--manifest-path" "Cargo.toml", kill_on_drop: false }`
[INFO] [stderr] warning: `package.homepage` is redundant with `package.repository`
[INFO] [stderr]   --> Cargo.toml:50:12
[INFO] [stderr]    |
[INFO] [stderr] 50 | homepage = "https://github.com/randlee/sc-observability"
[INFO] [stderr]    |            ^^^^^^^^^^^^^^^^^^^^^^^^^^^^^^^^^^^^^^^^^^^^^
[INFO] [stderr] ...
[INFO] [stderr] 54 | repository = "https://github.com/randlee/sc-observability"
[INFO] [stderr]    |              ---------------------------------------------
[INFO] [stderr]    |
[INFO] [stderr]    = note: `cargo::redundant_homepage` is set to `warn` by default
[INFO] [stderr] help: consider removing `package.homepage`
[INFO] [stderr] warning: `sc-observability-types` (manifest) generated 1 warning
[INFO] running `Command { std: "docker" "create" "-v" "/var/lib/crater-agent-workspace/builds/worker-4-tc2/source:/opt/rustwide/workdir:ro,Z" "-v" "/var/lib/crater-agent-workspace/builds/worker-4-tc2/target:/opt/rustwide/target:rw,Z" "-v" "/var/lib/crater-agent-workspace/cargo-home:/opt/rustwide/cargo-home:ro,Z" "-v" "/var/lib/crater-agent-workspace/rustup-home:/opt/rustwide/rustup-home:ro,Z" "-m" "1610612736" "--network" "none" "ghcr.io/rust-lang/crates-build-env/linux@sha256:77db811e55d90add9212f6832c23229e3de5f1c1f9905e8cb07319ea15df73ac" "sleep" "infinity", kill_on_drop: false }`
[INFO] [stdout] ba79900bb57bb2595a3ad33d0b7faef9906f2971326b097c3b6512ebe5301189
[INFO] running `Command { std: "docker" "start" "ba79900bb57bb2595a3ad33d0b7faef9906f2971326b097c3b6512ebe5301189", kill_on_drop: false }`
[INFO] running `Command { std: "docker" "inspect" "ba79900bb57bb2595a3ad33d0b7faef9906f2971326b097c3b6512ebe5301189", kill_on_drop: false }`
[INFO] running `Command { std: "docker" "exec" "-e" "SOURCE_DIR=/opt/rustwide/workdir" "-e" "CARGO_HOME=/opt/rustwide/cargo-home" "-e" "RUSTUP_HOME=/opt/rustwide/rustup-home" "-e" "CARGO_TARGET_DIR=/opt/rustwide/target" "-w" "/opt/rustwide/workdir" "--user" "0:0" "ba79900bb57bb2595a3ad33d0b7faef9906f2971326b097c3b6512ebe5301189" "/opt/rustwide/cargo-home/bin/cargo" "+1.100.0-beta.1" "metadata" "--no-deps" "--format-version=1", kill_on_drop: false }`
[INFO] running `Command { std: "docker" "inspect" "ba79900bb57bb2595a3ad33d0b7faef9906f2971326b097c3b6512ebe5301189", kill_on_drop: false }`
[INFO] running `Command { std: "docker" "exec" "-e" "SOURCE_DIR=/opt/rustwide/workdir" "-e" "CARGO_HOME=/opt/rustwide/cargo-home" "-e" "RUSTUP_HOME=/opt/rustwide/rustup-home" "-e" "CARGO_TARGET_DIR=/opt/rustwide/target" "-e" "CARGO_INCREMENTAL=0" "-e" "RUST_BACKTRACE=full" "-e" "RUSTFLAGS=--cap-lints=warn" "-e" "RUSTDOCFLAGS=--cap-lints=warn" "-w" "/opt/rustwide/workdir" "--user" "0:0" "ba79900bb57bb2595a3ad33d0b7faef9906f2971326b097c3b6512ebe5301189" "/opt/rustwide/cargo-home/bin/cargo" "+1.100.0-beta.1" "build" "--frozen" "--message-format=json" "--release", kill_on_drop: false }`
[INFO] [stderr] warning: `package.homepage` is redundant with `package.repository`
[INFO] [stderr]   --> Cargo.toml:50:12
[INFO] [stderr]    |
[INFO] [stderr] 50 | homepage = "https://github.com/randlee/sc-observability"
[INFO] [stderr]    |            ^^^^^^^^^^^^^^^^^^^^^^^^^^^^^^^^^^^^^^^^^^^^^
[INFO] [stderr] ...
[INFO] [stderr] 54 | repository = "https://github.com/randlee/sc-observability"
[INFO] [stderr]    |              ---------------------------------------------
[INFO] [stderr]    |
[INFO] [stderr]    = note: `cargo::redundant_homepage` is set to `warn` by default
[INFO] [stderr] help: consider removing `package.homepage`
[INFO] [stderr] warning: `sc-observability-types` (manifest) generated 1 warning
[INFO] [stderr]    Compiling syn v2.0.119
[INFO] [stderr]    Compiling thiserror-impl v2.0.20
[INFO] [stderr]    Compiling deranged v0.5.8
[INFO] [stderr]    Compiling serde_json v1.0.151
[INFO] [stderr]    Compiling serde v1.0.229
[INFO] [stderr]    Compiling thiserror v2.0.20
[INFO] [stderr]    Compiling time v0.3.55
[INFO] [stderr]    Compiling sc-lint-directives v0.4.0
[INFO] [stderr]    Compiling sc-lint-attributes v0.4.0
[INFO] [stderr]    Compiling sc-observability-types v1.5.0 (/opt/rustwide/workdir)
[INFO] [stderr]     Finished `release` profile [optimized] target(s) in 26.96s
[INFO] running `Command { std: "docker" "inspect" "ba79900bb57bb2595a3ad33d0b7faef9906f2971326b097c3b6512ebe5301189", kill_on_drop: false }`
[INFO] running `Command { std: "docker" "exec" "-e" "SOURCE_DIR=/opt/rustwide/workdir" "-e" "CARGO_HOME=/opt/rustwide/cargo-home" "-e" "RUSTUP_HOME=/opt/rustwide/rustup-home" "-e" "CARGO_TARGET_DIR=/opt/rustwide/target" "-e" "CARGO_INCREMENTAL=0" "-e" "RUST_BACKTRACE=full" "-e" "RUSTFLAGS=--cap-lints=warn" "-e" "RUSTDOCFLAGS=--cap-lints=warn" "-w" "/opt/rustwide/workdir" "--user" "0:0" "ba79900bb57bb2595a3ad33d0b7faef9906f2971326b097c3b6512ebe5301189" "/opt/rustwide/cargo-home/bin/cargo" "+1.100.0-beta.1" "test" "--frozen" "--no-run" "--message-format=json" "--release", kill_on_drop: false }`
[INFO] [stderr] warning: `package.homepage` is redundant with `package.repository`
[INFO] [stderr]   --> Cargo.toml:50:12
[INFO] [stderr]    |
[INFO] [stderr] 50 | homepage = "https://github.com/randlee/sc-observability"
[INFO] [stderr]    |            ^^^^^^^^^^^^^^^^^^^^^^^^^^^^^^^^^^^^^^^^^^^^^
[INFO] [stderr] ...
[INFO] [stderr] 54 | repository = "https://github.com/randlee/sc-observability"
[INFO] [stderr]    |              ---------------------------------------------
[INFO] [stderr]    |
[INFO] [stderr]    = note: `cargo::redundant_homepage` is set to `warn` by default
[INFO] [stderr] help: consider removing `package.homepage`
[INFO] [stderr] warning: `sc-observability-types` (manifest) generated 1 warning
[INFO] [stderr]    Compiling sc-observability-types v1.5.0 (/opt/rustwide/workdir)
[INFO] [stderr]     Finished `release` profile [optimized] target(s) in 53.19s
[INFO] running `Command { std: "docker" "inspect" "ba79900bb57bb2595a3ad33d0b7faef9906f2971326b097c3b6512ebe5301189", kill_on_drop: false }`
[INFO] running `Command { std: "docker" "exec" "-e" "SOURCE_DIR=/opt/rustwide/workdir" "-e" "CARGO_HOME=/opt/rustwide/cargo-home" "-e" "RUSTUP_HOME=/opt/rustwide/rustup-home" "-e" "CARGO_TARGET_DIR=/opt/rustwide/target" "-e" "CARGO_INCREMENTAL=0" "-e" "RUST_BACKTRACE=full" "-e" "RUSTFLAGS=--cap-lints=warn" "-e" "RUSTDOCFLAGS=--cap-lints=warn" "-w" "/opt/rustwide/workdir" "--user" "0:0" "ba79900bb57bb2595a3ad33d0b7faef9906f2971326b097c3b6512ebe5301189" "/opt/rustwide/cargo-home/bin/cargo" "+1.100.0-beta.1" "test" "--frozen" "--release", kill_on_drop: false }`
[INFO] [stderr] warning: `package.homepage` is redundant with `package.repository`
[INFO] [stderr]   --> Cargo.toml:50:12
[INFO] [stderr]    |
[INFO] [stderr] 50 | homepage = "https://github.com/randlee/sc-observability"
[INFO] [stderr]    |            ^^^^^^^^^^^^^^^^^^^^^^^^^^^^^^^^^^^^^^^^^^^^^
[INFO] [stderr] ...
[INFO] [stderr] 54 | repository = "https://github.com/randlee/sc-observability"
[INFO] [stderr]    |              ---------------------------------------------
[INFO] [stderr]    |
[INFO] [stderr]    = note: `cargo::redundant_homepage` is set to `warn` by default
[INFO] [stderr] help: consider removing `package.homepage`
[INFO] [stderr] warning: `sc-observability-types` (manifest) generated 1 warning
[INFO] [stderr]     Finished `release` profile [optimized] target(s) in 0.06s
[INFO] [stderr]      Running unittests src/lib.rs (/opt/rustwide/target/release/build/sc-observability-types/5520b173b443f7d2/out/sc_observability_types-5520b173b443f7d2)
[INFO] [stdout] 
[INFO] [stdout] running 77 tests
[INFO] [stdout] test diagnostic::tests::diagnostic_round_trips_through_serde ... ok
[INFO] [stdout] test diagnostic::tests::error_context_builder_sets_docs_details_and_source ... ok
[INFO] [stdout] test constants::tests::observation_schema_version_matches_the_envelope_version ... ok
[INFO] [stdout] test errors_v2::tests::unclassified_drain_uses_export_source_or_io_fallback ... ok
[INFO] [stdout] test errors_v2::tests::drain_classification_prefers_explicit_native_value_and_finds_nested_export_source ... ok
[INFO] [stdout] test diagnostic::tests::private_failure_classification_preserves_clone_equality_and_serde_contracts ... ok
[INFO] [stdout] test errors_v2::tests::subscriber_classification_preserves_context_and_released_wire_contract ... ok
[INFO] [stdout] test diagnostic::tests::error_context_display_includes_cause_when_present ... ok
[INFO] [stdout] test events::tests::log_event_round_trips_through_serde ... ok
[INFO] [stdout] test diagnostic::tests::remediation_construction_helpers_cover_both_variants ... ok
[INFO] [stdout] test diagnostic::tests::identity_error_exposes_inner_diagnostic ... ok
[INFO] [stdout] test error_codes::tests::root_registry_contains_otlp_and_metric_codes ... ok
[INFO] [stdout] test diagnostic::tests::error_context_display_includes_source_chain_when_present ... ok
[INFO] [stdout] test error_codes::tests::v1_registry_has_unique_codes ... ok
[INFO] [stdout] test errors_v2::tests::routing_classification_retains_the_explicit_native_value ... ok
[INFO] [stdout] test errors_v2::tests::routing_classification_preserves_context_and_released_wire_contract ... ok
[INFO] [stdout] test level::tests::published_level_filter_fixture_retains_its_native_serde_shape ... ok
[INFO] [stdout] test level::tests::level_change_error_uses_stable_code_and_remediation ... ok
[INFO] [stdout] test events::tests::observation_new_sets_defaults ... ok
[INFO] [stdout] test errors::tests::wrapper_errors_expose_source_context ... ok
[INFO] [stdout] test errors_v2::tests::helper_lost_drain_retains_internal_classification_and_export_source ... ok
[INFO] [stdout] test level::tests::runtime_level_values_use_the_native_contract_shapes ... ok
[INFO] [stdout] test health::tests::health_reports_round_trip_through_serde ... ok
[INFO] [stdout] test otlp::signals::values::tests::deserialization_bounds_value_depth ... ok
[INFO] [stdout] test otlp::submission::canonical::tests::duration_overflow_is_a_typed_error ... ok
[INFO] [stdout] test otlp::signals::values::tests::nested_value_errors_report_json_pointer_paths ... ok
[INFO] [stdout] test otlp::signals::values::tests::tracestate_errors_name_the_field ... ok
[INFO] [stdout] test otlp::submission::canonical::tests::validate_rejects_mutated_span_end_before_start ... ok
[INFO] [stdout] test otlp::submission::canonical::tests::canonical_json_is_total_for_extreme_values ... ok
[INFO] [stdout] test diagnostic::tests::diagnostic_summary_captures_code_and_message ... ok
[INFO] [stdout] test otlp::submission::config::tests::each_bound_and_ordering_rule_rejects_with_a_reason ... ok
[INFO] [stdout] test otlp::submission::canonical::tests::signal_failures_keep_their_source_diagnostic ... ok
[INFO] [stdout] test events::tests::observation_round_trips_through_serde ... ok
[INFO] [stdout] test otlp::submission::canonical::tests::deserialization_path_enforces_depth_limit ... ok
[INFO] [stdout] test otlp::submission::config::tests::file_hour_overflow_names_its_reason ... ok
[INFO] [stdout] test otlp::submission::canonical::tests::validate_rejects_mutated_profile_dictionary_reference ... ok
[INFO] [stdout] test otlp::submission::structure::tests::paths_render_fields_and_indices ... ok
[INFO] [stdout] test otlp::submission::canonical::tests::system_ids_are_always_valid_without_panicking ... ok
[INFO] [stdout] test otlp::tests::grouping_preserves_resource_scope_and_record_order ... ok
[INFO] [stdout] test primitives::tests::duration_ms_displays_in_milliseconds ... ok
[INFO] [stdout] test primitives::tests::error_code_displays_as_plain_code ... ok
[INFO] [stdout] test primitives::tests::error_code_new_owned_preserves_owned_value ... ok
[INFO] [stdout] test primitives::tests::timestamp_arithmetic_preserves_utc_normalization ... ok
[INFO] [stdout] test otlp::submission::config::tests::telemetry_yaml_schema_mismatch_names_contract_version_changed_field_and_new_version_remedy ... FAILED
[INFO] [stdout] test otlp::submission::config::tests::telemetry_yaml_selected_v2_schema_matches_parser_fields_defaults_and_enum_values ... FAILED
[INFO] [stdout] test otlp::submission::config::tests::telemetry_yaml_v1_schema_matches_accepted_history ... FAILED
[INFO] [stdout] test otlp::submission::errors::tests::retryable_codes_are_recoverable ... ok
[INFO] [stdout] test otlp::submission::canonical::tests::version_is_checked_once_and_first ... ok
[INFO] [stdout] test otlp::submission::config::tests::endpoint_is_parsed_as_a_base_url ... ok
[INFO] [stdout] test otlp::submission::structure::tests::typed_rules_report_exact_paths ... ok
[INFO] [stdout] test otlp::submission::errors::tests::every_submission_code_has_specific_remediation ... ok
[INFO] [stdout] test primitives::tests::duration_ms_exposes_raw_millisecond_count ... ok
[INFO] [stdout] test otlp::submission::canonical::tests::validate_rejects_mutated_invalid_metric_aggregate ... ok
[INFO] [stdout] test otlp::submission::structure::tests::depth_limit_is_inclusive ... ok
[INFO] [stdout] test primitives::tests::timestamp_serde_round_trips_as_utc_rfc3339 ... ok
[INFO] [stdout] test otlp::submission::structure::tests::collection_and_string_limits_reject_oversized_values ... ok
[INFO] [stdout] test process::tests::process_identity_policy_fixed_debug_is_descriptive ... ok
[INFO] [stdout] test process::tests::process_identity_policy_resolver_debug_is_descriptive ... ok
[INFO] [stdout] test query::tests::log_snapshot_round_trips_through_serde ... ok
[INFO] [stdout] test query::tests::query_error_variants_round_trip_and_match_stable_codes ... ok
[INFO] [stdout] test query::tests::log_query_round_trips_through_serde ... ok
[INFO] [stdout] test query::tests::query_health_report_round_trips_through_serde ... ok
[INFO] [stdout] test query::tests::log_query_validation_rejects_invalid_ranges_and_limits ... ok
[INFO] [stdout] test tracing::tests::nonzero_constructors_always_yield_valid_identifiers ... ok
[INFO] [stdout] test otlp::submission::canonical::tests::record_count_limit_applies_to_input_and_envelope ... ok
[INFO] [stdout] test v1::span::tests::span_record_end_transitions_to_span_ended ... ok
[INFO] [stdout] test otlp::submission::canonical::tests::oversized_input_is_rejected_before_parsing ... ok
[INFO] [stdout] test validation::tests::validated_name_newtypes_accept_expected_values ... ok
[INFO] [stdout] test tracing::tests::trace_and_span_ids_validate_w3c_shapes ... ok
[INFO] [stdout] test v1::metric::tests::metric_record_round_trips_through_serde ... ok
[INFO] [stdout] test v1::span::tests::span_record_accessors_preserve_started_values ... ok
[INFO] [stdout] test primitives::tests::timestamp_into_inner_and_from_timestamp_preserve_utc_value ... ok
[INFO] [stdout] test process::tests::process_identity_policy_auto_debug_is_descriptive ... ok
[INFO] [stdout] test v1::span::tests::span_signal_round_trips_through_serde ... ok
[INFO] [stdout] test validation::tests::entity_id_rejects_invalid_deserialization ... ok
[INFO] [stdout] test validation::tests::validated_name_newtypes_reject_invalid_values ... ok
[INFO] [stdout] test query::tests::query_shutdown_uses_static_diagnostic ... ok
[INFO] [stdout] 
[INFO] [stdout] failures:
[INFO] [stdout] 
[INFO] [stdout] ---- otlp::submission::config::tests::telemetry_yaml_schema_mismatch_names_contract_version_changed_field_and_new_version_remedy stdout ----
[INFO] [stdout] 
[INFO] [stdout] thread 'otlp::submission::config::tests::telemetry_yaml_schema_mismatch_names_contract_version_changed_field_and_new_version_remedy' (612) panicked at src/otlp/submission/config.rs:576:56:
[INFO] [stdout] called `Result::unwrap()` on an `Err` value: Os { code: 2, kind: NotFound, message: "No such file or directory" }
[INFO] [stdout] stack backtrace:
[INFO] [stdout]    0:     0x5f9c676be9e1 - <<std[617be2ca0a6fd877]::sys::backtrace::BacktraceLock>::print::DisplayBacktrace as core[a373ad73a504971]::fmt::Display>::fmt
[INFO] [stdout]    1:     0x5f9c676d4bfa - core[a373ad73a504971]::fmt::write
[INFO] [stdout]    2:     0x5f9c676c2efc - <alloc[2e1b2a31b91974c5]::vec::Vec<u8> as core[a373ad73a504971]::io::write::Write>::write_fmt
[INFO] [stdout]    3:     0x5f9c67699db6 - std[617be2ca0a6fd877]::panicking::default_hook::{closure#0}
[INFO] [stdout]    4:     0x5f9c676b6839 - std[617be2ca0a6fd877]::panicking::default_hook
[INFO] [stdout]    5:     0x5f9c67645920 - test[aada8e7e76ba119b]::test_main_inner::{closure#0}
[INFO] [stdout]    6:     0x5f9c676b69f2 - std[617be2ca0a6fd877]::panicking::panic_with_hook
[INFO] [stdout]    7:     0x5f9c67699e62 - std[617be2ca0a6fd877]::panicking::panic_handler::{closure#0}
[INFO] [stdout]    8:     0x5f9c67692459 - std[617be2ca0a6fd877]::sys::backtrace::__rust_end_short_backtrace::<std[617be2ca0a6fd877]::panicking::panic_handler::{closure#0}, !>
[INFO] [stdout]    9:     0x5f9c6769aabd - __rustc[ea4f61d10b84890b]::rust_begin_unwind
[INFO] [stdout]   10:     0x5f9c676d532c - core[a373ad73a504971]::panicking::panic_fmt
[INFO] [stdout]   11:     0x5f9c676d5102 - core[a373ad73a504971]::result::unwrap_failed
[INFO] [stdout]   12:     0x5f9c676084d3 - sc_observability_types[263af0d5f9ae1cf6]::otlp::submission::config::tests::selected_telemetry_schema
[INFO] [stdout]   13:     0x5f9c67617e7b - <sc_observability_types[263af0d5f9ae1cf6]::otlp::submission::config::tests::telemetry_yaml_schema_mismatch_names_contract_version_changed_field_and_new_version_remedy::{closure#0} as core[a373ad73a504971]::ops::function::FnOnce<()>>::call_once
[INFO] [stdout]   14:     0x5f9c67638d6b - test[aada8e7e76ba119b]::__rust_begin_short_backtrace::<core[a373ad73a504971]::result::Result<(), alloc[2e1b2a31b91974c5]::string::String>, fn() -> core[a373ad73a504971]::result::Result<(), alloc[2e1b2a31b91974c5]::string::String>>
[INFO] [stdout]   15:     0x5f9c67645f45 - test[aada8e7e76ba119b]::run_test::{closure#0}
[INFO] [stdout]   16:     0x5f9c6763f834 - std[617be2ca0a6fd877]::sys::backtrace::__rust_begin_short_backtrace::<test[aada8e7e76ba119b]::run_test::{closure#1}, ()>
[INFO] [stdout]   17:     0x5f9c67648fd2 - <std[617be2ca0a6fd877]::thread::lifecycle::spawn_unchecked<test[aada8e7e76ba119b]::run_test::{closure#1}, ()>::{closure#1} as core[a373ad73a504971]::ops::function::FnOnce<()>>::call_once::{shim:vtable#0}
[INFO] [stdout]   18:     0x5f9c676bda1f - <std[617be2ca0a6fd877]::sys::thread::unix::Thread>::new::thread_start
[INFO] [stdout]   19:     0x75d83280fdfa - <unknown>
[INFO] [stdout]   20:     0x75d8328a33d4 - clone
[INFO] [stdout]   21:                0x0 - <unknown>
[INFO] [stdout] 
[INFO] [stdout] ---- otlp::submission::config::tests::telemetry_yaml_selected_v2_schema_matches_parser_fields_defaults_and_enum_values stdout ----
[INFO] [stderr] error: test failed, to rerun pass `--lib`
[INFO] [stdout] 
[INFO] [stdout] thread 'otlp::submission::config::tests::telemetry_yaml_selected_v2_schema_matches_parser_fields_defaults_and_enum_values' (613) panicked at src/otlp/submission/config.rs:576:56:
[INFO] [stdout] called `Result::unwrap()` on an `Err` value: Os { code: 2, kind: NotFound, message: "No such file or directory" }
[INFO] [stdout] stack backtrace:
[INFO] [stdout]    0:     0x5f9c676be9e1 - <<std[617be2ca0a6fd877]::sys::backtrace::BacktraceLock>::print::DisplayBacktrace as core[a373ad73a504971]::fmt::Display>::fmt
[INFO] [stdout]    1:     0x5f9c676d4bfa - core[a373ad73a504971]::fmt::write
[INFO] [stdout]    2:     0x5f9c676c2efc - <alloc[2e1b2a31b91974c5]::vec::Vec<u8> as core[a373ad73a504971]::io::write::Write>::write_fmt
[INFO] [stdout]    3:     0x5f9c67699db6 - std[617be2ca0a6fd877]::panicking::default_hook::{closure#0}
[INFO] [stdout]    4:     0x5f9c676b6839 - std[617be2ca0a6fd877]::panicking::default_hook
[INFO] [stdout]    5:     0x5f9c67645920 - test[aada8e7e76ba119b]::test_main_inner::{closure#0}
[INFO] [stdout]    6:     0x5f9c676b69f2 - std[617be2ca0a6fd877]::panicking::panic_with_hook
[INFO] [stdout]    7:     0x5f9c67699e62 - std[617be2ca0a6fd877]::panicking::panic_handler::{closure#0}
[INFO] [stdout]    8:     0x5f9c67692459 - std[617be2ca0a6fd877]::sys::backtrace::__rust_end_short_backtrace::<std[617be2ca0a6fd877]::panicking::panic_handler::{closure#0}, !>
[INFO] [stdout]    9:     0x5f9c6769aabd - __rustc[ea4f61d10b84890b]::rust_begin_unwind
[INFO] [stdout]   10:     0x5f9c676d532c - core[a373ad73a504971]::panicking::panic_fmt
[INFO] [stdout]   11:     0x5f9c676d5102 - core[a373ad73a504971]::result::unwrap_failed
[INFO] [stdout]   12:     0x5f9c676084d3 - sc_observability_types[263af0d5f9ae1cf6]::otlp::submission::config::tests::selected_telemetry_schema
[INFO] [stdout]   13:     0x5f9c67609b31 - sc_observability_types[263af0d5f9ae1cf6]::otlp::submission::config::tests::telemetry_yaml_selected_v2_schema_matches_parser_fields_defaults_and_enum_values
[INFO] [stdout]   14:     0x5f9c67617e49 - <sc_observability_types[263af0d5f9ae1cf6]::otlp::submission::config::tests::telemetry_yaml_selected_v2_schema_matches_parser_fields_defaults_and_enum_values::{closure#0} as core[a373ad73a504971]::ops::function::FnOnce<()>>::call_once
[INFO] [stdout]   15:     0x5f9c67638d6b - test[aada8e7e76ba119b]::__rust_begin_short_backtrace::<core[a373ad73a504971]::result::Result<(), alloc[2e1b2a31b91974c5]::string::String>, fn() -> core[a373ad73a504971]::result::Result<(), alloc[2e1b2a31b91974c5]::string::String>>
[INFO] [stdout]   16:     0x5f9c67645f45 - test[aada8e7e76ba119b]::run_test::{closure#0}
[INFO] [stdout]   17:     0x5f9c6763f834 - std[617be2ca0a6fd877]::sys::backtrace::__rust_begin_short_backtrace::<test[aada8e7e76ba119b]::run_test::{closure#1}, ()>
[INFO] [stdout]   18:     0x5f9c67648fd2 - <std[617be2ca0a6fd877]::thread::lifecycle::spawn_unchecked<test[aada8e7e76ba119b]::run_test::{closure#1}, ()>::{closure#1} as core[a373ad73a504971]::ops::function::FnOnce<()>>::call_once::{shim:vtable#0}
[INFO] [stdout]   19:     0x5f9c676bda1f - <std[617be2ca0a6fd877]::sys::thread::unix::Thread>::new::thread_start
[INFO] [stdout]   20:     0x75d83280fdfa - <unknown>
[INFO] [stdout]   21:     0x75d8328a33d4 - clone
[INFO] [stdout]   22:                0x0 - <unknown>
[INFO] [stdout] 
[INFO] [stdout] ---- otlp::submission::config::tests::telemetry_yaml_v1_schema_matches_accepted_history stdout ----
[INFO] [stdout] 
[INFO] [stdout] thread 'otlp::submission::config::tests::telemetry_yaml_v1_schema_matches_accepted_history' (614) panicked at src/otlp/submission/config.rs:849:10:
[INFO] [stdout] called `Result::unwrap()` on an `Err` value: Os { code: 2, kind: NotFound, message: "No such file or directory" }
[INFO] [stdout] stack backtrace:
[INFO] [stdout]    0:     0x5f9c676be9e1 - <<std[617be2ca0a6fd877]::sys::backtrace::BacktraceLock>::print::DisplayBacktrace as core[a373ad73a504971]::fmt::Display>::fmt
[INFO] [stdout]    1:     0x5f9c676d4bfa - core[a373ad73a504971]::fmt::write
[INFO] [stdout]    2:     0x5f9c676c2efc - <alloc[2e1b2a31b91974c5]::vec::Vec<u8> as core[a373ad73a504971]::io::write::Write>::write_fmt
[INFO] [stdout]    3:     0x5f9c67699db6 - std[617be2ca0a6fd877]::panicking::default_hook::{closure#0}
[INFO] [stdout]    4:     0x5f9c676b6839 - std[617be2ca0a6fd877]::panicking::default_hook
[INFO] [stdout]    5:     0x5f9c67645920 - test[aada8e7e76ba119b]::test_main_inner::{closure#0}
[INFO] [stdout]    6:     0x5f9c676b69f2 - std[617be2ca0a6fd877]::panicking::panic_with_hook
[INFO] [stdout]    7:     0x5f9c67699e62 - std[617be2ca0a6fd877]::panicking::panic_handler::{closure#0}
[INFO] [stdout]    8:     0x5f9c67692459 - std[617be2ca0a6fd877]::sys::backtrace::__rust_end_short_backtrace::<std[617be2ca0a6fd877]::panicking::panic_handler::{closure#0}, !>
[INFO] [stdout]    9:     0x5f9c6769aabd - __rustc[ea4f61d10b84890b]::rust_begin_unwind
[INFO] [stdout]   10:     0x5f9c676d532c - core[a373ad73a504971]::panicking::panic_fmt
[INFO] [stdout]   11:     0x5f9c676d5102 - core[a373ad73a504971]::result::unwrap_failed
[INFO] [stdout]   12:     0x5f9c676168c8 - <sc_observability_types[263af0d5f9ae1cf6]::otlp::submission::config::tests::telemetry_yaml_v1_schema_matches_accepted_history::{closure#0} as core[a373ad73a504971]::ops::function::FnOnce<()>>::call_once
[INFO] [stdout]   13:     0x5f9c67638d6b - test[aada8e7e76ba119b]::__rust_begin_short_backtrace::<core[a373ad73a504971]::result::Result<(), alloc[2e1b2a31b91974c5]::string::String>, fn() -> core[a373ad73a504971]::result::Result<(), alloc[2e1b2a31b91974c5]::string::String>>
[INFO] [stdout]   14:     0x5f9c67645f45 - test[aada8e7e76ba119b]::run_test::{closure#0}
[INFO] [stdout]   15:     0x5f9c6763f834 - std[617be2ca0a6fd877]::sys::backtrace::__rust_begin_short_backtrace::<test[aada8e7e76ba119b]::run_test::{closure#1}, ()>
[INFO] [stdout]   16:     0x5f9c67648fd2 - <std[617be2ca0a6fd877]::thread::lifecycle::spawn_unchecked<test[aada8e7e76ba119b]::run_test::{closure#1}, ()>::{closure#1} as core[a373ad73a504971]::ops::function::FnOnce<()>>::call_once::{shim:vtable#0}
[INFO] [stdout]   17:     0x5f9c676bda1f - <std[617be2ca0a6fd877]::sys::thread::unix::Thread>::new::thread_start
[INFO] [stdout]   18:     0x75d83280fdfa - <unknown>
[INFO] [stdout]   19:     0x75d8328a33d4 - clone
[INFO] [stdout]   20:                0x0 - <unknown>
[INFO] [stdout] 
[INFO] [stdout] 
[INFO] [stdout] failures:
[INFO] [stdout]     otlp::submission::config::tests::telemetry_yaml_schema_mismatch_names_contract_version_changed_field_and_new_version_remedy
[INFO] [stdout]     otlp::submission::config::tests::telemetry_yaml_selected_v2_schema_matches_parser_fields_defaults_and_enum_values
[INFO] [stdout]     otlp::submission::config::tests::telemetry_yaml_v1_schema_matches_accepted_history
[INFO] [stdout] 
[INFO] [stdout] test result: FAILED. 74 passed; 3 failed; 0 ignored; 0 measured; 0 filtered out; finished in 0.04s
[INFO] [stdout] 
[INFO] running `Command { std: "docker" "inspect" "ba79900bb57bb2595a3ad33d0b7faef9906f2971326b097c3b6512ebe5301189", kill_on_drop: false }`
[INFO] running `Command { std: "docker" "rm" "-f" "ba79900bb57bb2595a3ad33d0b7faef9906f2971326b097c3b6512ebe5301189", kill_on_drop: false }`
[INFO] [stdout] ba79900bb57bb2595a3ad33d0b7faef9906f2971326b097c3b6512ebe5301189
