[INFO] fetching crate sc-lint-boundary 0.7.3...
[INFO] testing sc-lint-boundary-0.7.3 against 1.99.0-beta.8+cargoflags=--release for beta-release-1.100-2
[INFO] extracting crate sc-lint-boundary 0.7.3 into /workspace/builds/worker-3-tc1/source
[INFO] started tweaking crates.io crate sc-lint-boundary 0.7.3
[INFO] finished tweaking crates.io crate sc-lint-boundary 0.7.3
[INFO] tweaked toml for crates.io crate sc-lint-boundary 0.7.3 written to /workspace/builds/worker-3-tc1/source/Cargo.toml
[INFO] validating manifest of crates.io crate sc-lint-boundary 0.7.3 on toolchain 1.99.0-beta.8
[INFO] running `Command { std: CARGO_HOME="/workspace/cargo-home" RUSTUP_HOME="/workspace/rustup-home" "/workspace/cargo-home/bin/cargo" "+1.99.0-beta.8" "metadata" "--manifest-path" "Cargo.toml" "--no-deps", kill_on_drop: false }`
[INFO] crate crates.io crate sc-lint-boundary 0.7.3 already has a lockfile, it will not be regenerated
[INFO] running `Command { std: CARGO_HOME="/workspace/cargo-home" RUSTUP_HOME="/workspace/rustup-home" "/workspace/cargo-home/bin/cargo" "+1.99.0-beta.8" "fetch" "--manifest-path" "Cargo.toml", kill_on_drop: false }`
[INFO] [stderr]     Updating crates.io index
[INFO] [stderr]  Downloading crates ...
[INFO] [stderr]   Downloaded cargo-util-schemas v0.2.0
[INFO] [stderr]   Downloaded sc-lint-directives v0.7.3
[INFO] [stderr]   Downloaded sc-lint-analyzer-support v0.7.3
[INFO] [stderr]   Downloaded sc-lint-schema v0.7.3
[INFO] [stderr]   Downloaded cargo_metadata v0.20.0
[INFO] running `Command { std: "docker" "create" "-v" "/var/lib/crater-agent-workspace/builds/worker-3-tc1/source:/opt/rustwide/workdir:ro,Z" "-v" "/var/lib/crater-agent-workspace/builds/worker-3-tc1/target:/opt/rustwide/target:rw,Z" "-v" "/var/lib/crater-agent-workspace/cargo-home:/opt/rustwide/cargo-home:ro,Z" "-v" "/var/lib/crater-agent-workspace/rustup-home:/opt/rustwide/rustup-home:ro,Z" "-m" "1610612736" "--network" "none" "ghcr.io/rust-lang/crates-build-env/linux@sha256:77db811e55d90add9212f6832c23229e3de5f1c1f9905e8cb07319ea15df73ac" "sleep" "infinity", kill_on_drop: false }`
[INFO] [stdout] 33a35b1226fa15b880c98704caa3d0e078ed9c01a0d51b2b2c047b556a262d00
[INFO] running `Command { std: "docker" "start" "33a35b1226fa15b880c98704caa3d0e078ed9c01a0d51b2b2c047b556a262d00", kill_on_drop: false }`
[INFO] running `Command { std: "docker" "inspect" "33a35b1226fa15b880c98704caa3d0e078ed9c01a0d51b2b2c047b556a262d00", kill_on_drop: false }`
[INFO] running `Command { std: "docker" "exec" "-e" "SOURCE_DIR=/opt/rustwide/workdir" "-e" "CARGO_HOME=/opt/rustwide/cargo-home" "-e" "RUSTUP_HOME=/opt/rustwide/rustup-home" "-e" "CARGO_TARGET_DIR=/opt/rustwide/target" "-w" "/opt/rustwide/workdir" "--user" "0:0" "33a35b1226fa15b880c98704caa3d0e078ed9c01a0d51b2b2c047b556a262d00" "/opt/rustwide/cargo-home/bin/cargo" "+1.99.0-beta.8" "metadata" "--no-deps" "--format-version=1", kill_on_drop: false }`
[INFO] running `Command { std: "docker" "inspect" "33a35b1226fa15b880c98704caa3d0e078ed9c01a0d51b2b2c047b556a262d00", kill_on_drop: false }`
[INFO] running `Command { std: "docker" "exec" "-e" "SOURCE_DIR=/opt/rustwide/workdir" "-e" "CARGO_HOME=/opt/rustwide/cargo-home" "-e" "RUSTUP_HOME=/opt/rustwide/rustup-home" "-e" "CARGO_TARGET_DIR=/opt/rustwide/target" "-e" "CARGO_INCREMENTAL=0" "-e" "RUST_BACKTRACE=full" "-e" "RUSTFLAGS=--cap-lints=warn" "-e" "RUSTDOCFLAGS=--cap-lints=warn" "-w" "/opt/rustwide/workdir" "--user" "0:0" "33a35b1226fa15b880c98704caa3d0e078ed9c01a0d51b2b2c047b556a262d00" "/opt/rustwide/cargo-home/bin/cargo" "+1.99.0-beta.8" "build" "--frozen" "--message-format=json" "--release", kill_on_drop: false }`
[INFO] [stderr]    Compiling erased-serde v0.4.10
[INFO] [stderr]    Compiling proc-macro2 v1.0.106
[INFO] [stderr]    Compiling serde_json v1.0.149
[INFO] [stderr]    Compiling camino v1.2.2
[INFO] [stderr]    Compiling semver v1.0.28
[INFO] [stderr]    Compiling ordered-float v2.10.1
[INFO] [stderr]    Compiling thiserror-impl v2.0.18
[INFO] [stderr]    Compiling clap_derive v4.6.1
[INFO] [stderr]    Compiling serde v1.0.228
[INFO] [stderr]    Compiling icu_normalizer v2.2.0
[INFO] [stderr]    Compiling quote v1.0.45
[INFO] [stderr]    Compiling idna_adapter v1.2.2
[INFO] [stderr]    Compiling serde-untagged v0.1.9
[INFO] [stderr]    Compiling idna v1.1.0
[INFO] [stderr]    Compiling syn v2.0.117
[INFO] [stderr]    Compiling toml_datetime v0.6.11
[INFO] [stderr]    Compiling serde_spanned v0.6.9
[INFO] [stderr]    Compiling serde-value v0.7.0
[INFO] [stderr]    Compiling cargo-platform v0.2.0
[INFO] [stderr]    Compiling sc-lint-schema v0.7.3
[INFO] [stderr]    Compiling toml_edit v0.22.27
[INFO] [stderr]    Compiling url v2.5.8
[INFO] [stderr]    Compiling thiserror v2.0.18
[INFO] [stderr]    Compiling clap v4.6.1
[INFO] [stderr]    Compiling toml v0.8.23
[INFO] [stderr]    Compiling cargo-util-schemas v0.2.0
[INFO] [stderr]    Compiling sc-lint-directives v0.7.3
[INFO] [stderr]    Compiling cargo_metadata v0.20.0
[INFO] [stderr]    Compiling sc-lint-analyzer-support v0.7.3
[INFO] [stderr]    Compiling sc-lint-boundary v0.7.3 (/opt/rustwide/workdir)
[INFO] [stderr]     Finished `release` profile [optimized] target(s) in 53.30s
[INFO] running `Command { std: "docker" "inspect" "33a35b1226fa15b880c98704caa3d0e078ed9c01a0d51b2b2c047b556a262d00", kill_on_drop: false }`
[INFO] running `Command { std: "docker" "exec" "-e" "SOURCE_DIR=/opt/rustwide/workdir" "-e" "CARGO_HOME=/opt/rustwide/cargo-home" "-e" "RUSTUP_HOME=/opt/rustwide/rustup-home" "-e" "CARGO_TARGET_DIR=/opt/rustwide/target" "-e" "CARGO_INCREMENTAL=0" "-e" "RUST_BACKTRACE=full" "-e" "RUSTFLAGS=--cap-lints=warn" "-e" "RUSTDOCFLAGS=--cap-lints=warn" "-w" "/opt/rustwide/workdir" "--user" "0:0" "33a35b1226fa15b880c98704caa3d0e078ed9c01a0d51b2b2c047b556a262d00" "/opt/rustwide/cargo-home/bin/cargo" "+1.99.0-beta.8" "test" "--frozen" "--no-run" "--message-format=json" "--release", kill_on_drop: false }`
[INFO] [stderr]    Compiling getrandom v0.4.2
[INFO] [stderr]    Compiling tempfile v3.27.0
[INFO] [stderr]    Compiling sc-lint-boundary v0.7.3 (/opt/rustwide/workdir)
[INFO] [stderr]     Finished `release` profile [optimized] target(s) in 26.27s
[INFO] running `Command { std: "docker" "inspect" "33a35b1226fa15b880c98704caa3d0e078ed9c01a0d51b2b2c047b556a262d00", kill_on_drop: false }`
[INFO] running `Command { std: "docker" "exec" "-e" "SOURCE_DIR=/opt/rustwide/workdir" "-e" "CARGO_HOME=/opt/rustwide/cargo-home" "-e" "RUSTUP_HOME=/opt/rustwide/rustup-home" "-e" "CARGO_TARGET_DIR=/opt/rustwide/target" "-e" "CARGO_INCREMENTAL=0" "-e" "RUST_BACKTRACE=full" "-e" "RUSTFLAGS=--cap-lints=warn" "-e" "RUSTDOCFLAGS=--cap-lints=warn" "-w" "/opt/rustwide/workdir" "--user" "0:0" "33a35b1226fa15b880c98704caa3d0e078ed9c01a0d51b2b2c047b556a262d00" "/opt/rustwide/cargo-home/bin/cargo" "+1.99.0-beta.8" "test" "--frozen" "--release", kill_on_drop: false }`
[INFO] [stderr]     Finished `release` profile [optimized] target(s) in 0.17s
[INFO] [stderr]      Running unittests src/lib.rs (/opt/rustwide/target/release/deps/sc_lint_boundary-ce151b9ad175871a)
[INFO] [stdout] 
[INFO] [stdout] running 152 tests
[INFO] [stdout] test graph::owner_tests::parenthesized_and_grouped_owners_are_transparent ... ok
[INFO] [stdout] test inventory::tests::loads_hyphenated_owner_package_with_matching_underscore_crate_path ... ok
[INFO] [stdout] test inventory::tests::ignores_opaque_extensions_table ... ok
[INFO] [stdout] test inventory::tests::loads_trait_public_boundary_inventory ... ok
[INFO] [stdout] test inventory::tests::loads_valid_boundary_inventory ... ok
[INFO] [stdout] test inventory::tests::rejects_duplicate_forbidden_edges ... ok
[INFO] [stdout] test inventory::tests::rejects_duplicate_planned_item_keys ... ok
[INFO] [stdout] test inventory::tests::rejects_duplicate_allowed_dependency_names ... ok
[INFO] [stdout] test inventory::tests::rejects_duplicate_allowed_dev_dependency_names ... ok
[INFO] [stdout] test inventory::tests::rejects_duplicate_boundary_ids ... ok
[INFO] [stdout] test inventory::tests::rejects_duplicate_approved_caller_symbols ... ok
[INFO] [stdout] test inventory::tests::loads_atm_boundary_vocabulary ... ok
[INFO] [stdout] test inventory::tests::rejects_facade_with_empty_trait ... ok
[INFO] [stdout] test inventory::tests::loads_empty_inventory_without_boundaries_directory ... ok
[INFO] [stdout] test inventory::tests::allows_trait_only_records_to_omit_type_and_module ... ok
[INFO] [stdout] test inventory::tests::rejects_forbidden_edge_arrow_with_empty_to_side ... ok
[INFO] [stdout] test inventory::tests::rejects_forbidden_edge_arrow_with_empty_side ... ok
[INFO] [stdout] test inventory::tests::rejects_forbidden_edge_inline_table_missing_to_with_serde_cause ... ok
[INFO] [stdout] test inventory::tests::rejects_duplicate_allowed_dependents ... ok
[INFO] [stdout] test inventory::tests::rejects_forbidden_edge_arrow_with_two_arrows ... ok
[INFO] [stdout] test inventory::tests::rejects_forbidden_edge_arrow_without_arrow ... ok
[INFO] [stdout] test inventory::tests::rejects_forbidden_edge_arrow_with_whitespace_only_side ... ok
[INFO] [stdout] test inventory::tests::rejects_empty_approved_caller_list ... ok
[INFO] [stdout] test inventory::tests::rejects_planning_metadata_without_current_sprint ... ok
[INFO] [stdout] test inventory::tests::rejects_public_boundary_with_empty_facade ... ok
[INFO] [stdout] test inventory::tests::rejects_planning_metadata_with_empty_current_sprint ... ok
[INFO] [stdout] test inventory::tests::rejects_planning_metadata_without_planning_table ... ok
[INFO] [stdout] test inventory::tests::rejects_forbidden_edge_inline_table_unknown_fields ... ok
[INFO] [stdout] test inventory::tests::rejects_owner_package_directory_mismatch ... ok
[INFO] [stdout] test inventory::tests::rejects_invalid_dependency_package_name_with_field_context ... ok
[INFO] [stdout] test inventory::tests::rejects_public_boundary_with_both_facade_and_trait ... ok
[INFO] [stdout] test inventory::tests::rejects_malformed_forbidden_edge_inline_table ... ok
[INFO] [stdout] test inventory::tests::rejects_public_boundary_with_empty_trait ... ok
[INFO] [stdout] test inventory::tests::rejects_forbidden_edge_non_string_non_table ... ok
[INFO] [stdout] test inventory::tests::loads_allowed_dev_dependencies ... ok
[INFO] [stdout] test inventory::tests::rejects_public_boundary_with_neither_facade_nor_trait ... ok
[INFO] [stdout] test inventory::tests::rejects_public_boundary_with_whitespace_only_facade ... ok
[INFO] [stdout] test inventory::tests::rejects_missing_planning_metadata_with_actionable_error ... ok
[INFO] [stdout] test inventory::tests::rejects_public_boundary_with_whitespace_only_trait ... ok
[INFO] [stdout] test inventory::tests::rejects_unknown_dependency_fields ... ok
[INFO] [stdout] test inventory::tests::rejects_unknown_approved_caller_fields ... ok
[INFO] [stdout] test inventory::tests::structured_and_arrow_forbidden_edges_produce_equal_edges ... ok
[INFO] [stdout] test inventory::tests::rejects_unknown_contracts_fields ... ok
[INFO] [stdout] test inventory::tests::rejects_public_visibility_without_type_and_module ... ok
[INFO] [stdout] test inventory::tests::rejects_planning_metadata_with_malformed_current_sprint ... ok
[INFO] [stdout] test inventory::tests::rejects_malformed_approved_caller_symbol ... ok
[INFO] [stdout] test inventory::tests::rejects_unknown_status_fields ... ok
[INFO] [stdout] test tests::default_rule_config_ignores_common_non_architectural_trait_paths ... ok
[INFO] [stdout] test inventory::tests::rejects_unknown_ownership_fields ... ok
[INFO] [stdout] test inventory::tests::rejects_unknown_boundary_fields ... ok
[INFO] [stdout] test inventory::tests::rejects_invalid_planning_item_key_shape ... ok
[INFO] [stdout] test inventory::tests::rejects_unknown_fields_in_all_boundary_tables ... ok
[INFO] [stdout] test inventory::tests::rejects_private_and_pub_crate_visibility_without_required_implementation_fields ... ok
[INFO] [stdout] test tests::allows_internal_only_item_inside_own_module ... ok
[INFO] [stdout] test tests::dependency_policy_allows_direct_workspace_dependency ... ok
[INFO] [stdout] test tests::dependency_policy_flags_disallowed_direct_dependent ... ok
[INFO] [stdout] test tests::allows_forbid_external_impls_trait_impl_in_same_module ... ok
[INFO] [stdout] test tests::dependency_policy_flags_disallowed_direct_dependency ... ok
[INFO] [stdout] test tests::ambiguous_unqualified_trait_method_call_remains_unresolved ... ok
[INFO] [stdout] test tests::disabled_table_reports_pass_without_findings ... ok
[INFO] [stdout] test tests::bin_only_owner_package_skips_lib_target_validation ... ok
[INFO] [stdout] test tests::dependency_policy_ignores_transitive_only_workspace_edges ... ok
[INFO] [stdout] test tests::dependency_policy_enforces_target_specific_workspace_edges ... ok
[INFO] [stdout] test tests::dependency_policy_enforces_build_dependency_workspace_edges ... ok
[INFO] [stdout] test tests::allows_approved_named_external_caller ... ok
[INFO] [stdout] test tests::dependency_policy_flags_forbidden_direct_edge ... ok
[INFO] [stdout] test tests::does_not_flag_receiver_only_method_as_self_loop ... ok
[INFO] [stdout] test tests::analyze_workspace_counts_crate_targets ... ok
[INFO] [stdout] test tests::does_not_flag_acyclic_chain ... ok
[INFO] [stdout] test tests::dependency_reference_exact_name_takes_precedence_over_directory_alias ... ok
[INFO] [stdout] test tests::does_not_flag_newtype_factory_self_loop ... ok
[INFO] [stdout] test tests::does_not_flag_comparison_like_trait_impl_self_loop ... ok
[INFO] [stdout] test tests::does_not_flag_conversion_like_trait_impl_self_loop ... ok
[INFO] [stdout] test tests::dependency_policy_rejects_unknown_owner_and_edge_references ... ok
[INFO] [stdout] test tests::exports_field_and_variant_nodes_for_type_graph ... ok
[INFO] [stdout] test tests::exempts_owner_crate_callers_for_outside_owner_crate_scope ... ok
[INFO] [stdout] test tests::downgrades_trait_impl_self_loop ... ok
[INFO] [stdout] test tests::does_not_flag_constructor_factory_self_loop ... ok
[INFO] [stdout] test tests::emits_both_inherent_and_trait_self_loop_findings_for_same_owner ... ok
[INFO] [stdout] test tests::does_not_flag_cross_module_acyclic_chain ... ok
[INFO] [stdout] test tests::dependency_policy_rejects_ambiguous_directory_and_library_aliases ... ok
[INFO] [stdout] test tests::enum_variant_expressions_do_not_resolve_to_methods ... ok
[INFO] [stdout] test tests::does_not_flag_signature_only_self_return_as_self_loop ... ok
[INFO] [stdout] test tests::fails_when_internal_only_item_is_public ... ok
[INFO] [stdout] test tests::fails_when_external_named_caller_is_not_approved ... ok
[INFO] [stdout] test tests::fails_when_forbid_external_impls_trait_is_implemented_elsewhere ... ok
[INFO] [stdout] test tests::fails_when_sc_lint_attribute_uses_unknown_scope ... ok
[INFO] [stdout] test tests::findings_report_text_is_stable ... ok
[INFO] [stdout] test tests::fails_when_module_resolution_is_ambiguous ... ok
[INFO] [stdout] test tests::fails_when_sc_lint_attribute_uses_unknown_boundary_directive ... ok
[INFO] [stdout] test tests::does_not_promote_function_owned_references_into_module_cycles ... ok
[INFO] [stdout] test tests::generic_trait_and_self_arguments_distinguish_impl_methods ... ok
[INFO] [stdout] test tests::generic_reference_impls_keep_separate_nodes_and_do_not_capture_owned_calls ... ok
[INFO] [stdout] test tests::graph_export_serializes_tool_metadata ... ok
[INFO] [stdout] test tests::fails_when_sc_lint_attribute_has_no_allow_args ... ok
[INFO] [stdout] test tests::fails_when_external_module_is_missing ... ok
[INFO] [stdout] test tests::kebab_case_family_is_accepted ... ok
[INFO] [stdout] test tests::fails_when_sc_lint_attribute_has_mixed_valid_and_invalid_directives ... ok
[INFO] [stdout] test tests::dependency_policy_resolves_owner_and_policy_aliases_to_canonical_packages ... ok
[INFO] [stdout] test tests::graph_ignores_proc_macro_only_workspace_dependencies ... ok
[INFO] [stdout] test tests::keeps_unsuppressed_method_flagged_when_other_method_is_allowed ... ok
[INFO] [stdout] test tests::manifest_policy_accepts_workspace_inheritance ... ok
[INFO] [stdout] test tests::manifest_policy_flags_mismatched_internal_path_version ... ok
[INFO] [stdout] test tests::normalizes_trait_paths_for_exact_policy_matching ... ok
[INFO] [stdout] test tests::exports_graph_for_inline_and_file_modules_and_attributes ... ok
[INFO] [stdout] test tests::mutual_method_recursion_is_a_type_method_self_loop ... ok
[INFO] [stdout] test tests::dependency_policy_checks_dev_edges_against_both_allow_lists ... ok
[INFO] [stdout] test tests::keeps_recursive_value_container_cycle_when_only_one_owner_allows_it ... ok
[INFO] [stdout] test tests::manifest_policy_accepts_explicit_tool_crate_version ... ok
[INFO] [stdout] test tests::exclude_paths_drops_manifest_findings ... ok
[INFO] [stdout] test tests::fails_when_internal_only_item_is_referenced_from_other_module ... ok
[INFO] [stdout] test tests::rejects_unknown_rule_filter ... ok
[INFO] [stdout] test tests::render_graph_export_json_includes_nodes_edges_and_optional_fields ... ok
[INFO] [stdout] test tests::render_graph_export_turtle_escapes_special_characters_and_attributes ... ok
[INFO] [stdout] test tests::fails_when_sc_lint_attribute_is_invalid ... ok
[INFO] [stdout] test tests::fails_when_path_attribute_file_is_missing ... ok
[INFO] [stdout] test tests::reports_multi_owner_cycle_across_modules_as_failure ... ok
[INFO] [stdout] test tests::renders_graph_as_turtle ... ok
[INFO] [stdout] test tests::manifest_policy_flags_missing_workspace_field ... ok
[INFO] [stdout] test tests::qualified_generic_reference_trait_calls_resolve_to_the_matching_impl_method ... ok
[INFO] [stdout] test tests::non_reference_generic_trait_impl_remains_an_unqualified_method_candidate ... ok
[INFO] [stdout] test tests::manifest_policy_matches_python_oracle_on_representative_fixtures ... ok
[INFO] [stdout] test tests::reference_method_cycles_keep_the_underlying_type_owner ... ok
[INFO] [stdout] test tests::reference_impls_and_methods_do_not_collide_with_owned_impls ... ok
[INFO] [stdout] test tests::qualified_non_generic_self_path_keeps_the_established_trait_impl_id ... ok
[INFO] [stdout] test tests::preserves_full_trait_path_in_trait_impl_self_loop_messages ... ok
[INFO] [stdout] test tests::reports_multi_owner_architectural_cycle_as_failure ... ok
[INFO] [stdout] test tests::resolves_mod_rs_module_layout ... ok
[INFO] [stdout] test tests::supports_multi_symbol_named_caller_configuration ... ok
[INFO] [stdout] test tests::supports_generic_field_value_reference_impl_owner ... ok
[INFO] [stdout] test tests::self_method_prefers_inherent_dispatch_while_ufcs_dispatches_to_the_trait_impl ... ok
[INFO] [stdout] test tests::resolves_path_attribute_module_layout ... ok
[INFO] [stdout] test tests::owner_crate_path_uses_cargo_lib_target_name ... ok
[INFO] [stdout] test tests::suppresses_type_method_self_loop_when_allowed ... ok
[INFO] [stdout] test tests::rule_filter_family_keeps_existing_cycles_behaviour ... ok
[INFO] [stdout] test tests::unknown_rule_filter_is_selector_error ... ok
[INFO] [stdout] test tests::unknown_table_key_is_config_error ... ok
[INFO] [stdout] test tests::resolves_super_prefixed_references ... ok
[INFO] [stdout] test tests::trait_impl_receiver_call_is_not_a_trait_self_loop ... ok
[INFO] [stdout] test tests::trait_self_calls_resolve_without_inventing_inherent_methods ... ok
[INFO] [stdout] test tests::resolves_self_prefixed_references ... ok
[INFO] [stdout] test tests::rejects_impl_owners_without_a_named_target ... ok
[INFO] [stdout] test tests::suppresses_recursive_value_container_cycle_when_all_owners_allow_it ... ok
[INFO] [stdout] test tests::private_helper_delegation_is_not_a_type_method_self_loop ... ok
[INFO] [stdout] test tests::suppresses_type_method_self_loop_when_allowed_on_method ... ok
[INFO] [stdout] test tests::resolves_nested_submodule_inside_path_attribute_module ... ok
[INFO] [stdout] test tests::rule_filter_selects_exactly_the_rule ... ok
[INFO] [stdout] test tests::reports_type_method_self_loop_as_non_fatal_signal ... ok
[INFO] [stdout] test tests::schema_v02_fixture_captures_trait_method_id_migration_in_json_and_turtle ... ok
[INFO] [stdout] test tests::trait_adapters_preserve_distinct_methods_and_forwarding_edges ... ok
[INFO] [stdout] test tests::every_family_matches_its_legacy_rule_filter ... ok
[INFO] [stdout] test tests::dependency_policy_ignores_third_party_dependencies ... FAILED
[INFO] [stderr] error: test failed, to rerun pass `--lib`
[INFO] [stdout] 
[INFO] [stdout] failures:
[INFO] [stdout] 
[INFO] [stdout] ---- tests::dependency_policy_ignores_third_party_dependencies stdout ----
[INFO] [stdout] 
[INFO] [stdout] thread 'tests::dependency_policy_ignores_third_party_dependencies' (984) panicked at src/tests.rs:961:6:
[INFO] [stdout] dependency analysis succeeds: InventoryLoad { root: "/tmp/.tmpzvtyCX", source: BoundaryErrorSource("failed to load cargo metadata for /tmp/.tmpzvtyCX: `cargo metadata` exited with an error:     Updating crates.io index\nwarning: spurious network error (3 tries remaining): [6] Could not resolve hostname (Could not resolve host: index.crates.io)\nwarning: spurious network error (2 tries remaining): [6] Could not resolve hostname (Could not resolve host: index.crates.io)\nwarning: spurious network error (1 try remaining): [6] Could not resolve hostname (Could not resolve host: index.crates.io)\nerror: failed to get `serde` as a dependency of package `app v0.1.0 (/tmp/.tmpzvtyCX/crates/app)`\n\nCaused by:\n  failed to load source for dependency `serde`\n\nCaused by:\n  unable to update registry `crates-io`\n\nCaused by:\n  download of config.json failed\n\nCaused by:\n  [6] Could not resolve hostname (Could not resolve host: index.crates.io)\n") }
[INFO] [stdout] stack backtrace:
[INFO] [stdout]    0:     0x5e3fc74de461 - <<std[70759c8f55707aa4]::sys::backtrace::BacktraceLock>::print::DisplayBacktrace as core[df12db4294e9bfd3]::fmt::Display>::fmt
[INFO] [stdout]    1:     0x5e3fc74f4a3a - core[df12db4294e9bfd3]::fmt::write
[INFO] [stdout]    2:     0x5e3fc74e315c - <alloc[2182bb758b4b3781]::vec::Vec<u8> as core[df12db4294e9bfd3]::io::write::Write>::write_fmt
[INFO] [stdout]    3:     0x5e3fc74b75f6 - std[70759c8f55707aa4]::panicking::default_hook::{closure#0}
[INFO] [stdout]    4:     0x5e3fc74d5a29 - std[70759c8f55707aa4]::panicking::default_hook
[INFO] [stdout]    5:     0x5e3fc72cbfb0 - test[9d35eded1c95d3be]::test_main_inner::<test[9d35eded1c95d3be]::test_main_static::{closure#0}>::{closure#0}
[INFO] [stdout]    6:     0x5e3fc74d5d52 - std[70759c8f55707aa4]::panicking::panic_with_hook
[INFO] [stdout]    7:     0x5e3fc74b76a2 - std[70759c8f55707aa4]::panicking::panic_handler::{closure#0}
[INFO] [stdout]    8:     0x5e3fc74afb49 - std[70759c8f55707aa4]::sys::backtrace::__rust_end_short_backtrace::<std[70759c8f55707aa4]::panicking::panic_handler::{closure#0}, !>
[INFO] [stdout]    9:     0x5e3fc74b83ad - __rustc[8fa7c3cbc660c2b3]::rust_begin_unwind
[INFO] [stdout]   10:     0x5e3fc74f519c - core[df12db4294e9bfd3]::panicking::panic_fmt
[INFO] [stdout]   11:     0x5e3fc74f4f72 - core[df12db4294e9bfd3]::result::unwrap_failed
[INFO] [stdout]   12:     0x5e3fc715c641 - sc_lint_boundary[7fb66b2cea471fa4]::tests::dependency_policy_ignores_third_party_dependencies
[INFO] [stdout]   13:     0x5e3fc721f2f9 - <sc_lint_boundary[7fb66b2cea471fa4]::tests::dependency_policy_ignores_third_party_dependencies::{closure#0} as core[df12db4294e9bfd3]::ops::function::FnOnce<()>>::call_once
[INFO] [stdout]   14:     0x5e3fc72bf29b - test[9d35eded1c95d3be]::__rust_begin_short_backtrace::<core[df12db4294e9bfd3]::result::Result<(), alloc[2182bb758b4b3781]::string::String>, fn() -> core[df12db4294e9bfd3]::result::Result<(), alloc[2182bb758b4b3781]::string::String>>
[INFO] [stdout]   15:     0x5e3fc72cc905 - test[9d35eded1c95d3be]::run_test::{closure#0}
[INFO] [stdout]   16:     0x5e3fc72c61c4 - std[70759c8f55707aa4]::sys::backtrace::__rust_begin_short_backtrace::<test[9d35eded1c95d3be]::run_test::{closure#1}, ()>
[INFO] [stdout]   17:     0x5e3fc72cfa62 - <std[70759c8f55707aa4]::thread::lifecycle::spawn_unchecked<test[9d35eded1c95d3be]::run_test::{closure#1}, ()>::{closure#1} as core[df12db4294e9bfd3]::ops::function::FnOnce<()>>::call_once::{shim:vtable#0}
[INFO] [stdout]   18:     0x5e3fc74dd7c9 - <std[70759c8f55707aa4]::sys::thread::unix::Thread>::new::thread_start
[INFO] [stdout]   19:     0x7a6850b9edfa - <unknown>
[INFO] [stdout]   20:     0x7a6850c323d4 - clone
[INFO] [stdout]   21:                0x0 - <unknown>
[INFO] [stdout] 
[INFO] [stdout] 
[INFO] [stdout] failures:
[INFO] [stdout]     tests::dependency_policy_ignores_third_party_dependencies
[INFO] [stdout] 
[INFO] [stdout] test result: FAILED. 151 passed; 1 failed; 0 ignored; 0 measured; 0 filtered out; finished in 10.98s
[INFO] [stdout] 
[INFO] running `Command { std: "docker" "inspect" "33a35b1226fa15b880c98704caa3d0e078ed9c01a0d51b2b2c047b556a262d00", kill_on_drop: false }`
[INFO] running `Command { std: "docker" "rm" "-f" "33a35b1226fa15b880c98704caa3d0e078ed9c01a0d51b2b2c047b556a262d00", kill_on_drop: false }`
[INFO] [stdout] 33a35b1226fa15b880c98704caa3d0e078ed9c01a0d51b2b2c047b556a262d00
