[INFO] fetching crate sbpf 0.3.2...
[INFO] testing sbpf-0.3.2 against 1.99.0-beta.8+cargoflags=--release for beta-release-1.100-2
[INFO] extracting crate sbpf 0.3.2 into /workspace/builds/worker-3-tc1/source
[INFO] started tweaking crates.io crate sbpf 0.3.2
[INFO] removed 0 missing tests
[INFO] finished tweaking crates.io crate sbpf 0.3.2
[INFO] tweaked toml for crates.io crate sbpf 0.3.2 written to /workspace/builds/worker-3-tc1/source/Cargo.toml
[INFO] validating manifest of crates.io crate sbpf 0.3.2 on toolchain 1.99.0-beta.8
[INFO] running `Command { std: CARGO_HOME="/workspace/cargo-home" RUSTUP_HOME="/workspace/rustup-home" "/workspace/cargo-home/bin/cargo" "+1.99.0-beta.8" "metadata" "--manifest-path" "Cargo.toml" "--no-deps", kill_on_drop: false }`
[INFO] crate crates.io crate sbpf 0.3.2 already has a lockfile, it will not be regenerated
[INFO] running `Command { std: CARGO_HOME="/workspace/cargo-home" RUSTUP_HOME="/workspace/rustup-home" "/workspace/cargo-home/bin/cargo" "+1.99.0-beta.8" "fetch" "--manifest-path" "Cargo.toml", kill_on_drop: false }`
[INFO] [stderr]     Updating crates.io index
[INFO] [stderr]  Downloading crates ...
[INFO] [stderr]   Downloaded sbpf-syscall-map v0.3.2
[INFO] [stderr]   Downloaded sbpf-common-derive v0.3.2
[INFO] [stderr]   Downloaded sbpf-common v0.3.2
[INFO] [stderr]   Downloaded sbpf-vm v0.3.2
[INFO] [stderr]   Downloaded sbpf-common-tablegen v0.3.2
[INFO] [stderr]   Downloaded solana-define-syscall v5.2.0
[INFO] [stderr]   Downloaded solana-rent v4.4.0
[INFO] [stderr]   Downloaded solana-hash v4.6.0
[INFO] [stderr]   Downloaded sbpf-debugger v0.3.2
[INFO] [stderr]   Downloaded solana-pubkey v4.3.0
[INFO] [stderr]   Downloaded solana-clock v3.2.0
[INFO] [stderr]   Downloaded solana-last-restart-slot v3.2.0
[INFO] [stderr]   Downloaded solana-slot-hashes v3.2.0
[INFO] [stderr]   Downloaded solana-instruction-error v2.5.0
[INFO] [stderr]   Downloaded solana-get-sysvar v1.0.0
[INFO] [stderr]   Downloaded solana-epoch-schedule v3.3.0
[INFO] [stderr]   Downloaded solana-epoch-rewards v3.2.0
[INFO] [stderr]   Downloaded pest_meta v2.8.8
[INFO] [stderr]   Downloaded codespan v0.13.1
[INFO] [stderr]   Downloaded solana-address v2.7.0
[INFO] [stderr]   Downloaded keccak v0.2.1
[INFO] [stderr]   Downloaded wincode-derive v0.5.0
[INFO] [stderr]   Downloaded solana-stake-history v1.1.0
[INFO] [stderr]   Downloaded solana-account v4.5.0
[INFO] [stderr]   Downloaded sbpf-ir v0.3.2
[INFO] [stderr]   Downloaded sbpf-analyze v0.3.2
[INFO] [stderr]   Downloaded pest_derive v2.8.8
[INFO] [stderr]   Downloaded pest_generator v2.8.8
[INFO] [stderr]   Downloaded solana-system-interface v3.3.0
[INFO] [stderr]   Downloaded sbpf-disassembler v0.3.2
[INFO] [stderr]   Downloaded solana-instruction v3.5.0
[INFO] [stderr]   Downloaded sbpf-runtime v0.3.2
[INFO] [stderr]   Downloaded sbpf-assembler v0.3.2
[INFO] [stderr]   Downloaded wincode v0.6.0
[INFO] [stderr]   Downloaded sha3 v0.12.0
[INFO] running `Command { std: "docker" "create" "-v" "/var/lib/crater-agent-workspace/builds/worker-3-tc1/source:/opt/rustwide/workdir:ro,Z" "-v" "/var/lib/crater-agent-workspace/builds/worker-3-tc1/target:/opt/rustwide/target:rw,Z" "-v" "/var/lib/crater-agent-workspace/cargo-home:/opt/rustwide/cargo-home:ro,Z" "-v" "/var/lib/crater-agent-workspace/rustup-home:/opt/rustwide/rustup-home:ro,Z" "-m" "1610612736" "--network" "none" "ghcr.io/rust-lang/crates-build-env/linux@sha256:77db811e55d90add9212f6832c23229e3de5f1c1f9905e8cb07319ea15df73ac" "sleep" "infinity", kill_on_drop: false }`
[INFO] [stdout] 43f2e9203658949cf0cf500b78ff4479785e5132bbd217d4bbecb64dda38410d
[INFO] running `Command { std: "docker" "start" "43f2e9203658949cf0cf500b78ff4479785e5132bbd217d4bbecb64dda38410d", kill_on_drop: false }`
[INFO] running `Command { std: "docker" "inspect" "43f2e9203658949cf0cf500b78ff4479785e5132bbd217d4bbecb64dda38410d", kill_on_drop: false }`
[INFO] running `Command { std: "docker" "exec" "-e" "SOURCE_DIR=/opt/rustwide/workdir" "-e" "CARGO_HOME=/opt/rustwide/cargo-home" "-e" "RUSTUP_HOME=/opt/rustwide/rustup-home" "-e" "CARGO_TARGET_DIR=/opt/rustwide/target" "-w" "/opt/rustwide/workdir" "--user" "0:0" "43f2e9203658949cf0cf500b78ff4479785e5132bbd217d4bbecb64dda38410d" "/opt/rustwide/cargo-home/bin/cargo" "+1.99.0-beta.8" "metadata" "--no-deps" "--format-version=1", kill_on_drop: false }`
[INFO] running `Command { std: "docker" "inspect" "43f2e9203658949cf0cf500b78ff4479785e5132bbd217d4bbecb64dda38410d", kill_on_drop: false }`
[INFO] running `Command { std: "docker" "exec" "-e" "SOURCE_DIR=/opt/rustwide/workdir" "-e" "CARGO_HOME=/opt/rustwide/cargo-home" "-e" "RUSTUP_HOME=/opt/rustwide/rustup-home" "-e" "CARGO_TARGET_DIR=/opt/rustwide/target" "-e" "CARGO_INCREMENTAL=0" "-e" "RUST_BACKTRACE=full" "-e" "RUSTFLAGS=--cap-lints=warn" "-e" "RUSTDOCFLAGS=--cap-lints=warn" "-w" "/opt/rustwide/workdir" "--user" "0:0" "43f2e9203658949cf0cf500b78ff4479785e5132bbd217d4bbecb64dda38410d" "/opt/rustwide/cargo-home/bin/cargo" "+1.99.0-beta.8" "build" "--frozen" "--message-format=json" "--release", kill_on_drop: false }`
[INFO] [stderr]    Compiling five8_core v1.0.0
[INFO] [stderr]    Compiling pastey v0.2.3
[INFO] [stderr]    Compiling subtle v2.6.1
[INFO] [stderr]    Compiling zeroize v1.9.0
[INFO] [stderr]    Compiling syn v2.0.119
[INFO] [stderr]    Compiling wincode v0.6.0
[INFO] [stderr]    Compiling crypto-common v0.1.7
[INFO] [stderr]    Compiling solana-program-error v3.0.1
[INFO] [stderr]    Compiling five8 v1.0.0
[INFO] [stderr]    Compiling five8_const v1.0.0
[INFO] [stderr]    Compiling digest v0.10.7
[INFO] [stderr]    Compiling solana-atomic-u64 v3.0.1
[INFO] [stderr]    Compiling unicode-ident v1.0.24
[INFO] [stderr]    Compiling serde_derive v1.0.229
[INFO] [stderr]    Compiling crypto-common v0.2.2
[INFO] [stderr]    Compiling sha2 v0.10.9
[INFO] [stderr]    Compiling proc-macro2 v1.0.107
[INFO] [stderr]    Compiling sbpf-syscall-map v0.3.2
[INFO] [stderr]    Compiling serde_core v1.0.229
[INFO] [stderr]    Compiling ucd-trie v0.1.7
[INFO] [stderr]    Compiling pest v2.8.8
[INFO] [stderr]    Compiling miniz_oxide v0.8.9
[INFO] [stderr]    Compiling quote v1.0.47
[INFO] [stderr]    Compiling digest v0.11.3
[INFO] [stderr]    Compiling solana-instruction-error v2.5.0
[INFO] [stderr]    Compiling twox-hash v2.1.3
[INFO] [stderr]    Compiling object v0.39.1
[INFO] [stderr]    Compiling phf_shared v0.13.1
[INFO] [stderr]    Compiling ruzstd v0.8.3
[INFO] [stderr]    Compiling flate2 v1.1.9
[INFO] [stderr]    Compiling pest_meta v2.8.8
[INFO] [stderr]    Compiling blake3 v1.8.6
[INFO] [stderr]    Compiling fastrand v2.5.0
[INFO] [stderr]    Compiling winnow v1.0.4
[INFO] [stderr]    Compiling solana-program-memory v3.1.0
[INFO] [stderr]    Compiling codespan-reporting v0.13.1
[INFO] [stderr]    Compiling toml_datetime v1.1.1+spec-1.1.0
[INFO] [stderr]    Compiling serde v1.0.229
[INFO] [stderr]    Compiling toml_parser v1.1.3+spec-1.1.0
[INFO] [stderr]    Compiling serde_spanned v1.1.1
[INFO] [stderr]    Compiling darling_core v0.23.0
[INFO] [stderr]    Compiling sbpf-common-tablegen v0.3.2
[INFO] [stderr]    Compiling either v1.17.0
[INFO] [stderr]    Compiling pest_generator v2.8.8
[INFO] [stderr]    Compiling phf_generator v0.13.1
[INFO] [stderr]    Compiling indexmap v2.14.0
[INFO] [stderr]    Compiling sha2 v0.11.0
[INFO] [stderr]    Compiling curve25519-dalek v5.0.0
[INFO] [stderr]    Compiling keccak v0.2.1
[INFO] [stderr]    Compiling toml_writer v1.1.2+spec-1.1.0
[INFO] [stderr]    Compiling fnv v1.0.7
[INFO] [stderr]    Compiling sponge-cursor v0.1.0
[INFO] [stderr]    Compiling curve25519-dalek-derive v0.1.1
[INFO] [stderr]    Compiling solana-sdk-macro v3.0.1
[INFO] [stderr]    Compiling sbpf-common-derive v0.3.2
[INFO] [stderr]    Compiling curve25519-dalek v4.1.3
[INFO] [stderr]    Compiling num-derive v0.4.2
[INFO] [stderr]    Compiling stable_deref_trait v1.2.1
[INFO] [stderr]    Compiling solana-msg v3.1.0
[INFO] [stderr]    Compiling darling_macro v0.23.0
[INFO] [stderr]    Compiling darling v0.23.0
[INFO] [stderr]    Compiling wincode-derive v0.5.0
[INFO] [stderr]    Compiling gimli v0.33.0
[INFO] [stderr]    Compiling sha3 v0.12.0
[INFO] [stderr]    Compiling phf_macros v0.13.1
[INFO] [stderr]    Compiling pest_derive v2.8.8
[INFO] [stderr]    Compiling toml v1.1.4+spec-1.1.0
[INFO] [stderr]    Compiling phf v0.13.1
[INFO] [stderr]    Compiling codespan v0.13.1
[INFO] [stderr]    Compiling signature v3.0.0
[INFO] [stderr]    Compiling ed25519 v3.0.0
[INFO] [stderr]    Compiling chrono v0.4.45
[INFO] [stderr]    Compiling sbpf v0.3.2 (/opt/rustwide/workdir)
[INFO] [stderr]    Compiling solana-hash v4.6.0
[INFO] [stderr]    Compiling ed25519-dalek v3.0.0
[INFO] [stderr]    Compiling solana-sha256-hasher v3.1.0
[INFO] [stderr]    Compiling solana-address v2.7.0
[INFO] [stderr]    Compiling solana-sdk-ids v3.1.0
[INFO] [stderr]    Compiling solana-sysvar-id v3.1.0
[INFO] [stderr]    Compiling solana-get-sysvar v1.0.0
[INFO] [stderr]    Compiling solana-pubkey v4.3.0
[INFO] [stderr]    Compiling solana-clock v3.2.0
[INFO] [stderr]    Compiling solana-account-info v3.1.1
[INFO] [stderr]    Compiling solana-instruction v3.5.0
[INFO] [stderr]    Compiling solana-stake-history v1.1.0
[INFO] [stderr]    Compiling solana-account v4.5.0
[INFO] [stderr]    Compiling solana-system-interface v3.3.0
[INFO] [stderr]    Compiling solana-last-restart-slot v3.2.0
[INFO] [stderr]    Compiling solana-slot-hashes v3.2.0
[INFO] [stderr]    Compiling solana-rent v4.4.0
[INFO] [stderr]    Compiling solana-epoch-schedule v3.3.0
[INFO] [stderr]    Compiling solana-epoch-rewards v3.2.0
[INFO] [stderr]    Compiling sbpf-common v0.3.2
[INFO] [stderr]    Compiling sbpf-ir v0.3.2
[INFO] [stderr]    Compiling sbpf-vm v0.3.2
[INFO] [stderr]    Compiling sbpf-disassembler v0.3.2
[INFO] [stderr]    Compiling sbpf-analyze v0.3.2
[INFO] [stderr]    Compiling sbpf-assembler v0.3.2
[INFO] [stderr]    Compiling sbpf-runtime v0.3.2
[INFO] [stderr]    Compiling sbpf-debugger v0.3.2
[INFO] [stderr]     Finished `release` profile [optimized] target(s) in 2m 50s
[INFO] running `Command { std: "docker" "inspect" "43f2e9203658949cf0cf500b78ff4479785e5132bbd217d4bbecb64dda38410d", kill_on_drop: false }`
[INFO] running `Command { std: "docker" "exec" "-e" "SOURCE_DIR=/opt/rustwide/workdir" "-e" "CARGO_HOME=/opt/rustwide/cargo-home" "-e" "RUSTUP_HOME=/opt/rustwide/rustup-home" "-e" "CARGO_TARGET_DIR=/opt/rustwide/target" "-e" "CARGO_INCREMENTAL=0" "-e" "RUST_BACKTRACE=full" "-e" "RUSTFLAGS=--cap-lints=warn" "-e" "RUSTDOCFLAGS=--cap-lints=warn" "-w" "/opt/rustwide/workdir" "--user" "0:0" "43f2e9203658949cf0cf500b78ff4479785e5132bbd217d4bbecb64dda38410d" "/opt/rustwide/cargo-home/bin/cargo" "+1.99.0-beta.8" "test" "--frozen" "--no-run" "--message-format=json" "--release", kill_on_drop: false }`
[INFO] [stderr]    Compiling hex-literal v1.1.0
[INFO] [stderr]    Compiling sbpf v0.3.2 (/opt/rustwide/workdir)
[INFO] [stderr]     Finished `release` profile [optimized] target(s) in 3.32s
[INFO] running `Command { std: "docker" "inspect" "43f2e9203658949cf0cf500b78ff4479785e5132bbd217d4bbecb64dda38410d", kill_on_drop: false }`
[INFO] running `Command { std: "docker" "exec" "-e" "SOURCE_DIR=/opt/rustwide/workdir" "-e" "CARGO_HOME=/opt/rustwide/cargo-home" "-e" "RUSTUP_HOME=/opt/rustwide/rustup-home" "-e" "CARGO_TARGET_DIR=/opt/rustwide/target" "-e" "CARGO_INCREMENTAL=0" "-e" "RUST_BACKTRACE=full" "-e" "RUSTFLAGS=--cap-lints=warn" "-e" "RUSTDOCFLAGS=--cap-lints=warn" "-w" "/opt/rustwide/workdir" "--user" "0:0" "43f2e9203658949cf0cf500b78ff4479785e5132bbd217d4bbecb64dda38410d" "/opt/rustwide/cargo-home/bin/cargo" "+1.99.0-beta.8" "test" "--frozen" "--release", kill_on_drop: false }`
[INFO] [stderr]     Finished `release` profile [optimized] target(s) in 0.25s
[INFO] [stderr]      Running unittests src/main.rs (/opt/rustwide/target/release/deps/sbpf-e26a9b762a79c7ba)
[INFO] [stdout] 
[INFO] [stdout] running 9 tests
[INFO] [stdout] test commands::disassemble::tests::test_disassemble_with_invalid_header_field ... ok
[INFO] [stdout] test commands::disassemble::tests::test_disassemble_v3 ... ok
[INFO] [stdout] test commands::disassemble::tests::test_disassemble_raw ... ok
[INFO] [stdout] test commands::disassemble::tests::test_disassemble_with_skipped_word ... ok
[INFO] [stdout] test commands::disassemble::tests::test_disassemble_v0_with_rodata_relocations ... ok
[INFO] [stdout] test commands::disassemble::tests::test_disassemble_v3_with_rodata ... ok
[INFO] [stdout] test commands::disassemble::tests::test_disassemble_with_labels ... ok
[INFO] [stdout] test commands::disassemble::tests::test_disassemble_with_same_target ... ok
[INFO] [stdout] test commands::disassemble::tests::test_disassemble_with_rodata ... ok
[INFO] [stdout] 
[INFO] [stdout] test result: ok. 9 passed; 0 failed; 0 ignored; 0 measured; 0 filtered out; finished in 0.00s
[INFO] [stdout] 
[INFO] [stderr]      Running tests/test_memo.rs (/opt/rustwide/target/release/deps/test_memo-64567060c1ed16af)
[INFO] [stdout] 
[INFO] [stdout] running 2 tests
[INFO] [stdout] test test_memo_project_e2e_second ... FAILED
[INFO] [stdout] test test_memo_project_e2e ... FAILED
[INFO] [stdout] 
[INFO] [stdout] failures:
[INFO] [stdout] 
[INFO] [stdout] ---- test_memo_project_e2e_second stdout ----
[INFO] [stdout] 
[INFO] [stdout] thread 'test_memo_project_e2e_second' (1852) panicked at tests/utils.rs:68:17:
[INFO] [stdout] Could not find sbpf binary. Looked in: ["/opt/rustwide/workdir/target/debug/sbpf", "/opt/rustwide/workdir/target/llvm-cov-target/debug/sbpf"]
[INFO] [stdout] stack backtrace:
[INFO] [stdout]    0:     0x5963d7670001 - <<std[70759c8f55707aa4]::sys::backtrace::BacktraceLock>::print::DisplayBacktrace as core[df12db4294e9bfd3]::fmt::Display>::fmt
[INFO] [stdout]    1:     0x5963d76844aa - core[df12db4294e9bfd3]::fmt::write
[INFO] [stdout]    2:     0x5963d767476c - <alloc[2182bb758b4b3781]::vec::Vec<u8> as core[df12db4294e9bfd3]::io::write::Write>::write_fmt
[INFO] [stdout]    3:     0x5963d764a8b6 - std[70759c8f55707aa4]::panicking::default_hook::{closure#0}
[INFO] [stdout]    4:     0x5963d7667ae9 - std[70759c8f55707aa4]::panicking::default_hook
[INFO] [stdout]    5:     0x5963d7602a20 - test[9d35eded1c95d3be]::test_main_inner::<test[9d35eded1c95d3be]::test_main_static::{closure#0}>::{closure#0}
[INFO] [stderr] error: test failed, to rerun pass `--test test_memo`
[INFO] [stdout]    6:     0x5963d7667ca2 - std[70759c8f55707aa4]::panicking::panic_with_hook
[INFO] [stdout]    7:     0x5963d764a962 - std[70759c8f55707aa4]::panicking::panic_handler::{closure#0}
[INFO] [stdout]    8:     0x5963d7643399 - std[70759c8f55707aa4]::sys::backtrace::__rust_end_short_backtrace::<std[70759c8f55707aa4]::panicking::panic_handler::{closure#0}, !>
[INFO] [stdout]    9:     0x5963d764b77d - __rustc[8fa7c3cbc660c2b3]::rust_begin_unwind
[INFO] [stdout]   10:     0x5963d7684bdc - core[df12db4294e9bfd3]::panicking::panic_fmt
[INFO] [stdout]   11:     0x5963d75f3f1b - <test_memo[f64618459141602f]::utils::TestEnv>::new
[INFO] [stdout]   12:     0x5963d75f5b00 - <test_memo[f64618459141602f]::test_memo_project_e2e_second::{closure#0} as core[df12db4294e9bfd3]::ops::function::FnOnce<()>>::call_once
[INFO] [stdout]   13:     0x5963d75f5d0b - test[9d35eded1c95d3be]::__rust_begin_short_backtrace::<core[df12db4294e9bfd3]::result::Result<(), alloc[2182bb758b4b3781]::string::String>, fn() -> core[df12db4294e9bfd3]::result::Result<(), alloc[2182bb758b4b3781]::string::String>>
[INFO] [stdout]   14:     0x5963d7603375 - test[9d35eded1c95d3be]::run_test::{closure#0}
[INFO] [stdout]   15:     0x5963d75fcc34 - std[70759c8f55707aa4]::sys::backtrace::__rust_begin_short_backtrace::<test[9d35eded1c95d3be]::run_test::{closure#1}, ()>
[INFO] [stdout]   16:     0x5963d76064d2 - <std[70759c8f55707aa4]::thread::lifecycle::spawn_unchecked<test[9d35eded1c95d3be]::run_test::{closure#1}, ()>::{closure#1} as core[df12db4294e9bfd3]::ops::function::FnOnce<()>>::call_once::{shim:vtable#0}
[INFO] [stdout]   17:     0x5963d766f6e9 - <std[70759c8f55707aa4]::sys::thread::unix::Thread>::new::thread_start
[INFO] [stdout]   18:     0x77d439210dfa - <unknown>
[INFO] [stdout]   19:     0x77d4392a43d4 - clone
[INFO] [stdout]   20:                0x0 - <unknown>
[INFO] [stdout] 
[INFO] [stdout] ---- test_memo_project_e2e stdout ----
[INFO] [stdout] 
[INFO] [stdout] thread 'test_memo_project_e2e' (1851) panicked at tests/utils.rs:68:17:
[INFO] [stdout] Could not find sbpf binary. Looked in: ["/opt/rustwide/workdir/target/debug/sbpf", "/opt/rustwide/workdir/target/llvm-cov-target/debug/sbpf"]
[INFO] [stdout] stack backtrace:
[INFO] [stdout]    0:     0x5963d7670001 - <<std[70759c8f55707aa4]::sys::backtrace::BacktraceLock>::print::DisplayBacktrace as core[df12db4294e9bfd3]::fmt::Display>::fmt
[INFO] [stdout]    1:     0x5963d76844aa - core[df12db4294e9bfd3]::fmt::write
[INFO] [stdout]    2:     0x5963d767476c - <alloc[2182bb758b4b3781]::vec::Vec<u8> as core[df12db4294e9bfd3]::io::write::Write>::write_fmt
[INFO] [stdout]    3:     0x5963d764a8b6 - std[70759c8f55707aa4]::panicking::default_hook::{closure#0}
[INFO] [stdout]    4:     0x5963d7667ae9 - std[70759c8f55707aa4]::panicking::default_hook
[INFO] [stdout]    5:     0x5963d7602a20 - test[9d35eded1c95d3be]::test_main_inner::<test[9d35eded1c95d3be]::test_main_static::{closure#0}>::{closure#0}
[INFO] [stdout]    6:     0x5963d7667ca2 - std[70759c8f55707aa4]::panicking::panic_with_hook
[INFO] [stdout]    7:     0x5963d764a962 - std[70759c8f55707aa4]::panicking::panic_handler::{closure#0}
[INFO] [stdout]    8:     0x5963d7643399 - std[70759c8f55707aa4]::sys::backtrace::__rust_end_short_backtrace::<std[70759c8f55707aa4]::panicking::panic_handler::{closure#0}, !>
[INFO] [stdout]    9:     0x5963d764b77d - __rustc[8fa7c3cbc660c2b3]::rust_begin_unwind
[INFO] [stdout]   10:     0x5963d7684bdc - core[df12db4294e9bfd3]::panicking::panic_fmt
[INFO] [stdout]   11:     0x5963d75f3f1b - <test_memo[f64618459141602f]::utils::TestEnv>::new
[INFO] [stdout]   12:     0x5963d75f5a3b - <test_memo[f64618459141602f]::test_memo_project_e2e::{closure#0} as core[df12db4294e9bfd3]::ops::function::FnOnce<()>>::call_once
[INFO] [stdout]   13:     0x5963d75f5d0b - test[9d35eded1c95d3be]::__rust_begin_short_backtrace::<core[df12db4294e9bfd3]::result::Result<(), alloc[2182bb758b4b3781]::string::String>, fn() -> core[df12db4294e9bfd3]::result::Result<(), alloc[2182bb758b4b3781]::string::String>>
[INFO] [stdout]   14:     0x5963d7603375 - test[9d35eded1c95d3be]::run_test::{closure#0}
[INFO] [stdout]   15:     0x5963d75fcc34 - std[70759c8f55707aa4]::sys::backtrace::__rust_begin_short_backtrace::<test[9d35eded1c95d3be]::run_test::{closure#1}, ()>
[INFO] [stdout]   16:     0x5963d76064d2 - <std[70759c8f55707aa4]::thread::lifecycle::spawn_unchecked<test[9d35eded1c95d3be]::run_test::{closure#1}, ()>::{closure#1} as core[df12db4294e9bfd3]::ops::function::FnOnce<()>>::call_once::{shim:vtable#0}
[INFO] [stdout]   17:     0x5963d766f6e9 - <std[70759c8f55707aa4]::sys::thread::unix::Thread>::new::thread_start
[INFO] [stdout]   18:     0x77d439210dfa - <unknown>
[INFO] [stdout]   19:     0x77d4392a43d4 - clone
[INFO] [stdout]   20:                0x0 - <unknown>
[INFO] [stdout] 
[INFO] [stdout] 
[INFO] [stdout] failures:
[INFO] [stdout]     test_memo_project_e2e
[INFO] [stdout]     test_memo_project_e2e_second
[INFO] [stdout] 
[INFO] [stdout] test result: FAILED. 0 passed; 2 failed; 0 ignored; 0 measured; 0 filtered out; finished in 0.01s
[INFO] [stdout] 
[INFO] running `Command { std: "docker" "inspect" "43f2e9203658949cf0cf500b78ff4479785e5132bbd217d4bbecb64dda38410d", kill_on_drop: false }`
[INFO] running `Command { std: "docker" "rm" "-f" "43f2e9203658949cf0cf500b78ff4479785e5132bbd217d4bbecb64dda38410d", kill_on_drop: false }`
[INFO] [stdout] 43f2e9203658949cf0cf500b78ff4479785e5132bbd217d4bbecb64dda38410d
